[INFO] fetching crate toml_const 0.1.1...
[INFO] testing toml_const-0.1.1 against nightly-2024-10-28+rustflags=-Zrandomize-layout for randomize-layout
[INFO] extracting crate toml_const 0.1.1 into /workspace/builds/worker-2-tc2/source
[INFO] validating manifest of crates.io crate toml_const 0.1.1 on toolchain nightly-2024-10-28
[INFO] running `Command { std: CARGO_HOME="/workspace/cargo-home" RUSTUP_HOME="/workspace/rustup-home" "/workspace/cargo-home/bin/cargo" "+nightly-2024-10-28" "metadata" "--manifest-path" "Cargo.toml" "--no-deps", kill_on_drop: false }`
[INFO] started tweaking crates.io crate toml_const 0.1.1
[INFO] finished tweaking crates.io crate toml_const 0.1.1
[INFO] tweaked toml for crates.io crate toml_const 0.1.1 written to /workspace/builds/worker-2-tc2/source/Cargo.toml
[INFO] running `Command { std: CARGO_HOME="/workspace/cargo-home" RUSTUP_HOME="/workspace/rustup-home" "/workspace/cargo-home/bin/cargo" "+nightly-2024-10-28" "generate-lockfile" "--manifest-path" "Cargo.toml", kill_on_drop: false }`
[INFO] [stderr]     Updating crates.io index
[INFO] [stderr]      Locking 15 packages to latest compatible versions
[INFO] running `Command { std: CARGO_HOME="/workspace/cargo-home" RUSTUP_HOME="/workspace/rustup-home" "/workspace/cargo-home/bin/cargo" "+nightly-2024-10-28" "fetch" "--manifest-path" "Cargo.toml", kill_on_drop: false }`
[INFO] running `Command { std: "docker" "create" "-v" "/var/lib/crater-agent-workspace/builds/worker-2-tc2/target:/opt/rustwide/target:rw,Z" "-v" "/var/lib/crater-agent-workspace/builds/worker-2-tc2/source:/opt/rustwide/workdir:ro,Z" "-v" "/var/lib/crater-agent-workspace/cargo-home:/opt/rustwide/cargo-home:ro,Z" "-v" "/var/lib/crater-agent-workspace/rustup-home:/opt/rustwide/rustup-home:ro,Z" "-e" "SOURCE_DIR=/opt/rustwide/workdir" "-e" "CARGO_TARGET_DIR=/opt/rustwide/target" "-e" "CARGO_HOME=/opt/rustwide/cargo-home" "-e" "RUSTUP_HOME=/opt/rustwide/rustup-home" "-w" "/opt/rustwide/workdir" "-m" "1610612736" "--user" "0:0" "--network" "none" "ghcr.io/rust-lang/crates-build-env/linux@sha256:4a844ea9eb2546a2d2c7022eacef16ef2e8229c7fbb2c7d4d55a9ceca922f72d" "/opt/rustwide/cargo-home/bin/cargo" "+nightly-2024-10-28" "metadata" "--no-deps" "--format-version=1", kill_on_drop: false }`
[INFO] [stdout] c5f24d15299ea3e89ba74e439521fb44d1a60097fc58cc7b4e732e1cd243b084
[INFO] running `Command { std: "docker" "start" "-a" "c5f24d15299ea3e89ba74e439521fb44d1a60097fc58cc7b4e732e1cd243b084", kill_on_drop: false }`
[INFO] running `Command { std: "docker" "inspect" "c5f24d15299ea3e89ba74e439521fb44d1a60097fc58cc7b4e732e1cd243b084", kill_on_drop: false }`
[INFO] running `Command { std: "docker" "rm" "-f" "c5f24d15299ea3e89ba74e439521fb44d1a60097fc58cc7b4e732e1cd243b084", kill_on_drop: false }`
[INFO] [stdout] c5f24d15299ea3e89ba74e439521fb44d1a60097fc58cc7b4e732e1cd243b084
[INFO] running `Command { std: "docker" "create" "-v" "/var/lib/crater-agent-workspace/builds/worker-2-tc2/target:/opt/rustwide/target:rw,Z" "-v" "/var/lib/crater-agent-workspace/builds/worker-2-tc2/source:/opt/rustwide/workdir:ro,Z" "-v" "/var/lib/crater-agent-workspace/cargo-home:/opt/rustwide/cargo-home:ro,Z" "-v" "/var/lib/crater-agent-workspace/rustup-home:/opt/rustwide/rustup-home:ro,Z" "-e" "SOURCE_DIR=/opt/rustwide/workdir" "-e" "CARGO_TARGET_DIR=/opt/rustwide/target" "-e" "CARGO_INCREMENTAL=0" "-e" "RUST_BACKTRACE=full" "-e" "RUSTFLAGS=--cap-lints=forbid -Zrandomize-layout" "-e" "RUSTDOCFLAGS=--cap-lints=forbid" "-e" "CARGO_HOME=/opt/rustwide/cargo-home" "-e" "RUSTUP_HOME=/opt/rustwide/rustup-home" "-w" "/opt/rustwide/workdir" "-m" "1610612736" "--user" "0:0" "--network" "none" "ghcr.io/rust-lang/crates-build-env/linux@sha256:4a844ea9eb2546a2d2c7022eacef16ef2e8229c7fbb2c7d4d55a9ceca922f72d" "/opt/rustwide/cargo-home/bin/cargo" "+nightly-2024-10-28" "build" "--frozen" "--message-format=json", kill_on_drop: false }`
[INFO] [stdout] 17ff42bf684d91f519f121e5210ec3ca2c619fd3198560f8ee237a9cabf9d09b
[INFO] running `Command { std: "docker" "start" "-a" "17ff42bf684d91f519f121e5210ec3ca2c619fd3198560f8ee237a9cabf9d09b", kill_on_drop: false }`
[INFO] [stderr]    Compiling serde v1.0.214
[INFO] [stderr]    Compiling hashbrown v0.15.0
[INFO] [stderr]    Compiling equivalent v1.0.1
[INFO] [stderr]    Compiling winnow v0.6.20
[INFO] [stderr]    Compiling indexmap v2.6.0
[INFO] [stderr]    Compiling toml_datetime v0.6.8
[INFO] [stderr]    Compiling serde_spanned v0.6.8
[INFO] [stderr]    Compiling toml_edit v0.22.22
[INFO] [stderr]    Compiling toml v0.8.19
[INFO] [stderr]    Compiling toml_const v0.1.1 (/opt/rustwide/workdir)
[INFO] [stderr]     Finished `dev` profile [unoptimized + debuginfo] target(s) in 3.51s
[INFO] running `Command { std: "docker" "inspect" "17ff42bf684d91f519f121e5210ec3ca2c619fd3198560f8ee237a9cabf9d09b", kill_on_drop: false }`
[INFO] running `Command { std: "docker" "rm" "-f" "17ff42bf684d91f519f121e5210ec3ca2c619fd3198560f8ee237a9cabf9d09b", kill_on_drop: false }`
[INFO] [stdout] 17ff42bf684d91f519f121e5210ec3ca2c619fd3198560f8ee237a9cabf9d09b
[INFO] running `Command { std: "docker" "create" "-v" "/var/lib/crater-agent-workspace/builds/worker-2-tc2/target:/opt/rustwide/target:rw,Z" "-v" "/var/lib/crater-agent-workspace/builds/worker-2-tc2/source:/opt/rustwide/workdir:ro,Z" "-v" "/var/lib/crater-agent-workspace/cargo-home:/opt/rustwide/cargo-home:ro,Z" "-v" "/var/lib/crater-agent-workspace/rustup-home:/opt/rustwide/rustup-home:ro,Z" "-e" "SOURCE_DIR=/opt/rustwide/workdir" "-e" "CARGO_TARGET_DIR=/opt/rustwide/target" "-e" "CARGO_INCREMENTAL=0" "-e" "RUST_BACKTRACE=full" "-e" "RUSTFLAGS=--cap-lints=forbid -Zrandomize-layout" "-e" "RUSTDOCFLAGS=--cap-lints=forbid" "-e" "CARGO_HOME=/opt/rustwide/cargo-home" "-e" "RUSTUP_HOME=/opt/rustwide/rustup-home" "-w" "/opt/rustwide/workdir" "-m" "1610612736" "--user" "0:0" "--network" "none" "ghcr.io/rust-lang/crates-build-env/linux@sha256:4a844ea9eb2546a2d2c7022eacef16ef2e8229c7fbb2c7d4d55a9ceca922f72d" "/opt/rustwide/cargo-home/bin/cargo" "+nightly-2024-10-28" "test" "--frozen" "--no-run" "--message-format=json", kill_on_drop: false }`
[INFO] [stdout] daaf54f3619ac735e0ba3d4e6a9e4cdd30a56cd48b0f38b7fc02ad83b4ad52db
[INFO] running `Command { std: "docker" "start" "-a" "daaf54f3619ac735e0ba3d4e6a9e4cdd30a56cd48b0f38b7fc02ad83b4ad52db", kill_on_drop: false }`
[INFO] [stderr]    Compiling toml_const v0.1.1 (/opt/rustwide/workdir)
[INFO] [stderr]     Finished `test` profile [unoptimized + debuginfo] target(s) in 0.12s
[INFO] running `Command { std: "docker" "inspect" "daaf54f3619ac735e0ba3d4e6a9e4cdd30a56cd48b0f38b7fc02ad83b4ad52db", kill_on_drop: false }`
[INFO] running `Command { std: "docker" "rm" "-f" "daaf54f3619ac735e0ba3d4e6a9e4cdd30a56cd48b0f38b7fc02ad83b4ad52db", kill_on_drop: false }`
[INFO] [stdout] daaf54f3619ac735e0ba3d4e6a9e4cdd30a56cd48b0f38b7fc02ad83b4ad52db
[INFO] running `Command { std: "docker" "create" "-v" "/var/lib/crater-agent-workspace/builds/worker-2-tc2/target:/opt/rustwide/target:rw,Z" "-v" "/var/lib/crater-agent-workspace/builds/worker-2-tc2/source:/opt/rustwide/workdir:ro,Z" "-v" "/var/lib/crater-agent-workspace/cargo-home:/opt/rustwide/cargo-home:ro,Z" "-v" "/var/lib/crater-agent-workspace/rustup-home:/opt/rustwide/rustup-home:ro,Z" "-e" "SOURCE_DIR=/opt/rustwide/workdir" "-e" "CARGO_TARGET_DIR=/opt/rustwide/target" "-e" "CARGO_INCREMENTAL=0" "-e" "RUST_BACKTRACE=full" "-e" "RUSTFLAGS=--cap-lints=forbid -Zrandomize-layout" "-e" "RUSTDOCFLAGS=--cap-lints=forbid" "-e" "CARGO_HOME=/opt/rustwide/cargo-home" "-e" "RUSTUP_HOME=/opt/rustwide/rustup-home" "-w" "/opt/rustwide/workdir" "-m" "1610612736" "--user" "0:0" "--network" "none" "ghcr.io/rust-lang/crates-build-env/linux@sha256:4a844ea9eb2546a2d2c7022eacef16ef2e8229c7fbb2c7d4d55a9ceca922f72d" "/opt/rustwide/cargo-home/bin/cargo" "+nightly-2024-10-28" "test" "--frozen", kill_on_drop: false }`
[INFO] [stdout] 22228cd51b8c76135276d2dbb25dafdc1424f7d8acecd0607990ea12fc4e8fd7
[INFO] running `Command { std: "docker" "start" "-a" "22228cd51b8c76135276d2dbb25dafdc1424f7d8acecd0607990ea12fc4e8fd7", kill_on_drop: false }`
[INFO] [stderr]     Finished `test` profile [unoptimized + debuginfo] target(s) in 0.01s
[INFO] [stderr]      Running unittests src/lib.rs (/opt/rustwide/target/debug/deps/toml_const-92f3f8d5e0dcf9e5)
[INFO] [stdout] 
[INFO] [stdout] running 0 tests
[INFO] [stdout] 
[INFO] [stdout] test result: ok. 0 passed; 0 failed; 0 ignored; 0 measured; 0 filtered out; finished in 0.00s
[INFO] [stdout] 
[INFO] [stderr]    Doc-tests toml_const
[INFO] [stdout] 
[INFO] [stdout] running 9 tests
[INFO] [stdout] test src/lib.rs - (line 48) ... FAILED
[INFO] [stdout] test src/lib.rs - (line 54) ... FAILED
[INFO] [stdout] test src/generator.rs - generator::run (line 26) - compile ... ok
[INFO] [stdout] test src/lib.rs - (line 142) ... FAILED
[INFO] [stdout] test src/lib.rs - (line 108) ... FAILED
[INFO] [stdout] test src/lib.rs - (line 157) ... FAILED
[INFO] [stdout] test src/lib.rs - (line 122) ... FAILED
[INFO] [stdout] test src/lib.rs - (line 65) ... FAILED
[INFO] [stdout] test src/lib.rs - (line 37) ... FAILED
[INFO] [stdout] 
[INFO] [stdout] failures:
[INFO] [stdout] 
[INFO] [stdout] ---- src/lib.rs - (line 48) stdout ----
[INFO] [stdout] error: couldn't read src/../generated.rs: No such file or directory (os error 2)
[INFO] [stdout]  --> src/lib.rs:49:1
[INFO] [stdout]   |
[INFO] [stdout] 3 | include!("../generated.rs") // included in main, for example
[INFO] [stdout]   | ^^^^^^^^^^^^^^^^^^^^^^^^^^^
[INFO] [stdout]   |
[INFO] [stdout]   = note: this error originates in the macro `include` (in Nightly builds, run with -Z macro-backtrace for more info)
[INFO] [stdout] 
[INFO] [stdout] error: aborting due to 1 previous error
[INFO] [stdout] 
[INFO] [stdout] Couldn't compile the test.
[INFO] [stdout] ---- src/lib.rs - (line 54) stdout ----
[INFO] [stdout] error: macros that expand to items must be delimited with braces or followed by a semicolon
[INFO] [stdout]  --> src/lib.rs:60:9
[INFO] [stdout]   |
[INFO] [stdout] 8 | include!("../generated.rs")
[INFO] [stdout]   |         ^^^^^^^^^^^^^^^^^^^
[INFO] [stdout]   |
[INFO] [stdout] help: change the delimiters to curly braces
[INFO] [stdout]   |
[INFO] [stdout] 8 | include!{"../generated.rs"}
[INFO] [stdout]   |         ~                 ~
[INFO] [stdout] help: add a semicolon
[INFO] [stdout]   |
[INFO] [stdout] 8 | include!("../generated.rs");
[INFO] [stdout]   |                            +
[INFO] [stdout] 
[INFO] [stdout] error: an inner attribute is not permitted in this context
[INFO] [stdout]  --> src/lib.rs:59:1
[INFO] [stdout]   |
[INFO] [stdout] 7 | #![allow(unused)]
[INFO] [stdout]   | ^^^^^^^^^^^^^^^^^
[INFO] [stdout] 8 | include!("../generated.rs")
[INFO] [stdout]   | --------------------------- the inner attribute doesn't annotate this item macro invocation
[INFO] [stdout]   |
[INFO] [stdout]   = note: inner attributes, like `#![no_std]`, annotate the item enclosing them, and are usually found at the beginning of source files
[INFO] [stdout] help: to annotate the item macro invocation, change the attribute from inner to outer style
[INFO] [stdout]   |
[INFO] [stdout] 7 - #![allow(unused)]
[INFO] [stdout] 7 + #[allow(unused)]
[INFO] [stdout]   |
[INFO] [stdout] 
[INFO] [stdout] error: cannot declare a non-inline module inside a block unless it has a path attribute
[INFO] [stdout]  --> src/lib.rs:56:1
[INFO] [stdout]   |
[INFO] [stdout] 4 | mod consts;
[INFO] [stdout]   | ^^^^^^^^^^^
[INFO] [stdout]   |
[INFO] [stdout] note: maybe `use` the module `consts` instead of redeclaring it
[INFO] [stdout]  --> src/lib.rs:56:1
[INFO] [stdout]   |
[INFO] [stdout] 4 | mod consts;
[INFO] [stdout]   | ^^^^^^^^^^^
[INFO] [stdout] 
[INFO] [stdout] error: couldn't read src/../generated.rs: No such file or directory (os error 2)
[INFO] [stdout]  --> src/lib.rs:60:1
[INFO] [stdout]   |
[INFO] [stdout] 8 | include!("../generated.rs")
[INFO] [stdout]   | ^^^^^^^^^^^^^^^^^^^^^^^^^^^
[INFO] [stdout]   |
[INFO] [stdout]   = note: this error originates in the macro `include` (in Nightly builds, run with -Z macro-backtrace for more info)
[INFO] [stdout] 
[INFO] [stdout] error: aborting due to 4 previous errors
[INFO] [stdout] 
[INFO] [stdout] Couldn't compile the test.
[INFO] [stdout] ---- src/lib.rs - (line 142) stdout ----
[INFO] [stdout] error: expected one of `@` or `|`, found `:`
[INFO] [stdout]  --> src/lib.rs:144:9
[INFO] [stdout]   |
[INFO] [stdout] 4 | for item: &i64 in TABLE_OTHER_NORMAL_ARRAY.iter() {
[INFO] [stdout]   |         ^ ---- specifying the type of a pattern isn't supported
[INFO] [stdout]   |         |
[INFO] [stdout]   |         expected one of `@` or `|`
[INFO] [stdout] 
[INFO] [stdout] error: expected one of `@` or `|`, found `:`
[INFO] [stdout]  --> src/lib.rs:149:13
[INFO] [stdout]   |
[INFO] [stdout] 9 | for subtable: &HashMap<&'static str, String> in ARR_OF_TABLES.iter() {
[INFO] [stdout]   |             ^ ------------------------------ specifying the type of a pattern isn't supported
[INFO] [stdout]   |             |
[INFO] [stdout]   |             expected one of `@` or `|`
[INFO] [stdout] 
[INFO] [stdout] error[E0425]: cannot find value `TABLE_OTHER_NORMAL_ARRAY` in this scope
[INFO] [stdout]  --> src/lib.rs:144:19
[INFO] [stdout]   |
[INFO] [stdout] 4 | for item: &i64 in TABLE_OTHER_NORMAL_ARRAY.iter() {
[INFO] [stdout]   |                   ^^^^^^^^^^^^^^^^^^^^^^^^ not found in this scope
[INFO] [stdout] 
[INFO] [stdout] error[E0425]: cannot find value `ARR_OF_TABLES` in this scope
[INFO] [stdout]  --> src/lib.rs:149:49
[INFO] [stdout]   |
[INFO] [stdout] 9 | for subtable: &HashMap<&'static str, String> in ARR_OF_TABLES.iter() {
[INFO] [stdout]   |                                                 ^^^^^^^^^^^^^ not found in this scope
[INFO] [stdout] 
[INFO] [stdout] error: aborting due to 4 previous errors
[INFO] [stdout] 
[INFO] [stdout] For more information about this error, try `rustc --explain E0425`.
[INFO] [stdout] Couldn't compile the test.
[INFO] [stdout] ---- src/lib.rs - (line 108) stdout ----
[INFO] [stdout] error[E0425]: cannot find value `TABLE_FIELD` in this scope
[INFO] [stdout]  --> src/lib.rs:110:15
[INFO] [stdout]   |
[INFO] [stdout] 4 | let f: &str = TABLE_FIELD;
[INFO] [stdout]   |               ^^^^^^^^^^^ not found in this scope
[INFO] [stdout] 
[INFO] [stdout] error[E0425]: cannot find value `TABLE_TIME` in this scope
[INFO] [stdout]  --> src/lib.rs:111:32
[INFO] [stdout]   |
[INFO] [stdout] 5 | let t: toml::value::Datetime = TABLE_TIME;
[INFO] [stdout]   |                                ^^^^^^^^^^ not found in this scope
[INFO] [stdout] 
[INFO] [stdout] error[E0425]: cannot find value `TABLE_INTEGER` in this scope
[INFO] [stdout]  --> src/lib.rs:112:14
[INFO] [stdout]   |
[INFO] [stdout] 6 | let i: i64 = TABLE_INTEGER;
[INFO] [stdout]   |              ^^^^^^^^^^^^^ not found in this scope
[INFO] [stdout] 
[INFO] [stdout] error[E0425]: cannot find value `TABLE_INNER_FIELD` in this scope
[INFO] [stdout]  --> src/lib.rs:115:17
[INFO] [stdout]   |
[INFO] [stdout] 9 | let tif: &str = TABLE_INNER_FIELD;
[INFO] [stdout]   |                 ^^^^^^^^^^^^^^^^^ not found in this scope
[INFO] [stdout] 
[INFO] [stdout] error[E0425]: cannot find value `TABLE_INNER_DATETIME` in this scope
[INFO] [stdout]   --> src/lib.rs:116:35
[INFO] [stdout]    |
[INFO] [stdout] 10 | let tidt: toml::value::Datetime = TABLE_INNER_DATETIME;
[INFO] [stdout]    |                                   ^^^^^^^^^^^^^^^^^^^^ not found in this scope
[INFO] [stdout] 
[INFO] [stdout] error[E0425]: cannot find value `TABLE_INNER_ONE_BILLION` in this scope
[INFO] [stdout]   --> src/lib.rs:117:16
[INFO] [stdout]    |
[INFO] [stdout] 11 | let tib: i64 = TABLE_INNER_ONE_BILLION;
[INFO] [stdout]    |                ^^^^^^^^^^^^^^^^^^^^^^^ not found in this scope
[INFO] [stdout] 
[INFO] [stdout] error: aborting due to 6 previous errors
[INFO] [stdout] 
[INFO] [stdout] For more information about this error, try `rustc --explain E0425`.
[INFO] [stdout] Couldn't compile the test.
[INFO] [stdout] ---- src/lib.rs - (line 157) stdout ----
[INFO] [stdout] error[E0433]: failed to resolve: use of undeclared crate or module `lazy_static`
[INFO] [stdout]   --> src/lib.rs:221:1
[INFO] [stdout]    |
[INFO] [stdout] 66 | lazy_static::lazy_static! {
[INFO] [stdout]    | ^^^^^^^^^^^ use of undeclared crate or module `lazy_static`
[INFO] [stdout] 
[INFO] [stdout] error[E0433]: failed to resolve: use of undeclared crate or module `lazy_static`
[INFO] [stdout]   --> src/lib.rs:195:1
[INFO] [stdout]    |
[INFO] [stdout] 40 | lazy_static::lazy_static! {
[INFO] [stdout]    | ^^^^^^^^^^^ use of undeclared crate or module `lazy_static`
[INFO] [stdout] 
[INFO] [stdout] error[E0433]: failed to resolve: use of undeclared crate or module `lazy_static`
[INFO] [stdout]   --> src/lib.rs:166:1
[INFO] [stdout]    |
[INFO] [stdout] 11 | lazy_static::lazy_static! {
[INFO] [stdout]    | ^^^^^^^^^^^ use of undeclared crate or module `lazy_static`
[INFO] [stdout] 
[INFO] [stdout] error[E0412]: cannot find type `Datetime` in this scope
[INFO] [stdout]   --> src/lib.rs:185:23
[INFO] [stdout]    |
[INFO] [stdout] 30 | pub const TABLE_TIME: Datetime = Datetime {
[INFO] [stdout]    |                       ^^^^^^^^ not found in this scope
[INFO] [stdout]    |
[INFO] [stdout] help: consider importing this struct
[INFO] [stdout]    |
[INFO] [stdout] 4  + use toml::value::Datetime;
[INFO] [stdout]    |
[INFO] [stdout] 
[INFO] [stdout] error[E0422]: cannot find struct, variant or union type `Datetime` in this scope
[INFO] [stdout]   --> src/lib.rs:185:34
[INFO] [stdout]    |
[INFO] [stdout] 30 | pub const TABLE_TIME: Datetime = Datetime {
[INFO] [stdout]    |                                  ^^^^^^^^ not found in this scope
[INFO] [stdout]    |
[INFO] [stdout] help: consider importing one of these items
[INFO] [stdout]    |
[INFO] [stdout] 4  + use toml::Value::Datetime;
[INFO] [stdout]    |
[INFO] [stdout] 4  + use toml::value::Datetime;
[INFO] [stdout]    |
[INFO] [stdout] 
[INFO] [stdout] error[E0422]: cannot find struct, variant or union type `Time` in this scope
[INFO] [stdout]   --> src/lib.rs:187:16
[INFO] [stdout]    |
[INFO] [stdout] 32 |     time: Some(Time {
[INFO] [stdout]    |                ^^^^ not found in this scope
[INFO] [stdout]    |
[INFO] [stdout] help: consider importing this struct
[INFO] [stdout]    |
[INFO] [stdout] 4  + use toml::value::Time;
[INFO] [stdout]    |
[INFO] [stdout] 
[INFO] [stdout] error[E0412]: cannot find type `Datetime` in this scope
[INFO] [stdout]   --> src/lib.rs:207:33
[INFO] [stdout]    |
[INFO] [stdout] 52 | pub const TABLE_INNER_DATETIME: Datetime = Datetime {
[INFO] [stdout]    |                                 ^^^^^^^^ not found in this scope
[INFO] [stdout]    |
[INFO] [stdout] help: consider importing this struct
[INFO] [stdout]    |
[INFO] [stdout] 4  + use toml::value::Datetime;
[INFO] [stdout]    |
[INFO] [stdout] 
[INFO] [stdout] error[E0422]: cannot find struct, variant or union type `Datetime` in this scope
[INFO] [stdout]   --> src/lib.rs:207:44
[INFO] [stdout]    |
[INFO] [stdout] 52 | pub const TABLE_INNER_DATETIME: Datetime = Datetime {
[INFO] [stdout]    |                                            ^^^^^^^^ not found in this scope
[INFO] [stdout]    |
[INFO] [stdout] help: consider importing one of these items
[INFO] [stdout]    |
[INFO] [stdout] 4  + use toml::Value::Datetime;
[INFO] [stdout]    |
[INFO] [stdout] 4  + use toml::value::Datetime;
[INFO] [stdout]    |
[INFO] [stdout] 
[INFO] [stdout] error[E0422]: cannot find struct, variant or union type `Date` in this scope
[INFO] [stdout]   --> src/lib.rs:208:16
[INFO] [stdout]    |
[INFO] [stdout] 53 |     date: Some(Date {
[INFO] [stdout]    |                ^^^^ not found in this scope
[INFO] [stdout]    |
[INFO] [stdout] help: consider importing this struct
[INFO] [stdout]    |
[INFO] [stdout] 4  + use toml::value::Date;
[INFO] [stdout]    |
[INFO] [stdout] 
[INFO] [stdout] error[E0422]: cannot find struct, variant or union type `Time` in this scope
[INFO] [stdout]   --> src/lib.rs:213:16
[INFO] [stdout]    |
[INFO] [stdout] 58 |     time: Some(Time {
[INFO] [stdout]    |                ^^^^ not found in this scope
[INFO] [stdout]    |
[INFO] [stdout] help: consider importing this struct
[INFO] [stdout]    |
[INFO] [stdout] 4  + use toml::value::Time;
[INFO] [stdout]    |
[INFO] [stdout] 
[INFO] [stdout] error[E0433]: failed to resolve: use of undeclared type `Offset`
[INFO] [stdout]   --> src/lib.rs:219:18
[INFO] [stdout]    |
[INFO] [stdout] 64 |     offset: Some(Offset::Z),
[INFO] [stdout]    |                  ^^^^^^ use of undeclared type `Offset`
[INFO] [stdout]    |
[INFO] [stdout] help: consider importing this enum
[INFO] [stdout]    |
[INFO] [stdout] 4  + use toml::value::Offset;
[INFO] [stdout]    |
[INFO] [stdout] 
[INFO] [stdout] error: aborting due to 11 previous errors
[INFO] [stdout] 
[INFO] [stdout] Some errors have detailed explanations: E0412, E0422, E0433.
[INFO] [stdout] For more information about an error, try `rustc --explain E0412`.
[INFO] [stdout] Couldn't compile the test.
[INFO] [stdout] ---- src/lib.rs - (line 122) stdout ----
[INFO] [stdout] error[E0412]: cannot find type `HashMap` in this scope
[INFO] [stdout]  --> src/lib.rs:127:10
[INFO] [stdout]   |
[INFO] [stdout] 7 | let ht: &HashMap<&'static str, String> = &*TABLE_INNER;
[INFO] [stdout]   |          ^^^^^^^ not found in this scope
[INFO] [stdout]   |
[INFO] [stdout] help: consider importing this struct
[INFO] [stdout]   |
[INFO] [stdout] 2 + use std::collections::HashMap;
[INFO] [stdout]   |
[INFO] [stdout] 
[INFO] [stdout] error[E0425]: cannot find value `TABLE_INNER` in this scope
[INFO] [stdout]  --> src/lib.rs:127:44
[INFO] [stdout]   |
[INFO] [stdout] 7 | let ht: &HashMap<&'static str, String> = &*TABLE_INNER;
[INFO] [stdout]   |                                            ^^^^^^^^^^^ not found in this scope
[INFO] [stdout] 
[INFO] [stdout] error[E0425]: cannot find value `TABLE_INNER` in this scope
[INFO] [stdout]   --> src/lib.rs:130:24
[INFO] [stdout]    |
[INFO] [stdout] 10 | let tif_string: &str = TABLE_INNER.get("FIELD").unwrap();
[INFO] [stdout]    |                        ^^^^^^^^^^^ not found in this scope
[INFO] [stdout] 
[INFO] [stdout] error[E0425]: cannot find value `TABLE_INNER` in this scope
[INFO] [stdout]   --> src/lib.rs:131:25
[INFO] [stdout]    |
[INFO] [stdout] 11 | let tidt_string: &str = TABLE_INNER.get("DATETIME").unwrap();
[INFO] [stdout]    |                         ^^^^^^^^^^^ not found in this scope
[INFO] [stdout] 
[INFO] [stdout] error[E0425]: cannot find value `TABLE_INNER` in this scope
[INFO] [stdout]   --> src/lib.rs:132:24
[INFO] [stdout]    |
[INFO] [stdout] 12 | let tib_string: &str = TABLE_INNER.get("ONE_BILLION").unwrap();
[INFO] [stdout]    |                        ^^^^^^^^^^^ not found in this scope
[INFO] [stdout] 
[INFO] [stdout] error[E0425]: cannot find value `TABLE_INNER` in this scope
[INFO] [stdout]   --> src/lib.rs:135:12
[INFO] [stdout]    |
[INFO] [stdout] 15 | for key in TABLE_INNER.keys() {
[INFO] [stdout]    |            ^^^^^^^^^^^ not found in this scope
[INFO] [stdout] 
[INFO] [stdout] error: aborting due to 6 previous errors
[INFO] [stdout] 
[INFO] [stdout] Some errors have detailed explanations: E0412, E0425.
[INFO] [stdout] For more information about an error, try `rustc --explain E0412`.
[INFO] [stdout] Couldn't compile the test.
[INFO] [stdout] ---- src/lib.rs - (line 65) stdout ----
[INFO] [stdout] error[E0433]: failed to resolve: use of undeclared crate or module `consts`
[INFO] [stdout]  --> src/lib.rs:66:18
[INFO] [stdout]   |
[INFO] [stdout] 3 | let this: bool = consts::USE; // the USE const must always be defined
[INFO] [stdout]   |                  ^^^^^^ use of undeclared crate or module `consts`
[INFO] [stdout] 
[INFO] [stdout] error: aborting due to 1 previous error
[INFO] [stdout] 
[INFO] [stdout] For more information about this error, try `rustc --explain E0433`.
[INFO] [stdout] Couldn't compile the test.
[INFO] [stdout] ---- src/lib.rs - (line 37) stdout ----
[INFO] [stdout] Test executable failed (exit status: 255).
[INFO] [stdout] 
[INFO] [stdout] 
[INFO] [stdout] failures:
[INFO] [stdout]     src/lib.rs - (line 108)
[INFO] [stdout]     src/lib.rs - (line 122)
[INFO] [stdout]     src/lib.rs - (line 142)
[INFO] [stdout]     src/lib.rs - (line 157)
[INFO] [stdout]     src/lib.rs - (line 37)
[INFO] [stdout]     src/lib.rs - (line 48)
[INFO] [stdout]     src/lib.rs - (line 54)
[INFO] [stdout]     src/lib.rs - (line 65)
[INFO] [stdout] 
[INFO] [stdout] test result: FAILED. 1 passed; 8 failed; 0 ignored; 0 measured; 0 filtered out; finished in 0.10s
[INFO] [stdout] 
[INFO] [stderr] error: doctest failed, to rerun pass `--doc`
[INFO] running `Command { std: "docker" "inspect" "22228cd51b8c76135276d2dbb25dafdc1424f7d8acecd0607990ea12fc4e8fd7", kill_on_drop: false }`
[INFO] running `Command { std: "docker" "rm" "-f" "22228cd51b8c76135276d2dbb25dafdc1424f7d8acecd0607990ea12fc4e8fd7", kill_on_drop: false }`
[INFO] [stdout] 22228cd51b8c76135276d2dbb25dafdc1424f7d8acecd0607990ea12fc4e8fd7
