[INFO] fetching crate tokio-socks 0.5.2...
[INFO] testing tokio-socks-0.5.2 against nightly-2024-10-28 for randomize-layout
[INFO] extracting crate tokio-socks 0.5.2 into /workspace/builds/worker-2-tc1/source
[INFO] validating manifest of crates.io crate tokio-socks 0.5.2 on toolchain nightly-2024-10-28
[INFO] running `Command { std: CARGO_HOME="/workspace/cargo-home" RUSTUP_HOME="/workspace/rustup-home" "/workspace/cargo-home/bin/cargo" "+nightly-2024-10-28" "metadata" "--manifest-path" "Cargo.toml" "--no-deps", kill_on_drop: false }`
[INFO] started tweaking crates.io crate tokio-socks 0.5.2
[INFO] removed 0 missing examples
[INFO] removed 0 missing tests
[INFO] finished tweaking crates.io crate tokio-socks 0.5.2
[INFO] tweaked toml for crates.io crate tokio-socks 0.5.2 written to /workspace/builds/worker-2-tc1/source/Cargo.toml
[INFO] crate crates.io crate tokio-socks 0.5.2 already has a lockfile, it will not be regenerated
[INFO] running `Command { std: CARGO_HOME="/workspace/cargo-home" RUSTUP_HOME="/workspace/rustup-home" "/workspace/cargo-home/bin/cargo" "+nightly-2024-10-28" "fetch" "--manifest-path" "Cargo.toml", kill_on_drop: false }`
[INFO] [stderr]  Downloading crates ...
[INFO] [stderr]   Downloaded smol v2.0.0
[INFO] running `Command { std: "docker" "create" "-v" "/var/lib/crater-agent-workspace/builds/worker-2-tc1/target:/opt/rustwide/target:rw,Z" "-v" "/var/lib/crater-agent-workspace/builds/worker-2-tc1/source:/opt/rustwide/workdir:ro,Z" "-v" "/var/lib/crater-agent-workspace/cargo-home:/opt/rustwide/cargo-home:ro,Z" "-v" "/var/lib/crater-agent-workspace/rustup-home:/opt/rustwide/rustup-home:ro,Z" "-e" "SOURCE_DIR=/opt/rustwide/workdir" "-e" "CARGO_TARGET_DIR=/opt/rustwide/target" "-e" "CARGO_HOME=/opt/rustwide/cargo-home" "-e" "RUSTUP_HOME=/opt/rustwide/rustup-home" "-w" "/opt/rustwide/workdir" "-m" "1610612736" "--user" "0:0" "--network" "none" "ghcr.io/rust-lang/crates-build-env/linux@sha256:4a844ea9eb2546a2d2c7022eacef16ef2e8229c7fbb2c7d4d55a9ceca922f72d" "/opt/rustwide/cargo-home/bin/cargo" "+nightly-2024-10-28" "metadata" "--no-deps" "--format-version=1", kill_on_drop: false }`
[INFO] [stdout] 04c25a73e842985699723d724dff0cd16c9622352e1d48c597851f6468eea14a
[INFO] running `Command { std: "docker" "start" "-a" "04c25a73e842985699723d724dff0cd16c9622352e1d48c597851f6468eea14a", kill_on_drop: false }`
[INFO] running `Command { std: "docker" "inspect" "04c25a73e842985699723d724dff0cd16c9622352e1d48c597851f6468eea14a", kill_on_drop: false }`
[INFO] running `Command { std: "docker" "rm" "-f" "04c25a73e842985699723d724dff0cd16c9622352e1d48c597851f6468eea14a", kill_on_drop: false }`
[INFO] [stdout] 04c25a73e842985699723d724dff0cd16c9622352e1d48c597851f6468eea14a
[INFO] running `Command { std: "docker" "create" "-v" "/var/lib/crater-agent-workspace/builds/worker-2-tc1/target:/opt/rustwide/target:rw,Z" "-v" "/var/lib/crater-agent-workspace/builds/worker-2-tc1/source:/opt/rustwide/workdir:ro,Z" "-v" "/var/lib/crater-agent-workspace/cargo-home:/opt/rustwide/cargo-home:ro,Z" "-v" "/var/lib/crater-agent-workspace/rustup-home:/opt/rustwide/rustup-home:ro,Z" "-e" "SOURCE_DIR=/opt/rustwide/workdir" "-e" "CARGO_TARGET_DIR=/opt/rustwide/target" "-e" "CARGO_INCREMENTAL=0" "-e" "RUST_BACKTRACE=full" "-e" "RUSTFLAGS=--cap-lints=forbid" "-e" "RUSTDOCFLAGS=--cap-lints=forbid" "-e" "CARGO_HOME=/opt/rustwide/cargo-home" "-e" "RUSTUP_HOME=/opt/rustwide/rustup-home" "-w" "/opt/rustwide/workdir" "-m" "1610612736" "--user" "0:0" "--network" "none" "ghcr.io/rust-lang/crates-build-env/linux@sha256:4a844ea9eb2546a2d2c7022eacef16ef2e8229c7fbb2c7d4d55a9ceca922f72d" "/opt/rustwide/cargo-home/bin/cargo" "+nightly-2024-10-28" "build" "--frozen" "--message-format=json", kill_on_drop: false }`
[INFO] [stdout] 41d9713ed07c54ef88200b7cf86ad87affd4e490e4f4e2c7d778b85a71bb106c
[INFO] running `Command { std: "docker" "start" "-a" "41d9713ed07c54ef88200b7cf86ad87affd4e490e4f4e2c7d778b85a71bb106c", kill_on_drop: false }`
[INFO] [stderr]    Compiling proc-macro2 v1.0.86
[INFO] [stderr]    Compiling unicode-ident v1.0.12
[INFO] [stderr]    Compiling libc v0.2.155
[INFO] [stderr]    Compiling autocfg v1.3.0
[INFO] [stderr]    Compiling thiserror v1.0.63
[INFO] [stderr]    Compiling pin-project-lite v0.2.14
[INFO] [stderr]    Compiling futures-io v0.3.30
[INFO] [stderr]    Compiling futures-core v0.3.30
[INFO] [stderr]    Compiling bytes v1.6.1
[INFO] [stderr]    Compiling futures-task v0.3.30
[INFO] [stderr]    Compiling either v1.13.0
[INFO] [stderr]    Compiling slab v0.4.9
[INFO] [stderr]    Compiling futures-util v0.3.30
[INFO] [stderr]    Compiling quote v1.0.36
[INFO] [stderr]    Compiling syn v2.0.72
[INFO] [stderr]    Compiling socket2 v0.5.7
[INFO] [stderr]    Compiling mio v1.0.1
[INFO] [stderr]    Compiling tokio v1.39.2
[INFO] [stderr]    Compiling thiserror-impl v1.0.63
[INFO] [stderr]    Compiling tokio-socks v0.5.2 (/opt/rustwide/workdir)
[INFO] [stderr]     Finished `dev` profile [unoptimized + debuginfo] target(s) in 3.94s
[INFO] running `Command { std: "docker" "inspect" "41d9713ed07c54ef88200b7cf86ad87affd4e490e4f4e2c7d778b85a71bb106c", kill_on_drop: false }`
[INFO] running `Command { std: "docker" "rm" "-f" "41d9713ed07c54ef88200b7cf86ad87affd4e490e4f4e2c7d778b85a71bb106c", kill_on_drop: false }`
[INFO] [stdout] 41d9713ed07c54ef88200b7cf86ad87affd4e490e4f4e2c7d778b85a71bb106c
[INFO] running `Command { std: "docker" "create" "-v" "/var/lib/crater-agent-workspace/builds/worker-2-tc1/target:/opt/rustwide/target:rw,Z" "-v" "/var/lib/crater-agent-workspace/builds/worker-2-tc1/source:/opt/rustwide/workdir:ro,Z" "-v" "/var/lib/crater-agent-workspace/cargo-home:/opt/rustwide/cargo-home:ro,Z" "-v" "/var/lib/crater-agent-workspace/rustup-home:/opt/rustwide/rustup-home:ro,Z" "-e" "SOURCE_DIR=/opt/rustwide/workdir" "-e" "CARGO_TARGET_DIR=/opt/rustwide/target" "-e" "CARGO_INCREMENTAL=0" "-e" "RUST_BACKTRACE=full" "-e" "RUSTFLAGS=--cap-lints=forbid" "-e" "RUSTDOCFLAGS=--cap-lints=forbid" "-e" "CARGO_HOME=/opt/rustwide/cargo-home" "-e" "RUSTUP_HOME=/opt/rustwide/rustup-home" "-w" "/opt/rustwide/workdir" "-m" "1610612736" "--user" "0:0" "--network" "none" "ghcr.io/rust-lang/crates-build-env/linux@sha256:4a844ea9eb2546a2d2c7022eacef16ef2e8229c7fbb2c7d4d55a9ceca922f72d" "/opt/rustwide/cargo-home/bin/cargo" "+nightly-2024-10-28" "test" "--frozen" "--no-run" "--message-format=json", kill_on_drop: false }`
[INFO] [stdout] 1db09d53a5cb746bf0ae9b6cb158ed5ab156a7444d20e5a65e8a5c549462c150
[INFO] running `Command { std: "docker" "start" "-a" "1db09d53a5cb746bf0ae9b6cb158ed5ab156a7444d20e5a65e8a5c549462c150", kill_on_drop: false }`
[INFO] [stderr]    Compiling crossbeam-utils v0.8.20
[INFO] [stderr]    Compiling parking v2.2.0
[INFO] [stderr]    Compiling fastrand v2.1.0
[INFO] [stderr]    Compiling rustix v0.38.34
[INFO] [stderr]    Compiling linux-raw-sys v0.4.14
[INFO] [stderr]    Compiling tracing-core v0.1.32
[INFO] [stderr]    Compiling async-task v4.7.1
[INFO] [stderr]    Compiling atomic-waker v1.1.2
[INFO] [stderr]    Compiling once_cell v1.19.0
[INFO] [stderr]    Compiling signal-hook-registry v1.4.2
[INFO] [stderr]    Compiling futures-executor v0.3.30
[INFO] [stderr]    Compiling futures-lite v2.3.0
[INFO] [stderr]    Compiling piper v0.2.3
[INFO] [stderr]    Compiling tracing v0.1.40
[INFO] [stderr]    Compiling concurrent-queue v2.5.0
[INFO] [stderr]    Compiling event-listener v5.3.1
[INFO] [stderr]    Compiling event-listener-strategy v0.5.2
[INFO] [stderr]    Compiling async-lock v3.4.0
[INFO] [stderr]    Compiling async-channel v2.3.1
[INFO] [stderr]    Compiling async-executor v1.13.0
[INFO] [stderr]    Compiling blocking v1.6.1
[INFO] [stderr]    Compiling async-fs v2.1.2
[INFO] [stderr]    Compiling polling v3.7.2
[INFO] [stderr]    Compiling async-io v2.3.3
[INFO] [stderr]    Compiling async-signal v0.2.9
[INFO] [stderr]    Compiling async-net v2.0.0
[INFO] [stderr]    Compiling async-process v2.2.3
[INFO] [stderr]    Compiling smol v2.0.0
[INFO] [stderr]    Compiling tokio-socks v0.5.2 (/opt/rustwide/workdir)
[INFO] [stderr]     Finished `test` profile [unoptimized + debuginfo] target(s) in 5.87s
[INFO] running `Command { std: "docker" "inspect" "1db09d53a5cb746bf0ae9b6cb158ed5ab156a7444d20e5a65e8a5c549462c150", kill_on_drop: false }`
[INFO] running `Command { std: "docker" "rm" "-f" "1db09d53a5cb746bf0ae9b6cb158ed5ab156a7444d20e5a65e8a5c549462c150", kill_on_drop: false }`
[INFO] [stdout] 1db09d53a5cb746bf0ae9b6cb158ed5ab156a7444d20e5a65e8a5c549462c150
[INFO] running `Command { std: "docker" "create" "-v" "/var/lib/crater-agent-workspace/builds/worker-2-tc1/target:/opt/rustwide/target:rw,Z" "-v" "/var/lib/crater-agent-workspace/builds/worker-2-tc1/source:/opt/rustwide/workdir:ro,Z" "-v" "/var/lib/crater-agent-workspace/cargo-home:/opt/rustwide/cargo-home:ro,Z" "-v" "/var/lib/crater-agent-workspace/rustup-home:/opt/rustwide/rustup-home:ro,Z" "-e" "SOURCE_DIR=/opt/rustwide/workdir" "-e" "CARGO_TARGET_DIR=/opt/rustwide/target" "-e" "CARGO_INCREMENTAL=0" "-e" "RUST_BACKTRACE=full" "-e" "RUSTFLAGS=--cap-lints=forbid" "-e" "RUSTDOCFLAGS=--cap-lints=forbid" "-e" "CARGO_HOME=/opt/rustwide/cargo-home" "-e" "RUSTUP_HOME=/opt/rustwide/rustup-home" "-w" "/opt/rustwide/workdir" "-m" "1610612736" "--user" "0:0" "--network" "none" "ghcr.io/rust-lang/crates-build-env/linux@sha256:4a844ea9eb2546a2d2c7022eacef16ef2e8229c7fbb2c7d4d55a9ceca922f72d" "/opt/rustwide/cargo-home/bin/cargo" "+nightly-2024-10-28" "test" "--frozen", kill_on_drop: false }`
[INFO] [stdout] 172b41271543dc225d5ea45e81b0de4df02ff434ef25d38149104d5e0a2bc631
[INFO] running `Command { std: "docker" "start" "-a" "172b41271543dc225d5ea45e81b0de4df02ff434ef25d38149104d5e0a2bc631", kill_on_drop: false }`
[INFO] [stderr]     Finished `test` profile [unoptimized + debuginfo] target(s) in 0.06s
[INFO] [stderr]      Running unittests src/lib.rs (/opt/rustwide/target/debug/deps/tokio_socks-e755cfbaa83d3f5e)
[INFO] [stdout] 
[INFO] [stdout] running 11 tests
[INFO] [stdout] test tests::addr_with_invalid_port_to_target_addr_should_fail ... ok
[INFO] [stdout] test tests::converts_domain_and_port_to_target_addr ... ok
[INFO] [stdout] test tests::converts_domain_to_target_addr ... ok
[INFO] [stdout] test tests::converts_ip_str_and_port_target_addr ... ok
[INFO] [stdout] test tests::converts_socket_addr_ref_to_proxy_addrs ... ok
[INFO] [stdout] test tests::converts_socket_addr_ref_to_target_addr ... ok
[INFO] [stdout] test tests::converts_socket_addr_str_to_target_addr ... ok
[INFO] [stdout] test tests::converts_socket_addr_to_proxy_addrs ... ok
[INFO] [stdout] test tests::converts_socket_addr_to_target_addr ... ok
[INFO] [stdout] test tests::converts_socket_addrs_to_proxy_addrs ... ok
[INFO] [stdout] test tests::overlong_domain_to_target_addr_should_fail ... ok
[INFO] [stdout] 
[INFO] [stdout] test result: ok. 11 passed; 0 failed; 0 ignored; 0 measured; 0 filtered out; finished in 0.00s
[INFO] [stdout] 
[INFO] [stderr]      Running tests/long_username_password_auth.rs (/opt/rustwide/target/debug/deps/long_username_password_auth-762a30c519b20a96)
[INFO] [stdout] 
[INFO] [stdout] running 4 tests
[INFO] [stdout] test bind_long_username_password ... FAILED
[INFO] [stdout] test bind_with_socket_long_username_password ... FAILED
[INFO] [stdout] test connect_long_username_password ... FAILED
[INFO] [stdout] test connect_with_socket_long_username_password ... FAILED
[INFO] [stdout] 
[INFO] [stdout] failures:
[INFO] [stdout] 
[INFO] [stdout] ---- bind_long_username_password stdout ----
[INFO] [stdout] Error: ProxyServerUnreachable
[INFO] [stdout] 
[INFO] [stdout] ---- bind_with_socket_long_username_password stdout ----
[INFO] [stdout] Error: Io(Os { code: 2, kind: NotFound, message: "No such file or directory" })
[INFO] [stdout] 
[INFO] [stdout] ---- connect_long_username_password stdout ----
[INFO] [stdout] Error: ProxyServerUnreachable
[INFO] [stdout] 
[INFO] [stdout] ---- connect_with_socket_long_username_password stdout ----
[INFO] [stdout] Error: Io(Os { code: 2, kind: NotFound, message: "No such file or directory" })
[INFO] [stdout] 
[INFO] [stdout] 
[INFO] [stdout] failures:
[INFO] [stdout]     bind_long_username_password
[INFO] [stdout]     bind_with_socket_long_username_password
[INFO] [stdout]     connect_long_username_password
[INFO] [stdout]     connect_with_socket_long_username_password
[INFO] [stdout] 
[INFO] [stdout] test result: FAILED. 0 passed; 4 failed; 0 ignored; 0 measured; 0 filtered out; finished in 0.00s
[INFO] [stdout] 
[INFO] [stderr] error: test failed, to rerun pass `--test long_username_password_auth`
[INFO] running `Command { std: "docker" "inspect" "172b41271543dc225d5ea45e81b0de4df02ff434ef25d38149104d5e0a2bc631", kill_on_drop: false }`
[INFO] running `Command { std: "docker" "rm" "-f" "172b41271543dc225d5ea45e81b0de4df02ff434ef25d38149104d5e0a2bc631", kill_on_drop: false }`
[INFO] [stdout] 172b41271543dc225d5ea45e81b0de4df02ff434ef25d38149104d5e0a2bc631
