[INFO] fetching crate tokio-rustls-wasi 0.25.0-alpha...
[INFO] testing tokio-rustls-wasi-0.25.0-alpha against nightly-2024-10-28 for randomize-layout
[INFO] extracting crate tokio-rustls-wasi 0.25.0-alpha into /workspace/builds/worker-0-tc1/source
[INFO] validating manifest of crates.io crate tokio-rustls-wasi 0.25.0-alpha on toolchain nightly-2024-10-28
[INFO] running `Command { std: CARGO_HOME="/workspace/cargo-home" RUSTUP_HOME="/workspace/rustup-home" "/workspace/cargo-home/bin/cargo" "+nightly-2024-10-28" "metadata" "--manifest-path" "Cargo.toml" "--no-deps", kill_on_drop: false }`
[INFO] removed /workspace/builds/worker-0-tc1/source/.cargo/config.toml
[INFO] started tweaking crates.io crate tokio-rustls-wasi 0.25.0-alpha
[INFO] finished tweaking crates.io crate tokio-rustls-wasi 0.25.0-alpha
[INFO] tweaked toml for crates.io crate tokio-rustls-wasi 0.25.0-alpha written to /workspace/builds/worker-0-tc1/source/Cargo.toml
[INFO] crate crates.io crate tokio-rustls-wasi 0.25.0-alpha already has a lockfile, it will not be regenerated
[INFO] running `Command { std: CARGO_HOME="/workspace/cargo-home" RUSTUP_HOME="/workspace/rustup-home" "/workspace/cargo-home/bin/cargo" "+nightly-2024-10-28" "fetch" "--manifest-path" "Cargo.toml", kill_on_drop: false }`
[INFO] [stderr]  Downloading crates ...
[INFO] [stderr]   Downloaded rustls-pki-types v1.1.0
[INFO] [stderr]   Downloaded wasmedge_wasi_socket v0.5.1
[INFO] [stderr]   Downloaded rustls-pemfile v2.0.0
[INFO] [stderr]   Downloaded webpki-roots v0.26.0
[INFO] [stderr]   Downloaded rustls-webpki v0.102.0
[INFO] [stderr]   Downloaded rustls v0.22.1
[INFO] running `Command { std: "docker" "create" "-v" "/var/lib/crater-agent-workspace/builds/worker-0-tc1/target:/opt/rustwide/target:rw,Z" "-v" "/var/lib/crater-agent-workspace/builds/worker-0-tc1/source:/opt/rustwide/workdir:ro,Z" "-v" "/var/lib/crater-agent-workspace/cargo-home:/opt/rustwide/cargo-home:ro,Z" "-v" "/var/lib/crater-agent-workspace/rustup-home:/opt/rustwide/rustup-home:ro,Z" "-e" "SOURCE_DIR=/opt/rustwide/workdir" "-e" "CARGO_TARGET_DIR=/opt/rustwide/target" "-e" "CARGO_HOME=/opt/rustwide/cargo-home" "-e" "RUSTUP_HOME=/opt/rustwide/rustup-home" "-w" "/opt/rustwide/workdir" "-m" "1610612736" "--user" "0:0" "--network" "none" "ghcr.io/rust-lang/crates-build-env/linux@sha256:4a844ea9eb2546a2d2c7022eacef16ef2e8229c7fbb2c7d4d55a9ceca922f72d" "/opt/rustwide/cargo-home/bin/cargo" "+nightly-2024-10-28" "metadata" "--no-deps" "--format-version=1", kill_on_drop: false }`
[INFO] [stdout] fca6f0bd38f9baf184b84fd78a5585abaea9eef9d5360f73b5c7b536fd93f7f8
[INFO] running `Command { std: "docker" "start" "-a" "fca6f0bd38f9baf184b84fd78a5585abaea9eef9d5360f73b5c7b536fd93f7f8", kill_on_drop: false }`
[INFO] running `Command { std: "docker" "inspect" "fca6f0bd38f9baf184b84fd78a5585abaea9eef9d5360f73b5c7b536fd93f7f8", kill_on_drop: false }`
[INFO] running `Command { std: "docker" "rm" "-f" "fca6f0bd38f9baf184b84fd78a5585abaea9eef9d5360f73b5c7b536fd93f7f8", kill_on_drop: false }`
[INFO] [stdout] fca6f0bd38f9baf184b84fd78a5585abaea9eef9d5360f73b5c7b536fd93f7f8
[INFO] running `Command { std: "docker" "create" "-v" "/var/lib/crater-agent-workspace/builds/worker-0-tc1/target:/opt/rustwide/target:rw,Z" "-v" "/var/lib/crater-agent-workspace/builds/worker-0-tc1/source:/opt/rustwide/workdir:ro,Z" "-v" "/var/lib/crater-agent-workspace/cargo-home:/opt/rustwide/cargo-home:ro,Z" "-v" "/var/lib/crater-agent-workspace/rustup-home:/opt/rustwide/rustup-home:ro,Z" "-e" "SOURCE_DIR=/opt/rustwide/workdir" "-e" "CARGO_TARGET_DIR=/opt/rustwide/target" "-e" "CARGO_INCREMENTAL=0" "-e" "RUST_BACKTRACE=full" "-e" "RUSTFLAGS=--cap-lints=forbid" "-e" "RUSTDOCFLAGS=--cap-lints=forbid" "-e" "CARGO_HOME=/opt/rustwide/cargo-home" "-e" "RUSTUP_HOME=/opt/rustwide/rustup-home" "-w" "/opt/rustwide/workdir" "-m" "1610612736" "--user" "0:0" "--network" "none" "ghcr.io/rust-lang/crates-build-env/linux@sha256:4a844ea9eb2546a2d2c7022eacef16ef2e8229c7fbb2c7d4d55a9ceca922f72d" "/opt/rustwide/cargo-home/bin/cargo" "+nightly-2024-10-28" "build" "--frozen" "--message-format=json", kill_on_drop: false }`
[INFO] [stdout] e158aa97ef87811aed5ca69dfcc1c2afbeddc8824f34d1997c140d5f76e03d4d
[INFO] running `Command { std: "docker" "start" "-a" "e158aa97ef87811aed5ca69dfcc1c2afbeddc8824f34d1997c140d5f76e03d4d", kill_on_drop: false }`
[INFO] [stderr]    Compiling libc v0.2.151
[INFO] [stderr]    Compiling cfg-if v1.0.0
[INFO] [stderr]    Compiling spin v0.9.8
[INFO] [stderr]    Compiling untrusted v0.9.0
[INFO] [stderr]    Compiling rustls v0.22.1
[INFO] [stderr]    Compiling rustls-pki-types v1.1.0
[INFO] [stderr]    Compiling subtle v2.5.0
[INFO] [stderr]    Compiling zeroize v1.7.0
[INFO] [stderr]    Compiling tokio v1.35.1
[INFO] [stderr]    Compiling cc v1.0.83
[INFO] [stderr]    Compiling getrandom v0.2.11
[INFO] [stderr]    Compiling ring v0.17.7
[INFO] [stderr]    Compiling rustls-webpki v0.102.0
[INFO] [stderr]    Compiling tokio-rustls-wasi v0.25.0-alpha (/opt/rustwide/workdir)
[INFO] [stderr]     Finished `dev` profile [unoptimized + debuginfo] target(s) in 11.31s
[INFO] running `Command { std: "docker" "inspect" "e158aa97ef87811aed5ca69dfcc1c2afbeddc8824f34d1997c140d5f76e03d4d", kill_on_drop: false }`
[INFO] running `Command { std: "docker" "rm" "-f" "e158aa97ef87811aed5ca69dfcc1c2afbeddc8824f34d1997c140d5f76e03d4d", kill_on_drop: false }`
[INFO] [stdout] e158aa97ef87811aed5ca69dfcc1c2afbeddc8824f34d1997c140d5f76e03d4d
[INFO] running `Command { std: "docker" "create" "-v" "/var/lib/crater-agent-workspace/builds/worker-0-tc1/target:/opt/rustwide/target:rw,Z" "-v" "/var/lib/crater-agent-workspace/builds/worker-0-tc1/source:/opt/rustwide/workdir:ro,Z" "-v" "/var/lib/crater-agent-workspace/cargo-home:/opt/rustwide/cargo-home:ro,Z" "-v" "/var/lib/crater-agent-workspace/rustup-home:/opt/rustwide/rustup-home:ro,Z" "-e" "SOURCE_DIR=/opt/rustwide/workdir" "-e" "CARGO_TARGET_DIR=/opt/rustwide/target" "-e" "CARGO_INCREMENTAL=0" "-e" "RUST_BACKTRACE=full" "-e" "RUSTFLAGS=--cap-lints=forbid" "-e" "RUSTDOCFLAGS=--cap-lints=forbid" "-e" "CARGO_HOME=/opt/rustwide/cargo-home" "-e" "RUSTUP_HOME=/opt/rustwide/rustup-home" "-w" "/opt/rustwide/workdir" "-m" "1610612736" "--user" "0:0" "--network" "none" "ghcr.io/rust-lang/crates-build-env/linux@sha256:4a844ea9eb2546a2d2c7022eacef16ef2e8229c7fbb2c7d4d55a9ceca922f72d" "/opt/rustwide/cargo-home/bin/cargo" "+nightly-2024-10-28" "test" "--frozen" "--no-run" "--message-format=json", kill_on_drop: false }`
[INFO] [stdout] a53c79c9bcfdfa6732acc2e236fdf75dcbd1e754b5f3cc67fe79f71a72561349
[INFO] running `Command { std: "docker" "start" "-a" "a53c79c9bcfdfa6732acc2e236fdf75dcbd1e754b5f3cc67fe79f71a72561349", kill_on_drop: false }`
[INFO] [stderr]    Compiling libc v0.2.151
[INFO] [stderr]    Compiling proc-macro2 v1.0.70
[INFO] [stderr]    Compiling autocfg v1.1.0
[INFO] [stderr]    Compiling parking_lot_core v0.9.9
[INFO] [stderr]    Compiling serde v1.0.193
[INFO] [stderr]    Compiling smallvec v1.11.2
[INFO] [stderr]    Compiling scopeguard v1.2.0
[INFO] [stderr]    Compiling futures-core v0.3.29
[INFO] [stderr]    Compiling futures-task v0.3.29
[INFO] [stderr]    Compiling futures-util v0.3.29
[INFO] [stderr]    Compiling pin-utils v0.1.0
[INFO] [stderr]    Compiling base64 v0.21.5
[INFO] [stderr]    Compiling webpki-roots v0.26.0
[INFO] [stderr]    Compiling lazy_static v1.4.0
[INFO] [stderr]    Compiling rustls-pemfile v2.0.0
[INFO] [stderr]    Compiling lock_api v0.4.11
[INFO] [stderr]    Compiling slab v0.4.9
[INFO] [stderr]    Compiling quote v1.0.33
[INFO] [stderr]    Compiling cc v1.0.83
[INFO] [stderr]    Compiling syn v2.0.42
[INFO] [stderr]    Compiling getrandom v0.2.11
[INFO] [stderr]    Compiling mio v0.8.10
[INFO] [stderr]    Compiling signal-hook-registry v1.4.1
[INFO] [stderr]    Compiling socket2 v0.5.5
[INFO] [stderr]    Compiling num_cpus v1.16.0
[INFO] [stderr]    Compiling parking_lot v0.12.1
[INFO] [stderr]    Compiling ring v0.17.7
[INFO] [stderr]    Compiling serde_derive v1.0.193
[INFO] [stderr]    Compiling tokio-macros v2.2.0
[INFO] [stderr]    Compiling futures-macro v0.3.29
[INFO] [stderr]    Compiling tokio v1.35.1
[INFO] [stderr]    Compiling rustls v0.22.1
[INFO] [stderr]    Compiling rustls-webpki v0.102.0
[INFO] [stderr]    Compiling tokio-rustls-wasi v0.25.0-alpha (/opt/rustwide/workdir)
[INFO] [stderr]    Compiling argh_shared v0.1.12
[INFO] [stderr]    Compiling argh_derive v0.1.12
[INFO] [stderr]    Compiling argh v0.1.12
[INFO] [stderr]     Finished `test` profile [unoptimized + debuginfo] target(s) in 11.89s
[INFO] running `Command { std: "docker" "inspect" "a53c79c9bcfdfa6732acc2e236fdf75dcbd1e754b5f3cc67fe79f71a72561349", kill_on_drop: false }`
[INFO] running `Command { std: "docker" "rm" "-f" "a53c79c9bcfdfa6732acc2e236fdf75dcbd1e754b5f3cc67fe79f71a72561349", kill_on_drop: false }`
[INFO] [stdout] a53c79c9bcfdfa6732acc2e236fdf75dcbd1e754b5f3cc67fe79f71a72561349
[INFO] running `Command { std: "docker" "create" "-v" "/var/lib/crater-agent-workspace/builds/worker-0-tc1/target:/opt/rustwide/target:rw,Z" "-v" "/var/lib/crater-agent-workspace/builds/worker-0-tc1/source:/opt/rustwide/workdir:ro,Z" "-v" "/var/lib/crater-agent-workspace/cargo-home:/opt/rustwide/cargo-home:ro,Z" "-v" "/var/lib/crater-agent-workspace/rustup-home:/opt/rustwide/rustup-home:ro,Z" "-e" "SOURCE_DIR=/opt/rustwide/workdir" "-e" "CARGO_TARGET_DIR=/opt/rustwide/target" "-e" "CARGO_INCREMENTAL=0" "-e" "RUST_BACKTRACE=full" "-e" "RUSTFLAGS=--cap-lints=forbid" "-e" "RUSTDOCFLAGS=--cap-lints=forbid" "-e" "CARGO_HOME=/opt/rustwide/cargo-home" "-e" "RUSTUP_HOME=/opt/rustwide/rustup-home" "-w" "/opt/rustwide/workdir" "-m" "1610612736" "--user" "0:0" "--network" "none" "ghcr.io/rust-lang/crates-build-env/linux@sha256:4a844ea9eb2546a2d2c7022eacef16ef2e8229c7fbb2c7d4d55a9ceca922f72d" "/opt/rustwide/cargo-home/bin/cargo" "+nightly-2024-10-28" "test" "--frozen", kill_on_drop: false }`
[INFO] [stdout] 3dbca39ccc097779d3c67bc1a9ef93c8f64a10aa5a77f8d434d1a9025233e3e0
[INFO] running `Command { std: "docker" "start" "-a" "3dbca39ccc097779d3c67bc1a9ef93c8f64a10aa5a77f8d434d1a9025233e3e0", kill_on_drop: false }`
[INFO] [stderr]     Finished `test` profile [unoptimized + debuginfo] target(s) in 0.04s
[INFO] [stderr]      Running unittests src/lib.rs (/opt/rustwide/target/debug/deps/tokio_rustls-c43c0cf6e81a9d6d)
[INFO] [stdout] 
[INFO] [stdout] running 7 tests
[INFO] [stdout] test common::test_stream::stream_handshake_eof ... ok
[INFO] [stdout] test common::test_stream::stream_handshake_regression_issues_77 ... ok
[INFO] [stdout] test common::test_stream::stream_handshake ... FAILED
[INFO] [stdout] test common::test_stream::stream_eof ... FAILED
[INFO] [stdout] test common::test_stream::stream_bad ... FAILED
[INFO] [stdout] test common::test_stream::stream_buffered_handshake ... FAILED
[INFO] [stdout] test common::test_stream::stream_good ... FAILED
[INFO] [stdout] 
[INFO] [stdout] failures:
[INFO] [stdout] 
[INFO] [stdout] ---- common::test_stream::stream_handshake stdout ----
[INFO] [stdout] Error: Custom { kind: InvalidData, error: InvalidCertificate(Expired) }
[INFO] [stdout] 
[INFO] [stdout] ---- common::test_stream::stream_eof stdout ----
[INFO] [stdout] Error: Custom { kind: InvalidData, error: InvalidCertificate(Expired) }
[INFO] [stdout] 
[INFO] [stdout] ---- common::test_stream::stream_bad stdout ----
[INFO] [stdout] Error: Custom { kind: InvalidData, error: InvalidCertificate(Expired) }
[INFO] [stdout] 
[INFO] [stdout] ---- common::test_stream::stream_buffered_handshake stdout ----
[INFO] [stdout] Error: Custom { kind: InvalidData, error: InvalidCertificate(Expired) }
[INFO] [stdout] 
[INFO] [stdout] ---- common::test_stream::stream_good stdout ----
[INFO] [stdout] Error: Custom { kind: InvalidData, error: InvalidCertificate(Expired) }
[INFO] [stdout] 
[INFO] [stdout] 
[INFO] [stdout] failures:
[INFO] [stdout]     common::test_stream::stream_bad
[INFO] [stdout]     common::test_stream::stream_buffered_handshake
[INFO] [stdout]     common::test_stream::stream_eof
[INFO] [stdout]     common::test_stream::stream_good
[INFO] [stdout]     common::test_stream::stream_handshake
[INFO] [stdout] 
[INFO] [stdout] test result: FAILED. 2 passed; 5 failed; 0 ignored; 0 measured; 0 filtered out; finished in 0.01s
[INFO] [stdout] 
[INFO] [stderr] error: test failed, to rerun pass `--lib`
[INFO] running `Command { std: "docker" "inspect" "3dbca39ccc097779d3c67bc1a9ef93c8f64a10aa5a77f8d434d1a9025233e3e0", kill_on_drop: false }`
[INFO] running `Command { std: "docker" "rm" "-f" "3dbca39ccc097779d3c67bc1a9ef93c8f64a10aa5a77f8d434d1a9025233e3e0", kill_on_drop: false }`
[INFO] [stdout] 3dbca39ccc097779d3c67bc1a9ef93c8f64a10aa5a77f8d434d1a9025233e3e0
