[INFO] fetching crate tokenizers 0.20.1...
[INFO] testing tokenizers-0.20.1 against nightly-2024-10-28 for randomize-layout
[INFO] extracting crate tokenizers 0.20.1 into /workspace/builds/worker-1-tc1/source
[INFO] validating manifest of crates.io crate tokenizers 0.20.1 on toolchain nightly-2024-10-28
[INFO] running `Command { std: CARGO_HOME="/workspace/cargo-home" RUSTUP_HOME="/workspace/rustup-home" "/workspace/cargo-home/bin/cargo" "+nightly-2024-10-28" "metadata" "--manifest-path" "Cargo.toml" "--no-deps", kill_on_drop: false }`
[INFO] started tweaking crates.io crate tokenizers 0.20.1
[INFO] removed 0 missing examples
[INFO] removed 0 missing tests
[INFO] finished tweaking crates.io crate tokenizers 0.20.1
[INFO] tweaked toml for crates.io crate tokenizers 0.20.1 written to /workspace/builds/worker-1-tc1/source/Cargo.toml
[INFO] crate crates.io crate tokenizers 0.20.1 already has a lockfile, it will not be regenerated
[INFO] running `Command { std: CARGO_HOME="/workspace/cargo-home" RUSTUP_HOME="/workspace/rustup-home" "/workspace/cargo-home/bin/cargo" "+nightly-2024-10-28" "fetch" "--manifest-path" "Cargo.toml", kill_on_drop: false }`
[INFO] running `Command { std: "docker" "create" "-v" "/var/lib/crater-agent-workspace/builds/worker-1-tc1/target:/opt/rustwide/target:rw,Z" "-v" "/var/lib/crater-agent-workspace/builds/worker-1-tc1/source:/opt/rustwide/workdir:ro,Z" "-v" "/var/lib/crater-agent-workspace/cargo-home:/opt/rustwide/cargo-home:ro,Z" "-v" "/var/lib/crater-agent-workspace/rustup-home:/opt/rustwide/rustup-home:ro,Z" "-e" "SOURCE_DIR=/opt/rustwide/workdir" "-e" "CARGO_TARGET_DIR=/opt/rustwide/target" "-e" "CARGO_HOME=/opt/rustwide/cargo-home" "-e" "RUSTUP_HOME=/opt/rustwide/rustup-home" "-w" "/opt/rustwide/workdir" "-m" "1610612736" "--user" "0:0" "--network" "none" "ghcr.io/rust-lang/crates-build-env/linux@sha256:4a844ea9eb2546a2d2c7022eacef16ef2e8229c7fbb2c7d4d55a9ceca922f72d" "/opt/rustwide/cargo-home/bin/cargo" "+nightly-2024-10-28" "metadata" "--no-deps" "--format-version=1", kill_on_drop: false }`
[INFO] [stdout] c4661cff5984c4d3c6c984fbe6ebe79defdf328ac28fbdad89162dc954de3b1d
[INFO] running `Command { std: "docker" "start" "-a" "c4661cff5984c4d3c6c984fbe6ebe79defdf328ac28fbdad89162dc954de3b1d", kill_on_drop: false }`
[INFO] running `Command { std: "docker" "inspect" "c4661cff5984c4d3c6c984fbe6ebe79defdf328ac28fbdad89162dc954de3b1d", kill_on_drop: false }`
[INFO] running `Command { std: "docker" "rm" "-f" "c4661cff5984c4d3c6c984fbe6ebe79defdf328ac28fbdad89162dc954de3b1d", kill_on_drop: false }`
[INFO] [stdout] c4661cff5984c4d3c6c984fbe6ebe79defdf328ac28fbdad89162dc954de3b1d
[INFO] running `Command { std: "docker" "create" "-v" "/var/lib/crater-agent-workspace/builds/worker-1-tc1/target:/opt/rustwide/target:rw,Z" "-v" "/var/lib/crater-agent-workspace/builds/worker-1-tc1/source:/opt/rustwide/workdir:ro,Z" "-v" "/var/lib/crater-agent-workspace/cargo-home:/opt/rustwide/cargo-home:ro,Z" "-v" "/var/lib/crater-agent-workspace/rustup-home:/opt/rustwide/rustup-home:ro,Z" "-e" "SOURCE_DIR=/opt/rustwide/workdir" "-e" "CARGO_TARGET_DIR=/opt/rustwide/target" "-e" "CARGO_INCREMENTAL=0" "-e" "RUST_BACKTRACE=full" "-e" "RUSTFLAGS=--cap-lints=forbid" "-e" "RUSTDOCFLAGS=--cap-lints=forbid" "-e" "CARGO_HOME=/opt/rustwide/cargo-home" "-e" "RUSTUP_HOME=/opt/rustwide/rustup-home" "-w" "/opt/rustwide/workdir" "-m" "1610612736" "--user" "0:0" "--network" "none" "ghcr.io/rust-lang/crates-build-env/linux@sha256:4a844ea9eb2546a2d2c7022eacef16ef2e8229c7fbb2c7d4d55a9ceca922f72d" "/opt/rustwide/cargo-home/bin/cargo" "+nightly-2024-10-28" "build" "--frozen" "--message-format=json", kill_on_drop: false }`
[INFO] [stdout] cdbe0d75cd3f592e6f4901f3f0d6d5cf4b85a1e66cd5d2c1e5ad86f248597966
[INFO] running `Command { std: "docker" "start" "-a" "cdbe0d75cd3f592e6f4901f3f0d6d5cf4b85a1e66cd5d2c1e5ad86f248597966", kill_on_drop: false }`
[INFO] [stderr]    Compiling proc-macro2 v1.0.87
[INFO] [stderr]    Compiling libc v0.2.159
[INFO] [stderr]    Compiling shlex v1.3.0
[INFO] [stderr]    Compiling crossbeam-utils v0.8.20
[INFO] [stderr]    Compiling ident_case v1.0.1
[INFO] [stderr]    Compiling strsim v0.11.1
[INFO] [stderr]    Compiling fnv v1.0.7
[INFO] [stderr]    Compiling serde v1.0.210
[INFO] [stderr]    Compiling byteorder v1.5.0
[INFO] [stderr]    Compiling either v1.13.0
[INFO] [stderr]    Compiling cc v1.1.28
[INFO] [stderr]    Compiling pkg-config v0.3.31
[INFO] [stderr]    Compiling rayon-core v1.12.1
[INFO] [stderr]    Compiling portable-atomic v1.9.0
[INFO] [stderr]    Compiling aho-corasick v1.1.3
[INFO] [stderr]    Compiling serde_json v1.0.128
[INFO] [stderr]    Compiling unicode-width v0.1.14
[INFO] [stderr]    Compiling quote v1.0.37
[INFO] [stderr]    Compiling crossbeam-epoch v0.9.18
[INFO] [stderr]    Compiling minimal-lexical v0.2.1
[INFO] [stderr]    Compiling syn v2.0.79
[INFO] [stderr]    Compiling thiserror v1.0.64
[INFO] [stderr]    Compiling crossbeam-deque v0.8.5
[INFO] [stderr]    Compiling nom v7.1.3
[INFO] [stderr]    Compiling itertools v0.11.0
[INFO] [stderr]    Compiling getrandom v0.2.15
[INFO] [stderr]    Compiling onig_sys v69.8.1
[INFO] [stderr]    Compiling esaxx-rs v0.1.10
[INFO] [stderr]    Compiling rand_core v0.6.4
[INFO] [stderr]    Compiling rayon v1.10.0
[INFO] [stderr]    Compiling console v0.15.8
[INFO] [stderr]    Compiling regex-automata v0.4.8
[INFO] [stderr]    Compiling smallvec v1.13.2
[INFO] [stderr]    Compiling macro_rules_attribute-proc_macro v0.2.0
[INFO] [stderr]    Compiling base64 v0.13.1
[INFO] [stderr]    Compiling unicode-segmentation v1.12.0
[INFO] [stderr]    Compiling number_prefix v0.4.0
[INFO] [stderr]    Compiling once_cell v1.20.2
[INFO] [stderr]    Compiling indicatif v0.17.8
[INFO] [stderr]    Compiling macro_rules_attribute v0.2.0
[INFO] [stderr]    Compiling unicode-normalization-alignments v0.1.12
[INFO] [stderr]    Compiling itertools v0.12.1
[INFO] [stderr]    Compiling rayon-cond v0.3.0
[INFO] [stderr]    Compiling log v0.4.22
[INFO] [stderr]    Compiling unicode_categories v0.1.1
[INFO] [stderr]    Compiling darling_core v0.20.10
[INFO] [stderr]    Compiling regex v1.11.0
[INFO] [stderr]    Compiling zerocopy-derive v0.7.35
[INFO] [stderr]    Compiling serde_derive v1.0.210
[INFO] [stderr]    Compiling monostate-impl v0.1.13
[INFO] [stderr]    Compiling thiserror-impl v1.0.64
[INFO] [stderr]    Compiling zerocopy v0.7.35
[INFO] [stderr]    Compiling darling_macro v0.20.10
[INFO] [stderr]    Compiling ppv-lite86 v0.2.20
[INFO] [stderr]    Compiling darling v0.20.10
[INFO] [stderr]    Compiling derive_builder_core v0.20.2
[INFO] [stderr]    Compiling onig v6.4.0
[INFO] [stderr]    Compiling rand_chacha v0.3.1
[INFO] [stderr]    Compiling rand v0.8.5
[INFO] [stderr]    Compiling derive_builder_macro v0.20.2
[INFO] [stderr]    Compiling derive_builder v0.20.2
[INFO] [stderr]    Compiling spm_precompiled v0.1.4
[INFO] [stderr]    Compiling monostate v0.1.13
[INFO] [stderr]    Compiling tokenizers v0.20.1 (/opt/rustwide/workdir)
[INFO] [stderr]     Finished `dev` profile [unoptimized + debuginfo] target(s) in 19.96s
[INFO] running `Command { std: "docker" "inspect" "cdbe0d75cd3f592e6f4901f3f0d6d5cf4b85a1e66cd5d2c1e5ad86f248597966", kill_on_drop: false }`
[INFO] running `Command { std: "docker" "rm" "-f" "cdbe0d75cd3f592e6f4901f3f0d6d5cf4b85a1e66cd5d2c1e5ad86f248597966", kill_on_drop: false }`
[INFO] [stdout] cdbe0d75cd3f592e6f4901f3f0d6d5cf4b85a1e66cd5d2c1e5ad86f248597966
[INFO] running `Command { std: "docker" "create" "-v" "/var/lib/crater-agent-workspace/builds/worker-1-tc1/target:/opt/rustwide/target:rw,Z" "-v" "/var/lib/crater-agent-workspace/builds/worker-1-tc1/source:/opt/rustwide/workdir:ro,Z" "-v" "/var/lib/crater-agent-workspace/cargo-home:/opt/rustwide/cargo-home:ro,Z" "-v" "/var/lib/crater-agent-workspace/rustup-home:/opt/rustwide/rustup-home:ro,Z" "-e" "SOURCE_DIR=/opt/rustwide/workdir" "-e" "CARGO_TARGET_DIR=/opt/rustwide/target" "-e" "CARGO_INCREMENTAL=0" "-e" "RUST_BACKTRACE=full" "-e" "RUSTFLAGS=--cap-lints=forbid" "-e" "RUSTDOCFLAGS=--cap-lints=forbid" "-e" "CARGO_HOME=/opt/rustwide/cargo-home" "-e" "RUSTUP_HOME=/opt/rustwide/rustup-home" "-w" "/opt/rustwide/workdir" "-m" "1610612736" "--user" "0:0" "--network" "none" "ghcr.io/rust-lang/crates-build-env/linux@sha256:4a844ea9eb2546a2d2c7022eacef16ef2e8229c7fbb2c7d4d55a9ceca922f72d" "/opt/rustwide/cargo-home/bin/cargo" "+nightly-2024-10-28" "test" "--frozen" "--no-run" "--message-format=json", kill_on_drop: false }`
[INFO] [stdout] d5d226acde0c98a1b65b5cc82df8571fda2e28528539103d5e075bfe0e40b61b
[INFO] running `Command { std: "docker" "start" "-a" "d5d226acde0c98a1b65b5cc82df8571fda2e28528539103d5e075bfe0e40b61b", kill_on_drop: false }`
[INFO] [stderr]    Compiling num-traits v0.2.19
[INFO] [stderr]    Compiling tracing-core v0.1.32
[INFO] [stderr]    Compiling half v2.4.1
[INFO] [stderr]    Compiling anstyle v1.0.8
[INFO] [stderr]    Compiling rustix v0.38.37
[INFO] [stderr]    Compiling ciborium-io v0.2.2
[INFO] [stderr]    Compiling clap_lex v0.7.2
[INFO] [stderr]    Compiling plotters-backend v0.3.7
[INFO] [stderr]    Compiling itertools v0.10.5
[INFO] [stderr]    Compiling clap_builder v4.5.20
[INFO] [stderr]    Compiling plotters-svg v0.3.7
[INFO] [stderr]    Compiling linux-raw-sys v0.4.14
[INFO] [stderr]    Compiling ciborium-ll v0.2.2
[INFO] [stderr]    Compiling overload v0.1.1
[INFO] [stderr]    Compiling cast v0.3.0
[INFO] [stderr]    Compiling bitflags v2.6.0
[INFO] [stderr]    Compiling same-file v1.0.6
[INFO] [stderr]    Compiling ciborium v0.2.2
[INFO] [stderr]    Compiling walkdir v2.5.0
[INFO] [stderr]    Compiling plotters v0.3.7
[INFO] [stderr]    Compiling tracing-log v0.2.0
[INFO] [stderr]    Compiling nu-ansi-term v0.46.0
[INFO] [stderr]    Compiling tinytemplate v1.2.1
[INFO] [stderr]    Compiling sharded-slab v0.1.7
[INFO] [stderr]    Compiling thread_local v1.1.8
[INFO] [stderr]    Compiling is-terminal v0.4.13
[INFO] [stderr]    Compiling tracing-attributes v0.1.27
[INFO] [stderr]    Compiling oorandom v11.1.4
[INFO] [stderr]    Compiling criterion-plot v0.5.0
[INFO] [stderr]    Compiling fastrand v2.1.1
[INFO] [stderr]    Compiling anes v0.1.6
[INFO] [stderr]    Compiling tracing-subscriber v0.3.18
[INFO] [stderr]    Compiling clap v4.5.20
[INFO] [stderr]    Compiling assert_approx_eq v1.1.0
[INFO] [stderr]    Compiling criterion v0.5.1
[INFO] [stderr]    Compiling tracing v0.1.40
[INFO] [stderr]    Compiling tempfile v3.13.0
[INFO] [stderr]    Compiling tokenizers v0.20.1 (/opt/rustwide/workdir)
[INFO] [stderr]     Finished `test` profile [unoptimized + debuginfo] target(s) in 24.21s
[INFO] running `Command { std: "docker" "inspect" "d5d226acde0c98a1b65b5cc82df8571fda2e28528539103d5e075bfe0e40b61b", kill_on_drop: false }`
[INFO] running `Command { std: "docker" "rm" "-f" "d5d226acde0c98a1b65b5cc82df8571fda2e28528539103d5e075bfe0e40b61b", kill_on_drop: false }`
[INFO] [stdout] d5d226acde0c98a1b65b5cc82df8571fda2e28528539103d5e075bfe0e40b61b
[INFO] running `Command { std: "docker" "create" "-v" "/var/lib/crater-agent-workspace/builds/worker-1-tc1/target:/opt/rustwide/target:rw,Z" "-v" "/var/lib/crater-agent-workspace/builds/worker-1-tc1/source:/opt/rustwide/workdir:ro,Z" "-v" "/var/lib/crater-agent-workspace/cargo-home:/opt/rustwide/cargo-home:ro,Z" "-v" "/var/lib/crater-agent-workspace/rustup-home:/opt/rustwide/rustup-home:ro,Z" "-e" "SOURCE_DIR=/opt/rustwide/workdir" "-e" "CARGO_TARGET_DIR=/opt/rustwide/target" "-e" "CARGO_INCREMENTAL=0" "-e" "RUST_BACKTRACE=full" "-e" "RUSTFLAGS=--cap-lints=forbid" "-e" "RUSTDOCFLAGS=--cap-lints=forbid" "-e" "CARGO_HOME=/opt/rustwide/cargo-home" "-e" "RUSTUP_HOME=/opt/rustwide/rustup-home" "-w" "/opt/rustwide/workdir" "-m" "1610612736" "--user" "0:0" "--network" "none" "ghcr.io/rust-lang/crates-build-env/linux@sha256:4a844ea9eb2546a2d2c7022eacef16ef2e8229c7fbb2c7d4d55a9ceca922f72d" "/opt/rustwide/cargo-home/bin/cargo" "+nightly-2024-10-28" "test" "--frozen", kill_on_drop: false }`
[INFO] [stdout] 0b20907378cb25fcb1d9eab25e316e15b1693cbef2e2fe1f3548c04f7ee322c2
[INFO] running `Command { std: "docker" "start" "-a" "0b20907378cb25fcb1d9eab25e316e15b1693cbef2e2fe1f3548c04f7ee322c2", kill_on_drop: false }`
[INFO] [stderr]     Finished `test` profile [unoptimized + debuginfo] target(s) in 0.16s
[INFO] [stderr]      Running unittests src/lib.rs (/opt/rustwide/target/debug/deps/tokenizers-5abfa07969769b8d)
[INFO] [stdout] 
[INFO] [stdout] running 186 tests
[INFO] [stdout] test decoders::ctc::tests::handmade_with_delimiter_sample ... ok
[INFO] [stdout] test decoders::ctc::tests::librispeech_sample ... ok
[INFO] [stdout] test decoders::fuse::tests::decode ... ok
[INFO] [stdout] test decoders::sequence::tests::sequence_basic ... ok
[INFO] [stdout] test decoders::strip::tests::decode ... ok
[INFO] [stdout] test decoders::byte_fallback::tests::decode ... ok
[INFO] [stdout] test decoders::ctc::tests::handmade_sample ... ok
[INFO] [stdout] test decoders::tests::decoder_serialization ... ok
[INFO] [stdout] test decoders::tests::decoder_serialization_no_decode ... ok
[INFO] [stdout] test decoders::ctc::tests::another_librispeech_sample ... ok
[INFO] [stdout] test decoders::wordpiece::tests::wordpiece_decoder ... ok
[INFO] [stdout] test models::bpe::model::tests::test_bpe_byte_fallback ... ok
[INFO] [stdout] test decoders::tests::decoder_serialization_other_no_arg ... ok
[INFO] [stdout] test models::bpe::model::tests::test_bpe_from_file ... ok
[INFO] [stdout] test models::bpe::model::tests::test_bpe_byte_fallback_newline ... ok
[INFO] [stdout] test models::bpe::model::tests::test_bpe_with_dropout_0 ... ok
[INFO] [stdout] test models::bpe::model::tests::test_bpe_with_continuing_subword_prefix ... ok
[INFO] [stdout] test models::bpe::model::tests::test_ordered_vocab_iter ... ok
[INFO] [stdout] test models::bpe::model::tests::test_unk_get_fused ... ok
[INFO] [stdout] test models::bpe::serialization::test::test_serialization ... ok
[INFO] [stdout] test models::bpe::model::tests::test_tokenize_with_and_without_dropout ... ok
[INFO] [stdout] test models::bpe::model::tests::test_unk_not_fused ... ok
[INFO] [stdout] test models::bpe::model::tests::test_bpe_from_file_merge_token_oov ... ok
[INFO] [stdout] test models::bpe::word::tests::test_merge_max_length ... ok
[INFO] [stdout] test models::bpe::serialization::test::test_serialization_ignore_merges ... ok
[INFO] [stdout] test models::bpe::word::tests::test_merge ... ok
[INFO] [stdout] test models::bpe::model::tests::test_bpe_from_file_bad_merges ... ok
[INFO] [stdout] test models::bpe::model::tests::test_ignore_merges ... ok
[INFO] [stdout] test models::tests::incomplete_ordered_vocab ... ok
[INFO] [stdout] test models::tests::trainer_wrapper_train_model_wrapper ... ok
[INFO] [stdout] test models::unigram::lattice::tests::insert_test ... ok
[INFO] [stdout] test models::unigram::lattice::tests::set_sentence ... ok
[INFO] [stdout] test models::unigram::lattice::tests::test_log_sum_exp ... ok
[INFO] [stdout] test models::tests::serialization ... ok
[INFO] [stdout] test models::unigram::lattice::tests::test_populate ... ok
[INFO] [stdout] test models::unigram::lattice::tests::test_viterbi ... ok
[INFO] [stdout] test models::unigram::lattice::tests::test_nbest ... ok
[INFO] [stdout] test models::bpe::trainer::tests::bpe_test_max_token_length_direct_assert ... ok
[INFO] [stdout] test models::bpe::trainer::tests::test_train ... ok
[INFO] [stdout] test models::unigram::model::tests::test_encode ... ok
[INFO] [stdout] test models::unigram::model::tests::test_populate_nodes_unk ... ok
[INFO] [stdout] test models::unigram::lattice::tests::test_viterbi2 ... ok
[INFO] [stdout] test models::unigram::model::tests::test_encode2 ... ok
[INFO] [stdout] test models::unigram::model::tests::test_populate_nodes ... ok
[INFO] [stdout] test models::unigram::serialization::test::test_serialization ... ok
[INFO] [stdout] test models::unigram::model::tests::test_unigram_bytefallback ... ok
[INFO] [stdout] test models::unigram::trainer::tests::test_to_log_prob ... ok
[INFO] [stdout] test models::unigram::trainer::tests::test_initial_alphabet ... ok
[INFO] [stdout] test models::unigram::serialization::test::test_serialization_no_unk_id ... ok
[INFO] [stdout] test models::unigram::serialization::test::test_serialization_unk_id_not_zero ... ok
[INFO] [stdout] test models::wordlevel::serialization::tests::serde ... ok
[INFO] [stdout] test models::wordlevel::serialization::tests::incomplete_vocab ... ok
[INFO] [stdout] test models::wordlevel::serialization::tests::deserialization_should_fail ... ok
[INFO] [stdout] test models::wordlevel::tests::test_tokenize_missing_unk_token ... ok
[INFO] [stdout] test models::wordpiece::serialization::tests::deserialization_should_fail ... ok
[INFO] [stdout] test models::wordlevel::tests::test_tokenize_unk ... ok
[INFO] [stdout] test models::wordpiece::serialization::tests::serde ... ok
[INFO] [stdout] test models::wordpiece::tests::test_error_display ... ok
[INFO] [stdout] test models::wordlevel::trainer::tests::test_train ... ok
[INFO] [stdout] test normalizers::precompiled::tests::expansion_followed_by_removal ... ok
[INFO] [stdout] test normalizers::prepend::tests::test_prepend ... ok
[INFO] [stdout] test normalizers::byte_level::tests::test_byte_level_normalize ... ok
[INFO] [stdout] test normalizers::replace::tests::test_replace ... ok
[INFO] [stdout] test normalizers::replace::tests::serialization ... ok
[INFO] [stdout] test normalizers::replace::tests::test_replace_decode ... ok
[INFO] [stdout] test normalizers::replace::tests::test_replace_regex ... ok
[INFO] [stdout] test normalizers::strip::tests::test_strip_accents ... ok
[INFO] [stdout] test normalizers::strip::tests::test_strip_accents_multiple ... ok
[INFO] [stdout] test normalizers::strip::tests::test_thai_bug ... ok
[INFO] [stdout] test normalizers::tests::post_processor_deserialization_no_type ... ok
[INFO] [stdout] test normalizers::unicode::tests::test_nfkc ... ok
[INFO] [stdout] test pre_tokenizers::bert::tests::basic ... ok
[INFO] [stdout] test pre_tokenizers::bert::tests::chinese_chars ... ok
[INFO] [stdout] test normalizers::strip::tests::test_vietnamese_bug ... ok
[INFO] [stdout] test normalizers::tests::normalizer_serialization ... ok
[INFO] [stdout] test pre_tokenizers::byte_level::tests::add_prefix_space ... ok
[INFO] [stdout] test pre_tokenizers::byte_level::tests::decode_unknown_characters ... ok
[INFO] [stdout] test pre_tokenizers::byte_level::tests::decoding ... ok
[INFO] [stdout] test pre_tokenizers::byte_level::tests::decode_works_on_separated_tokens ... ok
[INFO] [stdout] test pre_tokenizers::byte_level::tests::deserialization ... ok
[INFO] [stdout] test pre_tokenizers::byte_level::tests::handling_of_multiple_whitespaces ... ok
[INFO] [stdout] test models::bpe::trainer::tests::bpe_test_max_token_length_16 ... ok
[INFO] [stdout] test pre_tokenizers::byte_level::tests::pre_tokenization_no_regex ... ok
[INFO] [stdout] test pre_tokenizers::byte_level::tests::handling_of_newlines ... ok
[INFO] [stdout] test pre_tokenizers::byte_level::tests::offsets_when_char_split_up ... ok
[INFO] [stdout] test pre_tokenizers::digits::tests::numbers ... ok
[INFO] [stdout] test pre_tokenizers::metaspace::tests::basic ... ok
[INFO] [stdout] test pre_tokenizers::byte_level::tests::pre_tokenization ... ok
[INFO] [stdout] test pre_tokenizers::byte_level::tests::processor_trims_offsets_pre_tokenized ... ok
[INFO] [stdout] test pre_tokenizers::byte_level::tests::processor_trims_offsets ... ok
[INFO] [stdout] test pre_tokenizers::metaspace::tests::multiple_spaces ... ok
[INFO] [stdout] test pre_tokenizers::digits::tests::individual_digits ... ok
[INFO] [stdout] test pre_tokenizers::punctuation::tests::deserialization ... ok
[INFO] [stdout] test pre_tokenizers::metaspace::tests::serialization ... ok
[INFO] [stdout] test pre_tokenizers::punctuation::tests::punctuation_basic ... ok
[INFO] [stdout] test pre_tokenizers::sequence::tests::sequence_basic ... ok
[INFO] [stdout] test pre_tokenizers::split::tests::basic ... ok
[INFO] [stdout] test pre_tokenizers::split::tests::invert ... ok
[INFO] [stdout] test pre_tokenizers::metaspace::tests::non_legacy_meta_space ... ok
[INFO] [stdout] test pre_tokenizers::split::tests::regex_string ... ok
[INFO] [stdout] test pre_tokenizers::tests::pre_tokenizer_deserialization_no_type ... ok
[INFO] [stdout] test pre_tokenizers::tests::test_deserialize ... ok
[INFO] [stdout] test pre_tokenizers::tests::test_deserialize_whitespace_split ... ok
[INFO] [stdout] test pre_tokenizers::unicode_scripts::pre_tokenizer::tests::basic ... ok
[INFO] [stdout] test pre_tokenizers::unicode_scripts::pre_tokenizer::tests::spaces_are_included_in_every_script ... ok
[INFO] [stdout] test pre_tokenizers::unicode_scripts::pre_tokenizer::tests::test_unicode_script ... ok
[INFO] [stdout] test pre_tokenizers::unicode_scripts::scripts::tests::test_unicode_script ... ok
[INFO] [stdout] test pre_tokenizers::whitespace::tests::whitespace_split ... ok
[INFO] [stdout] test pre_tokenizers::split::tests::serialization ... ok
[INFO] [stdout] test processors::bert::tests::bert_processing ... ok
[INFO] [stdout] test processors::bert::tests::serde ... ok
[INFO] [stdout] test pre_tokenizers::metaspace::tests::decode ... ok
[INFO] [stdout] test processors::roberta::tests::serde ... ok
[INFO] [stdout] test processors::roberta::tests::roberta_processing ... ok
[INFO] [stdout] test processors::template::tests::expect_wrong_error_message ... ok
[INFO] [stdout] test processors::template::tests::pair_must_use_both_sequences ... ok
[INFO] [stdout] test processors::template::tests::missing_special_tokens ... ok
[INFO] [stdout] test processors::template::tests::piece ... ok
[INFO] [stdout] test processors::template::tests::piece_serde ... ok
[INFO] [stdout] test processors::template::tests::special_token_serde ... ok
[INFO] [stdout] test processors::template::tests::template_processing ... ok
[INFO] [stdout] test processors::sequence::tests::process_chain ... ok
[INFO] [stdout] test processors::template::tests::template_processing_overflowing ... ok
[INFO] [stdout] test processors::template::tests::template_processing_serde ... ok
[INFO] [stdout] test processors::template::tests::template_serde ... ok
[INFO] [stdout] test processors::template::tests::tokens_serde ... ok
[INFO] [stdout] test processors::tests::deserialize_bert_roberta_correctly ... ok
[INFO] [stdout] test processors::tests::post_processor_deserialization_no_type ... ok
[INFO] [stdout] test models::unigram::trainer::tests::test_unigram_chars ... ok
[INFO] [stdout] test tokenizer::added_vocabulary::tests::byte_level_normalizer ... ok
[INFO] [stdout] test tokenizer::added_vocabulary::tests::empty_matches ... ok
[INFO] [stdout] test tokenizer::added_vocabulary::tests::can_extract_added_tokens ... ok
[INFO] [stdout] test tokenizer::added_vocabulary::tests::can_add_special_tokens ... ok
[INFO] [stdout] test tokenizer::added_vocabulary::tests::can_add_tokens ... ok
[INFO] [stdout] test pre_tokenizers::whitespace::tests::basic ... ok
[INFO] [stdout] test tokenizer::added_vocabulary::tests::options_use_cases ... ok
[INFO] [stdout] test tokenizer::added_vocabulary::tests::test_encode_special_tokens ... ok
[INFO] [stdout] test tokenizer::added_vocabulary::tests::test_lstrip_unicode_space ... ok
[INFO] [stdout] test tokenizer::added_vocabulary::tests::test_single_word_is_unicode_correct ... ok
[INFO] [stdout] test tokenizer::encoding::tests::mappings ... ok
[INFO] [stdout] test tokenizer::encoding::tests::truncate ... ok
[INFO] [stdout] test tokenizer::encoding::tests::truncate_left ... ok
[INFO] [stdout] test tokenizer::encoding::tests::truncate_overflow_with_stride ... ok
[INFO] [stdout] test tokenizer::encoding::tests::truncate_to_empty ... ok
[INFO] [stdout] test tokenizer::normalizer::tests::added_around_edges ... ok
[INFO] [stdout] test tokenizer::normalizer::tests::added_characters_alignment ... ok
[INFO] [stdout] test tokenizer::normalizer::tests::append ... ok
[INFO] [stdout] test tokenizer::encoding::tests::merge_encodings ... ok
[INFO] [stdout] test tokenizer::normalizer::tests::lstrip ... ok
[INFO] [stdout] test tokenizer::normalizer::tests::mixed_addition_and_removal ... ok
[INFO] [stdout] test tokenizer::normalizer::tests::get_range ... ok
[INFO] [stdout] test tokenizer::normalizer::tests::nfd_adds_new_chars ... ok
[INFO] [stdout] test tokenizer::normalizer::tests::original_range ... ok
[INFO] [stdout] test tokenizer::normalizer::tests::range_conversion ... ok
[INFO] [stdout] test tokenizer::normalizer::tests::prepend ... ok
[INFO] [stdout] test tokenizer::normalizer::tests::remove_at_beginning ... ok
[INFO] [stdout] test tokenizer::normalizer::tests::remove_at_end ... ok
[INFO] [stdout] test models::unigram::trainer::tests::test_special_tokens ... ok
[INFO] [stdout] test tokenizer::added_vocabulary::tests::test_single_word_is_correct ... ok
[INFO] [stdout] test tokenizer::normalizer::tests::remove_chars ... ok
[INFO] [stdout] test pre_tokenizers::punctuation::tests::deserialization_erroneous - should panic ... ok
[INFO] [stdout] test tokenizer::normalizer::tests::slice ... ok
[INFO] [stdout] test tokenizer::normalizer::tests::remove_chars_added_by_nfd ... ok
[INFO] [stdout] test tokenizer::normalizer::tests::replace ... ok
[INFO] [stdout] test tokenizer::normalizer::tests::strip ... ok
[INFO] [stdout] test tokenizer::normalizer::tests::strip_unicode ... ok
[INFO] [stdout] test tokenizer::normalizer::tests::rstrip ... ok
[INFO] [stdout] test tokenizer::normalizer::tests::split ... ok
[INFO] [stdout] test tokenizer::normalizer::tests::transform_range_multiple_bytes ... ok
[INFO] [stdout] test tokenizer::normalizer::tests::transform_check ... ok
[INFO] [stdout] test tokenizer::pattern::tests::functions ... ok
[INFO] [stdout] test tokenizer::normalizer::tests::transform_range_single_bytes ... ok
[INFO] [stdout] test tokenizer::pattern::tests::char ... ok
[INFO] [stdout] test tokenizer::pattern::tests::sys_regex ... ok
[INFO] [stdout] test tokenizer::pattern::tests::str ... ok
[INFO] [stdout] test tokenizer::encoding::tests::padding ... ok
[INFO] [stdout] test tokenizer::pattern::tests::regex ... ok
[INFO] [stdout] test utils::truncation::tests::truncate_encodings_empty ... ok
[INFO] [stdout] test utils::truncation::tests::truncate_encodings_longest_first ... ok
[INFO] [stdout] test utils::parallelism::tests::test_maybe_parallel_slice ... ok
[INFO] [stdout] test tokenizer::serialization::tests::test_deserialization_serialization_invariant ... ok
[INFO] [stdout] test utils::truncation::tests::test_deserialize_defaults ... ok
[INFO] [stdout] test utils::padding::tests::pad_to_multiple ... ok
[INFO] [stdout] test tokenizer::normalizer::tests::removed_around_both_edges ... ok
[INFO] [stdout] test utils::parallelism::tests::test_maybe_parallel_iterator ... ok
[INFO] [stdout] test models::unigram::trainer::tests::test_unk_token ... ok
[INFO] [stdout] 
[INFO] [stdout] test result: ok. 186 passed; 0 failed; 0 ignored; 0 measured; 0 filtered out; finished in 0.31s
[INFO] [stdout] 
[INFO] [stderr]      Running tests/added_tokens.rs (/opt/rustwide/target/debug/deps/added_tokens-d4c995a85c47cfed)
[INFO] [stdout] 
[INFO] [stdout] running 5 tests
[INFO] [stdout] test add_tokens ... ok
[INFO] [stdout] test rstrip_tokens ... FAILED
[INFO] [stdout] test overlapping_tokens ... FAILED
[INFO] [stdout] test single_word_tokens ... FAILED
[INFO] [stdout] test lstrip_tokens ... FAILED
[INFO] [stdout] 
[INFO] [stdout] failures:
[INFO] [stdout] 
[INFO] [stdout] ---- rstrip_tokens stdout ----
[INFO] [stdout] thread 'rstrip_tokens' panicked at tests/common/mod.rs:19:10:
[INFO] [stdout] Files not found, run `make test` to download these files: Os { code: 2, kind: NotFound, message: "No such file or directory" }
[INFO] [stdout] stack backtrace:
[INFO] [stdout]    0:     0x5dfe9c733c1a - std::backtrace_rs::backtrace::libunwind::trace::h207520d6e9873551
[INFO] [stdout]                                at /rustc/df4ca44d3fbc9301ee17f30f4d474e6ae4b05252/library/std/src/../../backtrace/src/backtrace/libunwind.rs:116:5
[INFO] [stdout]    1:     0x5dfe9c733c1a - std::backtrace_rs::backtrace::trace_unsynchronized::h2ed7433f370e3eca
[INFO] [stdout]                                at /rustc/df4ca44d3fbc9301ee17f30f4d474e6ae4b05252/library/std/src/../../backtrace/src/backtrace/mod.rs:66:5
[INFO] [stdout]    2:     0x5dfe9c733c1a - std::sys::backtrace::_print_fmt::h916fac51166b18d7
[INFO] [stdout]                                at /rustc/df4ca44d3fbc9301ee17f30f4d474e6ae4b05252/library/std/src/sys/backtrace.rs:66:9
[INFO] [stdout]    3:     0x5dfe9c733c1a - <std::sys::backtrace::BacktraceLock::print::DisplayBacktrace as core::fmt::Display>::fmt::ha0a4c9b8ce3802e6
[INFO] [stdout]                                at /rustc/df4ca44d3fbc9301ee17f30f4d474e6ae4b05252/library/std/src/sys/backtrace.rs:39:26
[INFO] [stdout]    4:     0x5dfe9c75b003 - core::fmt::rt::Argument::fmt::h4cfc8587d52b3eb5
[INFO] [stdout]                                at /rustc/df4ca44d3fbc9301ee17f30f4d474e6ae4b05252/library/core/src/fmt/rt.rs:177:76
[INFO] [stdout]    5:     0x5dfe9c75b003 - core::fmt::write::h522cc39e5b36ae9f
[INFO] [stdout]                                at /rustc/df4ca44d3fbc9301ee17f30f4d474e6ae4b05252/library/core/src/fmt/mod.rs:1190:21
[INFO] [stdout]    6:     0x5dfe9c730813 - std::io::Write::write_fmt::h7d3c26752da97734
[INFO] [stdout]                                at /rustc/df4ca44d3fbc9301ee17f30f4d474e6ae4b05252/library/std/src/io/mod.rs:1839:15
[INFO] [stdout]    7:     0x5dfe9c733a62 - std::sys::backtrace::BacktraceLock::print::h4b9e00b29e9c0942
[INFO] [stdout]                                at /rustc/df4ca44d3fbc9301ee17f30f4d474e6ae4b05252/library/std/src/sys/backtrace.rs:42:9
[INFO] [stdout]    8:     0x5dfe9c7350aa - std::panicking::default_hook::{{closure}}::hb59b88280d0324d9
[INFO] [stdout]                                at /rustc/df4ca44d3fbc9301ee17f30f4d474e6ae4b05252/library/std/src/panicking.rs:268:22
[INFO] [stdout]    9:     0x5dfe9c734eb4 - std::panicking::default_hook::he1dd496665be4a29
[INFO] [stdout]                                at /rustc/df4ca44d3fbc9301ee17f30f4d474e6ae4b05252/library/std/src/panicking.rs:292:9
[INFO] [stdout]   10:     0x5dfe9c293269 - <alloc::boxed::Box<F,A> as core::ops::function::Fn<Args>>::call::h4ff71de18744e1dc
[INFO] [stdout]                                at /rustc/df4ca44d3fbc9301ee17f30f4d474e6ae4b05252/library/alloc/src/boxed.rs:2468:9
[INFO] [stdout]   11:     0x5dfe9c293269 - test::test_main::{{closure}}::hcf7c055ce117aa81
[INFO] [stdout]                                at /rustc/df4ca44d3fbc9301ee17f30f4d474e6ae4b05252/library/test/src/lib.rs:133:21
[INFO] [stdout]   12:     0x5dfe9c7357a8 - <alloc::boxed::Box<F,A> as core::ops::function::Fn<Args>>::call::h1d66c6bbd60c9692
[INFO] [stdout]                                at /rustc/df4ca44d3fbc9301ee17f30f4d474e6ae4b05252/library/alloc/src/boxed.rs:2468:9
[INFO] [stdout]   13:     0x5dfe9c7357a8 - std::panicking::rust_panic_with_hook::h2ff17fe8f26dfcf8
[INFO] [stdout]                                at /rustc/df4ca44d3fbc9301ee17f30f4d474e6ae4b05252/library/std/src/panicking.rs:809:13
[INFO] [stdout]   14:     0x5dfe9c73556a - std::panicking::begin_panic_handler::{{closure}}::h4fad77951c07e101
[INFO] [stdout]                                at /rustc/df4ca44d3fbc9301ee17f30f4d474e6ae4b05252/library/std/src/panicking.rs:674:13
[INFO] [stdout]   15:     0x5dfe9c7340f9 - std::sys::backtrace::__rust_end_short_backtrace::hb1a25b3da5d0ea08
[INFO] [stdout]                                at /rustc/df4ca44d3fbc9301ee17f30f4d474e6ae4b05252/library/std/src/sys/backtrace.rs:170:18
[INFO] [stdout]   16:     0x5dfe9c7351fc - rust_begin_unwind
[INFO] [stdout]                                at /rustc/df4ca44d3fbc9301ee17f30f4d474e6ae4b05252/library/std/src/panicking.rs:665:5
[INFO] [stdout]   17:     0x5dfe9c759630 - core::panicking::panic_fmt::ha9db07b529f9b256
[INFO] [stdout]                                at /rustc/df4ca44d3fbc9301ee17f30f4d474e6ae4b05252/library/core/src/panicking.rs:75:14
[INFO] [stdout]   18:     0x5dfe9c759ab6 - core::result::unwrap_failed::h5e8218e4d4338b8a
[INFO] [stdout]                                at /rustc/df4ca44d3fbc9301ee17f30f4d474e6ae4b05252/library/core/src/result.rs:1698:5
[INFO] [stdout]   19:     0x5dfe9c25073a - core::result::Result<T,E>::expect::hbd7e4bebb2d805c2
[INFO] [stdout]                                at /rustc/df4ca44d3fbc9301ee17f30f4d474e6ae4b05252/library/core/src/result.rs:1060:23
[INFO] [stdout]   20:     0x5dfe9c258f6b - added_tokens::common::get_byte_level_bpe::h44512caddac19bb0
[INFO] [stdout]                                at /opt/rustwide/workdir/tests/common/mod.rs:17:5
[INFO] [stdout]   21:     0x5dfe9c258fc3 - added_tokens::common::get_byte_level::h767cb56463927d7b
[INFO] [stdout]                                at /opt/rustwide/workdir/tests/common/mod.rs:24:40
[INFO] [stdout]   22:     0x5dfe9c252d79 - added_tokens::rstrip_tokens::h4adc742abc50d062
[INFO] [stdout]                                at /opt/rustwide/workdir/tests/added_tokens.rs:51:25
[INFO] [stdout]   23:     0x5dfe9c252d17 - added_tokens::rstrip_tokens::{{closure}}::h788067c955d2e327
[INFO] [stdout]                                at /opt/rustwide/workdir/tests/added_tokens.rs:50:19
[INFO] [stdout]   24:     0x5dfe9c24e886 - core::ops::function::FnOnce::call_once::h60e7ffa63b36c571
[INFO] [stdout]                                at /rustc/df4ca44d3fbc9301ee17f30f4d474e6ae4b05252/library/core/src/ops/function.rs:250:5
[INFO] [stdout]   25:     0x5dfe9c297b3b - core::ops::function::FnOnce::call_once::h22c3ba5715e93f05
[INFO] [stdout]                                at /rustc/df4ca44d3fbc9301ee17f30f4d474e6ae4b05252/library/core/src/ops/function.rs:250:5
[INFO] [stdout]   26:     0x5dfe9c297b3b - test::__rust_begin_short_backtrace::h8e82d8113d0da17f
[INFO] [stdout]                                at /rustc/df4ca44d3fbc9301ee17f30f4d474e6ae4b05252/library/test/src/lib.rs:621:18
[INFO] [stdout]   27:     0x5dfe9c2974b7 - test::run_test_in_process::{{closure}}::h33235f4f20b7b7c7
[INFO] [stdout]                                at /rustc/df4ca44d3fbc9301ee17f30f4d474e6ae4b05252/library/test/src/lib.rs:644:60
[INFO] [stdout]   28:     0x5dfe9c2974b7 - <core::panic::unwind_safe::AssertUnwindSafe<F> as core::ops::function::FnOnce<()>>::call_once::hb5043206310c586f
[INFO] [stdout]                                at /rustc/df4ca44d3fbc9301ee17f30f4d474e6ae4b05252/library/core/src/panic/unwind_safe.rs:272:9
[INFO] [stdout]   29:     0x5dfe9c2974b7 - std::panicking::try::do_call::h9ad4731a60ab23e2
[INFO] [stdout]                                at /rustc/df4ca44d3fbc9301ee17f30f4d474e6ae4b05252/library/std/src/panicking.rs:557:40
[INFO] [stdout]   30:     0x5dfe9c2974b7 - std::panicking::try::h3824d23db772a716
[INFO] [stdout]                                at /rustc/df4ca44d3fbc9301ee17f30f4d474e6ae4b05252/library/std/src/panicking.rs:520:19
[INFO] [stdout]   31:     0x5dfe9c2974b7 - std::panic::catch_unwind::h5afd514605fde46b
[INFO] [stdout]                                at /rustc/df4ca44d3fbc9301ee17f30f4d474e6ae4b05252/library/std/src/panic.rs:358:14
[INFO] [stdout]   32:     0x5dfe9c2974b7 - test::run_test_in_process::h0d5cbfa7067d1720
[INFO] [stdout]                                at /rustc/df4ca44d3fbc9301ee17f30f4d474e6ae4b05252/library/test/src/lib.rs:644:27
[INFO] [stdout]   33:     0x5dfe9c2974b7 - test::run_test::{{closure}}::h708eb8872708115d
[INFO] [stdout]                                at /rustc/df4ca44d3fbc9301ee17f30f4d474e6ae4b05252/library/test/src/lib.rs:565:43
[INFO] [stdout]   34:     0x5dfe9c25abd4 - test::run_test::{{closure}}::h392c51cee94713ab
[INFO] [stdout]                                at /rustc/df4ca44d3fbc9301ee17f30f4d474e6ae4b05252/library/test/src/lib.rs:595:41
[INFO] [stdout]   35:     0x5dfe9c25abd4 - std::sys::backtrace::__rust_begin_short_backtrace::h2f40290710935a8b
[INFO] [stdout]                                at /rustc/df4ca44d3fbc9301ee17f30f4d474e6ae4b05252/library/std/src/sys/backtrace.rs:154:18
[INFO] [stdout]   36:     0x5dfe9c25e37e - std::thread::Builder::spawn_unchecked_::{{closure}}::{{closure}}::h3fd968d89053a903
[INFO] [stdout]                                at /rustc/df4ca44d3fbc9301ee17f30f4d474e6ae4b05252/library/std/src/thread/mod.rs:541:17
[INFO] [stdout]   37:     0x5dfe9c25e37e - <core::panic::unwind_safe::AssertUnwindSafe<F> as core::ops::function::FnOnce<()>>::call_once::h743f637ba4229880
[INFO] [stdout]                                at /rustc/df4ca44d3fbc9301ee17f30f4d474e6ae4b05252/library/core/src/panic/unwind_safe.rs:272:9
[INFO] [stdout]   38:     0x5dfe9c25e37e - std::panicking::try::do_call::h07440897322525a6
[INFO] [stdout]                                at /rustc/df4ca44d3fbc9301ee17f30f4d474e6ae4b05252/library/std/src/panicking.rs:557:40
[INFO] [stdout]   39:     0x5dfe9c25e37e - std::panicking::try::he5a2e00188156637
[INFO] [stdout]                                at /rustc/df4ca44d3fbc9301ee17f30f4d474e6ae4b05252/library/std/src/panicking.rs:520:19
[INFO] [stdout]   40:     0x5dfe9c25e37e - std::panic::catch_unwind::hbaf3cae49b3c6433
[INFO] [stdout]                                at /rustc/df4ca44d3fbc9301ee17f30f4d474e6ae4b05252/library/std/src/panic.rs:358:14
[INFO] [stdout]   41:     0x5dfe9c25e37e - std::thread::Builder::spawn_unchecked_::{{closure}}::h8e141ea224820bce
[INFO] [stdout]                                at /rustc/df4ca44d3fbc9301ee17f30f4d474e6ae4b05252/library/std/src/thread/mod.rs:540:30
[INFO] [stdout]   42:     0x5dfe9c25e37e - core::ops::function::FnOnce::call_once{{vtable.shim}}::h90d312fedd7b8ea8
[INFO] [stdout]                                at /rustc/df4ca44d3fbc9301ee17f30f4d474e6ae4b05252/library/core/src/ops/function.rs:250:5
[INFO] [stdout]   43:     0x5dfe9c7396ab - <alloc::boxed::Box<F,A> as core::ops::function::FnOnce<Args>>::call_once::h69aa08ddb6adb8b6
[INFO] [stdout]                                at /rustc/df4ca44d3fbc9301ee17f30f4d474e6ae4b05252/library/alloc/src/boxed.rs:2454:9
[INFO] [stdout]   44:     0x5dfe9c7396ab - <alloc::boxed::Box<F,A> as core::ops::function::FnOnce<Args>>::call_once::h5aa36efdb79c806f
[INFO] [stdout]                                at /rustc/df4ca44d3fbc9301ee17f30f4d474e6ae4b05252/library/alloc/src/boxed.rs:2454:9
[INFO] [stdout]   45:     0x5dfe9c7396ab - std::sys::pal::unix::thread::Thread::new::thread_start::h6cd80a1b4be5158d
[INFO] [stdout]                                at /rustc/df4ca44d3fbc9301ee17f30f4d474e6ae4b05252/library/std/src/sys/pal/unix/thread.rs:105:17
[INFO] [stdout]   46:     0x77b196ceeac3 - <unknown>
[INFO] [stdout]   47:     0x77b196d7fa04 - clone
[INFO] [stdout]   48:                0x0 - <unknown>
[INFO] [stdout] 
[INFO] [stdout] ---- overlapping_tokens stdout ----
[INFO] [stdout] thread 'overlapping_tokens' panicked at tests/common/mod.rs:19:10:
[INFO] [stdout] Files not found, run `make test` to download these files: Os { code: 2, kind: NotFound, message: "No such file or directory" }
[INFO] [stdout] stack backtrace:
[INFO] [stdout]    0:     0x5dfe9c733c1a - std::backtrace_rs::backtrace::libunwind::trace::h207520d6e9873551
[INFO] [stdout]                                at /rustc/df4ca44d3fbc9301ee17f30f4d474e6ae4b05252/library/std/src/../../backtrace/src/backtrace/libunwind.rs:116:5
[INFO] [stdout]    1:     0x5dfe9c733c1a - std::backtrace_rs::backtrace::trace_unsynchronized::h2ed7433f370e3eca
[INFO] [stdout]                                at /rustc/df4ca44d3fbc9301ee17f30f4d474e6ae4b05252/library/std/src/../../backtrace/src/backtrace/mod.rs:66:5
[INFO] [stdout]    2:     0x5dfe9c733c1a - std::sys::backtrace::_print_fmt::h916fac51166b18d7
[INFO] [stdout]                                at /rustc/df4ca44d3fbc9301ee17f30f4d474e6ae4b05252/library/std/src/sys/backtrace.rs:66:9
[INFO] [stdout]    3:     0x5dfe9c733c1a - <std::sys::backtrace::BacktraceLock::print::DisplayBacktrace as core::fmt::Display>::fmt::ha0a4c9b8ce3802e6
[INFO] [stdout]                                at /rustc/df4ca44d3fbc9301ee17f30f4d474e6ae4b05252/library/std/src/sys/backtrace.rs:39:26
[INFO] [stdout]    4:     0x5dfe9c75b003 - core::fmt::rt::Argument::fmt::h4cfc8587d52b3eb5
[INFO] [stdout]                                at /rustc/df4ca44d3fbc9301ee17f30f4d474e6ae4b05252/library/core/src/fmt/rt.rs:177:76
[INFO] [stdout]    5:     0x5dfe9c75b003 - core::fmt::write::h522cc39e5b36ae9f
[INFO] [stdout]                                at /rustc/df4ca44d3fbc9301ee17f30f4d474e6ae4b05252/library/core/src/fmt/mod.rs:1190:21
[INFO] [stdout]    6:     0x5dfe9c730813 - std::io::Write::write_fmt::h7d3c26752da97734
[INFO] [stdout]                                at /rustc/df4ca44d3fbc9301ee17f30f4d474e6ae4b05252/library/std/src/io/mod.rs:1839:15
[INFO] [stdout]    7:     0x5dfe9c733a62 - std::sys::backtrace::BacktraceLock::print::h4b9e00b29e9c0942
[INFO] [stdout]                                at /rustc/df4ca44d3fbc9301ee17f30f4d474e6ae4b05252/library/std/src/sys/backtrace.rs:42:9
[INFO] [stdout]    8:     0x5dfe9c7350aa - std::panicking::default_hook::{{closure}}::hb59b88280d0324d9
[INFO] [stdout]                                at /rustc/df4ca44d3fbc9301ee17f30f4d474e6ae4b05252/library/std/src/panicking.rs:268:22
[INFO] [stdout]    9:     0x5dfe9c734eb4 - std::panicking::default_hook::he1dd496665be4a29
[INFO] [stdout]                                at /rustc/df4ca44d3fbc9301ee17f30f4d474e6ae4b05252/library/std/src/panicking.rs:292:9
[INFO] [stdout]   10:     0x5dfe9c293269 - <alloc::boxed::Box<F,A> as core::ops::function::Fn<Args>>::call::h4ff71de18744e1dc
[INFO] [stdout]                                at /rustc/df4ca44d3fbc9301ee17f30f4d474e6ae4b05252/library/alloc/src/boxed.rs:2468:9
[INFO] [stdout]   11:     0x5dfe9c293269 - test::test_main::{{closure}}::hcf7c055ce117aa81
[INFO] [stdout]                                at /rustc/df4ca44d3fbc9301ee17f30f4d474e6ae4b05252/library/test/src/lib.rs:133:21
[INFO] [stdout]   12:     0x5dfe9c7357a8 - <alloc::boxed::Box<F,A> as core::ops::function::Fn<Args>>::call::h1d66c6bbd60c9692
[INFO] [stdout]                                at /rustc/df4ca44d3fbc9301ee17f30f4d474e6ae4b05252/library/alloc/src/boxed.rs:2468:9
[INFO] [stdout]   13:     0x5dfe9c7357a8 - std::panicking::rust_panic_with_hook::h2ff17fe8f26dfcf8
[INFO] [stdout]                                at /rustc/df4ca44d3fbc9301ee17f30f4d474e6ae4b05252/library/std/src/panicking.rs:809:13
[INFO] [stdout]   14:     0x5dfe9c73556a - std::panicking::begin_panic_handler::{{closure}}::h4fad77951c07e101
[INFO] [stdout]                                at /rustc/df4ca44d3fbc9301ee17f30f4d474e6ae4b05252/library/std/src/panicking.rs:674:13
[INFO] [stdout]   15:     0x5dfe9c7340f9 - std::sys::backtrace::__rust_end_short_backtrace::hb1a25b3da5d0ea08
[INFO] [stdout]                                at /rustc/df4ca44d3fbc9301ee17f30f4d474e6ae4b05252/library/std/src/sys/backtrace.rs:170:18
[INFO] [stdout]   16:     0x5dfe9c7351fc - rust_begin_unwind
[INFO] [stdout]                                at /rustc/df4ca44d3fbc9301ee17f30f4d474e6ae4b05252/library/std/src/panicking.rs:665:5
[INFO] [stdout]   17:     0x5dfe9c759630 - core::panicking::panic_fmt::ha9db07b529f9b256
[INFO] [stdout]                                at /rustc/df4ca44d3fbc9301ee17f30f4d474e6ae4b05252/library/core/src/panicking.rs:75:14
[INFO] [stdout]   18:     0x5dfe9c759ab6 - core::result::unwrap_failed::h5e8218e4d4338b8a
[INFO] [stdout]                                at /rustc/df4ca44d3fbc9301ee17f30f4d474e6ae4b05252/library/core/src/result.rs:1698:5
[INFO] [stdout]   19:     0x5dfe9c25073a - core::result::Result<T,E>::expect::hbd7e4bebb2d805c2
[INFO] [stdout]                                at /rustc/df4ca44d3fbc9301ee17f30f4d474e6ae4b05252/library/core/src/result.rs:1060:23
[INFO] [stdout]   20:     0x5dfe9c258f6b - added_tokens::common::get_byte_level_bpe::h44512caddac19bb0
[INFO] [stdout]                                at /opt/rustwide/workdir/tests/common/mod.rs:17:5
[INFO] [stdout]   21:     0x5dfe9c258fc3 - added_tokens::common::get_byte_level::h767cb56463927d7b
[INFO] [stdout]                                at /opt/rustwide/workdir/tests/common/mod.rs:24:40
[INFO] [stdout]   22:     0x5dfe9c253b10 - added_tokens::overlapping_tokens::ha328fbe84800ceab
[INFO] [stdout]                                at /opt/rustwide/workdir/tests/added_tokens.rs:99:25
[INFO] [stdout]   23:     0x5dfe9c253ad7 - added_tokens::overlapping_tokens::{{closure}}::ha63d2e09389c3f52
[INFO] [stdout]                                at /opt/rustwide/workdir/tests/added_tokens.rs:98:24
[INFO] [stdout]   24:     0x5dfe9c24e806 - core::ops::function::FnOnce::call_once::h5405fe497e098151
[INFO] [stdout]                                at /rustc/df4ca44d3fbc9301ee17f30f4d474e6ae4b05252/library/core/src/ops/function.rs:250:5
[INFO] [stdout]   25:     0x5dfe9c297b3b - core::ops::function::FnOnce::call_once::h22c3ba5715e93f05
[INFO] [stdout]                                at /rustc/df4ca44d3fbc9301ee17f30f4d474e6ae4b05252/library/core/src/ops/function.rs:250:5
[INFO] [stdout]   26:     0x5dfe9c297b3b - test::__rust_begin_short_backtrace::h8e82d8113d0da17f
[INFO] [stdout]                                at /rustc/df4ca44d3fbc9301ee17f30f4d474e6ae4b05252/library/test/src/lib.rs:621:18
[INFO] [stdout]   27:     0x5dfe9c2974b7 - test::run_test_in_process::{{closure}}::h33235f4f20b7b7c7
[INFO] [stdout]                                at /rustc/df4ca44d3fbc9301ee17f30f4d474e6ae4b05252/library/test/src/lib.rs:644:60
[INFO] [stdout]   28:     0x5dfe9c2974b7 - <core::panic::unwind_safe::AssertUnwindSafe<F> as core::ops::function::FnOnce<()>>::call_once::hb5043206310c586f
[INFO] [stdout]                                at /rustc/df4ca44d3fbc9301ee17f30f4d474e6ae4b05252/library/core/src/panic/unwind_safe.rs:272:9
[INFO] [stdout]   29:     0x5dfe9c2974b7 - std::panicking::try::do_call::h9ad4731a60ab23e2
[INFO] [stdout]                                at /rustc/df4ca44d3fbc9301ee17f30f4d474e6ae4b05252/library/std/src/panicking.rs:557:40
[INFO] [stdout]   30:     0x5dfe9c2974b7 - std::panicking::try::h3824d23db772a716
[INFO] [stdout]                                at /rustc/df4ca44d3fbc9301ee17f30f4d474e6ae4b05252/library/std/src/panicking.rs:520:19
[INFO] [stdout]   31:     0x5dfe9c2974b7 - std::panic::catch_unwind::h5afd514605fde46b
[INFO] [stdout]                                at /rustc/df4ca44d3fbc9301ee17f30f4d474e6ae4b05252/library/std/src/panic.rs:358:14
[INFO] [stdout]   32:     0x5dfe9c2974b7 - test::run_test_in_process::h0d5cbfa7067d1720
[INFO] [stdout]                                at /rustc/df4ca44d3fbc9301ee17f30f4d474e6ae4b05252/library/test/src/lib.rs:644:27
[INFO] [stdout]   33:     0x5dfe9c2974b7 - test::run_test::{{closure}}::h708eb8872708115d
[INFO] [stdout]                                at /rustc/df4ca44d3fbc9301ee17f30f4d474e6ae4b05252/library/test/src/lib.rs:565:43
[INFO] [stdout]   34:     0x5dfe9c25abd4 - test::run_test::{{closure}}::h392c51cee94713ab
[INFO] [stdout]                                at /rustc/df4ca44d3fbc9301ee17f30f4d474e6ae4b05252/library/test/src/lib.rs:595:41
[INFO] [stdout]   35:     0x5dfe9c25abd4 - std::sys::backtrace::__rust_begin_short_backtrace::h2f40290710935a8b
[INFO] [stdout]                                at /rustc/df4ca44d3fbc9301ee17f30f4d474e6ae4b05252/library/std/src/sys/backtrace.rs:154:18
[INFO] [stdout]   36:     0x5dfe9c25e37e - std::thread::Builder::spawn_unchecked_::{{closure}}::{{closure}}::h3fd968d89053a903
[INFO] [stdout]                                at /rustc/df4ca44d3fbc9301ee17f30f4d474e6ae4b05252/library/std/src/thread/mod.rs:541:17
[INFO] [stdout]   37:     0x5dfe9c25e37e - <core::panic::unwind_safe::AssertUnwindSafe<F> as core::ops::function::FnOnce<()>>::call_once::h743f637ba4229880
[INFO] [stdout]                                at /rustc/df4ca44d3fbc9301ee17f30f4d474e6ae4b05252/library/core/src/panic/unwind_safe.rs:272:9
[INFO] [stdout]   38:     0x5dfe9c25e37e - std::panicking::try::do_call::h07440897322525a6
[INFO] [stdout]                                at /rustc/df4ca44d3fbc9301ee17f30f4d474e6ae4b05252/library/std/src/panicking.rs:557:40
[INFO] [stdout]   39:     0x5dfe9c25e37e - std::panicking::try::he5a2e00188156637
[INFO] [stdout]                                at /rustc/df4ca44d3fbc9301ee17f30f4d474e6ae4b05252/library/std/src/panicking.rs:520:19
[INFO] [stdout]   40:     0x5dfe9c25e37e - std::panic::catch_unwind::hbaf3cae49b3c6433
[INFO] [stdout]                                at /rustc/df4ca44d3fbc9301ee17f30f4d474e6ae4b05252/library/std/src/panic.rs:358:14
[INFO] [stdout]   41:     0x5dfe9c25e37e - std::thread::Builder::spawn_unchecked_::{{closure}}::h8e141ea224820bce
[INFO] [stdout]                                at /rustc/df4ca44d3fbc9301ee17f30f4d474e6ae4b05252/library/std/src/thread/mod.rs:540:30
[INFO] [stdout]   42:     0x5dfe9c25e37e - core::ops::function::FnOnce::call_once{{vtable.shim}}::h90d312fedd7b8ea8
[INFO] [stdout]                                at /rustc/df4ca44d3fbc9301ee17f30f4d474e6ae4b05252/library/core/src/ops/function.rs:250:5
[INFO] [stdout]   43:     0x5dfe9c7396ab - <alloc::boxed::Box<F,A> as core::ops::function::FnOnce<Args>>::call_once::h69aa08ddb6adb8b6
[INFO] [stdout]                                at /rustc/df4ca44d3fbc9301ee17f30f4d474e6ae4b05252/library/alloc/src/boxed.rs:2454:9
[INFO] [stdout]   44:     0x5dfe9c7396ab - <alloc::boxed::Box<F,A> as core::ops::function::FnOnce<Args>>::call_once::h5aa36efdb79c806f
[INFO] [stdout]                                at /rustc/df4ca44d3fbc9301ee17f30f4d474e6ae4b05252/library/alloc/src/boxed.rs:2454:9
[INFO] [stdout]   45:     0x5dfe9c7396ab - std::sys::pal::unix::thread::Thread::new::thread_start::h6cd80a1b4be5158d
[INFO] [stdout]                                at /rustc/df4ca44d3fbc9301ee17f30f4d474e6ae4b05252/library/std/src/sys/pal/unix/thread.rs:105:17
[INFO] [stdout]   46:     0x77b196ceeac3 - <unknown>
[INFO] [stdout]   47:     0x77b196d7fa04 - clone
[INFO] [stdout]   48:                0x0 - <unknown>
[INFO] [stdout] 
[INFO] [stdout] ---- single_word_tokens stdout ----
[INFO] [stdout] thread 'single_word_tokens' panicked at tests/common/mod.rs:19:10:
[INFO] [stdout] Files not found, run `make test` to download these files: Os { code: 2, kind: NotFound, message: "No such file or directory" }
[INFO] [stdout] stack backtrace:
[INFO] [stdout]    0:     0x5dfe9c733c1a - std::backtrace_rs::backtrace::libunwind::trace::h207520d6e9873551
[INFO] [stdout]                                at /rustc/df4ca44d3fbc9301ee17f30f4d474e6ae4b05252/library/std/src/../../backtrace/src/backtrace/libunwind.rs:116:5
[INFO] [stdout]    1:     0x5dfe9c733c1a - std::backtrace_rs::backtrace::trace_unsynchronized::h2ed7433f370e3eca
[INFO] [stdout]                                at /rustc/df4ca44d3fbc9301ee17f30f4d474e6ae4b05252/library/std/src/../../backtrace/src/backtrace/mod.rs:66:5
[INFO] [stdout]    2:     0x5dfe9c733c1a - std::sys::backtrace::_print_fmt::h916fac51166b18d7
[INFO] [stdout]                                at /rustc/df4ca44d3fbc9301ee17f30f4d474e6ae4b05252/library/std/src/sys/backtrace.rs:66:9
[INFO] [stdout]    3:     0x5dfe9c733c1a - <std::sys::backtrace::BacktraceLock::print::DisplayBacktrace as core::fmt::Display>::fmt::ha0a4c9b8ce3802e6
[INFO] [stdout]                                at /rustc/df4ca44d3fbc9301ee17f30f4d474e6ae4b05252/library/std/src/sys/backtrace.rs:39:26
[INFO] [stdout]    4:     0x5dfe9c75b003 - core::fmt::rt::Argument::fmt::h4cfc8587d52b3eb5
[INFO] [stdout]                                at /rustc/df4ca44d3fbc9301ee17f30f4d474e6ae4b05252/library/core/src/fmt/rt.rs:177:76
[INFO] [stdout]    5:     0x5dfe9c75b003 - core::fmt::write::h522cc39e5b36ae9f
[INFO] [stdout]                                at /rustc/df4ca44d3fbc9301ee17f30f4d474e6ae4b05252/library/core/src/fmt/mod.rs:1190:21
[INFO] [stdout]    6:     0x5dfe9c730813 - std::io::Write::write_fmt::h7d3c26752da97734
[INFO] [stdout]                                at /rustc/df4ca44d3fbc9301ee17f30f4d474e6ae4b05252/library/std/src/io/mod.rs:1839:15
[INFO] [stdout]    7:     0x5dfe9c733a62 - std::sys::backtrace::BacktraceLock::print::h4b9e00b29e9c0942
[INFO] [stdout]                                at /rustc/df4ca44d3fbc9301ee17f30f4d474e6ae4b05252/library/std/src/sys/backtrace.rs:42:9
[INFO] [stdout]    8:     0x5dfe9c7350aa - std::panicking::default_hook::{{closure}}::hb59b88280d0324d9
[INFO] [stdout]                                at /rustc/df4ca44d3fbc9301ee17f30f4d474e6ae4b05252/library/std/src/panicking.rs:268:22
[INFO] [stdout]    9:     0x5dfe9c734eb4 - std::panicking::default_hook::he1dd496665be4a29
[INFO] [stdout]                                at /rustc/df4ca44d3fbc9301ee17f30f4d474e6ae4b05252/library/std/src/panicking.rs:292:9
[INFO] [stdout]   10:     0x5dfe9c293269 - <alloc::boxed::Box<F,A> as core::ops::function::Fn<Args>>::call::h4ff71de18744e1dc
[INFO] [stdout]                                at /rustc/df4ca44d3fbc9301ee17f30f4d474e6ae4b05252/library/alloc/src/boxed.rs:2468:9
[INFO] [stdout]   11:     0x5dfe9c293269 - test::test_main::{{closure}}::hcf7c055ce117aa81
[INFO] [stdout]                                at /rustc/df4ca44d3fbc9301ee17f30f4d474e6ae4b05252/library/test/src/lib.rs:133:21
[INFO] [stdout]   12:     0x5dfe9c7357a8 - <alloc::boxed::Box<F,A> as core::ops::function::Fn<Args>>::call::h1d66c6bbd60c9692
[INFO] [stdout]                                at /rustc/df4ca44d3fbc9301ee17f30f4d474e6ae4b05252/library/alloc/src/boxed.rs:2468:9
[INFO] [stdout]   13:     0x5dfe9c7357a8 - std::panicking::rust_panic_with_hook::h2ff17fe8f26dfcf8
[INFO] [stdout]                                at /rustc/df4ca44d3fbc9301ee17f30f4d474e6ae4b05252/library/std/src/panicking.rs:809:13
[INFO] [stdout]   14:     0x5dfe9c73556a - std::panicking::begin_panic_handler::{{closure}}::h4fad77951c07e101
[INFO] [stdout]                                at /rustc/df4ca44d3fbc9301ee17f30f4d474e6ae4b05252/library/std/src/panicking.rs:674:13
[INFO] [stdout]   15:     0x5dfe9c7340f9 - std::sys::backtrace::__rust_end_short_backtrace::hb1a25b3da5d0ea08
[INFO] [stdout]                                at /rustc/df4ca44d3fbc9301ee17f30f4d474e6ae4b05252/library/std/src/sys/backtrace.rs:170:18
[INFO] [stdout]   16:     0x5dfe9c7351fc - rust_begin_unwind
[INFO] [stdout]                                at /rustc/df4ca44d3fbc9301ee17f30f4d474e6ae4b05252/library/std/src/panicking.rs:665:5
[INFO] [stdout]   17:     0x5dfe9c759630 - core::panicking::panic_fmt::ha9db07b529f9b256
[INFO] [stdout]                                at /rustc/df4ca44d3fbc9301ee17f30f4d474e6ae4b05252/library/core/src/panicking.rs:75:14
[INFO] [stdout]   18:     0x5dfe9c759ab6 - core::result::unwrap_failed::h5e8218e4d4338b8a
[INFO] [stdout]                                at /rustc/df4ca44d3fbc9301ee17f30f4d474e6ae4b05252/library/core/src/result.rs:1698:5
[INFO] [stdout]   19:     0x5dfe9c25073a - core::result::Result<T,E>::expect::hbd7e4bebb2d805c2
[INFO] [stdout]                                at /rustc/df4ca44d3fbc9301ee17f30f4d474e6ae4b05252/library/core/src/result.rs:1060:23
[INFO] [stdout]   20:     0x5dfe9c258f6b - added_tokens::common::get_byte_level_bpe::h44512caddac19bb0
[INFO] [stdout]                                at /opt/rustwide/workdir/tests/common/mod.rs:17:5
[INFO] [stdout]   21:     0x5dfe9c258fc3 - added_tokens::common::get_byte_level::h767cb56463927d7b
[INFO] [stdout]                                at /opt/rustwide/workdir/tests/common/mod.rs:24:40
[INFO] [stdout]   22:     0x5dfe9c253459 - added_tokens::single_word_tokens::hd6461a8cb28ce95c
[INFO] [stdout]                                at /opt/rustwide/workdir/tests/added_tokens.rs:79:25
[INFO] [stdout]   23:     0x5dfe9c2533f7 - added_tokens::single_word_tokens::{{closure}}::h14567164eb991c69
[INFO] [stdout]                                at /opt/rustwide/workdir/tests/added_tokens.rs:77:24
[INFO] [stdout]   24:     0x5dfe9c24e8d6 - core::ops::function::FnOnce::call_once::h6c4f4b0f398f2a43
[INFO] [stdout]                                at /rustc/df4ca44d3fbc9301ee17f30f4d474e6ae4b05252/library/core/src/ops/function.rs:250:5
[INFO] [stdout]   25:     0x5dfe9c297b3b - core::ops::function::FnOnce::call_once::h22c3ba5715e93f05
[INFO] [stdout]                                at /rustc/df4ca44d3fbc9301ee17f30f4d474e6ae4b05252/library/core/src/ops/function.rs:250:5
[INFO] [stdout]   26:     0x5dfe9c297b3b - test::__rust_begin_short_backtrace::h8e82d8113d0da17f
[INFO] [stdout]                                at /rustc/df4ca44d3fbc9301ee17f30f4d474e6ae4b05252/library/test/src/lib.rs:621:18
[INFO] [stdout]   27:     0x5dfe9c2974b7 - test::run_test_in_process::{{closure}}::h33235f4f20b7b7c7
[INFO] [stdout]                                at /rustc/df4ca44d3fbc9301ee17f30f4d474e6ae4b05252/library/test/src/lib.rs:644:60
[INFO] [stdout]   28:     0x5dfe9c2974b7 - <core::panic::unwind_safe::AssertUnwindSafe<F> as core::ops::function::FnOnce<()>>::call_once::hb5043206310c586f
[INFO] [stdout]                                at /rustc/df4ca44d3fbc9301ee17f30f4d474e6ae4b05252/library/core/src/panic/unwind_safe.rs:272:9
[INFO] [stdout]   29:     0x5dfe9c2974b7 - std::panicking::try::do_call::h9ad4731a60ab23e2
[INFO] [stdout]                                at /rustc/df4ca44d3fbc9301ee17f30f4d474e6ae4b05252/library/std/src/panicking.rs:557:40
[INFO] [stdout]   30:     0x5dfe9c2974b7 - std::panicking::try::h3824d23db772a716
[INFO] [stdout]                                at /rustc/df4ca44d3fbc9301ee17f30f4d474e6ae4b05252/library/std/src/panicking.rs:520:19
[INFO] [stdout]   31:     0x5dfe9c2974b7 - std::panic::catch_unwind::h5afd514605fde46b
[INFO] [stdout]                                at /rustc/df4ca44d3fbc9301ee17f30f4d474e6ae4b05252/library/std/src/panic.rs:358:14
[INFO] [stdout]   32:     0x5dfe9c2974b7 - test::run_test_in_process::h0d5cbfa7067d1720
[INFO] [stdout]                                at /rustc/df4ca44d3fbc9301ee17f30f4d474e6ae4b05252/library/test/src/lib.rs:644:27
[INFO] [stdout]   33:     0x5dfe9c2974b7 - test::run_test::{{closure}}::h708eb8872708115d
[INFO] [stdout]                                at /rustc/df4ca44d3fbc9301ee17f30f4d474e6ae4b05252/library/test/src/lib.rs:565:43
[INFO] [stdout]   34:     0x5dfe9c25abd4 - test::run_test::{{closure}}::h392c51cee94713ab
[INFO] [stdout]                                at /rustc/df4ca44d3fbc9301ee17f30f4d474e6ae4b05252/library/test/src/lib.rs:595:41
[INFO] [stdout]   35:     0x5dfe9c25abd4 - std::sys::backtrace::__rust_begin_short_backtrace::h2f40290710935a8b
[INFO] [stdout]                                at /rustc/df4ca44d3fbc9301ee17f30f4d474e6ae4b05252/library/std/src/sys/backtrace.rs:154:18
[INFO] [stdout]   36:     0x5dfe9c25e37e - std::thread::Builder::spawn_unchecked_::{{closure}}::{{closure}}::h3fd968d89053a903
[INFO] [stdout]                                at /rustc/df4ca44d3fbc9301ee17f30f4d474e6ae4b05252/library/std/src/thread/mod.rs:541:17
[INFO] [stdout]   37:     0x5dfe9c25e37e - <core::panic::unwind_safe::AssertUnwindSafe<F> as core::ops::function::FnOnce<()>>::call_once::h743f637ba4229880
[INFO] [stdout]                                at /rustc/df4ca44d3fbc9301ee17f30f4d474e6ae4b05252/library/core/src/panic/unwind_safe.rs:272:9
[INFO] [stdout]   38:     0x5dfe9c25e37e - std::panicking::try::do_call::h07440897322525a6
[INFO] [stdout]                                at /rustc/df4ca44d3fbc9301ee17f30f4d474e6ae4b05252/library/std/src/panicking.rs:557:40
[INFO] [stdout]   39:     0x5dfe9c25e37e - std::panicking::try::he5a2e00188156637
[INFO] [stdout]                                at /rustc/df4ca44d3fbc9301ee17f30f4d474e6ae4b05252/library/std/src/panicking.rs:520:19
[INFO] [stdout]   40:     0x5dfe9c25e37e - std::panic::catch_unwind::hbaf3cae49b3c6433
[INFO] [stdout]                                at /rustc/df4ca44d3fbc9301ee17f30f4d474e6ae4b05252/library/std/src/panic.rs:358:14
[INFO] [stdout]   41:     0x5dfe9c25e37e - std::thread::Builder::spawn_unchecked_::{{closure}}::h8e141ea224820bce
[INFO] [stdout]                                at /rustc/df4ca44d3fbc9301ee17f30f4d474e6ae4b05252/library/std/src/thread/mod.rs:540:30
[INFO] [stdout]   42:     0x5dfe9c25e37e - core::ops::function::FnOnce::call_once{{vtable.shim}}::h90d312fedd7b8ea8
[INFO] [stdout]                                at /rustc/df4ca44d3fbc9301ee17f30f4d474e6ae4b05252/library/core/src/ops/function.rs:250:5
[INFO] [stdout]   43:     0x5dfe9c7396ab - <alloc::boxed::Box<F,A> as core::ops::function::FnOnce<Args>>::call_once::h69aa08ddb6adb8b6
[INFO] [stdout]                                at /rustc/df4ca44d3fbc9301ee17f30f4d474e6ae4b05252/library/alloc/src/boxed.rs:2454:9
[INFO] [stdout]   44:     0x5dfe9c7396ab - <alloc::boxed::Box<F,A> as core::ops::function::FnOnce<Args>>::call_once::h5aa36efdb79c806f
[INFO] [stdout]                                at /rustc/df4ca44d3fbc9301ee17f30f4d474e6ae4b05252/library/alloc/src/boxed.rs:2454:9
[INFO] [stdout]   45:     0x5dfe9c7396ab - std::sys::pal::unix::thread::Thread::new::thread_start::h6cd80a1b4be5158d
[INFO] [stdout]                                at /rustc/df4ca44d3fbc9301ee17f30f4d474e6ae4b05252/library/std/src/sys/pal/unix/thread.rs:105:17
[INFO] [stdout]   46:     0x77b196ceeac3 - <unknown>
[INFO] [stdout]   47:     0x77b196d7fa04 - clone
[INFO] [stdout]   48:                0x0 - <unknown>
[INFO] [stdout] 
[INFO] [stdout] ---- lstrip_tokens stdout ----
[INFO] [stdout] thread 'lstrip_tokens' panicked at tests/common/mod.rs:19:10:
[INFO] [stdout] Files not found, run `make test` to download these files: Os { code: 2, kind: NotFound, message: "No such file or directory" }
[INFO] [stdout] stack backtrace:
[INFO] [stdout]    0:     0x5dfe9c733c1a - std::backtrace_rs::backtrace::libunwind::trace::h207520d6e9873551
[INFO] [stdout]                                at /rustc/df4ca44d3fbc9301ee17f30f4d474e6ae4b05252/library/std/src/../../backtrace/src/backtrace/libunwind.rs:116:5
[INFO] [stdout]    1:     0x5dfe9c733c1a - std::backtrace_rs::backtrace::trace_unsynchronized::h2ed7433f370e3eca
[INFO] [stdout]                                at /rustc/df4ca44d3fbc9301ee17f30f4d474e6ae4b05252/library/std/src/../../backtrace/src/backtrace/mod.rs:66:5
[INFO] [stdout]    2:     0x5dfe9c733c1a - std::sys::backtrace::_print_fmt::h916fac51166b18d7
[INFO] [stdout]                                at /rustc/df4ca44d3fbc9301ee17f30f4d474e6ae4b05252/library/std/src/sys/backtrace.rs:66:9
[INFO] [stdout]    3:     0x5dfe9c733c1a - <std::sys::backtrace::BacktraceLock::print::DisplayBacktrace as core::fmt::Display>::fmt::ha0a4c9b8ce3802e6
[INFO] [stdout]                                at /rustc/df4ca44d3fbc9301ee17f30f4d474e6ae4b05252/library/std/src/sys/backtrace.rs:39:26
[INFO] [stdout]    4:     0x5dfe9c75b003 - core::fmt::rt::Argument::fmt::h4cfc8587d52b3eb5
[INFO] [stdout]                                at /rustc/df4ca44d3fbc9301ee17f30f4d474e6ae4b05252/library/core/src/fmt/rt.rs:177:76
[INFO] [stdout]    5:     0x5dfe9c75b003 - core::fmt::write::h522cc39e5b36ae9f
[INFO] [stdout]                                at /rustc/df4ca44d3fbc9301ee17f30f4d474e6ae4b05252/library/core/src/fmt/mod.rs:1190:21
[INFO] [stdout]    6:     0x5dfe9c730813 - std::io::Write::write_fmt::h7d3c26752da97734
[INFO] [stdout]                                at /rustc/df4ca44d3fbc9301ee17f30f4d474e6ae4b05252/library/std/src/io/mod.rs:1839:15
[INFO] [stdout]    7:     0x5dfe9c733a62 - std::sys::backtrace::BacktraceLock::print::h4b9e00b29e9c0942
[INFO] [stdout]                                at /rustc/df4ca44d3fbc9301ee17f30f4d474e6ae4b05252/library/std/src/sys/backtrace.rs:42:9
[INFO] [stdout]    8:     0x5dfe9c7350aa - std::panicking::default_hook::{{closure}}::hb59b88280d0324d9
[INFO] [stdout]                                at /rustc/df4ca44d3fbc9301ee17f30f4d474e6ae4b05252/library/std/src/panicking.rs:268:22
[INFO] [stdout]    9:     0x5dfe9c734eb4 - std::panicking::default_hook::he1dd496665be4a29
[INFO] [stdout]                                at /rustc/df4ca44d3fbc9301ee17f30f4d474e6ae4b05252/library/std/src/panicking.rs:292:9
[INFO] [stdout]   10:     0x5dfe9c293269 - <alloc::boxed::Box<F,A> as core::ops::function::Fn<Args>>::call::h4ff71de18744e1dc
[INFO] [stdout]                                at /rustc/df4ca44d3fbc9301ee17f30f4d474e6ae4b05252/library/alloc/src/boxed.rs:2468:9
[INFO] [stdout]   11:     0x5dfe9c293269 - test::test_main::{{closure}}::hcf7c055ce117aa81
[INFO] [stdout]                                at /rustc/df4ca44d3fbc9301ee17f30f4d474e6ae4b05252/library/test/src/lib.rs:133:21
[INFO] [stdout]   12:     0x5dfe9c7357a8 - <alloc::boxed::Box<F,A> as core::ops::function::Fn<Args>>::call::h1d66c6bbd60c9692
[INFO] [stdout]                                at /rustc/df4ca44d3fbc9301ee17f30f4d474e6ae4b05252/library/alloc/src/boxed.rs:2468:9
[INFO] [stdout]   13:     0x5dfe9c7357a8 - std::panicking::rust_panic_with_hook::h2ff17fe8f26dfcf8
[INFO] [stdout]                                at /rustc/df4ca44d3fbc9301ee17f30f4d474e6ae4b05252/library/std/src/panicking.rs:809:13
[INFO] [stdout]   14:     0x5dfe9c73556a - std::panicking::begin_panic_handler::{{closure}}::h4fad77951c07e101
[INFO] [stdout]                                at /rustc/df4ca44d3fbc9301ee17f30f4d474e6ae4b05252/library/std/src/panicking.rs:674:13
[INFO] [stdout]   15:     0x5dfe9c7340f9 - std::sys::backtrace::__rust_end_short_backtrace::hb1a25b3da5d0ea08
[INFO] [stdout]                                at /rustc/df4ca44d3fbc9301ee17f30f4d474e6ae4b05252/library/std/src/sys/backtrace.rs:170:18
[INFO] [stdout]   16:     0x5dfe9c7351fc - rust_begin_unwind
[INFO] [stdout]                                at /rustc/df4ca44d3fbc9301ee17f30f4d474e6ae4b05252/library/std/src/panicking.rs:665:5
[INFO] [stdout]   17:     0x5dfe9c759630 - core::panicking::panic_fmt::ha9db07b529f9b256
[INFO] [stdout]                                at /rustc/df4ca44d3fbc9301ee17f30f4d474e6ae4b05252/library/core/src/panicking.rs:75:14
[INFO] [stdout]   18:     0x5dfe9c759ab6 - core::result::unwrap_failed::h5e8218e4d4338b8a
[INFO] [stdout]                                at /rustc/df4ca44d3fbc9301ee17f30f4d474e6ae4b05252/library/core/src/result.rs:1698:5
[INFO] [stdout]   19:     0x5dfe9c25073a - core::result::Result<T,E>::expect::hbd7e4bebb2d805c2
[INFO] [stdout]                                at /rustc/df4ca44d3fbc9301ee17f30f4d474e6ae4b05252/library/core/src/result.rs:1060:23
[INFO] [stdout]   20:     0x5dfe9c258f6b - added_tokens::common::get_byte_level_bpe::h44512caddac19bb0
[INFO] [stdout]                                at /opt/rustwide/workdir/tests/common/mod.rs:17:5
[INFO] [stdout]   21:     0x5dfe9c258fc3 - added_tokens::common::get_byte_level::h767cb56463927d7b
[INFO] [stdout]                                at /opt/rustwide/workdir/tests/common/mod.rs:24:40
[INFO] [stdout]   22:     0x5dfe9c252918 - added_tokens::lstrip_tokens::hb0aa7a2d5a788ebb
[INFO] [stdout]                                at /opt/rustwide/workdir/tests/added_tokens.rs:33:25
[INFO] [stdout]   23:     0x5dfe9c2528c7 - added_tokens::lstrip_tokens::{{closure}}::h091766a8f0d71e7c
[INFO] [stdout]                                at /opt/rustwide/workdir/tests/added_tokens.rs:32:19
[INFO] [stdout]   24:     0x5dfe9c24e956 - core::ops::function::FnOnce::call_once::haa5e716c46f85266
[INFO] [stdout]                                at /rustc/df4ca44d3fbc9301ee17f30f4d474e6ae4b05252/library/core/src/ops/function.rs:250:5
[INFO] [stdout]   25:     0x5dfe9c297b3b - core::ops::function::FnOnce::call_once::h22c3ba5715e93f05
[INFO] [stdout]                                at /rustc/df4ca44d3fbc9301ee17f30f4d474e6ae4b05252/library/core/src/ops/function.rs:250:5
[INFO] [stdout]   26:     0x5dfe9c297b3b - test::__rust_begin_short_backtrace::h8e82d8113d0da17f
[INFO] [stdout]                                at /rustc/df4ca44d3fbc9301ee17f30f4d474e6ae4b05252/library/test/src/lib.rs:621:18
[INFO] [stdout]   27:     0x5dfe9c2974b7 - test::run_test_in_process::{{closure}}::h33235f4f20b7b7c7
[INFO] [stdout]                                at /rustc/df4ca44d3fbc9301ee17f30f4d474e6ae4b05252/library/test/src/lib.rs:644:60
[INFO] [stdout]   28:     0x5dfe9c2974b7 - <core::panic::unwind_safe::AssertUnwindSafe<F> as core::ops::function::FnOnce<()>>::call_once::hb5043206310c586f
[INFO] [stdout]                                at /rustc/df4ca44d3fbc9301ee17f30f4d474e6ae4b05252/library/core/src/panic/unwind_safe.rs:272:9
[INFO] [stdout]   29:     0x5dfe9c2974b7 - std::panicking::try::do_call::h9ad4731a60ab23e2
[INFO] [stdout]                                at /rustc/df4ca44d3fbc9301ee17f30f4d474e6ae4b05252/library/std/src/panicking.rs:557:40
[INFO] [stdout]   30:     0x5dfe9c2974b7 - std::panicking::try::h3824d23db772a716
[INFO] [stdout]                                at /rustc/df4ca44d3fbc9301ee17f30f4d474e6ae4b05252/library/std/src/panicking.rs:520:19
[INFO] [stdout]   31:     0x5dfe9c2974b7 - std::panic::catch_unwind::h5afd514605fde46b
[INFO] [stdout]                                at /rustc/df4ca44d3fbc9301ee17f30f4d474e6ae4b05252/library/std/src/panic.rs:358:14
[INFO] [stdout]   32:     0x5dfe9c2974b7 - test::run_test_in_process::h0d5cbfa7067d1720
[INFO] [stdout]                                at /rustc/df4ca44d3fbc9301ee17f30f4d474e6ae4b05252/library/test/src/lib.rs:644:27
[INFO] [stdout]   33:     0x5dfe9c2974b7 - test::run_test::{{closure}}::h708eb8872708115d
[INFO] [stdout]                                at /rustc/df4ca44d3fbc9301ee17f30f4d474e6ae4b05252/library/test/src/lib.rs:565:43
[INFO] [stdout]   34:     0x5dfe9c25abd4 - test::run_test::{{closure}}::h392c51cee94713ab
[INFO] [stdout]                                at /rustc/df4ca44d3fbc9301ee17f30f4d474e6ae4b05252/library/test/src/lib.rs:595:41
[INFO] [stdout]   35:     0x5dfe9c25abd4 - std::sys::backtrace::__rust_begin_short_backtrace::h2f40290710935a8b
[INFO] [stdout]                                at /rustc/df4ca44d3fbc9301ee17f30f4d474e6ae4b05252/library/std/src/sys/backtrace.rs:154:18
[INFO] [stdout]   36:     0x5dfe9c25e37e - std::thread::Builder::spawn_unchecked_::{{closure}}::{{closure}}::h3fd968d89053a903
[INFO] [stdout]                                at /rustc/df4ca44d3fbc9301ee17f30f4d474e6ae4b05252/library/std/src/thread/mod.rs:541:17
[INFO] [stdout]   37:     0x5dfe9c25e37e - <core::panic::unwind_safe::AssertUnwindSafe<F> as core::ops::function::FnOnce<()>>::call_once::h743f637ba4229880
[INFO] [stdout]                                at /rustc/df4ca44d3fbc9301ee17f30f4d474e6ae4b05252/library/core/src/panic/unwind_safe.rs:272:9
[INFO] [stdout]   38:     0x5dfe9c25e37e - std::panicking::try::do_call::h07440897322525a6
[INFO] [stdout]                                at /rustc/df4ca44d3fbc9301ee17f30f4d474e6ae4b05252/library/std/src/panicking.rs:557:40
[INFO] [stdout]   39:     0x5dfe9c25e37e - std::panicking::try::he5a2e00188156637
[INFO] [stdout]                                at /rustc/df4ca44d3fbc9301ee17f30f4d474e6ae4b05252/library/std/src/panicking.rs:520:19
[INFO] [stdout]   40:     0x5dfe9c25e37e - std::panic::catch_unwind::hbaf3cae49b3c6433
[INFO] [stdout]                                at /rustc/df4ca44d3fbc9301ee17f30f4d474e6ae4b05252/library/std/src/panic.rs:358:14
[INFO] [stdout]   41:     0x5dfe9c25e37e - std::thread::Builder::spawn_unchecked_::{{closure}}::h8e141ea224820bce
[INFO] [stdout]                                at /rustc/df4ca44d3fbc9301ee17f30f4d474e6ae4b05252/library/std/src/thread/mod.rs:540:30
[INFO] [stdout]   42:     0x5dfe9c25e37e - core::ops::function::FnOnce::call_once{{vtable.shim}}::h90d312fedd7b8ea8
[INFO] [stdout]                                at /rustc/df4ca44d3fbc9301ee17f30f4d474e6ae4b05252/library/core/src/ops/function.rs:250:5
[INFO] [stdout]   43:     0x5dfe9c7396ab - <alloc::boxed::Box<F,A> as core::ops::function::FnOnce<Args>>::call_once::h69aa08ddb6adb8b6
[INFO] [stdout]                                at /rustc/df4ca44d3fbc9301ee17f30f4d474e6ae4b05252/library/alloc/src/boxed.rs:2454:9
[INFO] [stdout]   44:     0x5dfe9c7396ab - <alloc::boxed::Box<F,A> as core::ops::function::FnOnce<Args>>::call_once::h5aa36efdb79c806f
[INFO] [stdout]                                at /rustc/df4ca44d3fbc9301ee17f30f4d474e6ae4b05252/library/alloc/src/boxed.rs:2454:9
[INFO] [stdout]   45:     0x5dfe9c7396ab - std::sys::pal::unix::thread::Thread::new::thread_start::h6cd80a1b4be5158d
[INFO] [stdout]                                at /rustc/df4ca44d3fbc9301ee17f30f4d474e6ae4b05252/library/std/src/sys/pal/unix/thread.rs:105:17
[INFO] [stdout]   46:     0x77b196ceeac3 - <unknown>
[INFO] [stdout]   47:     0x77b196d7fa04 - clone
[INFO] [stdout]   48:                0x0 - <unknown>
[INFO] [stdout] 
[INFO] [stdout] 
[INFO] [stdout] failures:
[INFO] [stdout]     lstrip_tokens
[INFO] [stdout]     overlapping_tokens
[INFO] [stdout]     rstrip_tokens
[INFO] [stdout]     single_word_tokens
[INFO] [stdout] 
[INFO] [stdout] test result: FAILED. 1 passed; 4 failed; 0 ignored; 0 measured; 0 filtered out; finished in 0.05s
[INFO] [stdout] 
[INFO] [stderr] error: test failed, to rerun pass `--test added_tokens`
[INFO] running `Command { std: "docker" "inspect" "0b20907378cb25fcb1d9eab25e316e15b1693cbef2e2fe1f3548c04f7ee322c2", kill_on_drop: false }`
[INFO] running `Command { std: "docker" "rm" "-f" "0b20907378cb25fcb1d9eab25e316e15b1693cbef2e2fe1f3548c04f7ee322c2", kill_on_drop: false }`
[INFO] [stdout] 0b20907378cb25fcb1d9eab25e316e15b1693cbef2e2fe1f3548c04f7ee322c2
