[INFO] fetching crate todc-net 0.1.0...
[INFO] testing todc-net-0.1.0 against nightly-2024-10-28 for randomize-layout
[INFO] extracting crate todc-net 0.1.0 into /workspace/builds/worker-4-tc1/source
[INFO] validating manifest of crates.io crate todc-net 0.1.0 on toolchain nightly-2024-10-28
[INFO] running `Command { std: CARGO_HOME="/workspace/cargo-home" RUSTUP_HOME="/workspace/rustup-home" "/workspace/cargo-home/bin/cargo" "+nightly-2024-10-28" "metadata" "--manifest-path" "Cargo.toml" "--no-deps", kill_on_drop: false }`
[INFO] started tweaking crates.io crate todc-net 0.1.0
[INFO] finished tweaking crates.io crate todc-net 0.1.0
[INFO] tweaked toml for crates.io crate todc-net 0.1.0 written to /workspace/builds/worker-4-tc1/source/Cargo.toml
[INFO] running `Command { std: CARGO_HOME="/workspace/cargo-home" RUSTUP_HOME="/workspace/rustup-home" "/workspace/cargo-home/bin/cargo" "+nightly-2024-10-28" "generate-lockfile" "--manifest-path" "Cargo.toml", kill_on_drop: false }`
[INFO] [stderr]     Updating crates.io index
[INFO] [stderr]      Locking 116 packages to latest compatible versions
[INFO] [stderr]       Adding turmoil v0.5.8 (available: v0.6.4)
[INFO] running `Command { std: CARGO_HOME="/workspace/cargo-home" RUSTUP_HOME="/workspace/rustup-home" "/workspace/cargo-home/bin/cargo" "+nightly-2024-10-28" "fetch" "--manifest-path" "Cargo.toml", kill_on_drop: false }`
[INFO] [stderr]  Downloading crates ...
[INFO] [stderr]   Downloaded turmoil v0.5.8
[INFO] running `Command { std: "docker" "create" "-v" "/var/lib/crater-agent-workspace/builds/worker-4-tc1/target:/opt/rustwide/target:rw,Z" "-v" "/var/lib/crater-agent-workspace/builds/worker-4-tc1/source:/opt/rustwide/workdir:ro,Z" "-v" "/var/lib/crater-agent-workspace/cargo-home:/opt/rustwide/cargo-home:ro,Z" "-v" "/var/lib/crater-agent-workspace/rustup-home:/opt/rustwide/rustup-home:ro,Z" "-e" "SOURCE_DIR=/opt/rustwide/workdir" "-e" "CARGO_TARGET_DIR=/opt/rustwide/target" "-e" "CARGO_HOME=/opt/rustwide/cargo-home" "-e" "RUSTUP_HOME=/opt/rustwide/rustup-home" "-w" "/opt/rustwide/workdir" "-m" "1610612736" "--user" "0:0" "--network" "none" "ghcr.io/rust-lang/crates-build-env/linux@sha256:4a844ea9eb2546a2d2c7022eacef16ef2e8229c7fbb2c7d4d55a9ceca922f72d" "/opt/rustwide/cargo-home/bin/cargo" "+nightly-2024-10-28" "metadata" "--no-deps" "--format-version=1", kill_on_drop: false }`
[INFO] [stdout] 1bc4a48873480182fc98c83698e9e489edb54c05574ce152d2d928c7c724bddf
[INFO] running `Command { std: "docker" "start" "-a" "1bc4a48873480182fc98c83698e9e489edb54c05574ce152d2d928c7c724bddf", kill_on_drop: false }`
[INFO] running `Command { std: "docker" "inspect" "1bc4a48873480182fc98c83698e9e489edb54c05574ce152d2d928c7c724bddf", kill_on_drop: false }`
[INFO] running `Command { std: "docker" "rm" "-f" "1bc4a48873480182fc98c83698e9e489edb54c05574ce152d2d928c7c724bddf", kill_on_drop: false }`
[INFO] [stdout] 1bc4a48873480182fc98c83698e9e489edb54c05574ce152d2d928c7c724bddf
[INFO] running `Command { std: "docker" "create" "-v" "/var/lib/crater-agent-workspace/builds/worker-4-tc1/target:/opt/rustwide/target:rw,Z" "-v" "/var/lib/crater-agent-workspace/builds/worker-4-tc1/source:/opt/rustwide/workdir:ro,Z" "-v" "/var/lib/crater-agent-workspace/cargo-home:/opt/rustwide/cargo-home:ro,Z" "-v" "/var/lib/crater-agent-workspace/rustup-home:/opt/rustwide/rustup-home:ro,Z" "-e" "SOURCE_DIR=/opt/rustwide/workdir" "-e" "CARGO_TARGET_DIR=/opt/rustwide/target" "-e" "CARGO_INCREMENTAL=0" "-e" "RUST_BACKTRACE=full" "-e" "RUSTFLAGS=--cap-lints=forbid" "-e" "RUSTDOCFLAGS=--cap-lints=forbid" "-e" "CARGO_HOME=/opt/rustwide/cargo-home" "-e" "RUSTUP_HOME=/opt/rustwide/rustup-home" "-w" "/opt/rustwide/workdir" "-m" "1610612736" "--user" "0:0" "--network" "none" "ghcr.io/rust-lang/crates-build-env/linux@sha256:4a844ea9eb2546a2d2c7022eacef16ef2e8229c7fbb2c7d4d55a9ceca922f72d" "/opt/rustwide/cargo-home/bin/cargo" "+nightly-2024-10-28" "build" "--frozen" "--message-format=json", kill_on_drop: false }`
[INFO] [stdout] 89b00e610dcd614f29ab331c6d75b666863b10ed9f63d7bdcc4b336b1140da19
[INFO] running `Command { std: "docker" "start" "-a" "89b00e610dcd614f29ab331c6d75b666863b10ed9f63d7bdcc4b336b1140da19", kill_on_drop: false }`
[INFO] [stderr]    Compiling bytes v1.8.0
[INFO] [stderr]    Compiling smallvec v1.13.2
[INFO] [stderr]    Compiling hashbrown v0.15.0
[INFO] [stderr]    Compiling futures-sink v0.3.31
[INFO] [stderr]    Compiling equivalent v1.0.1
[INFO] [stderr]    Compiling futures-task v0.3.31
[INFO] [stderr]    Compiling try-lock v0.2.5
[INFO] [stderr]    Compiling syn v2.0.86
[INFO] [stderr]    Compiling mio v1.0.2
[INFO] [stderr]    Compiling signal-hook-registry v1.4.2
[INFO] [stderr]    Compiling socket2 v0.5.7
[INFO] [stderr]    Compiling tracing v0.1.40
[INFO] [stderr]    Compiling futures-channel v0.3.31
[INFO] [stderr]    Compiling httpdate v1.0.3
[INFO] [stderr]    Compiling want v0.3.1
[INFO] [stderr]    Compiling futures-util v0.3.31
[INFO] [stderr]    Compiling parking_lot_core v0.9.10
[INFO] [stderr]    Compiling parking_lot v0.12.3
[INFO] [stderr]    Compiling http v1.1.0
[INFO] [stderr]    Compiling indexmap v2.6.0
[INFO] [stderr]    Compiling http-body v1.0.1
[INFO] [stderr]    Compiling http-body-util v0.1.2
[INFO] [stderr]    Compiling tokio-macros v2.4.0
[INFO] [stderr]    Compiling serde_derive v1.0.214
[INFO] [stderr]    Compiling pin-project-internal v1.1.7
[INFO] [stderr]    Compiling tokio v1.41.0
[INFO] [stderr]    Compiling pin-project v1.1.7
[INFO] [stderr]    Compiling serde v1.0.214
[INFO] [stderr]    Compiling tokio-util v0.7.12
[INFO] [stderr]    Compiling serde_json v1.0.132
[INFO] [stderr]    Compiling h2 v0.4.6
[INFO] [stderr]    Compiling hyper v1.5.0
[INFO] [stderr]    Compiling todc-net v0.1.0 (/opt/rustwide/workdir)
[INFO] [stderr]     Finished `dev` profile [unoptimized + debuginfo] target(s) in 9.55s
[INFO] running `Command { std: "docker" "inspect" "89b00e610dcd614f29ab331c6d75b666863b10ed9f63d7bdcc4b336b1140da19", kill_on_drop: false }`
[INFO] running `Command { std: "docker" "rm" "-f" "89b00e610dcd614f29ab331c6d75b666863b10ed9f63d7bdcc4b336b1140da19", kill_on_drop: false }`
[INFO] [stdout] 89b00e610dcd614f29ab331c6d75b666863b10ed9f63d7bdcc4b336b1140da19
[INFO] running `Command { std: "docker" "create" "-v" "/var/lib/crater-agent-workspace/builds/worker-4-tc1/target:/opt/rustwide/target:rw,Z" "-v" "/var/lib/crater-agent-workspace/builds/worker-4-tc1/source:/opt/rustwide/workdir:ro,Z" "-v" "/var/lib/crater-agent-workspace/cargo-home:/opt/rustwide/cargo-home:ro,Z" "-v" "/var/lib/crater-agent-workspace/rustup-home:/opt/rustwide/rustup-home:ro,Z" "-e" "SOURCE_DIR=/opt/rustwide/workdir" "-e" "CARGO_TARGET_DIR=/opt/rustwide/target" "-e" "CARGO_INCREMENTAL=0" "-e" "RUST_BACKTRACE=full" "-e" "RUSTFLAGS=--cap-lints=forbid" "-e" "RUSTDOCFLAGS=--cap-lints=forbid" "-e" "CARGO_HOME=/opt/rustwide/cargo-home" "-e" "RUSTUP_HOME=/opt/rustwide/rustup-home" "-w" "/opt/rustwide/workdir" "-m" "1610612736" "--user" "0:0" "--network" "none" "ghcr.io/rust-lang/crates-build-env/linux@sha256:4a844ea9eb2546a2d2c7022eacef16ef2e8229c7fbb2c7d4d55a9ceca922f72d" "/opt/rustwide/cargo-home/bin/cargo" "+nightly-2024-10-28" "test" "--frozen" "--no-run" "--message-format=json", kill_on_drop: false }`
[INFO] [stdout] 710f214c2cf7fe00ecd1b044d7619e7babb16dcc07bd8a4c5d50698eaa2d68ba
[INFO] running `Command { std: "docker" "start" "-a" "710f214c2cf7fe00ecd1b044d7619e7babb16dcc07bd8a4c5d50698eaa2d68ba", kill_on_drop: false }`
[INFO] [stderr]    Compiling tracing-core v0.1.32
[INFO] [stderr]    Compiling futures-channel v0.3.31
[INFO] [stderr]    Compiling byteorder v1.5.0
[INFO] [stderr]    Compiling libm v0.2.11
[INFO] [stderr]    Compiling num-traits v0.2.19
[INFO] [stderr]    Compiling regex-syntax v0.8.5
[INFO] [stderr]    Compiling regex-automata v0.1.10
[INFO] [stderr]    Compiling indexmap v1.9.3
[INFO] [stderr]    Compiling tokio-macros v2.4.0
[INFO] [stderr]    Compiling zerocopy-derive v0.7.35
[INFO] [stderr]    Compiling async-stream-impl v0.3.6
[INFO] [stderr]    Compiling log v0.4.22
[INFO] [stderr]    Compiling overload v0.1.1
[INFO] [stderr]    Compiling sharded-slab v0.1.7
[INFO] [stderr]    Compiling serde v1.0.214
[INFO] [stderr]    Compiling pin-project-internal v1.1.7
[INFO] [stderr]    Compiling nu-ansi-term v0.46.0
[INFO] [stderr]    Compiling thread_local v1.1.8
[INFO] [stderr]    Compiling futures-util v0.3.31
[INFO] [stderr]    Compiling scoped-tls v1.0.1
[INFO] [stderr]    Compiling tracing v0.1.40
[INFO] [stderr]    Compiling tracing-log v0.2.0
[INFO] [stderr]    Compiling async-stream v0.3.6
[INFO] [stderr]    Compiling tokio v1.41.0
[INFO] [stderr]    Compiling zerocopy v0.7.35
[INFO] [stderr]    Compiling matchers v0.1.0
[INFO] [stderr]    Compiling pin-project v1.1.7
[INFO] [stderr]    Compiling ppv-lite86 v0.2.20
[INFO] [stderr]    Compiling regex-automata v0.4.8
[INFO] [stderr]    Compiling rand_chacha v0.3.1
[INFO] [stderr]    Compiling rand v0.8.5
[INFO] [stderr]    Compiling rand_distr v0.4.3
[INFO] [stderr]    Compiling serde_json v1.0.132
[INFO] [stderr]    Compiling regex v1.11.1
[INFO] [stderr]    Compiling futures-executor v0.3.31
[INFO] [stderr]    Compiling http-body-util v0.1.2
[INFO] [stderr]    Compiling futures v0.3.31
[INFO] [stderr]    Compiling tracing-subscriber v0.3.18
[INFO] [stderr]    Compiling tokio-util v0.7.12
[INFO] [stderr]    Compiling tokio-stream v0.1.16
[INFO] [stderr]    Compiling tokio-test v0.4.4
[INFO] [stderr]    Compiling h2 v0.4.6
[INFO] [stderr]    Compiling turmoil v0.5.8
[INFO] [stderr]    Compiling hyper v1.5.0
[INFO] [stderr]    Compiling todc-net v0.1.0 (/opt/rustwide/workdir)
[INFO] [stderr]     Finished `test` profile [unoptimized + debuginfo] target(s) in 8.54s
[INFO] running `Command { std: "docker" "inspect" "710f214c2cf7fe00ecd1b044d7619e7babb16dcc07bd8a4c5d50698eaa2d68ba", kill_on_drop: false }`
[INFO] running `Command { std: "docker" "rm" "-f" "710f214c2cf7fe00ecd1b044d7619e7babb16dcc07bd8a4c5d50698eaa2d68ba", kill_on_drop: false }`
[INFO] [stdout] 710f214c2cf7fe00ecd1b044d7619e7babb16dcc07bd8a4c5d50698eaa2d68ba
[INFO] running `Command { std: "docker" "create" "-v" "/var/lib/crater-agent-workspace/builds/worker-4-tc1/target:/opt/rustwide/target:rw,Z" "-v" "/var/lib/crater-agent-workspace/builds/worker-4-tc1/source:/opt/rustwide/workdir:ro,Z" "-v" "/var/lib/crater-agent-workspace/cargo-home:/opt/rustwide/cargo-home:ro,Z" "-v" "/var/lib/crater-agent-workspace/rustup-home:/opt/rustwide/rustup-home:ro,Z" "-e" "SOURCE_DIR=/opt/rustwide/workdir" "-e" "CARGO_TARGET_DIR=/opt/rustwide/target" "-e" "CARGO_INCREMENTAL=0" "-e" "RUST_BACKTRACE=full" "-e" "RUSTFLAGS=--cap-lints=forbid" "-e" "RUSTDOCFLAGS=--cap-lints=forbid" "-e" "CARGO_HOME=/opt/rustwide/cargo-home" "-e" "RUSTUP_HOME=/opt/rustwide/rustup-home" "-w" "/opt/rustwide/workdir" "-m" "1610612736" "--user" "0:0" "--network" "none" "ghcr.io/rust-lang/crates-build-env/linux@sha256:4a844ea9eb2546a2d2c7022eacef16ef2e8229c7fbb2c7d4d55a9ceca922f72d" "/opt/rustwide/cargo-home/bin/cargo" "+nightly-2024-10-28" "test" "--frozen", kill_on_drop: false }`
[INFO] [stdout] 90e2b4b4314eb0ffd391cf5cd46a3e170089c552cf7a98dbf08f8e821e3fe8c2
[INFO] running `Command { std: "docker" "start" "-a" "90e2b4b4314eb0ffd391cf5cd46a3e170089c552cf7a98dbf08f8e821e3fe8c2", kill_on_drop: false }`
[INFO] [stderr]     Finished `test` profile [unoptimized + debuginfo] target(s) in 0.07s
[INFO] [stderr]      Running unittests src/lib.rs (/opt/rustwide/target/debug/deps/todc_net-720665a5eea512dc)
[INFO] [stdout] 
[INFO] [stdout] running 10 tests
[INFO] [stdout] test register::abd_95::tests::atomic_register::neighbor_urls::appends_local_suffix ... ok
[INFO] [stdout] test register::abd_95::tests::atomic_register::update::changes_local_value_if_other_label_is_larger ... ok
[INFO] [stdout] test register::abd_95::tests::atomic_register::read::returns_value_without_label ... ok
[INFO] [stdout] test register::abd_95::tests::atomic_register::communicate::includes_own_local_value_in_response ... ok
[INFO] [stdout] test register::abd_95::tests::local_value::orders_by_label_first ... ok
[INFO] [stdout] test register::abd_95::tests::atomic_register::write::updates_local_to_new_value ... ok
[INFO] [stdout] test register::abd_95::tests::local_value::orders_by_value_if_labels_match ... ok
[INFO] [stdout] test register::abd_95::tests::atomic_register::update::leaves_local_value_alone_other_label_is_smaller ... ok
[INFO] [stdout] test register::abd_95::tests::atomic_register::write::increases_local_label_by_one ... ok
[INFO] [stdout] test register::abd_95::tests::atomic_register::update::returns_current_local_value ... ok
[INFO] [stdout] 
[INFO] [stdout] test result: ok. 10 passed; 0 failed; 0 ignored; 0 measured; 0 filtered out; finished in 0.00s
[INFO] [stdout] 
[INFO] [stderr]      Running tests/register.rs (/opt/rustwide/target/debug/deps/register-f11f4ef47aaf9f9d)
[INFO] [stdout] 
[INFO] [stdout] running 0 tests
[INFO] [stdout] 
[INFO] [stdout] test result: ok. 0 passed; 0 failed; 0 ignored; 0 measured; 0 filtered out; finished in 0.00s
[INFO] [stdout] 
[INFO] [stderr]    Doc-tests todc_net
[INFO] [stdout] 
[INFO] [stdout] running 5 tests
[INFO] [stdout] test src/register/abd_95.rs - register::abd_95 (line 99) - compile ... ok
[INFO] [stdout] test src/register/abd_95.rs - register::abd_95 (line 17) - compile ... FAILED
[INFO] [stdout] test src/register/abd_95.rs - register::abd_95::AtomicRegister<T>::new (line 187) ... ok
[INFO] [stdout] test src/register/abd_95.rs - register::abd_95::AtomicRegister<T>::read (line 282) ... ok
[INFO] [stdout] test src/register/abd_95.rs - register::abd_95::AtomicRegister<T>::write (line 313) ... ok
[INFO] [stdout] 
[INFO] [stdout] failures:
[INFO] [stdout] 
[INFO] [stdout] ---- src/register/abd_95.rs - register::abd_95 (line 17) stdout ----
[INFO] [stdout] error[E0433]: failed to resolve: use of undeclared crate or module `hyper_util`
[INFO] [stdout]   --> src/register/abd_95.rs:26:5
[INFO] [stdout]    |
[INFO] [stdout] 11 | use hyper_util::rt::TokioIo;
[INFO] [stdout]    |     ^^^^^^^^^^ use of undeclared crate or module `hyper_util`
[INFO] [stdout] 
[INFO] [stdout] error: aborting due to 1 previous error
[INFO] [stdout] 
[INFO] [stdout] For more information about this error, try `rustc --explain E0433`.
[INFO] [stdout] Couldn't compile the test.
[INFO] [stdout] 
[INFO] [stdout] failures:
[INFO] [stdout]     src/register/abd_95.rs - register::abd_95 (line 17)
[INFO] [stdout] 
[INFO] [stdout] test result: FAILED. 4 passed; 1 failed; 0 ignored; 0 measured; 0 filtered out; finished in 0.88s
[INFO] [stdout] 
[INFO] [stderr] error: doctest failed, to rerun pass `--doc`
[INFO] running `Command { std: "docker" "inspect" "90e2b4b4314eb0ffd391cf5cd46a3e170089c552cf7a98dbf08f8e821e3fe8c2", kill_on_drop: false }`
[INFO] running `Command { std: "docker" "rm" "-f" "90e2b4b4314eb0ffd391cf5cd46a3e170089c552cf7a98dbf08f8e821e3fe8c2", kill_on_drop: false }`
[INFO] [stdout] 90e2b4b4314eb0ffd391cf5cd46a3e170089c552cf7a98dbf08f8e821e3fe8c2
