[INFO] fetching crate tiny-multihash-derive 0.5.0...
[INFO] testing tiny-multihash-derive-0.5.0 against nightly-2024-10-28+rustflags=-Zrandomize-layout for randomize-layout
[INFO] extracting crate tiny-multihash-derive 0.5.0 into /workspace/builds/worker-1-tc2/source
[INFO] validating manifest of crates.io crate tiny-multihash-derive 0.5.0 on toolchain nightly-2024-10-28
[INFO] running `Command { std: CARGO_HOME="/workspace/cargo-home" RUSTUP_HOME="/workspace/rustup-home" "/workspace/cargo-home/bin/cargo" "+nightly-2024-10-28" "metadata" "--manifest-path" "Cargo.toml" "--no-deps", kill_on_drop: false }`
[INFO] started tweaking crates.io crate tiny-multihash-derive 0.5.0
[INFO] finished tweaking crates.io crate tiny-multihash-derive 0.5.0
[INFO] tweaked toml for crates.io crate tiny-multihash-derive 0.5.0 written to /workspace/builds/worker-1-tc2/source/Cargo.toml
[INFO] running `Command { std: CARGO_HOME="/workspace/cargo-home" RUSTUP_HOME="/workspace/rustup-home" "/workspace/cargo-home/bin/cargo" "+nightly-2024-10-28" "generate-lockfile" "--manifest-path" "Cargo.toml", kill_on_drop: false }`
[INFO] [stderr]     Updating crates.io index
[INFO] [stderr]      Locking 22 packages to latest compatible versions
[INFO] [stderr]       Adding pretty_assertions v0.6.1 (available: v1.4.1)
[INFO] [stderr]       Adding proc-macro-crate v0.1.5 (available: v3.2.0)
[INFO] [stderr]       Adding syn v1.0.109 (available: v2.0.86)
[INFO] [stderr]       Adding synstructure v0.12.6 (available: v0.13.1)
[INFO] running `Command { std: CARGO_HOME="/workspace/cargo-home" RUSTUP_HOME="/workspace/rustup-home" "/workspace/cargo-home/bin/cargo" "+nightly-2024-10-28" "fetch" "--manifest-path" "Cargo.toml", kill_on_drop: false }`
[INFO] running `Command { std: "docker" "create" "-v" "/var/lib/crater-agent-workspace/builds/worker-1-tc2/target:/opt/rustwide/target:rw,Z" "-v" "/var/lib/crater-agent-workspace/builds/worker-1-tc2/source:/opt/rustwide/workdir:ro,Z" "-v" "/var/lib/crater-agent-workspace/cargo-home:/opt/rustwide/cargo-home:ro,Z" "-v" "/var/lib/crater-agent-workspace/rustup-home:/opt/rustwide/rustup-home:ro,Z" "-e" "SOURCE_DIR=/opt/rustwide/workdir" "-e" "CARGO_TARGET_DIR=/opt/rustwide/target" "-e" "CARGO_HOME=/opt/rustwide/cargo-home" "-e" "RUSTUP_HOME=/opt/rustwide/rustup-home" "-w" "/opt/rustwide/workdir" "-m" "1610612736" "--user" "0:0" "--network" "none" "ghcr.io/rust-lang/crates-build-env/linux@sha256:4a844ea9eb2546a2d2c7022eacef16ef2e8229c7fbb2c7d4d55a9ceca922f72d" "/opt/rustwide/cargo-home/bin/cargo" "+nightly-2024-10-28" "metadata" "--no-deps" "--format-version=1", kill_on_drop: false }`
[INFO] [stdout] 4975be1ec6a6387b0ed93b650ad00506d9c2d6dd598a74f5bb7d0f075a619d66
[INFO] running `Command { std: "docker" "start" "-a" "4975be1ec6a6387b0ed93b650ad00506d9c2d6dd598a74f5bb7d0f075a619d66", kill_on_drop: false }`
[INFO] running `Command { std: "docker" "inspect" "4975be1ec6a6387b0ed93b650ad00506d9c2d6dd598a74f5bb7d0f075a619d66", kill_on_drop: false }`
[INFO] running `Command { std: "docker" "rm" "-f" "4975be1ec6a6387b0ed93b650ad00506d9c2d6dd598a74f5bb7d0f075a619d66", kill_on_drop: false }`
[INFO] [stdout] 4975be1ec6a6387b0ed93b650ad00506d9c2d6dd598a74f5bb7d0f075a619d66
[INFO] running `Command { std: "docker" "create" "-v" "/var/lib/crater-agent-workspace/builds/worker-1-tc2/target:/opt/rustwide/target:rw,Z" "-v" "/var/lib/crater-agent-workspace/builds/worker-1-tc2/source:/opt/rustwide/workdir:ro,Z" "-v" "/var/lib/crater-agent-workspace/cargo-home:/opt/rustwide/cargo-home:ro,Z" "-v" "/var/lib/crater-agent-workspace/rustup-home:/opt/rustwide/rustup-home:ro,Z" "-e" "SOURCE_DIR=/opt/rustwide/workdir" "-e" "CARGO_TARGET_DIR=/opt/rustwide/target" "-e" "CARGO_INCREMENTAL=0" "-e" "RUST_BACKTRACE=full" "-e" "RUSTFLAGS=--cap-lints=forbid -Zrandomize-layout" "-e" "RUSTDOCFLAGS=--cap-lints=forbid" "-e" "CARGO_HOME=/opt/rustwide/cargo-home" "-e" "RUSTUP_HOME=/opt/rustwide/rustup-home" "-w" "/opt/rustwide/workdir" "-m" "1610612736" "--user" "0:0" "--network" "none" "ghcr.io/rust-lang/crates-build-env/linux@sha256:4a844ea9eb2546a2d2c7022eacef16ef2e8229c7fbb2c7d4d55a9ceca922f72d" "/opt/rustwide/cargo-home/bin/cargo" "+nightly-2024-10-28" "build" "--frozen" "--message-format=json", kill_on_drop: false }`
[INFO] [stdout] f63e2653b2f1c16be7ffc23ed2bf1f585246b2e8f906b6bd12cf560e6ffa92d4
[INFO] running `Command { std: "docker" "start" "-a" "f63e2653b2f1c16be7ffc23ed2bf1f585246b2e8f906b6bd12cf560e6ffa92d4", kill_on_drop: false }`
[INFO] [stderr]    Compiling proc-macro2 v1.0.89
[INFO] [stderr]    Compiling serde v1.0.214
[INFO] [stderr]    Compiling syn v1.0.109
[INFO] [stderr]    Compiling unicode-xid v0.2.6
[INFO] [stderr]    Compiling proc-macro-error-attr v1.0.4
[INFO] [stderr]    Compiling proc-macro-error v1.0.4
[INFO] [stderr]    Compiling quote v1.0.37
[INFO] [stderr]    Compiling toml v0.5.11
[INFO] [stderr]    Compiling proc-macro-crate v0.1.5
[INFO] [stderr]    Compiling synstructure v0.12.6
[INFO] [stderr]    Compiling tiny-multihash-derive v0.5.0 (/opt/rustwide/workdir)
[INFO] [stdout] warning: field `0` is never read
[INFO] [stdout]   --> src/multihash.rs:47:23
[INFO] [stdout]    |
[INFO] [stdout] 47 |     NoAllocSizeErrors(kw::no_alloc_size_errors),
[INFO] [stdout]    |     ----------------- ^^^^^^^^^^^^^^^^^^^^^^^^
[INFO] [stdout]    |     |
[INFO] [stdout]    |     field in this variant
[INFO] [stdout]    |
[INFO] [stdout]    = note: `DeriveAttr` has a derived impl for the trait `Debug`, but this is intentionally ignored during dead code analysis
[INFO] [stdout]    = note: `#[warn(dead_code)]` on by default
[INFO] [stdout] help: consider changing the field to be of unit type to suppress this warning while preserving the field numbering, or remove the field
[INFO] [stdout]    |
[INFO] [stdout] 47 |     NoAllocSizeErrors(()),
[INFO] [stdout]    |                       ~~
[INFO] [stdout] 
[INFO] [stdout] 
[INFO] [stdout] warning: field `paren` is never read
[INFO] [stdout]   --> src/utils.rs:12:9
[INFO] [stdout]    |
[INFO] [stdout] 11 | pub struct Attrs<A> {
[INFO] [stdout]    |            ----- field in this struct
[INFO] [stdout] 12 |     pub paren: syn::token::Paren,
[INFO] [stdout]    |         ^^^^^
[INFO] [stdout]    |
[INFO] [stdout]    = note: `Attrs` has a derived impl for the trait `Debug`, but this is intentionally ignored during dead code analysis
[INFO] [stdout] 
[INFO] [stdout] 
[INFO] [stdout] warning: fields `key` and `eq` are never read
[INFO] [stdout]   --> src/utils.rs:27:9
[INFO] [stdout]    |
[INFO] [stdout] 26 | pub struct Attr<K, V> {
[INFO] [stdout]    |            ---- fields in this struct
[INFO] [stdout] 27 |     pub key: K,
[INFO] [stdout]    |         ^^^
[INFO] [stdout] 28 |     pub eq: syn::token::Eq,
[INFO] [stdout]    |         ^^
[INFO] [stdout]    |
[INFO] [stdout]    = note: `Attr` has a derived impl for the trait `Debug`, but this is intentionally ignored during dead code analysis
[INFO] [stdout] 
[INFO] [stdout] 
[INFO] [stderr]     Finished `dev` profile [unoptimized + debuginfo] target(s) in 4.66s
[INFO] running `Command { std: "docker" "inspect" "f63e2653b2f1c16be7ffc23ed2bf1f585246b2e8f906b6bd12cf560e6ffa92d4", kill_on_drop: false }`
[INFO] running `Command { std: "docker" "rm" "-f" "f63e2653b2f1c16be7ffc23ed2bf1f585246b2e8f906b6bd12cf560e6ffa92d4", kill_on_drop: false }`
[INFO] [stdout] f63e2653b2f1c16be7ffc23ed2bf1f585246b2e8f906b6bd12cf560e6ffa92d4
[INFO] running `Command { std: "docker" "create" "-v" "/var/lib/crater-agent-workspace/builds/worker-1-tc2/target:/opt/rustwide/target:rw,Z" "-v" "/var/lib/crater-agent-workspace/builds/worker-1-tc2/source:/opt/rustwide/workdir:ro,Z" "-v" "/var/lib/crater-agent-workspace/cargo-home:/opt/rustwide/cargo-home:ro,Z" "-v" "/var/lib/crater-agent-workspace/rustup-home:/opt/rustwide/rustup-home:ro,Z" "-e" "SOURCE_DIR=/opt/rustwide/workdir" "-e" "CARGO_TARGET_DIR=/opt/rustwide/target" "-e" "CARGO_INCREMENTAL=0" "-e" "RUST_BACKTRACE=full" "-e" "RUSTFLAGS=--cap-lints=forbid -Zrandomize-layout" "-e" "RUSTDOCFLAGS=--cap-lints=forbid" "-e" "CARGO_HOME=/opt/rustwide/cargo-home" "-e" "RUSTUP_HOME=/opt/rustwide/rustup-home" "-w" "/opt/rustwide/workdir" "-m" "1610612736" "--user" "0:0" "--network" "none" "ghcr.io/rust-lang/crates-build-env/linux@sha256:4a844ea9eb2546a2d2c7022eacef16ef2e8229c7fbb2c7d4d55a9ceca922f72d" "/opt/rustwide/cargo-home/bin/cargo" "+nightly-2024-10-28" "test" "--frozen" "--no-run" "--message-format=json", kill_on_drop: false }`
[INFO] [stdout] 106a4d55680a3eaebc95c95a675818d92da76390054781d2e86a28b689a931cd
[INFO] running `Command { std: "docker" "start" "-a" "106a4d55680a3eaebc95c95a675818d92da76390054781d2e86a28b689a931cd", kill_on_drop: false }`
[INFO] [stderr]    Compiling difference v2.0.0
[INFO] [stderr]    Compiling ansi_term v0.11.0
[INFO] [stderr]    Compiling tiny-multihash-derive v0.5.0 (/opt/rustwide/workdir)
[INFO] [stderr]    Compiling pretty_assertions v0.6.1
[INFO] [stdout] warning: field `0` is never read
[INFO] [stdout]   --> src/multihash.rs:47:23
[INFO] [stdout]    |
[INFO] [stdout] 47 |     NoAllocSizeErrors(kw::no_alloc_size_errors),
[INFO] [stdout]    |     ----------------- ^^^^^^^^^^^^^^^^^^^^^^^^
[INFO] [stdout]    |     |
[INFO] [stdout]    |     field in this variant
[INFO] [stdout]    |
[INFO] [stdout]    = note: `DeriveAttr` has a derived impl for the trait `Debug`, but this is intentionally ignored during dead code analysis
[INFO] [stdout]    = note: `#[warn(dead_code)]` on by default
[INFO] [stdout] help: consider changing the field to be of unit type to suppress this warning while preserving the field numbering, or remove the field
[INFO] [stdout]    |
[INFO] [stdout] 47 |     NoAllocSizeErrors(()),
[INFO] [stdout]    |                       ~~
[INFO] [stdout] 
[INFO] [stdout] 
[INFO] [stdout] warning: field `paren` is never read
[INFO] [stdout]   --> src/utils.rs:12:9
[INFO] [stdout]    |
[INFO] [stdout] 11 | pub struct Attrs<A> {
[INFO] [stdout]    |            ----- field in this struct
[INFO] [stdout] 12 |     pub paren: syn::token::Paren,
[INFO] [stdout]    |         ^^^^^
[INFO] [stdout]    |
[INFO] [stdout]    = note: `Attrs` has a derived impl for the trait `Debug`, but this is intentionally ignored during dead code analysis
[INFO] [stdout] 
[INFO] [stdout] 
[INFO] [stdout] warning: fields `key` and `eq` are never read
[INFO] [stdout]   --> src/utils.rs:27:9
[INFO] [stdout]    |
[INFO] [stdout] 26 | pub struct Attr<K, V> {
[INFO] [stdout]    |            ---- fields in this struct
[INFO] [stdout] 27 |     pub key: K,
[INFO] [stdout]    |         ^^^
[INFO] [stdout] 28 |     pub eq: syn::token::Eq,
[INFO] [stdout]    |         ^^
[INFO] [stdout]    |
[INFO] [stdout]    = note: `Attr` has a derived impl for the trait `Debug`, but this is intentionally ignored during dead code analysis
[INFO] [stdout] 
[INFO] [stdout] 
[INFO] [stdout] warning: field `0` is never read
[INFO] [stdout]   --> src/multihash.rs:47:23
[INFO] [stdout]    |
[INFO] [stdout] 47 |     NoAllocSizeErrors(kw::no_alloc_size_errors),
[INFO] [stdout]    |     ----------------- ^^^^^^^^^^^^^^^^^^^^^^^^
[INFO] [stdout]    |     |
[INFO] [stdout]    |     field in this variant
[INFO] [stdout]    |
[INFO] [stdout]    = note: `DeriveAttr` has a derived impl for the trait `Debug`, but this is intentionally ignored during dead code analysis
[INFO] [stdout]    = note: `#[warn(dead_code)]` on by default
[INFO] [stdout] help: consider changing the field to be of unit type to suppress this warning while preserving the field numbering, or remove the field
[INFO] [stdout]    |
[INFO] [stdout] 47 |     NoAllocSizeErrors(()),
[INFO] [stdout]    |                       ~~
[INFO] [stdout] 
[INFO] [stdout] 
[INFO] [stdout] warning: field `0` is never read
[INFO] [stdout]    --> src/multihash.rs:229:19
[INFO] [stdout]     |
[INFO] [stdout] 229 | struct ParseError(proc_macro2::Span);
[INFO] [stdout]     |        ---------- ^^^^^^^^^^^^^^^^^
[INFO] [stdout]     |        |
[INFO] [stdout]     |        field in this struct
[INFO] [stdout]     |
[INFO] [stdout]     = help: consider removing this field
[INFO] [stdout]     = note: `ParseError` has a derived impl for the trait `Debug`, but this is intentionally ignored during dead code analysis
[INFO] [stdout] 
[INFO] [stdout] 
[INFO] [stdout] warning: field `paren` is never read
[INFO] [stdout]   --> src/utils.rs:12:9
[INFO] [stdout]    |
[INFO] [stdout] 11 | pub struct Attrs<A> {
[INFO] [stdout]    |            ----- field in this struct
[INFO] [stdout] 12 |     pub paren: syn::token::Paren,
[INFO] [stdout]    |         ^^^^^
[INFO] [stdout]    |
[INFO] [stdout]    = note: `Attrs` has a derived impl for the trait `Debug`, but this is intentionally ignored during dead code analysis
[INFO] [stdout] 
[INFO] [stdout] 
[INFO] [stdout] warning: fields `key` and `eq` are never read
[INFO] [stdout]   --> src/utils.rs:27:9
[INFO] [stdout]    |
[INFO] [stdout] 26 | pub struct Attr<K, V> {
[INFO] [stdout]    |            ---- fields in this struct
[INFO] [stdout] 27 |     pub key: K,
[INFO] [stdout]    |         ^^^
[INFO] [stdout] 28 |     pub eq: syn::token::Eq,
[INFO] [stdout]    |         ^^
[INFO] [stdout]    |
[INFO] [stdout]    = note: `Attr` has a derived impl for the trait `Debug`, but this is intentionally ignored during dead code analysis
[INFO] [stdout] 
[INFO] [stdout] 
[INFO] [stdout] warning: panic message is not a string literal
[INFO] [stdout]    --> src/multihash.rs:136:20
[INFO] [stdout]     |
[INFO] [stdout] 136 |             panic!(msg);
[INFO] [stdout]     |                    ^^^
[INFO] [stdout]     |
[INFO] [stdout]     = note: this usage of `panic!()` is deprecated; it will be a hard error in Rust 2021
[INFO] [stdout]     = note: for more information, see <https://doc.rust-lang.org/nightly/edition-guide/rust-2021/panic-macro-consistency.html>
[INFO] [stdout]     = note: `#[warn(non_fmt_panics)]` on by default
[INFO] [stdout] help: add a "{}" format string to `Display` the message
[INFO] [stdout]     |
[INFO] [stdout] 136 |             panic!("{}", msg);
[INFO] [stdout]     |                    +++++
[INFO] [stdout] 
[INFO] [stdout] 
[INFO] [stdout] warning: panic message is not a string literal
[INFO] [stdout]    --> src/multihash.rs:143:20
[INFO] [stdout]     |
[INFO] [stdout] 143 |             panic!(msg);
[INFO] [stdout]     |                    ^^^
[INFO] [stdout]     |
[INFO] [stdout]     = note: this usage of `panic!()` is deprecated; it will be a hard error in Rust 2021
[INFO] [stdout]     = note: for more information, see <https://doc.rust-lang.org/nightly/edition-guide/rust-2021/panic-macro-consistency.html>
[INFO] [stdout] help: add a "{}" format string to `Display` the message
[INFO] [stdout]     |
[INFO] [stdout] 143 |             panic!("{}", msg);
[INFO] [stdout]     |                    +++++
[INFO] [stdout] 
[INFO] [stdout] 
[INFO] [stdout] warning: panic message is not a string literal
[INFO] [stdout]    --> src/multihash.rs:150:20
[INFO] [stdout]     |
[INFO] [stdout] 150 |             panic!(msg);
[INFO] [stdout]     |                    ^^^
[INFO] [stdout]     |
[INFO] [stdout]     = note: this usage of `panic!()` is deprecated; it will be a hard error in Rust 2021
[INFO] [stdout]     = note: for more information, see <https://doc.rust-lang.org/nightly/edition-guide/rust-2021/panic-macro-consistency.html>
[INFO] [stdout] help: add a "{}" format string to `Display` the message
[INFO] [stdout]     |
[INFO] [stdout] 150 |             panic!("{}", msg);
[INFO] [stdout]     |                    +++++
[INFO] [stdout] 
[INFO] [stdout] 
[INFO] [stdout] warning: panic message is not a string literal
[INFO] [stdout]    --> src/multihash.rs:188:20
[INFO] [stdout]     |
[INFO] [stdout] 188 |             panic!(msg);
[INFO] [stdout]     |                    ^^^
[INFO] [stdout]     |
[INFO] [stdout]     = note: this usage of `panic!()` is deprecated; it will be a hard error in Rust 2021
[INFO] [stdout]     = note: for more information, see <https://doc.rust-lang.org/nightly/edition-guide/rust-2021/panic-macro-consistency.html>
[INFO] [stdout] help: add a "{}" format string to `Display` the message
[INFO] [stdout]     |
[INFO] [stdout] 188 |             panic!("{}", msg);
[INFO] [stdout]     |                    +++++
[INFO] [stdout] 
[INFO] [stdout] 
[INFO] [stdout] warning: panic message is not a string literal
[INFO] [stdout]    --> src/multihash.rs:213:20
[INFO] [stdout]     |
[INFO] [stdout] 213 |             panic!(msg);
[INFO] [stdout]     |                    ^^^
[INFO] [stdout]     |
[INFO] [stdout]     = note: this usage of `panic!()` is deprecated; it will be a hard error in Rust 2021
[INFO] [stdout]     = note: for more information, see <https://doc.rust-lang.org/nightly/edition-guide/rust-2021/panic-macro-consistency.html>
[INFO] [stdout] help: add a "{}" format string to `Display` the message
[INFO] [stdout]     |
[INFO] [stdout] 213 |             panic!("{}", msg);
[INFO] [stdout]     |                    +++++
[INFO] [stdout] 
[INFO] [stdout] 
[INFO] [stdout] warning: panic message is not a string literal
[INFO] [stdout]    --> src/multihash.rs:259:16
[INFO] [stdout]     |
[INFO] [stdout] 259 |         panic!(msg);
[INFO] [stdout]     |                ^^^
[INFO] [stdout]     |
[INFO] [stdout]     = note: this usage of `panic!()` is deprecated; it will be a hard error in Rust 2021
[INFO] [stdout]     = note: for more information, see <https://doc.rust-lang.org/nightly/edition-guide/rust-2021/panic-macro-consistency.html>
[INFO] [stdout] help: add a "{}" format string to `Display` the message
[INFO] [stdout]     |
[INFO] [stdout] 259 |         panic!("{}", msg);
[INFO] [stdout]     |                +++++
[INFO] [stdout] 
[INFO] [stdout] 
[INFO] [stdout] warning: panic message is not a string literal
[INFO] [stdout]    --> src/multihash.rs:283:48
[INFO] [stdout]     |
[INFO] [stdout] 283 | ...                   panic!(msg);
[INFO] [stdout]     |                              ^^^
[INFO] [stdout]     |
[INFO] [stdout]     = note: this usage of `panic!()` is deprecated; it will be a hard error in Rust 2021
[INFO] [stdout]     = note: for more information, see <https://doc.rust-lang.org/nightly/edition-guide/rust-2021/panic-macro-consistency.html>
[INFO] [stdout] help: add a "{}" format string to `Display` the message
[INFO] [stdout]     |
[INFO] [stdout] 283 |                                         panic!("{}", msg);
[INFO] [stdout]     |                                                +++++
[INFO] [stdout] 
[INFO] [stdout] 
[INFO] [stdout] warning: panic message is not a string literal
[INFO] [stdout]    --> src/multihash.rs:310:16
[INFO] [stdout]     |
[INFO] [stdout] 310 |         panic!(msg);
[INFO] [stdout]     |                ^^^
[INFO] [stdout]     |
[INFO] [stdout]     = note: this usage of `panic!()` is deprecated; it will be a hard error in Rust 2021
[INFO] [stdout]     = note: for more information, see <https://doc.rust-lang.org/nightly/edition-guide/rust-2021/panic-macro-consistency.html>
[INFO] [stdout] help: add a "{}" format string to `Display` the message
[INFO] [stdout]     |
[INFO] [stdout] 310 |         panic!("{}", msg);
[INFO] [stdout]     |                +++++
[INFO] [stdout] 
[INFO] [stdout] 
[INFO] [stderr]     Finished `test` profile [unoptimized + debuginfo] target(s) in 0.82s
[INFO] running `Command { std: "docker" "inspect" "106a4d55680a3eaebc95c95a675818d92da76390054781d2e86a28b689a931cd", kill_on_drop: false }`
[INFO] running `Command { std: "docker" "rm" "-f" "106a4d55680a3eaebc95c95a675818d92da76390054781d2e86a28b689a931cd", kill_on_drop: false }`
[INFO] [stdout] 106a4d55680a3eaebc95c95a675818d92da76390054781d2e86a28b689a931cd
[INFO] running `Command { std: "docker" "create" "-v" "/var/lib/crater-agent-workspace/builds/worker-1-tc2/target:/opt/rustwide/target:rw,Z" "-v" "/var/lib/crater-agent-workspace/builds/worker-1-tc2/source:/opt/rustwide/workdir:ro,Z" "-v" "/var/lib/crater-agent-workspace/cargo-home:/opt/rustwide/cargo-home:ro,Z" "-v" "/var/lib/crater-agent-workspace/rustup-home:/opt/rustwide/rustup-home:ro,Z" "-e" "SOURCE_DIR=/opt/rustwide/workdir" "-e" "CARGO_TARGET_DIR=/opt/rustwide/target" "-e" "CARGO_INCREMENTAL=0" "-e" "RUST_BACKTRACE=full" "-e" "RUSTFLAGS=--cap-lints=forbid -Zrandomize-layout" "-e" "RUSTDOCFLAGS=--cap-lints=forbid" "-e" "CARGO_HOME=/opt/rustwide/cargo-home" "-e" "RUSTUP_HOME=/opt/rustwide/rustup-home" "-w" "/opt/rustwide/workdir" "-m" "1610612736" "--user" "0:0" "--network" "none" "ghcr.io/rust-lang/crates-build-env/linux@sha256:4a844ea9eb2546a2d2c7022eacef16ef2e8229c7fbb2c7d4d55a9ceca922f72d" "/opt/rustwide/cargo-home/bin/cargo" "+nightly-2024-10-28" "test" "--frozen", kill_on_drop: false }`
[INFO] [stdout] b2a6b6b1a8174283c21bf0d0fdb88183609f22ce54a33caebddacd3cde393cdf
[INFO] running `Command { std: "docker" "start" "-a" "b2a6b6b1a8174283c21bf0d0fdb88183609f22ce54a33caebddacd3cde393cdf", kill_on_drop: false }`
[INFO] [stderr] warning: field `0` is never read
[INFO] [stderr]   --> src/multihash.rs:47:23
[INFO] [stderr]    |
[INFO] [stderr] 47 |     NoAllocSizeErrors(kw::no_alloc_size_errors),
[INFO] [stderr]    |     ----------------- ^^^^^^^^^^^^^^^^^^^^^^^^
[INFO] [stderr]    |     |
[INFO] [stderr]    |     field in this variant
[INFO] [stderr]    |
[INFO] [stderr]    = note: `DeriveAttr` has a derived impl for the trait `Debug`, but this is intentionally ignored during dead code analysis
[INFO] [stderr]    = note: `#[warn(dead_code)]` on by default
[INFO] [stderr] help: consider changing the field to be of unit type to suppress this warning while preserving the field numbering, or remove the field
[INFO] [stderr]    |
[INFO] [stderr] 47 |     NoAllocSizeErrors(()),
[INFO] [stderr]    |                       ~~
[INFO] [stderr] 
[INFO] [stderr] warning: field `paren` is never read
[INFO] [stderr]   --> src/utils.rs:12:9
[INFO] [stderr]    |
[INFO] [stderr] 11 | pub struct Attrs<A> {
[INFO] [stderr]    |            ----- field in this struct
[INFO] [stderr] 12 |     pub paren: syn::token::Paren,
[INFO] [stderr]    |         ^^^^^
[INFO] [stderr]    |
[INFO] [stderr]    = note: `Attrs` has a derived impl for the trait `Debug`, but this is intentionally ignored during dead code analysis
[INFO] [stderr] 
[INFO] [stderr] warning: fields `key` and `eq` are never read
[INFO] [stderr]   --> src/utils.rs:27:9
[INFO] [stderr]    |
[INFO] [stderr] 26 | pub struct Attr<K, V> {
[INFO] [stderr]    |            ---- fields in this struct
[INFO] [stderr] 27 |     pub key: K,
[INFO] [stderr]    |         ^^^
[INFO] [stderr] 28 |     pub eq: syn::token::Eq,
[INFO] [stderr]    |         ^^
[INFO] [stderr]    |
[INFO] [stderr]    = note: `Attr` has a derived impl for the trait `Debug`, but this is intentionally ignored during dead code analysis
[INFO] [stderr] 
[INFO] [stderr] warning: field `0` is never read
[INFO] [stderr]    --> src/multihash.rs:229:19
[INFO] [stderr]     |
[INFO] [stderr] 229 | struct ParseError(proc_macro2::Span);
[INFO] [stderr]     |        ---------- ^^^^^^^^^^^^^^^^^
[INFO] [stderr]     |        |
[INFO] [stderr]     |        field in this struct
[INFO] [stderr]     |
[INFO] [stderr]     = help: consider removing this field
[INFO] [stderr]     = note: `ParseError` has a derived impl for the trait `Debug`, but this is intentionally ignored during dead code analysis
[INFO] [stderr] 
[INFO] [stderr] warning: panic message is not a string literal
[INFO] [stderr]    --> src/multihash.rs:136:20
[INFO] [stderr]     |
[INFO] [stderr] 136 |             panic!(msg);
[INFO] [stderr]     |                    ^^^
[INFO] [stderr]     |
[INFO] [stderr]     = note: this usage of `panic!()` is deprecated; it will be a hard error in Rust 2021
[INFO] [stderr]     = note: for more information, see <https://doc.rust-lang.org/nightly/edition-guide/rust-2021/panic-macro-consistency.html>
[INFO] [stderr]     = note: `#[warn(non_fmt_panics)]` on by default
[INFO] [stderr] help: add a "{}" format string to `Display` the message
[INFO] [stderr]     |
[INFO] [stderr] 136 |             panic!("{}", msg);
[INFO] [stderr]     |                    +++++
[INFO] [stderr] 
[INFO] [stderr] warning: panic message is not a string literal
[INFO] [stderr]    --> src/multihash.rs:143:20
[INFO] [stderr]     |
[INFO] [stderr] 143 |             panic!(msg);
[INFO] [stderr]     |                    ^^^
[INFO] [stderr]     |
[INFO] [stderr]     = note: this usage of `panic!()` is deprecated; it will be a hard error in Rust 2021
[INFO] [stderr]     = note: for more information, see <https://doc.rust-lang.org/nightly/edition-guide/rust-2021/panic-macro-consistency.html>
[INFO] [stderr] help: add a "{}" format string to `Display` the message
[INFO] [stderr]     |
[INFO] [stderr] 143 |             panic!("{}", msg);
[INFO] [stderr]     |                    +++++
[INFO] [stderr] 
[INFO] [stderr] warning: panic message is not a string literal
[INFO] [stderr]    --> src/multihash.rs:150:20
[INFO] [stderr]     |
[INFO] [stderr] 150 |             panic!(msg);
[INFO] [stderr]     |                    ^^^
[INFO] [stderr]     |
[INFO] [stderr]     = note: this usage of `panic!()` is deprecated; it will be a hard error in Rust 2021
[INFO] [stderr]     = note: for more information, see <https://doc.rust-lang.org/nightly/edition-guide/rust-2021/panic-macro-consistency.html>
[INFO] [stderr] help: add a "{}" format string to `Display` the message
[INFO] [stderr]     |
[INFO] [stderr] 150 |             panic!("{}", msg);
[INFO] [stderr]     |                    +++++
[INFO] [stderr] 
[INFO] [stderr] warning: panic message is not a string literal
[INFO] [stderr]    --> src/multihash.rs:188:20
[INFO] [stderr]     |
[INFO] [stderr] 188 |             panic!(msg);
[INFO] [stderr]     |                    ^^^
[INFO] [stderr]     |
[INFO] [stderr]     = note: this usage of `panic!()` is deprecated; it will be a hard error in Rust 2021
[INFO] [stderr]     = note: for more information, see <https://doc.rust-lang.org/nightly/edition-guide/rust-2021/panic-macro-consistency.html>
[INFO] [stderr] help: add a "{}" format string to `Display` the message
[INFO] [stderr]     |
[INFO] [stderr] 188 |             panic!("{}", msg);
[INFO] [stderr]     |                    +++++
[INFO] [stderr] 
[INFO] [stderr] warning: panic message is not a string literal
[INFO] [stderr]    --> src/multihash.rs:213:20
[INFO] [stderr]     |
[INFO] [stderr] 213 |             panic!(msg);
[INFO] [stderr]     |                    ^^^
[INFO] [stderr]     |
[INFO] [stderr]     = note: this usage of `panic!()` is deprecated; it will be a hard error in Rust 2021
[INFO] [stderr]     = note: for more information, see <https://doc.rust-lang.org/nightly/edition-guide/rust-2021/panic-macro-consistency.html>
[INFO] [stderr] help: add a "{}" format string to `Display` the message
[INFO] [stderr]     |
[INFO] [stderr] 213 |             panic!("{}", msg);
[INFO] [stderr]     |                    +++++
[INFO] [stderr] 
[INFO] [stderr] warning: panic message is not a string literal
[INFO] [stderr]    --> src/multihash.rs:259:16
[INFO] [stderr]     |
[INFO] [stderr] 259 |         panic!(msg);
[INFO] [stderr]     |                ^^^
[INFO] [stderr]     |
[INFO] [stderr]     = note: this usage of `panic!()` is deprecated; it will be a hard error in Rust 2021
[INFO] [stderr]     = note: for more information, see <https://doc.rust-lang.org/nightly/edition-guide/rust-2021/panic-macro-consistency.html>
[INFO] [stderr] help: add a "{}" format string to `Display` the message
[INFO] [stderr]     |
[INFO] [stderr] 259 |         panic!("{}", msg);
[INFO] [stderr]     |                +++++
[INFO] [stderr] 
[INFO] [stderr] warning: panic message is not a string literal
[INFO] [stderr]    --> src/multihash.rs:283:48
[INFO] [stderr]     |
[INFO] [stderr] 283 | ...                   panic!(msg);
[INFO] [stderr]     |                              ^^^
[INFO] [stderr]     |
[INFO] [stderr]     = note: this usage of `panic!()` is deprecated; it will be a hard error in Rust 2021
[INFO] [stderr]     = note: for more information, see <https://doc.rust-lang.org/nightly/edition-guide/rust-2021/panic-macro-consistency.html>
[INFO] [stderr] help: add a "{}" format string to `Display` the message
[INFO] [stderr]     |
[INFO] [stderr] 283 |                                         panic!("{}", msg);
[INFO] [stderr]     |                                                +++++
[INFO] [stderr] 
[INFO] [stderr] warning: panic message is not a string literal
[INFO] [stderr]    --> src/multihash.rs:310:16
[INFO] [stderr]     |
[INFO] [stderr] 310 |         panic!(msg);
[INFO] [stderr]     |                ^^^
[INFO] [stderr]     |
[INFO] [stderr]     = note: this usage of `panic!()` is deprecated; it will be a hard error in Rust 2021
[INFO] [stderr]     = note: for more information, see <https://doc.rust-lang.org/nightly/edition-guide/rust-2021/panic-macro-consistency.html>
[INFO] [stderr] help: add a "{}" format string to `Display` the message
[INFO] [stderr]     |
[INFO] [stderr] 310 |         panic!("{}", msg);
[INFO] [stderr]     |                +++++
[INFO] [stderr] 
[INFO] [stderr] warning: `tiny-multihash-derive` (lib) generated 3 warnings
[INFO] [stderr] warning: `tiny-multihash-derive` (lib test) generated 12 warnings (3 duplicates) (run `cargo fix --lib -p tiny-multihash-derive --tests` to apply 8 suggestions)
[INFO] [stderr]     Finished `test` profile [unoptimized + debuginfo] target(s) in 0.02s
[INFO] [stderr]      Running unittests src/lib.rs (/opt/rustwide/target/debug/deps/tiny_multihash_derive-61c3b948537112ec)
[INFO] [stdout] 
[INFO] [stdout] running 9 tests
[INFO] [stdout] test multihash::tests::test_multihash_error_digest_without_typenum_no_alloc_size_errors ... ok
[INFO] [stdout] test multihash::tests::test_multihash_error_code_duplicates_numbers - should panic ... ok
[INFO] [stdout] test multihash::tests::test_multihash_error_code_duplicates - should panic ... ok
[INFO] [stdout] test multihash::tests::test_multihash_error_digest_invalid_size_type - should panic ... ok
[INFO] [stdout] test multihash::tests::test_multihash_error_no_alloc_size - should panic ... ok
[INFO] [stdout] test multihash::tests::test_multihash_error_digest_invalid_size_type2 - should panic ... ok
[INFO] [stdout] test multihash::tests::test_multihash_error_too_small_alloc_size - should panic ... ok
[INFO] [stdout] test multihash::tests::test_multihash_error_digest_without_typenum - should panic ... ok
[INFO] [stdout] test multihash::tests::test_multihash_derive ... FAILED
[INFO] [stdout] 
[INFO] [stdout] failures:
[INFO] [stdout] 
[INFO] [stdout] ---- multihash::tests::test_multihash_derive stdout ----
[INFO] [stdout] thread 'multihash::tests::test_multihash_derive' panicked at src/utils.rs:49:5:
[INFO] [stdout] assertion failed: `(left == right)`
[INFO] [stdout] 
[INFO] [stdout] [1mDiff[0m [31m< left[0m / [32mright >[0m :
[INFO] [stdout] [31m<[0m[31m"impl [0m[1;48;5;52;31mcr[0m[31ma[0m[1;48;5;52;31mte[0m[31m :: MultihashCode for Code { type AllocSize = U32 ; fn digest (& self , input : & [u8]) -> [0m[1;48;5;52;31mcr[0m[31ma[0m[1;48;5;52;31mte[0m[31m :: Multihash < Self :: AllocSize > { use [0m[1;48;5;52;31mcr[0m[31ma[0m[1;48;5;52;31mte[0m[31m :: Hasher ; match self { Self :: Identity256 => { let digest = tiny_multihash :: Identity256 :: digest (input) ; [0m[1;48;5;52;31mcr[0m[31ma[0m[1;48;5;52;31mte[0m[31m :: Multihash :: wrap (tiny_multihash :: IDENTITY , & digest . as_ref ()) . unwrap () } , Self :: Strobe256 => { let digest = tiny_multihash :: Strobe256 :: digest (input) ; [0m[1;48;5;52;31mcr[0m[31ma[0m[1;48;5;52;31mte[0m[31m :: Multihash :: wrap (0x38b64f , & digest . as_ref ()) . unwrap () } , } } fn multihash_from_digest < 'a , S , D > (digest : & 'a D) -> [0m[1;48;5;52;31mcr[0m[31ma[0m[1;48;5;52;31mte[0m[31m :: Multihash < Self :: AllocSize > where S : [0m[1;48;5;52;31mcr[0m[31ma[0m[1;48;5;52;31mte[0m[31m :: Size , D : [0m[1;48;5;52;31mcr[0m[31ma[0m[1;48;5;52;31mte[0m[31m :: Digest < S > , Self : From < & 'a D > , { let code = Self :: from (& digest) ; [0m[1;48;5;52;31mcr[0m[31ma[0m[1;48;5;52;31mte[0m[31m :: Multihash :: wrap (code . into () , & digest . as_ref ()) . unwrap () } } impl From < Code > for u64 { fn from (code : Code) -> Self { match code { Code :: Identity256 => tiny_multihash :: IDENTITY , Code :: Strobe256 => 0x38b64f , } } } impl core :: convert :: TryFrom < u64 > for Code { type Error = [0m[1;48;5;52;31mcr[0m[31ma[0m[1;48;5;52;31mte[0m[31m :: Error ; fn try_from (code : u64) -> Result < Self , Self :: Error > { match code { tiny_multihash :: IDENTITY => Ok (Self :: Identity256) , 0x38b64f => Ok (Self :: Strobe256) , _ => Err ([0m[1;48;5;52;31mcr[0m[31ma[0m[1;48;5;52;31mte[0m[31m :: Error :: UnsupportedCode (code)) } } } impl From < & tiny_multihash :: IdentityDigest < U32 > > for Code { fn from (digest : & tiny_multihash :: IdentityDigest < U32 >) -> Self { Self :: Identity256 } } impl From < & tiny_multihash :: StrobeDigest < U32 > > for Code { fn from (digest : & tiny_multihash :: StrobeDigest < U32 >) -> Self { Self :: Strobe256 } }"[0m
[INFO] [stdout] [32m>[0m[32m"impl [0m[1;48;5;22;32mtiny_multih[0m[32ma[0m[1;48;5;22;32msh[0m[32m :: MultihashCode for Code { type AllocSize = U32 ; fn digest (& self , input : & [u8]) -> [0m[1;48;5;22;32mtiny_multih[0m[32ma[0m[1;48;5;22;32msh[0m[32m :: Multihash < Self :: AllocSize > { use [0m[1;48;5;22;32mtiny_multih[0m[32ma[0m[1;48;5;22;32msh[0m[32m :: Hasher ; match self { Self :: Identity256 => { let digest = tiny_multihash :: Identity256 :: digest (input) ; [0m[1;48;5;22;32mtiny_multih[0m[32ma[0m[1;48;5;22;32msh[0m[32m :: Multihash :: wrap (tiny_multihash :: IDENTITY , & digest . as_ref ()) . unwrap () } , Self :: Strobe256 => { let digest = tiny_multihash :: Strobe256 :: digest (input) ; [0m[1;48;5;22;32mtiny_multih[0m[32ma[0m[1;48;5;22;32msh[0m[32m :: Multihash :: wrap (0x38b64f , & digest . as_ref ()) . unwrap () } , } } fn multihash_from_digest < 'a , S , D > (digest : & 'a D) -> [0m[1;48;5;22;32mtiny_multih[0m[32ma[0m[1;48;5;22;32msh[0m[32m :: Multihash < Self :: AllocSize > where S : [0m[1;48;5;22;32mtiny_multih[0m[32ma[0m[1;48;5;22;32msh[0m[32m :: Size , D : [0m[1;48;5;22;32mtiny_multih[0m[32ma[0m[1;48;5;22;32msh[0m[32m :: Digest < S > , Self : From < & 'a D > , { let code = Self :: from (& digest) ; [0m[1;48;5;22;32mtiny_multih[0m[32ma[0m[1;48;5;22;32msh[0m[32m :: Multihash :: wrap (code . into () , & digest . as_ref ()) . unwrap () } } impl From < Code > for u64 { fn from (code : Code) -> Self { match code { Code :: Identity256 => tiny_multihash :: IDENTITY , Code :: Strobe256 => 0x38b64f , } } } impl core :: convert :: TryFrom < u64 > for Code { type Error = [0m[1;48;5;22;32mtiny_multih[0m[32ma[0m[1;48;5;22;32msh[0m[32m :: Error ; fn try_from (code : u64) -> Result < Self , Self :: Error > { match code { tiny_multihash :: IDENTITY => Ok (Self :: Identity256) , 0x38b64f => Ok (Self :: Strobe256) , _ => Err ([0m[1;48;5;22;32mtiny_multih[0m[32ma[0m[1;48;5;22;32msh[0m[32m :: Error :: UnsupportedCode (code)) } } } impl From < & tiny_multihash :: IdentityDigest < U32 > > for Code { fn from (digest : & tiny_multihash :: IdentityDigest < U32 >) -> Self { Self :: Identity256 } } impl From < & tiny_multihash :: StrobeDigest < U32 > > for Code { fn from (digest : & tiny_multihash :: StrobeDigest < U32 >) -> Self { Self :: Strobe256 } }"[0m
[INFO] [stdout] 
[INFO] [stdout] 
[INFO] [stdout] stack backtrace:
[INFO] [stdout]    0:     0x75a7d2cd660a - std::backtrace_rs::backtrace::libunwind::trace::h207520d6e9873551
[INFO] [stdout]                                at /rustc/df4ca44d3fbc9301ee17f30f4d474e6ae4b05252/library/std/src/../../backtrace/src/backtrace/libunwind.rs:116:5
[INFO] [stdout]    1:     0x75a7d2cd660a - std::backtrace_rs::backtrace::trace_unsynchronized::h2ed7433f370e3eca
[INFO] [stdout]                                at /rustc/df4ca44d3fbc9301ee17f30f4d474e6ae4b05252/library/std/src/../../backtrace/src/backtrace/mod.rs:66:5
[INFO] [stdout]    2:     0x75a7d2cd660a - std::sys::backtrace::_print_fmt::h916fac51166b18d7
[INFO] [stdout]                                at /rustc/df4ca44d3fbc9301ee17f30f4d474e6ae4b05252/library/std/src/sys/backtrace.rs:66:9
[INFO] [stdout]    3:     0x75a7d2cd660a - <std::sys::backtrace::BacktraceLock::print::DisplayBacktrace as core::fmt::Display>::fmt::ha0a4c9b8ce3802e6
[INFO] [stdout]                                at /rustc/df4ca44d3fbc9301ee17f30f4d474e6ae4b05252/library/std/src/sys/backtrace.rs:39:26
[INFO] [stdout]    4:     0x75a7d2d26bb3 - core::fmt::rt::Argument::fmt::h4cfc8587d52b3eb5
[INFO] [stdout]                                at /rustc/df4ca44d3fbc9301ee17f30f4d474e6ae4b05252/library/core/src/fmt/rt.rs:177:76
[INFO] [stdout]    5:     0x75a7d2d26bb3 - core::fmt::write::h522cc39e5b36ae9f
[INFO] [stdout]                                at /rustc/df4ca44d3fbc9301ee17f30f4d474e6ae4b05252/library/core/src/fmt/mod.rs:1190:21
[INFO] [stdout]    6:     0x75a7d2cc9fa3 - std::io::Write::write_fmt::h7d3c26752da97734
[INFO] [stdout]                                at /rustc/df4ca44d3fbc9301ee17f30f4d474e6ae4b05252/library/std/src/io/mod.rs:1839:15
[INFO] [stdout]    7:     0x75a7d2cd6452 - std::sys::backtrace::BacktraceLock::print::h4b9e00b29e9c0942
[INFO] [stdout]                                at /rustc/df4ca44d3fbc9301ee17f30f4d474e6ae4b05252/library/std/src/sys/backtrace.rs:42:9
[INFO] [stdout]    8:     0x75a7d2cd8a8a - std::panicking::default_hook::{{closure}}::hb59b88280d0324d9
[INFO] [stdout]                                at /rustc/df4ca44d3fbc9301ee17f30f4d474e6ae4b05252/library/std/src/panicking.rs:268:22
[INFO] [stdout]    9:     0x75a7d2cd8894 - std::panicking::default_hook::he1dd496665be4a29
[INFO] [stdout]                                at /rustc/df4ca44d3fbc9301ee17f30f4d474e6ae4b05252/library/std/src/panicking.rs:292:9
[INFO] [stdout]   10:     0x64901954b9a9 - <alloc::boxed::Box<F,A> as core::ops::function::Fn<Args>>::call::h4ff71de18744e1dc
[INFO] [stdout]                                at /rustc/df4ca44d3fbc9301ee17f30f4d474e6ae4b05252/library/alloc/src/boxed.rs:2468:9
[INFO] [stdout]   11:     0x64901954b9a9 - test::test_main::{{closure}}::hcf7c055ce117aa81
[INFO] [stdout]                                at /rustc/df4ca44d3fbc9301ee17f30f4d474e6ae4b05252/library/test/src/lib.rs:133:21
[INFO] [stdout]   12:     0x75a7d2cd91f8 - <alloc::boxed::Box<F,A> as core::ops::function::Fn<Args>>::call::h1d66c6bbd60c9692
[INFO] [stdout]                                at /rustc/df4ca44d3fbc9301ee17f30f4d474e6ae4b05252/library/alloc/src/boxed.rs:2468:9
[INFO] [stdout]   13:     0x75a7d2cd91f8 - std::panicking::rust_panic_with_hook::h2ff17fe8f26dfcf8
[INFO] [stdout]                                at /rustc/df4ca44d3fbc9301ee17f30f4d474e6ae4b05252/library/std/src/panicking.rs:809:13
[INFO] [stdout]   14:     0x75a7d2cd8fba - std::panicking::begin_panic_handler::{{closure}}::h4fad77951c07e101
[INFO] [stdout]                                at /rustc/df4ca44d3fbc9301ee17f30f4d474e6ae4b05252/library/std/src/panicking.rs:674:13
[INFO] [stdout]   15:     0x75a7d2cd6ae9 - std::sys::backtrace::__rust_end_short_backtrace::hb1a25b3da5d0ea08
[INFO] [stdout]                                at /rustc/df4ca44d3fbc9301ee17f30f4d474e6ae4b05252/library/std/src/sys/backtrace.rs:170:18
[INFO] [stdout]   16:     0x75a7d2cd8c4c - rust_begin_unwind
[INFO] [stdout]                                at /rustc/df4ca44d3fbc9301ee17f30f4d474e6ae4b05252/library/std/src/panicking.rs:665:5
[INFO] [stdout]   17:     0x75a7d2d22fc0 - core::panicking::panic_fmt::ha9db07b529f9b256
[INFO] [stdout]                                at /rustc/df4ca44d3fbc9301ee17f30f4d474e6ae4b05252/library/core/src/panicking.rs:75:14
[INFO] [stdout]   18:     0x6490194abd28 - tiny_multihash_derive::utils::assert_proc_macro::h58284aea76265fa7
[INFO] [stdout]                                at /opt/rustwide/workdir/src/utils.rs:49:5
[INFO] [stdout]   19:     0x649019498436 - tiny_multihash_derive::multihash::tests::test_multihash_derive::h7e0401c519f63d99
[INFO] [stdout]                                at /opt/rustwide/workdir/src/multihash.rs:467:9
[INFO] [stdout]   20:     0x6490194942c7 - tiny_multihash_derive::multihash::tests::test_multihash_derive::{{closure}}::h3df74f4c35191a51
[INFO] [stdout]                                at /opt/rustwide/workdir/src/multihash.rs:390:31
[INFO] [stdout]   21:     0x64901948c6a6 - core::ops::function::FnOnce::call_once::h6fd2d18a839163cc
[INFO] [stdout]                                at /rustc/df4ca44d3fbc9301ee17f30f4d474e6ae4b05252/library/core/src/ops/function.rs:250:5
[INFO] [stdout]   22:     0x64901955027b - core::ops::function::FnOnce::call_once::h22c3ba5715e93f05
[INFO] [stdout]                                at /rustc/df4ca44d3fbc9301ee17f30f4d474e6ae4b05252/library/core/src/ops/function.rs:250:5
[INFO] [stdout]   23:     0x64901955027b - test::__rust_begin_short_backtrace::h8e82d8113d0da17f
[INFO] [stdout]                                at /rustc/df4ca44d3fbc9301ee17f30f4d474e6ae4b05252/library/test/src/lib.rs:621:18
[INFO] [stdout]   24:     0x64901954fbf7 - test::run_test_in_process::{{closure}}::h33235f4f20b7b7c7
[INFO] [stdout]                                at /rustc/df4ca44d3fbc9301ee17f30f4d474e6ae4b05252/library/test/src/lib.rs:644:60
[INFO] [stdout]   25:     0x64901954fbf7 - <core::panic::unwind_safe::AssertUnwindSafe<F> as core::ops::function::FnOnce<()>>::call_once::hb5043206310c586f
[INFO] [stdout]                                at /rustc/df4ca44d3fbc9301ee17f30f4d474e6ae4b05252/library/core/src/panic/unwind_safe.rs:272:9
[INFO] [stdout]   26:     0x64901954fbf7 - std::panicking::try::do_call::h9ad4731a60ab23e2
[INFO] [stdout]                                at /rustc/df4ca44d3fbc9301ee17f30f4d474e6ae4b05252/library/std/src/panicking.rs:557:40
[INFO] [stdout]   27:     0x64901954fbf7 - std::panicking::try::h3824d23db772a716
[INFO] [stdout]                                at /rustc/df4ca44d3fbc9301ee17f30f4d474e6ae4b05252/library/std/src/panicking.rs:520:19
[INFO] [stdout]   28:     0x64901954fbf7 - std::panic::catch_unwind::h5afd514605fde46b
[INFO] [stdout]                                at /rustc/df4ca44d3fbc9301ee17f30f4d474e6ae4b05252/library/std/src/panic.rs:358:14
[INFO] [stdout]   29:     0x64901954fbf7 - test::run_test_in_process::h0d5cbfa7067d1720
[INFO] [stdout]                                at /rustc/df4ca44d3fbc9301ee17f30f4d474e6ae4b05252/library/test/src/lib.rs:644:27
[INFO] [stdout]   30:     0x64901954fbf7 - test::run_test::{{closure}}::h708eb8872708115d
[INFO] [stdout]                                at /rustc/df4ca44d3fbc9301ee17f30f4d474e6ae4b05252/library/test/src/lib.rs:565:43
[INFO] [stdout]   31:     0x649019513314 - test::run_test::{{closure}}::h392c51cee94713ab
[INFO] [stdout]                                at /rustc/df4ca44d3fbc9301ee17f30f4d474e6ae4b05252/library/test/src/lib.rs:595:41
[INFO] [stdout]   32:     0x649019513314 - std::sys::backtrace::__rust_begin_short_backtrace::h2f40290710935a8b
[INFO] [stdout]                                at /rustc/df4ca44d3fbc9301ee17f30f4d474e6ae4b05252/library/std/src/sys/backtrace.rs:154:18
[INFO] [stdout]   33:     0x649019516abe - std::thread::Builder::spawn_unchecked_::{{closure}}::{{closure}}::h3fd968d89053a903
[INFO] [stdout]                                at /rustc/df4ca44d3fbc9301ee17f30f4d474e6ae4b05252/library/std/src/thread/mod.rs:541:17
[INFO] [stdout]   34:     0x649019516abe - <core::panic::unwind_safe::AssertUnwindSafe<F> as core::ops::function::FnOnce<()>>::call_once::h743f637ba4229880
[INFO] [stdout]                                at /rustc/df4ca44d3fbc9301ee17f30f4d474e6ae4b05252/library/core/src/panic/unwind_safe.rs:272:9
[INFO] [stdout]   35:     0x649019516abe - std::panicking::try::do_call::h07440897322525a6
[INFO] [stdout]                                at /rustc/df4ca44d3fbc9301ee17f30f4d474e6ae4b05252/library/std/src/panicking.rs:557:40
[INFO] [stdout]   36:     0x649019516abe - std::panicking::try::he5a2e00188156637
[INFO] [stdout]                                at /rustc/df4ca44d3fbc9301ee17f30f4d474e6ae4b05252/library/std/src/panicking.rs:520:19
[INFO] [stdout]   37:     0x649019516abe - std::panic::catch_unwind::hbaf3cae49b3c6433
[INFO] [stdout]                                at /rustc/df4ca44d3fbc9301ee17f30f4d474e6ae4b05252/library/std/src/panic.rs:358:14
[INFO] [stdout]   38:     0x649019516abe - std::thread::Builder::spawn_unchecked_::{{closure}}::h8e141ea224820bce
[INFO] [stdout]                                at /rustc/df4ca44d3fbc9301ee17f30f4d474e6ae4b05252/library/std/src/thread/mod.rs:540:30
[INFO] [stdout]   39:     0x649019516abe - core::ops::function::FnOnce::call_once{{vtable.shim}}::h90d312fedd7b8ea8
[INFO] [stdout]                                at /rustc/df4ca44d3fbc9301ee17f30f4d474e6ae4b05252/library/core/src/ops/function.rs:250:5
[INFO] [stdout]   40:     0x75a7d2ce2d2b - <alloc::boxed::Box<F,A> as core::ops::function::FnOnce<Args>>::call_once::h69aa08ddb6adb8b6
[INFO] [stdout]                                at /rustc/df4ca44d3fbc9301ee17f30f4d474e6ae4b05252/library/alloc/src/boxed.rs:2454:9
[INFO] [stdout]   41:     0x75a7d2ce2d2b - <alloc::boxed::Box<F,A> as core::ops::function::FnOnce<Args>>::call_once::h5aa36efdb79c806f
[INFO] [stdout]                                at /rustc/df4ca44d3fbc9301ee17f30f4d474e6ae4b05252/library/alloc/src/boxed.rs:2454:9
[INFO] [stdout]   42:     0x75a7d2ce2d2b - std::sys::pal::unix::thread::Thread::new::thread_start::h6cd80a1b4be5158d
[INFO] [stdout]                                at /rustc/df4ca44d3fbc9301ee17f30f4d474e6ae4b05252/library/std/src/sys/pal/unix/thread.rs:105:17
[INFO] [stdout]   43:     0x75a7d2956ac3 - <unknown>
[INFO] [stdout]   44:     0x75a7d29e7a04 - clone
[INFO] [stdout]   45:                0x0 - <unknown>
[INFO] [stdout] 
[INFO] [stdout] 
[INFO] [stdout] failures:
[INFO] [stdout]     multihash::tests::test_multihash_derive
[INFO] [stdout] 
[INFO] [stdout] test result: FAILED. 8 passed; 1 failed; 0 ignored; 0 measured; 0 filtered out; finished in 0.44s
[INFO] [stdout] 
[INFO] [stderr] error: test failed, to rerun pass `--lib`
[INFO] running `Command { std: "docker" "inspect" "b2a6b6b1a8174283c21bf0d0fdb88183609f22ce54a33caebddacd3cde393cdf", kill_on_drop: false }`
[INFO] running `Command { std: "docker" "rm" "-f" "b2a6b6b1a8174283c21bf0d0fdb88183609f22ce54a33caebddacd3cde393cdf", kill_on_drop: false }`
[INFO] [stdout] b2a6b6b1a8174283c21bf0d0fdb88183609f22ce54a33caebddacd3cde393cdf
