[INFO] fetching crate tinted-builder-rust 0.12.1...
[INFO] testing tinted-builder-rust-0.12.1 against nightly-2024-10-28 for randomize-layout
[INFO] extracting crate tinted-builder-rust 0.12.1 into /workspace/builds/worker-3-tc1/source
[INFO] validating manifest of crates.io crate tinted-builder-rust 0.12.1 on toolchain nightly-2024-10-28
[INFO] running `Command { std: CARGO_HOME="/workspace/cargo-home" RUSTUP_HOME="/workspace/rustup-home" "/workspace/cargo-home/bin/cargo" "+nightly-2024-10-28" "metadata" "--manifest-path" "Cargo.toml" "--no-deps", kill_on_drop: false }`
[INFO] started tweaking crates.io crate tinted-builder-rust 0.12.1
[INFO] removed 0 missing tests
[INFO] finished tweaking crates.io crate tinted-builder-rust 0.12.1
[INFO] tweaked toml for crates.io crate tinted-builder-rust 0.12.1 written to /workspace/builds/worker-3-tc1/source/Cargo.toml
[INFO] crate crates.io crate tinted-builder-rust 0.12.1 already has a lockfile, it will not be regenerated
[INFO] running `Command { std: CARGO_HOME="/workspace/cargo-home" RUSTUP_HOME="/workspace/rustup-home" "/workspace/cargo-home/bin/cargo" "+nightly-2024-10-28" "fetch" "--manifest-path" "Cargo.toml", kill_on_drop: false }`
[INFO] [stderr]     Updating crates.io index
[INFO] [stderr]  Downloading crates ...
[INFO] [stderr]   Downloaded strip-ansi-escapes v0.2.0
[INFO] [stderr]   Downloaded clap v4.5.7
[INFO] [stderr]   Downloaded tinted-builder v0.8.0
[INFO] [stderr]   Downloaded vte v0.11.1
[INFO] [stderr]   Downloaded serde_derive v1.0.206
[INFO] [stderr]   Downloaded ribboncurls v0.2.1
[INFO] [stderr]   Downloaded serde v1.0.206
[INFO] [stderr]   Downloaded quick-xml v0.36.1
[INFO] [stderr]   Downloaded clap_builder v4.5.7
[INFO] running `Command { std: "docker" "create" "-v" "/var/lib/crater-agent-workspace/builds/worker-3-tc1/target:/opt/rustwide/target:rw,Z" "-v" "/var/lib/crater-agent-workspace/builds/worker-3-tc1/source:/opt/rustwide/workdir:ro,Z" "-v" "/var/lib/crater-agent-workspace/cargo-home:/opt/rustwide/cargo-home:ro,Z" "-v" "/var/lib/crater-agent-workspace/rustup-home:/opt/rustwide/rustup-home:ro,Z" "-e" "SOURCE_DIR=/opt/rustwide/workdir" "-e" "CARGO_TARGET_DIR=/opt/rustwide/target" "-e" "CARGO_HOME=/opt/rustwide/cargo-home" "-e" "RUSTUP_HOME=/opt/rustwide/rustup-home" "-w" "/opt/rustwide/workdir" "-m" "1610612736" "--user" "0:0" "--network" "none" "ghcr.io/rust-lang/crates-build-env/linux@sha256:4a844ea9eb2546a2d2c7022eacef16ef2e8229c7fbb2c7d4d55a9ceca922f72d" "/opt/rustwide/cargo-home/bin/cargo" "+nightly-2024-10-28" "metadata" "--no-deps" "--format-version=1", kill_on_drop: false }`
[INFO] [stdout] 104c776a363d8fb6a987f28105825f53606a93e35964420a73b9ecd727fadde6
[INFO] running `Command { std: "docker" "start" "-a" "104c776a363d8fb6a987f28105825f53606a93e35964420a73b9ecd727fadde6", kill_on_drop: false }`
[INFO] running `Command { std: "docker" "inspect" "104c776a363d8fb6a987f28105825f53606a93e35964420a73b9ecd727fadde6", kill_on_drop: false }`
[INFO] running `Command { std: "docker" "rm" "-f" "104c776a363d8fb6a987f28105825f53606a93e35964420a73b9ecd727fadde6", kill_on_drop: false }`
[INFO] [stdout] 104c776a363d8fb6a987f28105825f53606a93e35964420a73b9ecd727fadde6
[INFO] running `Command { std: "docker" "create" "-v" "/var/lib/crater-agent-workspace/builds/worker-3-tc1/target:/opt/rustwide/target:rw,Z" "-v" "/var/lib/crater-agent-workspace/builds/worker-3-tc1/source:/opt/rustwide/workdir:ro,Z" "-v" "/var/lib/crater-agent-workspace/cargo-home:/opt/rustwide/cargo-home:ro,Z" "-v" "/var/lib/crater-agent-workspace/rustup-home:/opt/rustwide/rustup-home:ro,Z" "-e" "SOURCE_DIR=/opt/rustwide/workdir" "-e" "CARGO_TARGET_DIR=/opt/rustwide/target" "-e" "CARGO_INCREMENTAL=0" "-e" "RUST_BACKTRACE=full" "-e" "RUSTFLAGS=--cap-lints=forbid" "-e" "RUSTDOCFLAGS=--cap-lints=forbid" "-e" "CARGO_HOME=/opt/rustwide/cargo-home" "-e" "RUSTUP_HOME=/opt/rustwide/rustup-home" "-w" "/opt/rustwide/workdir" "-m" "1610612736" "--user" "0:0" "--network" "none" "ghcr.io/rust-lang/crates-build-env/linux@sha256:4a844ea9eb2546a2d2c7022eacef16ef2e8229c7fbb2c7d4d55a9ceca922f72d" "/opt/rustwide/cargo-home/bin/cargo" "+nightly-2024-10-28" "build" "--frozen" "--message-format=json", kill_on_drop: false }`
[INFO] [stdout] f51347cdb05462d8847f7160efc9a45979807ce7be29bdd97df4ed0eb37e6bb3
[INFO] running `Command { std: "docker" "start" "-a" "f51347cdb05462d8847f7160efc9a45979807ce7be29bdd97df4ed0eb37e6bb3", kill_on_drop: false }`
[INFO] [stderr]    Compiling proc-macro2 v1.0.85
[INFO] [stderr]    Compiling unicode-ident v1.0.12
[INFO] [stderr]    Compiling serde v1.0.206
[INFO] [stderr]    Compiling memchr v2.7.2
[INFO] [stderr]    Compiling equivalent v1.0.1
[INFO] [stderr]    Compiling hashbrown v0.14.5
[INFO] [stderr]    Compiling libc v0.2.155
[INFO] [stderr]    Compiling itoa v1.0.11
[INFO] [stderr]    Compiling unsafe-libyaml v0.2.11
[INFO] [stderr]    Compiling utf8parse v0.2.2
[INFO] [stderr]    Compiling ryu v1.0.18
[INFO] [stderr]    Compiling regex-syntax v0.8.5
[INFO] [stderr]    Compiling thiserror v1.0.63
[INFO] [stderr]    Compiling colorchoice v1.0.1
[INFO] [stderr]    Compiling anstyle-query v1.1.0
[INFO] [stderr]    Compiling anstyle v1.0.7
[INFO] [stderr]    Compiling is_terminal_polyfill v1.70.0
[INFO] [stderr]    Compiling clap_lex v0.7.1
[INFO] [stderr]    Compiling tinyvec_macros v0.1.1
[INFO] [stderr]    Compiling anstyle-parse v0.2.4
[INFO] [stderr]    Compiling strsim v0.11.1
[INFO] [stderr]    Compiling option-ext v0.2.0
[INFO] [stderr]    Compiling utf8-width v0.1.7
[INFO] [stderr]    Compiling tinyvec v1.6.0
[INFO] [stderr]    Compiling html-escape v0.2.13
[INFO] [stderr]    Compiling anyhow v1.0.86
[INFO] [stderr]    Compiling anstream v0.6.14
[INFO] [stderr]    Compiling clap_builder v4.5.7
[INFO] [stderr]    Compiling aho-corasick v1.1.3
[INFO] [stderr]    Compiling indexmap v2.2.6
[INFO] [stderr]    Compiling quote v1.0.36
[INFO] [stderr]    Compiling unicode-normalization v0.1.23
[INFO] [stderr]    Compiling dirs-sys v0.4.1
[INFO] [stderr]    Compiling syn v2.0.66
[INFO] [stderr]    Compiling dirs v5.0.1
[INFO] [stderr]    Compiling regex-automata v0.4.8
[INFO] [stderr]    Compiling clap v4.5.7
[INFO] [stderr]    Compiling serde_derive v1.0.206
[INFO] [stderr]    Compiling thiserror-impl v1.0.63
[INFO] [stderr]    Compiling regex v1.11.0
[INFO] [stderr]    Compiling serde_yaml v0.9.34+deprecated
[INFO] [stderr]    Compiling quick-xml v0.36.1
[INFO] [stderr]    Compiling ribboncurls v0.2.1
[INFO] [stderr]    Compiling tinted-builder v0.8.0
[INFO] [stderr]    Compiling tinted-builder-rust v0.12.1 (/opt/rustwide/workdir)
[INFO] [stderr]     Finished `dev` profile [unoptimized + debuginfo] target(s) in 23.53s
[INFO] running `Command { std: "docker" "inspect" "f51347cdb05462d8847f7160efc9a45979807ce7be29bdd97df4ed0eb37e6bb3", kill_on_drop: false }`
[INFO] running `Command { std: "docker" "rm" "-f" "f51347cdb05462d8847f7160efc9a45979807ce7be29bdd97df4ed0eb37e6bb3", kill_on_drop: false }`
[INFO] [stdout] f51347cdb05462d8847f7160efc9a45979807ce7be29bdd97df4ed0eb37e6bb3
[INFO] running `Command { std: "docker" "create" "-v" "/var/lib/crater-agent-workspace/builds/worker-3-tc1/target:/opt/rustwide/target:rw,Z" "-v" "/var/lib/crater-agent-workspace/builds/worker-3-tc1/source:/opt/rustwide/workdir:ro,Z" "-v" "/var/lib/crater-agent-workspace/cargo-home:/opt/rustwide/cargo-home:ro,Z" "-v" "/var/lib/crater-agent-workspace/rustup-home:/opt/rustwide/rustup-home:ro,Z" "-e" "SOURCE_DIR=/opt/rustwide/workdir" "-e" "CARGO_TARGET_DIR=/opt/rustwide/target" "-e" "CARGO_INCREMENTAL=0" "-e" "RUST_BACKTRACE=full" "-e" "RUSTFLAGS=--cap-lints=forbid" "-e" "RUSTDOCFLAGS=--cap-lints=forbid" "-e" "CARGO_HOME=/opt/rustwide/cargo-home" "-e" "RUSTUP_HOME=/opt/rustwide/rustup-home" "-w" "/opt/rustwide/workdir" "-m" "1610612736" "--user" "0:0" "--network" "none" "ghcr.io/rust-lang/crates-build-env/linux@sha256:4a844ea9eb2546a2d2c7022eacef16ef2e8229c7fbb2c7d4d55a9ceca922f72d" "/opt/rustwide/cargo-home/bin/cargo" "+nightly-2024-10-28" "test" "--frozen" "--no-run" "--message-format=json", kill_on_drop: false }`
[INFO] [stdout] 5c20dde7068c581f7fbd8fe1a2a677385afce296d6bd76b4b850710866e63568
[INFO] running `Command { std: "docker" "start" "-a" "5c20dde7068c581f7fbd8fe1a2a677385afce296d6bd76b4b850710866e63568", kill_on_drop: false }`
[INFO] [stderr]    Compiling vte_generate_state_changes v0.1.2
[INFO] [stderr]    Compiling vte v0.11.1
[INFO] [stderr]    Compiling strip-ansi-escapes v0.2.0
[INFO] [stderr]    Compiling tinted-builder-rust v0.12.1 (/opt/rustwide/workdir)
[INFO] [stderr]     Finished `test` profile [unoptimized + debuginfo] target(s) in 1.99s
[INFO] running `Command { std: "docker" "inspect" "5c20dde7068c581f7fbd8fe1a2a677385afce296d6bd76b4b850710866e63568", kill_on_drop: false }`
[INFO] running `Command { std: "docker" "rm" "-f" "5c20dde7068c581f7fbd8fe1a2a677385afce296d6bd76b4b850710866e63568", kill_on_drop: false }`
[INFO] [stdout] 5c20dde7068c581f7fbd8fe1a2a677385afce296d6bd76b4b850710866e63568
[INFO] running `Command { std: "docker" "create" "-v" "/var/lib/crater-agent-workspace/builds/worker-3-tc1/target:/opt/rustwide/target:rw,Z" "-v" "/var/lib/crater-agent-workspace/builds/worker-3-tc1/source:/opt/rustwide/workdir:ro,Z" "-v" "/var/lib/crater-agent-workspace/cargo-home:/opt/rustwide/cargo-home:ro,Z" "-v" "/var/lib/crater-agent-workspace/rustup-home:/opt/rustwide/rustup-home:ro,Z" "-e" "SOURCE_DIR=/opt/rustwide/workdir" "-e" "CARGO_TARGET_DIR=/opt/rustwide/target" "-e" "CARGO_INCREMENTAL=0" "-e" "RUST_BACKTRACE=full" "-e" "RUSTFLAGS=--cap-lints=forbid" "-e" "RUSTDOCFLAGS=--cap-lints=forbid" "-e" "CARGO_HOME=/opt/rustwide/cargo-home" "-e" "RUSTUP_HOME=/opt/rustwide/rustup-home" "-w" "/opt/rustwide/workdir" "-m" "1610612736" "--user" "0:0" "--network" "none" "ghcr.io/rust-lang/crates-build-env/linux@sha256:4a844ea9eb2546a2d2c7022eacef16ef2e8229c7fbb2c7d4d55a9ceca922f72d" "/opt/rustwide/cargo-home/bin/cargo" "+nightly-2024-10-28" "test" "--frozen", kill_on_drop: false }`
[INFO] [stdout] 18c715cc1d8a40dded3ec80317f657ae1da8ba09d44fd4e2c0d75290fef88242
[INFO] running `Command { std: "docker" "start" "-a" "18c715cc1d8a40dded3ec80317f657ae1da8ba09d44fd4e2c0d75290fef88242", kill_on_drop: false }`
[INFO] [stderr]     Finished `test` profile [unoptimized + debuginfo] target(s) in 0.09s
[INFO] [stderr]      Running unittests src/lib.rs (/opt/rustwide/target/debug/deps/tinted_builder_rust-99d564c5efec0065)
[INFO] [stdout] 
[INFO] [stdout] running 5 tests
[INFO] [stdout] test operations::build::utils::tests::test_parse_filename_with_directory_and_no_extension ... ok
[INFO] [stdout] test operations::build::utils::tests::test_parse_filename_with_directory_and_extension ... ok
[INFO] [stdout] test operations::build::utils::tests::test_parse_filename_invalid_filestem ... ok
[INFO] [stdout] test operations::build::utils::tests::test_parse_filename_with_filename_and_extension ... ok
[INFO] [stdout] test operations::build::utils::tests::test_parse_filename_with_only_filename ... ok
[INFO] [stdout] 
[INFO] [stdout] test result: ok. 5 passed; 0 failed; 0 ignored; 0 measured; 0 filtered out; finished in 0.02s
[INFO] [stdout] 
[INFO] [stderr]      Running unittests src/main.rs (/opt/rustwide/target/debug/deps/tinted_builder_rust-04a9d3e6e9b1aee4)
[INFO] [stdout] 
[INFO] [stdout] running 5 tests
[INFO] [stdout] test operations::build::utils::tests::test_parse_filename_with_filename_and_extension ... ok
[INFO] [stdout] test operations::build::utils::tests::test_parse_filename_invalid_filestem ... ok
[INFO] [stdout] test operations::build::utils::tests::test_parse_filename_with_directory_and_extension ... ok
[INFO] [stdout] test operations::build::utils::tests::test_parse_filename_with_directory_and_no_extension ... ok
[INFO] [stdout] test operations::build::utils::tests::test_parse_filename_with_only_filename ... ok
[INFO] [stdout] 
[INFO] [stdout] test result: ok. 5 passed; 0 failed; 0 ignored; 0 measured; 0 filtered out; finished in 0.01s
[INFO] [stdout] 
[INFO] [stderr]      Running tests/operation_build.rs (/opt/rustwide/target/debug/deps/operation_build-bd128a49bf979c22)
[INFO] [stdout] 
[INFO] [stdout] running 9 tests
[INFO] [stdout] test test_operation_build_base16_missing_base00 ... FAILED
[INFO] [stdout] test test_operation_build_base16 ... FAILED
[INFO] [stdout] test test_operation_build_invalid_system ... FAILED
[INFO] [stdout] test test_operation_build_with_sync ... FAILED
[INFO] [stdout] test test_operation_build_with_deprecated_config_properties ... FAILED
[INFO] [stdout] test test_operation_build_mixed ... FAILED
[INFO] [stdout] test test_operation_build_quiet_flag ... FAILED
[INFO] [stdout] test test_operation_build_invalid_base16 ... FAILED
[INFO] [stdout] test test_operation_build_base24 ... FAILED
[INFO] [stdout] 
[INFO] [stdout] failures:
[INFO] [stdout] 
[INFO] [stdout] ---- test_operation_build_base16_missing_base00 stdout ----
[INFO] [stdout] Error: Read-only file system (os error 30)
[INFO] [stdout] 
[INFO] [stdout] Stack backtrace:
[INFO] [stdout]    0: anyhow::error::<impl core::convert::From<E> for anyhow::Error>::from
[INFO] [stdout]              at /opt/rustwide/cargo-home/registry/src/index.crates.io-6f17d22bba15001f/anyhow-1.0.86/src/backtrace.rs:27:14
[INFO] [stdout]    1: <core::result::Result<T,F> as core::ops::try_trait::FromResidual<core::result::Result<core::convert::Infallible,E>>>::from_residual
[INFO] [stdout]              at /rustc/df4ca44d3fbc9301ee17f30f4d474e6ae4b05252/library/core/src/result.rs:2008:27
[INFO] [stdout]    2: operation_build::test_operation_build_base16_missing_base00
[INFO] [stdout]              at ./tests/operation_build.rs:520:5
[INFO] [stdout]    3: operation_build::test_operation_build_base16_missing_base00::{{closure}}
[INFO] [stdout]              at ./tests/operation_build.rs:477:52
[INFO] [stdout]    4: core::ops::function::FnOnce::call_once
[INFO] [stdout]              at /rustc/df4ca44d3fbc9301ee17f30f4d474e6ae4b05252/library/core/src/ops/function.rs:250:5
[INFO] [stdout]    5: core::ops::function::FnOnce::call_once
[INFO] [stdout]              at /rustc/df4ca44d3fbc9301ee17f30f4d474e6ae4b05252/library/core/src/ops/function.rs:250:5
[INFO] [stdout]    6: test::__rust_begin_short_backtrace
[INFO] [stdout]              at /rustc/df4ca44d3fbc9301ee17f30f4d474e6ae4b05252/library/test/src/lib.rs:621:18
[INFO] [stdout]    7: test::run_test_in_process::{{closure}}
[INFO] [stdout]              at /rustc/df4ca44d3fbc9301ee17f30f4d474e6ae4b05252/library/test/src/lib.rs:644:60
[INFO] [stdout]    8: <core::panic::unwind_safe::AssertUnwindSafe<F> as core::ops::function::FnOnce<()>>::call_once
[INFO] [stdout]              at /rustc/df4ca44d3fbc9301ee17f30f4d474e6ae4b05252/library/core/src/panic/unwind_safe.rs:272:9
[INFO] [stdout]    9: std::panicking::try::do_call
[INFO] [stdout]              at /rustc/df4ca44d3fbc9301ee17f30f4d474e6ae4b05252/library/std/src/panicking.rs:557:40
[INFO] [stdout]   10: std::panicking::try
[INFO] [stdout]              at /rustc/df4ca44d3fbc9301ee17f30f4d474e6ae4b05252/library/std/src/panicking.rs:520:19
[INFO] [stdout]   11: std::panic::catch_unwind
[INFO] [stdout]              at /rustc/df4ca44d3fbc9301ee17f30f4d474e6ae4b05252/library/std/src/panic.rs:358:14
[INFO] [stdout]   12: test::run_test_in_process
[INFO] [stdout]              at /rustc/df4ca44d3fbc9301ee17f30f4d474e6ae4b05252/library/test/src/lib.rs:644:27
[INFO] [stdout]   13: test::run_test::{{closure}}
[INFO] [stdout]              at /rustc/df4ca44d3fbc9301ee17f30f4d474e6ae4b05252/library/test/src/lib.rs:565:43
[INFO] [stdout]   14: test::run_test::{{closure}}
[INFO] [stdout]              at /rustc/df4ca44d3fbc9301ee17f30f4d474e6ae4b05252/library/test/src/lib.rs:595:41
[INFO] [stdout]   15: std::sys::backtrace::__rust_begin_short_backtrace
[INFO] [stdout]              at /rustc/df4ca44d3fbc9301ee17f30f4d474e6ae4b05252/library/std/src/sys/backtrace.rs:154:18
[INFO] [stdout]   16: std::thread::Builder::spawn_unchecked_::{{closure}}::{{closure}}
[INFO] [stdout]              at /rustc/df4ca44d3fbc9301ee17f30f4d474e6ae4b05252/library/std/src/thread/mod.rs:541:17
[INFO] [stdout]   17: <core::panic::unwind_safe::AssertUnwindSafe<F> as core::ops::function::FnOnce<()>>::call_once
[INFO] [stdout]              at /rustc/df4ca44d3fbc9301ee17f30f4d474e6ae4b05252/library/core/src/panic/unwind_safe.rs:272:9
[INFO] [stdout]   18: std::panicking::try::do_call
[INFO] [stdout]              at /rustc/df4ca44d3fbc9301ee17f30f4d474e6ae4b05252/library/std/src/panicking.rs:557:40
[INFO] [stdout]   19: std::panicking::try
[INFO] [stdout]              at /rustc/df4ca44d3fbc9301ee17f30f4d474e6ae4b05252/library/std/src/panicking.rs:520:19
[INFO] [stdout]   20: std::panic::catch_unwind
[INFO] [stdout]              at /rustc/df4ca44d3fbc9301ee17f30f4d474e6ae4b05252/library/std/src/panic.rs:358:14
[INFO] [stdout]   21: std::thread::Builder::spawn_unchecked_::{{closure}}
[INFO] [stdout]              at /rustc/df4ca44d3fbc9301ee17f30f4d474e6ae4b05252/library/std/src/thread/mod.rs:540:30
[INFO] [stdout]   22: core::ops::function::FnOnce::call_once{{vtable.shim}}
[INFO] [stdout]              at /rustc/df4ca44d3fbc9301ee17f30f4d474e6ae4b05252/library/core/src/ops/function.rs:250:5
[INFO] [stdout]   23: <alloc::boxed::Box<F,A> as core::ops::function::FnOnce<Args>>::call_once
[INFO] [stdout]              at /rustc/df4ca44d3fbc9301ee17f30f4d474e6ae4b05252/library/alloc/src/boxed.rs:2454:9
[INFO] [stdout]   24: <alloc::boxed::Box<F,A> as core::ops::function::FnOnce<Args>>::call_once
[INFO] [stdout]              at /rustc/df4ca44d3fbc9301ee17f30f4d474e6ae4b05252/library/alloc/src/boxed.rs:2454:9
[INFO] [stdout]   25: std::sys::pal::unix::thread::Thread::new::thread_start
[INFO] [stdout]              at /rustc/df4ca44d3fbc9301ee17f30f4d474e6ae4b05252/library/std/src/sys/pal/unix/thread.rs:105:17
[INFO] [stdout]   26: <unknown>
[INFO] [stdout]   27: clone
[INFO] [stdout] 
[INFO] [stdout] ---- test_operation_build_base16 stdout ----
[INFO] [stdout] Error: Read-only file system (os error 30)
[INFO] [stdout] 
[INFO] [stdout] Stack backtrace:
[INFO] [stdout]    0: anyhow::error::<impl core::convert::From<E> for anyhow::Error>::from
[INFO] [stdout]              at /opt/rustwide/cargo-home/registry/src/index.crates.io-6f17d22bba15001f/anyhow-1.0.86/src/backtrace.rs:27:14
[INFO] [stdout]    1: <core::result::Result<T,F> as core::ops::try_trait::FromResidual<core::result::Result<core::convert::Infallible,E>>>::from_residual
[INFO] [stdout]              at /rustc/df4ca44d3fbc9301ee17f30f4d474e6ae4b05252/library/core/src/result.rs:2008:27
[INFO] [stdout]    2: operation_build::test_operation_build_base16
[INFO] [stdout]              at ./tests/operation_build.rs:198:5
[INFO] [stdout]    3: operation_build::test_operation_build_base16::{{closure}}
[INFO] [stdout]              at ./tests/operation_build.rs:160:37
[INFO] [stdout]    4: core::ops::function::FnOnce::call_once
[INFO] [stdout]              at /rustc/df4ca44d3fbc9301ee17f30f4d474e6ae4b05252/library/core/src/ops/function.rs:250:5
[INFO] [stdout]    5: core::ops::function::FnOnce::call_once
[INFO] [stdout]              at /rustc/df4ca44d3fbc9301ee17f30f4d474e6ae4b05252/library/core/src/ops/function.rs:250:5
[INFO] [stdout]    6: test::__rust_begin_short_backtrace
[INFO] [stdout]              at /rustc/df4ca44d3fbc9301ee17f30f4d474e6ae4b05252/library/test/src/lib.rs:621:18
[INFO] [stdout]    7: test::run_test_in_process::{{closure}}
[INFO] [stdout]              at /rustc/df4ca44d3fbc9301ee17f30f4d474e6ae4b05252/library/test/src/lib.rs:644:60
[INFO] [stdout]    8: <core::panic::unwind_safe::AssertUnwindSafe<F> as core::ops::function::FnOnce<()>>::call_once
[INFO] [stdout]              at /rustc/df4ca44d3fbc9301ee17f30f4d474e6ae4b05252/library/core/src/panic/unwind_safe.rs:272:9
[INFO] [stdout]    9: std::panicking::try::do_call
[INFO] [stdout]              at /rustc/df4ca44d3fbc9301ee17f30f4d474e6ae4b05252/library/std/src/panicking.rs:557:40
[INFO] [stdout]   10: std::panicking::try
[INFO] [stdout]              at /rustc/df4ca44d3fbc9301ee17f30f4d474e6ae4b05252/library/std/src/panicking.rs:520:19
[INFO] [stdout]   11: std::panic::catch_unwind
[INFO] [stdout]              at /rustc/df4ca44d3fbc9301ee17f30f4d474e6ae4b05252/library/std/src/panic.rs:358:14
[INFO] [stdout]   12: test::run_test_in_process
[INFO] [stdout]              at /rustc/df4ca44d3fbc9301ee17f30f4d474e6ae4b05252/library/test/src/lib.rs:644:27
[INFO] [stdout]   13: test::run_test::{{closure}}
[INFO] [stdout]              at /rustc/df4ca44d3fbc9301ee17f30f4d474e6ae4b05252/library/test/src/lib.rs:565:43
[INFO] [stdout]   14: test::run_test::{{closure}}
[INFO] [stdout]              at /rustc/df4ca44d3fbc9301ee17f30f4d474e6ae4b05252/library/test/src/lib.rs:595:41
[INFO] [stdout]   15: std::sys::backtrace::__rust_begin_short_backtrace
[INFO] [stdout]              at /rustc/df4ca44d3fbc9301ee17f30f4d474e6ae4b05252/library/std/src/sys/backtrace.rs:154:18
[INFO] [stdout]   16: std::thread::Builder::spawn_unchecked_::{{closure}}::{{closure}}
[INFO] [stdout]              at /rustc/df4ca44d3fbc9301ee17f30f4d474e6ae4b05252/library/std/src/thread/mod.rs:541:17
[INFO] [stdout]   17: <core::panic::unwind_safe::AssertUnwindSafe<F> as core::ops::function::FnOnce<()>>::call_once
[INFO] [stdout]              at /rustc/df4ca44d3fbc9301ee17f30f4d474e6ae4b05252/library/core/src/panic/unwind_safe.rs:272:9
[INFO] [stdout]   18: std::panicking::try::do_call
[INFO] [stdout]              at /rustc/df4ca44d3fbc9301ee17f30f4d474e6ae4b05252/library/std/src/panicking.rs:557:40
[INFO] [stdout]   19: std::panicking::try
[INFO] [stdout]              at /rustc/df4ca44d3fbc9301ee17f30f4d474e6ae4b05252/library/std/src/panicking.rs:520:19
[INFO] [stdout]   20: std::panic::catch_unwind
[INFO] [stdout]              at /rustc/df4ca44d3fbc9301ee17f30f4d474e6ae4b05252/library/std/src/panic.rs:358:14
[INFO] [stdout]   21: std::thread::Builder::spawn_unchecked_::{{closure}}
[INFO] [stdout]              at /rustc/df4ca44d3fbc9301ee17f30f4d474e6ae4b05252/library/std/src/thread/mod.rs:540:30
[INFO] [stdout]   22: core::ops::function::FnOnce::call_once{{vtable.shim}}
[INFO] [stdout]              at /rustc/df4ca44d3fbc9301ee17f30f4d474e6ae4b05252/library/core/src/ops/function.rs:250:5
[INFO] [stdout]   23: <alloc::boxed::Box<F,A> as core::ops::function::FnOnce<Args>>::call_once
[INFO] [stdout]              at /rustc/df4ca44d3fbc9301ee17f30f4d474e6ae4b05252/library/alloc/src/boxed.rs:2454:9
[INFO] [stdout]   24: <alloc::boxed::Box<F,A> as core::ops::function::FnOnce<Args>>::call_once
[INFO] [stdout]              at /rustc/df4ca44d3fbc9301ee17f30f4d474e6ae4b05252/library/alloc/src/boxed.rs:2454:9
[INFO] [stdout]   25: std::sys::pal::unix::thread::Thread::new::thread_start
[INFO] [stdout]              at /rustc/df4ca44d3fbc9301ee17f30f4d474e6ae4b05252/library/std/src/sys/pal/unix/thread.rs:105:17
[INFO] [stdout]   26: <unknown>
[INFO] [stdout]   27: clone
[INFO] [stdout] 
[INFO] [stdout] ---- test_operation_build_invalid_system stdout ----
[INFO] [stdout] Error: Read-only file system (os error 30)
[INFO] [stdout] 
[INFO] [stdout] Stack backtrace:
[INFO] [stdout]    0: anyhow::error::<impl core::convert::From<E> for anyhow::Error>::from
[INFO] [stdout]              at /opt/rustwide/cargo-home/registry/src/index.crates.io-6f17d22bba15001f/anyhow-1.0.86/src/backtrace.rs:27:14
[INFO] [stdout]    1: <core::result::Result<T,F> as core::ops::try_trait::FromResidual<core::result::Result<core::convert::Infallible,E>>>::from_residual
[INFO] [stdout]              at /rustc/df4ca44d3fbc9301ee17f30f4d474e6ae4b05252/library/core/src/result.rs:2008:27
[INFO] [stdout]    2: operation_build::test_operation_build_invalid_system
[INFO] [stdout]              at ./tests/operation_build.rs:445:5
[INFO] [stdout]    3: operation_build::test_operation_build_invalid_system::{{closure}}
[INFO] [stdout]              at ./tests/operation_build.rs:424:45
[INFO] [stdout]    4: core::ops::function::FnOnce::call_once
[INFO] [stdout]              at /rustc/df4ca44d3fbc9301ee17f30f4d474e6ae4b05252/library/core/src/ops/function.rs:250:5
[INFO] [stdout]    5: core::ops::function::FnOnce::call_once
[INFO] [stdout]              at /rustc/df4ca44d3fbc9301ee17f30f4d474e6ae4b05252/library/core/src/ops/function.rs:250:5
[INFO] [stdout]    6: test::__rust_begin_short_backtrace
[INFO] [stdout]              at /rustc/df4ca44d3fbc9301ee17f30f4d474e6ae4b05252/library/test/src/lib.rs:621:18
[INFO] [stdout]    7: test::run_test_in_process::{{closure}}
[INFO] [stdout]              at /rustc/df4ca44d3fbc9301ee17f30f4d474e6ae4b05252/library/test/src/lib.rs:644:60
[INFO] [stdout]    8: <core::panic::unwind_safe::AssertUnwindSafe<F> as core::ops::function::FnOnce<()>>::call_once
[INFO] [stdout]              at /rustc/df4ca44d3fbc9301ee17f30f4d474e6ae4b05252/library/core/src/panic/unwind_safe.rs:272:9
[INFO] [stdout]    9: std::panicking::try::do_call
[INFO] [stdout]              at /rustc/df4ca44d3fbc9301ee17f30f4d474e6ae4b05252/library/std/src/panicking.rs:557:40
[INFO] [stdout]   10: std::panicking::try
[INFO] [stdout]              at /rustc/df4ca44d3fbc9301ee17f30f4d474e6ae4b05252/library/std/src/panicking.rs:520:19
[INFO] [stdout]   11: std::panic::catch_unwind
[INFO] [stdout]              at /rustc/df4ca44d3fbc9301ee17f30f4d474e6ae4b05252/library/std/src/panic.rs:358:14
[INFO] [stdout]   12: test::run_test_in_process
[INFO] [stdout]              at /rustc/df4ca44d3fbc9301ee17f30f4d474e6ae4b05252/library/test/src/lib.rs:644:27
[INFO] [stdout]   13: test::run_test::{{closure}}
[INFO] [stdout]              at /rustc/df4ca44d3fbc9301ee17f30f4d474e6ae4b05252/library/test/src/lib.rs:565:43
[INFO] [stdout]   14: test::run_test::{{closure}}
[INFO] [stdout]              at /rustc/df4ca44d3fbc9301ee17f30f4d474e6ae4b05252/library/test/src/lib.rs:595:41
[INFO] [stdout]   15: std::sys::backtrace::__rust_begin_short_backtrace
[INFO] [stdout]              at /rustc/df4ca44d3fbc9301ee17f30f4d474e6ae4b05252/library/std/src/sys/backtrace.rs:154:18
[INFO] [stdout]   16: std::thread::Builder::spawn_unchecked_::{{closure}}::{{closure}}
[INFO] [stdout]              at /rustc/df4ca44d3fbc9301ee17f30f4d474e6ae4b05252/library/std/src/thread/mod.rs:541:17
[INFO] [stdout]   17: <core::panic::unwind_safe::AssertUnwindSafe<F> as core::ops::function::FnOnce<()>>::call_once
[INFO] [stdout]              at /rustc/df4ca44d3fbc9301ee17f30f4d474e6ae4b05252/library/core/src/panic/unwind_safe.rs:272:9
[INFO] [stdout]   18: std::panicking::try::do_call
[INFO] [stdout]              at /rustc/df4ca44d3fbc9301ee17f30f4d474e6ae4b05252/library/std/src/panicking.rs:557:40
[INFO] [stdout]   19: std::panicking::try
[INFO] [stdout]              at /rustc/df4ca44d3fbc9301ee17f30f4d474e6ae4b05252/library/std/src/panicking.rs:520:19
[INFO] [stdout]   20: std::panic::catch_unwind
[INFO] [stdout]              at /rustc/df4ca44d3fbc9301ee17f30f4d474e6ae4b05252/library/std/src/panic.rs:358:14
[INFO] [stdout]   21: std::thread::Builder::spawn_unchecked_::{{closure}}
[INFO] [stdout]              at /rustc/df4ca44d3fbc9301ee17f30f4d474e6ae4b05252/library/std/src/thread/mod.rs:540:30
[INFO] [stdout]   22: core::ops::function::FnOnce::call_once{{vtable.shim}}
[INFO] [stdout]              at /rustc/df4ca44d3fbc9301ee17f30f4d474e6ae4b05252/library/core/src/ops/function.rs:250:5
[INFO] [stdout]   23: <alloc::boxed::Box<F,A> as core::ops::function::FnOnce<Args>>::call_once
[INFO] [stdout]              at /rustc/df4ca44d3fbc9301ee17f30f4d474e6ae4b05252/library/alloc/src/boxed.rs:2454:9
[INFO] [stdout]   24: <alloc::boxed::Box<F,A> as core::ops::function::FnOnce<Args>>::call_once
[INFO] [stdout]              at /rustc/df4ca44d3fbc9301ee17f30f4d474e6ae4b05252/library/alloc/src/boxed.rs:2454:9
[INFO] [stdout]   25: std::sys::pal::unix::thread::Thread::new::thread_start
[INFO] [stdout]              at /rustc/df4ca44d3fbc9301ee17f30f4d474e6ae4b05252/library/std/src/sys/pal/unix/thread.rs:105:17
[INFO] [stdout]   26: <unknown>
[INFO] [stdout]   27: clone
[INFO] [stdout] 
[INFO] [stdout] ---- test_operation_build_with_sync stdout ----
[INFO] [stdout] Error: Read-only file system (os error 30)
[INFO] [stdout] 
[INFO] [stdout] Stack backtrace:
[INFO] [stdout]    0: anyhow::error::<impl core::convert::From<E> for anyhow::Error>::from
[INFO] [stdout]              at /opt/rustwide/cargo-home/registry/src/index.crates.io-6f17d22bba15001f/anyhow-1.0.86/src/backtrace.rs:27:14
[INFO] [stdout]    1: <core::result::Result<T,F> as core::ops::try_trait::FromResidual<core::result::Result<core::convert::Infallible,E>>>::from_residual
[INFO] [stdout]              at /rustc/df4ca44d3fbc9301ee17f30f4d474e6ae4b05252/library/core/src/result.rs:2008:27
[INFO] [stdout]    2: operation_build::test_operation_build_with_sync
[INFO] [stdout]              at ./tests/operation_build.rs:125:5
[INFO] [stdout]    3: operation_build::test_operation_build_with_sync::{{closure}}
[INFO] [stdout]              at ./tests/operation_build.rs:110:40
[INFO] [stdout]    4: core::ops::function::FnOnce::call_once
[INFO] [stdout]              at /rustc/df4ca44d3fbc9301ee17f30f4d474e6ae4b05252/library/core/src/ops/function.rs:250:5
[INFO] [stdout]    5: core::ops::function::FnOnce::call_once
[INFO] [stdout]              at /rustc/df4ca44d3fbc9301ee17f30f4d474e6ae4b05252/library/core/src/ops/function.rs:250:5
[INFO] [stdout]    6: test::__rust_begin_short_backtrace
[INFO] [stdout]              at /rustc/df4ca44d3fbc9301ee17f30f4d474e6ae4b05252/library/test/src/lib.rs:621:18
[INFO] [stdout]    7: test::run_test_in_process::{{closure}}
[INFO] [stdout]              at /rustc/df4ca44d3fbc9301ee17f30f4d474e6ae4b05252/library/test/src/lib.rs:644:60
[INFO] [stdout]    8: <core::panic::unwind_safe::AssertUnwindSafe<F> as core::ops::function::FnOnce<()>>::call_once
[INFO] [stdout]              at /rustc/df4ca44d3fbc9301ee17f30f4d474e6ae4b05252/library/core/src/panic/unwind_safe.rs:272:9
[INFO] [stdout]    9: std::panicking::try::do_call
[INFO] [stdout]              at /rustc/df4ca44d3fbc9301ee17f30f4d474e6ae4b05252/library/std/src/panicking.rs:557:40
[INFO] [stdout]   10: std::panicking::try
[INFO] [stdout]              at /rustc/df4ca44d3fbc9301ee17f30f4d474e6ae4b05252/library/std/src/panicking.rs:520:19
[INFO] [stdout]   11: std::panic::catch_unwind
[INFO] [stdout]              at /rustc/df4ca44d3fbc9301ee17f30f4d474e6ae4b05252/library/std/src/panic.rs:358:14
[INFO] [stdout]   12: test::run_test_in_process
[INFO] [stdout]              at /rustc/df4ca44d3fbc9301ee17f30f4d474e6ae4b05252/library/test/src/lib.rs:644:27
[INFO] [stdout]   13: test::run_test::{{closure}}
[INFO] [stdout]              at /rustc/df4ca44d3fbc9301ee17f30f4d474e6ae4b05252/library/test/src/lib.rs:565:43
[INFO] [stdout]   14: test::run_test::{{closure}}
[INFO] [stdout]              at /rustc/df4ca44d3fbc9301ee17f30f4d474e6ae4b05252/library/test/src/lib.rs:595:41
[INFO] [stdout]   15: std::sys::backtrace::__rust_begin_short_backtrace
[INFO] [stdout]              at /rustc/df4ca44d3fbc9301ee17f30f4d474e6ae4b05252/library/std/src/sys/backtrace.rs:154:18
[INFO] [stdout]   16: std::thread::Builder::spawn_unchecked_::{{closure}}::{{closure}}
[INFO] [stdout]              at /rustc/df4ca44d3fbc9301ee17f30f4d474e6ae4b05252/library/std/src/thread/mod.rs:541:17
[INFO] [stdout]   17: <core::panic::unwind_safe::AssertUnwindSafe<F> as core::ops::function::FnOnce<()>>::call_once
[INFO] [stdout]              at /rustc/df4ca44d3fbc9301ee17f30f4d474e6ae4b05252/library/core/src/panic/unwind_safe.rs:272:9
[INFO] [stdout]   18: std::panicking::try::do_call
[INFO] [stdout]              at /rustc/df4ca44d3fbc9301ee17f30f4d474e6ae4b05252/library/std/src/panicking.rs:557:40
[INFO] [stdout]   19: std::panicking::try
[INFO] [stdout]              at /rustc/df4ca44d3fbc9301ee17f30f4d474e6ae4b05252/library/std/src/panicking.rs:520:19
[INFO] [stdout]   20: std::panic::catch_unwind
[INFO] [stdout]              at /rustc/df4ca44d3fbc9301ee17f30f4d474e6ae4b05252/library/std/src/panic.rs:358:14
[INFO] [stdout]   21: std::thread::Builder::spawn_unchecked_::{{closure}}
[INFO] [stdout]              at /rustc/df4ca44d3fbc9301ee17f30f4d474e6ae4b05252/library/std/src/thread/mod.rs:540:30
[INFO] [stdout]   22: core::ops::function::FnOnce::call_once{{vtable.shim}}
[INFO] [stdout]              at /rustc/df4ca44d3fbc9301ee17f30f4d474e6ae4b05252/library/core/src/ops/function.rs:250:5
[INFO] [stdout]   23: <alloc::boxed::Box<F,A> as core::ops::function::FnOnce<Args>>::call_once
[INFO] [stdout]              at /rustc/df4ca44d3fbc9301ee17f30f4d474e6ae4b05252/library/alloc/src/boxed.rs:2454:9
[INFO] [stdout]   24: <alloc::boxed::Box<F,A> as core::ops::function::FnOnce<Args>>::call_once
[INFO] [stdout]              at /rustc/df4ca44d3fbc9301ee17f30f4d474e6ae4b05252/library/alloc/src/boxed.rs:2454:9
[INFO] [stdout]   25: std::sys::pal::unix::thread::Thread::new::thread_start
[INFO] [stdout]              at /rustc/df4ca44d3fbc9301ee17f30f4d474e6ae4b05252/library/std/src/sys/pal/unix/thread.rs:105:17
[INFO] [stdout]   26: <unknown>
[INFO] [stdout]   27: clone
[INFO] [stdout] 
[INFO] [stdout] ---- test_operation_build_with_deprecated_config_properties stdout ----
[INFO] [stdout] Error: Read-only file system (os error 30)
[INFO] [stdout] 
[INFO] [stdout] Stack backtrace:
[INFO] [stdout]    0: anyhow::error::<impl core::convert::From<E> for anyhow::Error>::from
[INFO] [stdout]              at /opt/rustwide/cargo-home/registry/src/index.crates.io-6f17d22bba15001f/anyhow-1.0.86/src/backtrace.rs:27:14
[INFO] [stdout]    1: <core::result::Result<T,F> as core::ops::try_trait::FromResidual<core::result::Result<core::convert::Infallible,E>>>::from_residual
[INFO] [stdout]              at /rustc/df4ca44d3fbc9301ee17f30f4d474e6ae4b05252/library/core/src/result.rs:2008:27
[INFO] [stdout]    2: operation_build::test_operation_build_with_deprecated_config_properties
[INFO] [stdout]              at ./tests/operation_build.rs:658:5
[INFO] [stdout]    3: operation_build::test_operation_build_with_deprecated_config_properties::{{closure}}
[INFO] [stdout]              at ./tests/operation_build.rs:633:64
[INFO] [stdout]    4: core::ops::function::FnOnce::call_once
[INFO] [stdout]              at /rustc/df4ca44d3fbc9301ee17f30f4d474e6ae4b05252/library/core/src/ops/function.rs:250:5
[INFO] [stdout]    5: core::ops::function::FnOnce::call_once
[INFO] [stdout]              at /rustc/df4ca44d3fbc9301ee17f30f4d474e6ae4b05252/library/core/src/ops/function.rs:250:5
[INFO] [stdout]    6: test::__rust_begin_short_backtrace
[INFO] [stdout]              at /rustc/df4ca44d3fbc9301ee17f30f4d474e6ae4b05252/library/test/src/lib.rs:621:18
[INFO] [stdout]    7: test::run_test_in_process::{{closure}}
[INFO] [stdout]              at /rustc/df4ca44d3fbc9301ee17f30f4d474e6ae4b05252/library/test/src/lib.rs:644:60
[INFO] [stdout]    8: <core::panic::unwind_safe::AssertUnwindSafe<F> as core::ops::function::FnOnce<()>>::call_once
[INFO] [stdout]              at /rustc/df4ca44d3fbc9301ee17f30f4d474e6ae4b05252/library/core/src/panic/unwind_safe.rs:272:9
[INFO] [stdout]    9: std::panicking::try::do_call
[INFO] [stdout]              at /rustc/df4ca44d3fbc9301ee17f30f4d474e6ae4b05252/library/std/src/panicking.rs:557:40
[INFO] [stdout]   10: std::panicking::try
[INFO] [stdout]              at /rustc/df4ca44d3fbc9301ee17f30f4d474e6ae4b05252/library/std/src/panicking.rs:520:19
[INFO] [stdout]   11: std::panic::catch_unwind
[INFO] [stdout]              at /rustc/df4ca44d3fbc9301ee17f30f4d474e6ae4b05252/library/std/src/panic.rs:358:14
[INFO] [stdout]   12: test::run_test_in_process
[INFO] [stdout]              at /rustc/df4ca44d3fbc9301ee17f30f4d474e6ae4b05252/library/test/src/lib.rs:644:27
[INFO] [stdout]   13: test::run_test::{{closure}}
[INFO] [stdout]              at /rustc/df4ca44d3fbc9301ee17f30f4d474e6ae4b05252/library/test/src/lib.rs:565:43
[INFO] [stdout]   14: test::run_test::{{closure}}
[INFO] [stdout]              at /rustc/df4ca44d3fbc9301ee17f30f4d474e6ae4b05252/library/test/src/lib.rs:595:41
[INFO] [stdout]   15: std::sys::backtrace::__rust_begin_short_backtrace
[INFO] [stdout]              at /rustc/df4ca44d3fbc9301ee17f30f4d474e6ae4b05252/library/std/src/sys/backtrace.rs:154:18
[INFO] [stdout]   16: std::thread::Builder::spawn_unchecked_::{{closure}}::{{closure}}
[INFO] [stdout]              at /rustc/df4ca44d3fbc9301ee17f30f4d474e6ae4b05252/library/std/src/thread/mod.rs:541:17
[INFO] [stdout]   17: <core::panic::unwind_safe::AssertUnwindSafe<F> as core::ops::function::FnOnce<()>>::call_once
[INFO] [stdout]              at /rustc/df4ca44d3fbc9301ee17f30f4d474e6ae4b05252/library/core/src/panic/unwind_safe.rs:272:9
[INFO] [stdout]   18: std::panicking::try::do_call
[INFO] [stdout]              at /rustc/df4ca44d3fbc9301ee17f30f4d474e6ae4b05252/library/std/src/panicking.rs:557:40
[INFO] [stdout]   19: std::panicking::try
[INFO] [stdout]              at /rustc/df4ca44d3fbc9301ee17f30f4d474e6ae4b05252/library/std/src/panicking.rs:520:19
[INFO] [stdout]   20: std::panic::catch_unwind
[INFO] [stdout]              at /rustc/df4ca44d3fbc9301ee17f30f4d474e6ae4b05252/library/std/src/panic.rs:358:14
[INFO] [stdout]   21: std::thread::Builder::spawn_unchecked_::{{closure}}
[INFO] [stdout]              at /rustc/df4ca44d3fbc9301ee17f30f4d474e6ae4b05252/library/std/src/thread/mod.rs:540:30
[INFO] [stdout]   22: core::ops::function::FnOnce::call_once{{vtable.shim}}
[INFO] [stdout]              at /rustc/df4ca44d3fbc9301ee17f30f4d474e6ae4b05252/library/core/src/ops/function.rs:250:5
[INFO] [stdout]   23: <alloc::boxed::Box<F,A> as core::ops::function::FnOnce<Args>>::call_once
[INFO] [stdout]              at /rustc/df4ca44d3fbc9301ee17f30f4d474e6ae4b05252/library/alloc/src/boxed.rs:2454:9
[INFO] [stdout]   24: <alloc::boxed::Box<F,A> as core::ops::function::FnOnce<Args>>::call_once
[INFO] [stdout]              at /rustc/df4ca44d3fbc9301ee17f30f4d474e6ae4b05252/library/alloc/src/boxed.rs:2454:9
[INFO] [stdout]   25: std::sys::pal::unix::thread::Thread::new::thread_start
[INFO] [stdout]              at /rustc/df4ca44d3fbc9301ee17f30f4d474e6ae4b05252/library/std/src/sys/pal/unix/thread.rs:105:17
[INFO] [stdout]   26: <unknown>
[INFO] [stdout]   27: clone
[INFO] [stdout] 
[INFO] [stdout] ---- test_operation_build_mixed stdout ----
[INFO] [stdout] Error: Read-only file system (os error 30)
[INFO] [stdout] 
[INFO] [stdout] Stack backtrace:
[INFO] [stdout]    0: anyhow::error::<impl core::convert::From<E> for anyhow::Error>::from
[INFO] [stdout]              at /opt/rustwide/cargo-home/registry/src/index.crates.io-6f17d22bba15001f/anyhow-1.0.86/src/backtrace.rs:27:14
[INFO] [stdout]    1: <core::result::Result<T,F> as core::ops::try_trait::FromResidual<core::result::Result<core::convert::Infallible,E>>>::from_residual
[INFO] [stdout]              at /rustc/df4ca44d3fbc9301ee17f30f4d474e6ae4b05252/library/core/src/result.rs:2008:27
[INFO] [stdout]    2: operation_build::test_operation_build_mixed
[INFO] [stdout]              at ./tests/operation_build.rs:364:5
[INFO] [stdout]    3: operation_build::test_operation_build_mixed::{{closure}}
[INFO] [stdout]              at ./tests/operation_build.rs:327:36
[INFO] [stdout]    4: core::ops::function::FnOnce::call_once
[INFO] [stdout]              at /rustc/df4ca44d3fbc9301ee17f30f4d474e6ae4b05252/library/core/src/ops/function.rs:250:5
[INFO] [stdout]    5: core::ops::function::FnOnce::call_once
[INFO] [stdout]              at /rustc/df4ca44d3fbc9301ee17f30f4d474e6ae4b05252/library/core/src/ops/function.rs:250:5
[INFO] [stdout]    6: test::__rust_begin_short_backtrace
[INFO] [stdout]              at /rustc/df4ca44d3fbc9301ee17f30f4d474e6ae4b05252/library/test/src/lib.rs:621:18
[INFO] [stdout]    7: test::run_test_in_process::{{closure}}
[INFO] [stdout]              at /rustc/df4ca44d3fbc9301ee17f30f4d474e6ae4b05252/library/test/src/lib.rs:644:60
[INFO] [stdout]    8: <core::panic::unwind_safe::AssertUnwindSafe<F> as core::ops::function::FnOnce<()>>::call_once
[INFO] [stdout]              at /rustc/df4ca44d3fbc9301ee17f30f4d474e6ae4b05252/library/core/src/panic/unwind_safe.rs:272:9
[INFO] [stdout]    9: std::panicking::try::do_call
[INFO] [stdout]              at /rustc/df4ca44d3fbc9301ee17f30f4d474e6ae4b05252/library/std/src/panicking.rs:557:40
[INFO] [stdout]   10: std::panicking::try
[INFO] [stdout]              at /rustc/df4ca44d3fbc9301ee17f30f4d474e6ae4b05252/library/std/src/panicking.rs:520:19
[INFO] [stdout]   11: std::panic::catch_unwind
[INFO] [stdout]              at /rustc/df4ca44d3fbc9301ee17f30f4d474e6ae4b05252/library/std/src/panic.rs:358:14
[INFO] [stdout]   12: test::run_test_in_process
[INFO] [stdout]              at /rustc/df4ca44d3fbc9301ee17f30f4d474e6ae4b05252/library/test/src/lib.rs:644:27
[INFO] [stdout]   13: test::run_test::{{closure}}
[INFO] [stdout]              at /rustc/df4ca44d3fbc9301ee17f30f4d474e6ae4b05252/library/test/src/lib.rs:565:43
[INFO] [stdout]   14: test::run_test::{{closure}}
[INFO] [stdout]              at /rustc/df4ca44d3fbc9301ee17f30f4d474e6ae4b05252/library/test/src/lib.rs:595:41
[INFO] [stdout]   15: std::sys::backtrace::__rust_begin_short_backtrace
[INFO] [stdout]              at /rustc/df4ca44d3fbc9301ee17f30f4d474e6ae4b05252/library/std/src/sys/backtrace.rs:154:18
[INFO] [stdout]   16: std::thread::Builder::spawn_unchecked_::{{closure}}::{{closure}}
[INFO] [stdout]              at /rustc/df4ca44d3fbc9301ee17f30f4d474e6ae4b05252/library/std/src/thread/mod.rs:541:17
[INFO] [stdout]   17: <core::panic::unwind_safe::AssertUnwindSafe<F> as core::ops::function::FnOnce<()>>::call_once
[INFO] [stdout]              at /rustc/df4ca44d3fbc9301ee17f30f4d474e6ae4b05252/library/core/src/panic/unwind_safe.rs:272:9
[INFO] [stdout]   18: std::panicking::try::do_call
[INFO] [stdout]              at /rustc/df4ca44d3fbc9301ee17f30f4d474e6ae4b05252/library/std/src/panicking.rs:557:40
[INFO] [stdout]   19: std::panicking::try
[INFO] [stdout]              at /rustc/df4ca44d3fbc9301ee17f30f4d474e6ae4b05252/library/std/src/panicking.rs:520:19
[INFO] [stdout]   20: std::panic::catch_unwind
[INFO] [stdout]              at /rustc/df4ca44d3fbc9301ee17f30f4d474e6ae4b05252/library/std/src/panic.rs:358:14
[INFO] [stdout]   21: std::thread::Builder::spawn_unchecked_::{{closure}}
[INFO] [stdout]              at /rustc/df4ca44d3fbc9301ee17f30f4d474e6ae4b05252/library/std/src/thread/mod.rs:540:30
[INFO] [stdout]   22: core::ops::function::FnOnce::call_once{{vtable.shim}}
[INFO] [stdout]              at /rustc/df4ca44d3fbc9301ee17f30f4d474e6ae4b05252/library/core/src/ops/function.rs:250:5
[INFO] [stdout]   23: <alloc::boxed::Box<F,A> as core::ops::function::FnOnce<Args>>::call_once
[INFO] [stdout]              at /rustc/df4ca44d3fbc9301ee17f30f4d474e6ae4b05252/library/alloc/src/boxed.rs:2454:9
[INFO] [stdout]   24: <alloc::boxed::Box<F,A> as core::ops::function::FnOnce<Args>>::call_once
[INFO] [stdout]              at /rustc/df4ca44d3fbc9301ee17f30f4d474e6ae4b05252/library/alloc/src/boxed.rs:2454:9
[INFO] [stdout]   25: std::sys::pal::unix::thread::Thread::new::thread_start
[INFO] [stdout]              at /rustc/df4ca44d3fbc9301ee17f30f4d474e6ae4b05252/library/std/src/sys/pal/unix/thread.rs:105:17
[INFO] [stdout]   26: <unknown>
[INFO] [stdout]   27: clone
[INFO] [stdout] 
[INFO] [stdout] ---- test_operation_build_quiet_flag stdout ----
[INFO] [stdout] Error: Read-only file system (os error 30)
[INFO] [stdout] 
[INFO] [stdout] Stack backtrace:
[INFO] [stdout]    0: anyhow::error::<impl core::convert::From<E> for anyhow::Error>::from
[INFO] [stdout]              at /opt/rustwide/cargo-home/registry/src/index.crates.io-6f17d22bba15001f/anyhow-1.0.86/src/backtrace.rs:27:14
[INFO] [stdout]    1: <core::result::Result<T,F> as core::ops::try_trait::FromResidual<core::result::Result<core::convert::Infallible,E>>>::from_residual
[INFO] [stdout]              at /rustc/df4ca44d3fbc9301ee17f30f4d474e6ae4b05252/library/core/src/result.rs:2008:27
[INFO] [stdout]    2: operation_build::test_operation_build_quiet_flag
[INFO] [stdout]              at ./tests/operation_build.rs:74:5
[INFO] [stdout]    3: operation_build::test_operation_build_quiet_flag::{{closure}}
[INFO] [stdout]              at ./tests/operation_build.rs:46:41
[INFO] [stdout]    4: core::ops::function::FnOnce::call_once
[INFO] [stdout]              at /rustc/df4ca44d3fbc9301ee17f30f4d474e6ae4b05252/library/core/src/ops/function.rs:250:5
[INFO] [stdout]    5: core::ops::function::FnOnce::call_once
[INFO] [stdout]              at /rustc/df4ca44d3fbc9301ee17f30f4d474e6ae4b05252/library/core/src/ops/function.rs:250:5
[INFO] [stdout]    6: test::__rust_begin_short_backtrace
[INFO] [stdout]              at /rustc/df4ca44d3fbc9301ee17f30f4d474e6ae4b05252/library/test/src/lib.rs:621:18
[INFO] [stdout]    7: test::run_test_in_process::{{closure}}
[INFO] [stdout]              at /rustc/df4ca44d3fbc9301ee17f30f4d474e6ae4b05252/library/test/src/lib.rs:644:60
[INFO] [stdout]    8: <core::panic::unwind_safe::AssertUnwindSafe<F> as core::ops::function::FnOnce<()>>::call_once
[INFO] [stdout]              at /rustc/df4ca44d3fbc9301ee17f30f4d474e6ae4b05252/library/core/src/panic/unwind_safe.rs:272:9
[INFO] [stdout]    9: std::panicking::try::do_call
[INFO] [stdout]              at /rustc/df4ca44d3fbc9301ee17f30f4d474e6ae4b05252/library/std/src/panicking.rs:557:40
[INFO] [stdout]   10: std::panicking::try
[INFO] [stdout]              at /rustc/df4ca44d3fbc9301ee17f30f4d474e6ae4b05252/library/std/src/panicking.rs:520:19
[INFO] [stdout]   11: std::panic::catch_unwind
[INFO] [stdout]              at /rustc/df4ca44d3fbc9301ee17f30f4d474e6ae4b05252/library/std/src/panic.rs:358:14
[INFO] [stdout]   12: test::run_test_in_process
[INFO] [stdout]              at /rustc/df4ca44d3fbc9301ee17f30f4d474e6ae4b05252/library/test/src/lib.rs:644:27
[INFO] [stdout]   13: test::run_test::{{closure}}
[INFO] [stdout]              at /rustc/df4ca44d3fbc9301ee17f30f4d474e6ae4b05252/library/test/src/lib.rs:565:43
[INFO] [stdout]   14: test::run_test::{{closure}}
[INFO] [stdout]              at /rustc/df4ca44d3fbc9301ee17f30f4d474e6ae4b05252/library/test/src/lib.rs:595:41
[INFO] [stdout]   15: std::sys::backtrace::__rust_begin_short_backtrace
[INFO] [stdout]              at /rustc/df4ca44d3fbc9301ee17f30f4d474e6ae4b05252/library/std/src/sys/backtrace.rs:154:18
[INFO] [stdout]   16: std::thread::Builder::spawn_unchecked_::{{closure}}::{{closure}}
[INFO] [stdout]              at /rustc/df4ca44d3fbc9301ee17f30f4d474e6ae4b05252/library/std/src/thread/mod.rs:541:17
[INFO] [stdout]   17: <core::panic::unwind_safe::AssertUnwindSafe<F> as core::ops::function::FnOnce<()>>::call_once
[INFO] [stdout]              at /rustc/df4ca44d3fbc9301ee17f30f4d474e6ae4b05252/library/core/src/panic/unwind_safe.rs:272:9
[INFO] [stdout]   18: std::panicking::try::do_call
[INFO] [stdout]              at /rustc/df4ca44d3fbc9301ee17f30f4d474e6ae4b05252/library/std/src/panicking.rs:557:40
[INFO] [stdout]   19: std::panicking::try
[INFO] [stdout]              at /rustc/df4ca44d3fbc9301ee17f30f4d474e6ae4b05252/library/std/src/panicking.rs:520:19
[INFO] [stdout]   20: std::panic::catch_unwind
[INFO] [stdout]              at /rustc/df4ca44d3fbc9301ee17f30f4d474e6ae4b05252/library/std/src/panic.rs:358:14
[INFO] [stdout]   21: std::thread::Builder::spawn_unchecked_::{{closure}}
[INFO] [stdout]              at /rustc/df4ca44d3fbc9301ee17f30f4d474e6ae4b05252/library/std/src/thread/mod.rs:540:30
[INFO] [stdout]   22: core::ops::function::FnOnce::call_once{{vtable.shim}}
[INFO] [stdout]              at /rustc/df4ca44d3fbc9301ee17f30f4d474e6ae4b05252/library/core/src/ops/function.rs:250:5
[INFO] [stdout]   23: <alloc::boxed::Box<F,A> as core::ops::function::FnOnce<Args>>::call_once
[INFO] [stdout]              at /rustc/df4ca44d3fbc9301ee17f30f4d474e6ae4b05252/library/alloc/src/boxed.rs:2454:9
[INFO] [stdout]   24: <alloc::boxed::Box<F,A> as core::ops::function::FnOnce<Args>>::call_once
[INFO] [stdout]              at /rustc/df4ca44d3fbc9301ee17f30f4d474e6ae4b05252/library/alloc/src/boxed.rs:2454:9
[INFO] [stdout]   25: std::sys::pal::unix::thread::Thread::new::thread_start
[INFO] [stdout]              at /rustc/df4ca44d3fbc9301ee17f30f4d474e6ae4b05252/library/std/src/sys/pal/unix/thread.rs:105:17
[INFO] [stdout]   26: <unknown>
[INFO] [stdout]   27: clone
[INFO] [stdout] 
[INFO] [stdout] ---- test_operation_build_invalid_base16 stdout ----
[INFO] [stdout] Error: Read-only file system (os error 30)
[INFO] [stdout] 
[INFO] [stdout] Stack backtrace:
[INFO] [stdout]    0: anyhow::error::<impl core::convert::From<E> for anyhow::Error>::from
[INFO] [stdout]              at /opt/rustwide/cargo-home/registry/src/index.crates.io-6f17d22bba15001f/anyhow-1.0.86/src/backtrace.rs:27:14
[INFO] [stdout]    1: <core::result::Result<T,F> as core::ops::try_trait::FromResidual<core::result::Result<core::convert::Infallible,E>>>::from_residual
[INFO] [stdout]              at /rustc/df4ca44d3fbc9301ee17f30f4d474e6ae4b05252/library/core/src/result.rs:2008:27
[INFO] [stdout]    2: operation_build::test_operation_build_invalid_base16
[INFO] [stdout]              at ./tests/operation_build.rs:584:5
[INFO] [stdout]    3: operation_build::test_operation_build_invalid_base16::{{closure}}
[INFO] [stdout]              at ./tests/operation_build.rs:563:45
[INFO] [stdout]    4: core::ops::function::FnOnce::call_once
[INFO] [stdout]              at /rustc/df4ca44d3fbc9301ee17f30f4d474e6ae4b05252/library/core/src/ops/function.rs:250:5
[INFO] [stdout]    5: core::ops::function::FnOnce::call_once
[INFO] [stdout]              at /rustc/df4ca44d3fbc9301ee17f30f4d474e6ae4b05252/library/core/src/ops/function.rs:250:5
[INFO] [stdout]    6: test::__rust_begin_short_backtrace
[INFO] [stdout]              at /rustc/df4ca44d3fbc9301ee17f30f4d474e6ae4b05252/library/test/src/lib.rs:621:18
[INFO] [stdout]    7: test::run_test_in_process::{{closure}}
[INFO] [stdout]              at /rustc/df4ca44d3fbc9301ee17f30f4d474e6ae4b05252/library/test/src/lib.rs:644:60
[INFO] [stdout]    8: <core::panic::unwind_safe::AssertUnwindSafe<F> as core::ops::function::FnOnce<()>>::call_once
[INFO] [stdout]              at /rustc/df4ca44d3fbc9301ee17f30f4d474e6ae4b05252/library/core/src/panic/unwind_safe.rs:272:9
[INFO] [stdout]    9: std::panicking::try::do_call
[INFO] [stdout]              at /rustc/df4ca44d3fbc9301ee17f30f4d474e6ae4b05252/library/std/src/panicking.rs:557:40
[INFO] [stdout]   10: std::panicking::try
[INFO] [stdout]              at /rustc/df4ca44d3fbc9301ee17f30f4d474e6ae4b05252/library/std/src/panicking.rs:520:19
[INFO] [stdout]   11: std::panic::catch_unwind
[INFO] [stdout]              at /rustc/df4ca44d3fbc9301ee17f30f4d474e6ae4b05252/library/std/src/panic.rs:358:14
[INFO] [stdout]   12: test::run_test_in_process
[INFO] [stdout]              at /rustc/df4ca44d3fbc9301ee17f30f4d474e6ae4b05252/library/test/src/lib.rs:644:27
[INFO] [stdout]   13: test::run_test::{{closure}}
[INFO] [stdout]              at /rustc/df4ca44d3fbc9301ee17f30f4d474e6ae4b05252/library/test/src/lib.rs:565:43
[INFO] [stdout]   14: test::run_test::{{closure}}
[INFO] [stdout]              at /rustc/df4ca44d3fbc9301ee17f30f4d474e6ae4b05252/library/test/src/lib.rs:595:41
[INFO] [stdout]   15: std::sys::backtrace::__rust_begin_short_backtrace
[INFO] [stdout]              at /rustc/df4ca44d3fbc9301ee17f30f4d474e6ae4b05252/library/std/src/sys/backtrace.rs:154:18
[INFO] [stdout]   16: std::thread::Builder::spawn_unchecked_::{{closure}}::{{closure}}
[INFO] [stdout]              at /rustc/df4ca44d3fbc9301ee17f30f4d474e6ae4b05252/library/std/src/thread/mod.rs:541:17
[INFO] [stdout]   17: <core::panic::unwind_safe::AssertUnwindSafe<F> as core::ops::function::FnOnce<()>>::call_once
[INFO] [stdout]              at /rustc/df4ca44d3fbc9301ee17f30f4d474e6ae4b05252/library/core/src/panic/unwind_safe.rs:272:9
[INFO] [stderr] error: test failed, to rerun pass `--test operation_build`
[INFO] [stdout]   18: std::panicking::try::do_call
[INFO] [stdout]              at /rustc/df4ca44d3fbc9301ee17f30f4d474e6ae4b05252/library/std/src/panicking.rs:557:40
[INFO] [stdout]   19: std::panicking::try
[INFO] [stdout]              at /rustc/df4ca44d3fbc9301ee17f30f4d474e6ae4b05252/library/std/src/panicking.rs:520:19
[INFO] [stdout]   20: std::panic::catch_unwind
[INFO] [stdout]              at /rustc/df4ca44d3fbc9301ee17f30f4d474e6ae4b05252/library/std/src/panic.rs:358:14
[INFO] [stdout]   21: std::thread::Builder::spawn_unchecked_::{{closure}}
[INFO] [stdout]              at /rustc/df4ca44d3fbc9301ee17f30f4d474e6ae4b05252/library/std/src/thread/mod.rs:540:30
[INFO] [stdout]   22: core::ops::function::FnOnce::call_once{{vtable.shim}}
[INFO] [stdout]              at /rustc/df4ca44d3fbc9301ee17f30f4d474e6ae4b05252/library/core/src/ops/function.rs:250:5
[INFO] [stdout]   23: <alloc::boxed::Box<F,A> as core::ops::function::FnOnce<Args>>::call_once
[INFO] [stdout]              at /rustc/df4ca44d3fbc9301ee17f30f4d474e6ae4b05252/library/alloc/src/boxed.rs:2454:9
[INFO] [stdout]   24: <alloc::boxed::Box<F,A> as core::ops::function::FnOnce<Args>>::call_once
[INFO] [stdout]              at /rustc/df4ca44d3fbc9301ee17f30f4d474e6ae4b05252/library/alloc/src/boxed.rs:2454:9
[INFO] [stdout]   25: std::sys::pal::unix::thread::Thread::new::thread_start
[INFO] [stdout]              at /rustc/df4ca44d3fbc9301ee17f30f4d474e6ae4b05252/library/std/src/sys/pal/unix/thread.rs:105:17
[INFO] [stdout]   26: <unknown>
[INFO] [stdout]   27: clone
[INFO] [stdout] 
[INFO] [stdout] ---- test_operation_build_base24 stdout ----
[INFO] [stdout] Error: Read-only file system (os error 30)
[INFO] [stdout] 
[INFO] [stdout] Stack backtrace:
[INFO] [stdout]    0: anyhow::error::<impl core::convert::From<E> for anyhow::Error>::from
[INFO] [stdout]              at /opt/rustwide/cargo-home/registry/src/index.crates.io-6f17d22bba15001f/anyhow-1.0.86/src/backtrace.rs:27:14
[INFO] [stdout]    1: <core::result::Result<T,F> as core::ops::try_trait::FromResidual<core::result::Result<core::convert::Infallible,E>>>::from_residual
[INFO] [stdout]              at /rustc/df4ca44d3fbc9301ee17f30f4d474e6ae4b05252/library/core/src/result.rs:2008:27
[INFO] [stdout]    2: operation_build::test_operation_build_base24
[INFO] [stdout]              at ./tests/operation_build.rs:284:5
[INFO] [stdout]    3: operation_build::test_operation_build_base24::{{closure}}
[INFO] [stdout]              at ./tests/operation_build.rs:254:37
[INFO] [stdout]    4: core::ops::function::FnOnce::call_once
[INFO] [stdout]              at /rustc/df4ca44d3fbc9301ee17f30f4d474e6ae4b05252/library/core/src/ops/function.rs:250:5
[INFO] [stdout]    5: core::ops::function::FnOnce::call_once
[INFO] [stdout]              at /rustc/df4ca44d3fbc9301ee17f30f4d474e6ae4b05252/library/core/src/ops/function.rs:250:5
[INFO] [stdout]    6: test::__rust_begin_short_backtrace
[INFO] [stdout]              at /rustc/df4ca44d3fbc9301ee17f30f4d474e6ae4b05252/library/test/src/lib.rs:621:18
[INFO] [stdout]    7: test::run_test_in_process::{{closure}}
[INFO] [stdout]              at /rustc/df4ca44d3fbc9301ee17f30f4d474e6ae4b05252/library/test/src/lib.rs:644:60
[INFO] [stdout]    8: <core::panic::unwind_safe::AssertUnwindSafe<F> as core::ops::function::FnOnce<()>>::call_once
[INFO] [stdout]              at /rustc/df4ca44d3fbc9301ee17f30f4d474e6ae4b05252/library/core/src/panic/unwind_safe.rs:272:9
[INFO] [stdout]    9: std::panicking::try::do_call
[INFO] [stdout]              at /rustc/df4ca44d3fbc9301ee17f30f4d474e6ae4b05252/library/std/src/panicking.rs:557:40
[INFO] [stdout]   10: std::panicking::try
[INFO] [stdout]              at /rustc/df4ca44d3fbc9301ee17f30f4d474e6ae4b05252/library/std/src/panicking.rs:520:19
[INFO] [stdout]   11: std::panic::catch_unwind
[INFO] [stdout]              at /rustc/df4ca44d3fbc9301ee17f30f4d474e6ae4b05252/library/std/src/panic.rs:358:14
[INFO] [stdout]   12: test::run_test_in_process
[INFO] [stdout]              at /rustc/df4ca44d3fbc9301ee17f30f4d474e6ae4b05252/library/test/src/lib.rs:644:27
[INFO] [stdout]   13: test::run_test::{{closure}}
[INFO] [stdout]              at /rustc/df4ca44d3fbc9301ee17f30f4d474e6ae4b05252/library/test/src/lib.rs:565:43
[INFO] [stdout]   14: test::run_test::{{closure}}
[INFO] [stdout]              at /rustc/df4ca44d3fbc9301ee17f30f4d474e6ae4b05252/library/test/src/lib.rs:595:41
[INFO] [stdout]   15: std::sys::backtrace::__rust_begin_short_backtrace
[INFO] [stdout]              at /rustc/df4ca44d3fbc9301ee17f30f4d474e6ae4b05252/library/std/src/sys/backtrace.rs:154:18
[INFO] [stdout]   16: std::thread::Builder::spawn_unchecked_::{{closure}}::{{closure}}
[INFO] [stdout]              at /rustc/df4ca44d3fbc9301ee17f30f4d474e6ae4b05252/library/std/src/thread/mod.rs:541:17
[INFO] [stdout]   17: <core::panic::unwind_safe::AssertUnwindSafe<F> as core::ops::function::FnOnce<()>>::call_once
[INFO] [stdout]              at /rustc/df4ca44d3fbc9301ee17f30f4d474e6ae4b05252/library/core/src/panic/unwind_safe.rs:272:9
[INFO] [stdout]   18: std::panicking::try::do_call
[INFO] [stdout]              at /rustc/df4ca44d3fbc9301ee17f30f4d474e6ae4b05252/library/std/src/panicking.rs:557:40
[INFO] [stdout]   19: std::panicking::try
[INFO] [stdout]              at /rustc/df4ca44d3fbc9301ee17f30f4d474e6ae4b05252/library/std/src/panicking.rs:520:19
[INFO] [stdout]   20: std::panic::catch_unwind
[INFO] [stdout]              at /rustc/df4ca44d3fbc9301ee17f30f4d474e6ae4b05252/library/std/src/panic.rs:358:14
[INFO] [stdout]   21: std::thread::Builder::spawn_unchecked_::{{closure}}
[INFO] [stdout]              at /rustc/df4ca44d3fbc9301ee17f30f4d474e6ae4b05252/library/std/src/thread/mod.rs:540:30
[INFO] [stdout]   22: core::ops::function::FnOnce::call_once{{vtable.shim}}
[INFO] [stdout]              at /rustc/df4ca44d3fbc9301ee17f30f4d474e6ae4b05252/library/core/src/ops/function.rs:250:5
[INFO] [stdout]   23: <alloc::boxed::Box<F,A> as core::ops::function::FnOnce<Args>>::call_once
[INFO] [stdout]              at /rustc/df4ca44d3fbc9301ee17f30f4d474e6ae4b05252/library/alloc/src/boxed.rs:2454:9
[INFO] [stdout]   24: <alloc::boxed::Box<F,A> as core::ops::function::FnOnce<Args>>::call_once
[INFO] [stdout]              at /rustc/df4ca44d3fbc9301ee17f30f4d474e6ae4b05252/library/alloc/src/boxed.rs:2454:9
[INFO] [stdout]   25: std::sys::pal::unix::thread::Thread::new::thread_start
[INFO] [stdout]              at /rustc/df4ca44d3fbc9301ee17f30f4d474e6ae4b05252/library/std/src/sys/pal/unix/thread.rs:105:17
[INFO] [stdout]   26: <unknown>
[INFO] [stdout]   27: clone
[INFO] [stdout] 
[INFO] [stdout] 
[INFO] [stdout] failures:
[INFO] [stdout]     test_operation_build_base16
[INFO] [stdout]     test_operation_build_base16_missing_base00
[INFO] [stdout]     test_operation_build_base24
[INFO] [stdout]     test_operation_build_invalid_base16
[INFO] [stdout]     test_operation_build_invalid_system
[INFO] [stdout]     test_operation_build_mixed
[INFO] [stdout]     test_operation_build_quiet_flag
[INFO] [stdout]     test_operation_build_with_deprecated_config_properties
[INFO] [stdout]     test_operation_build_with_sync
[INFO] [stdout] 
[INFO] [stdout] test result: FAILED. 0 passed; 9 failed; 0 ignored; 0 measured; 0 filtered out; finished in 0.03s
[INFO] [stdout] 
[INFO] running `Command { std: "docker" "inspect" "18c715cc1d8a40dded3ec80317f657ae1da8ba09d44fd4e2c0d75290fef88242", kill_on_drop: false }`
[INFO] running `Command { std: "docker" "rm" "-f" "18c715cc1d8a40dded3ec80317f657ae1da8ba09d44fd4e2c0d75290fef88242", kill_on_drop: false }`
[INFO] [stdout] 18c715cc1d8a40dded3ec80317f657ae1da8ba09d44fd4e2c0d75290fef88242
