[INFO] fetching crate tindi 0.7.2...
[INFO] testing tindi-0.7.2 against nightly-2024-10-28+rustflags=-Zrandomize-layout for randomize-layout
[INFO] extracting crate tindi 0.7.2 into /workspace/builds/worker-0-tc2/source
[INFO] validating manifest of crates.io crate tindi 0.7.2 on toolchain nightly-2024-10-28
[INFO] running `Command { std: CARGO_HOME="/workspace/cargo-home" RUSTUP_HOME="/workspace/rustup-home" "/workspace/cargo-home/bin/cargo" "+nightly-2024-10-28" "metadata" "--manifest-path" "Cargo.toml" "--no-deps", kill_on_drop: false }`
[INFO] started tweaking crates.io crate tindi 0.7.2
[INFO] finished tweaking crates.io crate tindi 0.7.2
[INFO] tweaked toml for crates.io crate tindi 0.7.2 written to /workspace/builds/worker-0-tc2/source/Cargo.toml
[INFO] running `Command { std: CARGO_HOME="/workspace/cargo-home" RUSTUP_HOME="/workspace/rustup-home" "/workspace/cargo-home/bin/cargo" "+nightly-2024-10-28" "generate-lockfile" "--manifest-path" "Cargo.toml", kill_on_drop: false }`
[INFO] [stderr]     Updating crates.io index
[INFO] [stderr]      Locking 6 packages to latest compatible versions
[INFO] running `Command { std: CARGO_HOME="/workspace/cargo-home" RUSTUP_HOME="/workspace/rustup-home" "/workspace/cargo-home/bin/cargo" "+nightly-2024-10-28" "fetch" "--manifest-path" "Cargo.toml", kill_on_drop: false }`
[INFO] running `Command { std: "docker" "create" "-v" "/var/lib/crater-agent-workspace/builds/worker-0-tc2/target:/opt/rustwide/target:rw,Z" "-v" "/var/lib/crater-agent-workspace/builds/worker-0-tc2/source:/opt/rustwide/workdir:ro,Z" "-v" "/var/lib/crater-agent-workspace/cargo-home:/opt/rustwide/cargo-home:ro,Z" "-v" "/var/lib/crater-agent-workspace/rustup-home:/opt/rustwide/rustup-home:ro,Z" "-e" "SOURCE_DIR=/opt/rustwide/workdir" "-e" "CARGO_TARGET_DIR=/opt/rustwide/target" "-e" "CARGO_HOME=/opt/rustwide/cargo-home" "-e" "RUSTUP_HOME=/opt/rustwide/rustup-home" "-w" "/opt/rustwide/workdir" "-m" "1610612736" "--user" "0:0" "--network" "none" "ghcr.io/rust-lang/crates-build-env/linux@sha256:4a844ea9eb2546a2d2c7022eacef16ef2e8229c7fbb2c7d4d55a9ceca922f72d" "/opt/rustwide/cargo-home/bin/cargo" "+nightly-2024-10-28" "metadata" "--no-deps" "--format-version=1", kill_on_drop: false }`
[INFO] [stdout] 5cd78d428f05cce694f191d63b6cbf14f4f42d8eb2a77e6b2d3f0c67e39e35d3
[INFO] running `Command { std: "docker" "start" "-a" "5cd78d428f05cce694f191d63b6cbf14f4f42d8eb2a77e6b2d3f0c67e39e35d3", kill_on_drop: false }`
[INFO] running `Command { std: "docker" "inspect" "5cd78d428f05cce694f191d63b6cbf14f4f42d8eb2a77e6b2d3f0c67e39e35d3", kill_on_drop: false }`
[INFO] running `Command { std: "docker" "rm" "-f" "5cd78d428f05cce694f191d63b6cbf14f4f42d8eb2a77e6b2d3f0c67e39e35d3", kill_on_drop: false }`
[INFO] [stdout] 5cd78d428f05cce694f191d63b6cbf14f4f42d8eb2a77e6b2d3f0c67e39e35d3
[INFO] running `Command { std: "docker" "create" "-v" "/var/lib/crater-agent-workspace/builds/worker-0-tc2/target:/opt/rustwide/target:rw,Z" "-v" "/var/lib/crater-agent-workspace/builds/worker-0-tc2/source:/opt/rustwide/workdir:ro,Z" "-v" "/var/lib/crater-agent-workspace/cargo-home:/opt/rustwide/cargo-home:ro,Z" "-v" "/var/lib/crater-agent-workspace/rustup-home:/opt/rustwide/rustup-home:ro,Z" "-e" "SOURCE_DIR=/opt/rustwide/workdir" "-e" "CARGO_TARGET_DIR=/opt/rustwide/target" "-e" "CARGO_INCREMENTAL=0" "-e" "RUST_BACKTRACE=full" "-e" "RUSTFLAGS=--cap-lints=forbid -Zrandomize-layout" "-e" "RUSTDOCFLAGS=--cap-lints=forbid" "-e" "CARGO_HOME=/opt/rustwide/cargo-home" "-e" "RUSTUP_HOME=/opt/rustwide/rustup-home" "-w" "/opt/rustwide/workdir" "-m" "1610612736" "--user" "0:0" "--network" "none" "ghcr.io/rust-lang/crates-build-env/linux@sha256:4a844ea9eb2546a2d2c7022eacef16ef2e8229c7fbb2c7d4d55a9ceca922f72d" "/opt/rustwide/cargo-home/bin/cargo" "+nightly-2024-10-28" "build" "--frozen" "--message-format=json", kill_on_drop: false }`
[INFO] [stdout] e42ec37948a2b3c959765e00c22bb05692bcfd4be9c259653ca3a87df0a792d1
[INFO] running `Command { std: "docker" "start" "-a" "e42ec37948a2b3c959765e00c22bb05692bcfd4be9c259653ca3a87df0a792d1", kill_on_drop: false }`
[INFO] [stderr]    Compiling proc-macro2 v1.0.89
[INFO] [stderr]    Compiling quote v1.0.37
[INFO] [stderr]    Compiling syn v2.0.86
[INFO] [stderr]    Compiling serde_derive v1.0.214
[INFO] [stderr]    Compiling serde v1.0.214
[INFO] [stderr]    Compiling tindi v0.7.2 (/opt/rustwide/workdir)
[INFO] [stderr]     Finished `dev` profile [unoptimized + debuginfo] target(s) in 8.70s
[INFO] running `Command { std: "docker" "inspect" "e42ec37948a2b3c959765e00c22bb05692bcfd4be9c259653ca3a87df0a792d1", kill_on_drop: false }`
[INFO] running `Command { std: "docker" "rm" "-f" "e42ec37948a2b3c959765e00c22bb05692bcfd4be9c259653ca3a87df0a792d1", kill_on_drop: false }`
[INFO] [stdout] e42ec37948a2b3c959765e00c22bb05692bcfd4be9c259653ca3a87df0a792d1
[INFO] running `Command { std: "docker" "create" "-v" "/var/lib/crater-agent-workspace/builds/worker-0-tc2/target:/opt/rustwide/target:rw,Z" "-v" "/var/lib/crater-agent-workspace/builds/worker-0-tc2/source:/opt/rustwide/workdir:ro,Z" "-v" "/var/lib/crater-agent-workspace/cargo-home:/opt/rustwide/cargo-home:ro,Z" "-v" "/var/lib/crater-agent-workspace/rustup-home:/opt/rustwide/rustup-home:ro,Z" "-e" "SOURCE_DIR=/opt/rustwide/workdir" "-e" "CARGO_TARGET_DIR=/opt/rustwide/target" "-e" "CARGO_INCREMENTAL=0" "-e" "RUST_BACKTRACE=full" "-e" "RUSTFLAGS=--cap-lints=forbid -Zrandomize-layout" "-e" "RUSTDOCFLAGS=--cap-lints=forbid" "-e" "CARGO_HOME=/opt/rustwide/cargo-home" "-e" "RUSTUP_HOME=/opt/rustwide/rustup-home" "-w" "/opt/rustwide/workdir" "-m" "1610612736" "--user" "0:0" "--network" "none" "ghcr.io/rust-lang/crates-build-env/linux@sha256:4a844ea9eb2546a2d2c7022eacef16ef2e8229c7fbb2c7d4d55a9ceca922f72d" "/opt/rustwide/cargo-home/bin/cargo" "+nightly-2024-10-28" "test" "--frozen" "--no-run" "--message-format=json", kill_on_drop: false }`
[INFO] [stdout] 9abe694457affc92db855eb66650d308e5d7eda96585ce27254f3f70be053be4
[INFO] running `Command { std: "docker" "start" "-a" "9abe694457affc92db855eb66650d308e5d7eda96585ce27254f3f70be053be4", kill_on_drop: false }`
[INFO] [stderr]    Compiling tindi v0.7.2 (/opt/rustwide/workdir)
[INFO] [stderr]     Finished `test` profile [unoptimized + debuginfo] target(s) in 0.48s
[INFO] running `Command { std: "docker" "inspect" "9abe694457affc92db855eb66650d308e5d7eda96585ce27254f3f70be053be4", kill_on_drop: false }`
[INFO] running `Command { std: "docker" "rm" "-f" "9abe694457affc92db855eb66650d308e5d7eda96585ce27254f3f70be053be4", kill_on_drop: false }`
[INFO] [stdout] 9abe694457affc92db855eb66650d308e5d7eda96585ce27254f3f70be053be4
[INFO] running `Command { std: "docker" "create" "-v" "/var/lib/crater-agent-workspace/builds/worker-0-tc2/target:/opt/rustwide/target:rw,Z" "-v" "/var/lib/crater-agent-workspace/builds/worker-0-tc2/source:/opt/rustwide/workdir:ro,Z" "-v" "/var/lib/crater-agent-workspace/cargo-home:/opt/rustwide/cargo-home:ro,Z" "-v" "/var/lib/crater-agent-workspace/rustup-home:/opt/rustwide/rustup-home:ro,Z" "-e" "SOURCE_DIR=/opt/rustwide/workdir" "-e" "CARGO_TARGET_DIR=/opt/rustwide/target" "-e" "CARGO_INCREMENTAL=0" "-e" "RUST_BACKTRACE=full" "-e" "RUSTFLAGS=--cap-lints=forbid -Zrandomize-layout" "-e" "RUSTDOCFLAGS=--cap-lints=forbid" "-e" "CARGO_HOME=/opt/rustwide/cargo-home" "-e" "RUSTUP_HOME=/opt/rustwide/rustup-home" "-w" "/opt/rustwide/workdir" "-m" "1610612736" "--user" "0:0" "--network" "none" "ghcr.io/rust-lang/crates-build-env/linux@sha256:4a844ea9eb2546a2d2c7022eacef16ef2e8229c7fbb2c7d4d55a9ceca922f72d" "/opt/rustwide/cargo-home/bin/cargo" "+nightly-2024-10-28" "test" "--frozen", kill_on_drop: false }`
[INFO] [stdout] 7a100d02437e7962aea83e85934ee2c715fe223105402537a3dc39ba95748d23
[INFO] running `Command { std: "docker" "start" "-a" "7a100d02437e7962aea83e85934ee2c715fe223105402537a3dc39ba95748d23", kill_on_drop: false }`
[INFO] [stderr]     Finished `test` profile [unoptimized + debuginfo] target(s) in 0.02s
[INFO] [stdout] 
[INFO] [stderr]      Running unittests src/lib.rs (/opt/rustwide/target/debug/deps/tindi-2a214bbeced92883)
[INFO] [stdout] running 21 tests
[INFO] [stdout] test graph::slope::tests::test_slope ... ok
[INFO] [stdout] test graph::angle::tests::test_angle ... ok
[INFO] [stdout] test momentum::bollinger_bands::tests::test_bollinger_bands_result ... ok
[INFO] [stdout] test momentum::bollinger_bands::tests::test_ema_error ... ok
[INFO] [stdout] test momentum::moving_avg_convergent_divergent::tests::test_macd_error ... ok
[INFO] [stdout] test momentum::moving_avg_convergent_divergent::tests::test_macd_result ... ok
[INFO] [stdout] test momentum::relative_strength_index::tests::test_rsi_result ... ok
[INFO] [stdout] test moving_averages::exponential_moving_average::tests::test_ema_result ... ok
[INFO] [stdout] test moving_averages::simple_moving_average::tests::test_sma_decimals ... ok
[INFO] [stdout] test moving_averages::simple_moving_average::tests::test_sma_short ... ok
[INFO] [stdout] test moving_averages::simple_moving_average::tests::test_sma_wholes ... ok
[INFO] [stdout] test price::peaks::tests::test_find_price_peaks_five ... ok
[INFO] [stdout] test price::peaks::tests::test_find_price_peaks_three ... ok
[INFO] [stdout] test price::valleys::tests::test_find_price_valleys_five ... ok
[INFO] [stdout] test price::valleys::tests::test_find_price_valleys_three ... ok
[INFO] [stdout] test trend::channel_breakout::tests::test_channel_breakout ... ok
[INFO] [stdout] test trend::ema_trend::tests::test_exponential_moving_average_trend ... ok
[INFO] [stdout] test trend::sma_trend::tests::test_simple_moving_average_trend ... ok
[INFO] [stdout] test trend::standard_deviation::tests::test_standard_deviation_results ... ok
[INFO] [stdout] test momentum::rate_of_change::tests::test_rate_of_change ... ok
[INFO] [stdout] test moving_averages::exponential_moving_average::tests::test_ema_error ... ok
[INFO] [stdout] 
[INFO] [stdout] test result: ok. 21 passed; 0 failed; 0 ignored; 0 measured; 0 filtered out; finished in 0.01s
[INFO] [stdout] 
[INFO] [stderr]    Doc-tests tindi
[INFO] [stdout] 
[INFO] [stdout] running 14 tests
[INFO] [stdout] test src/trend/standard_deviation.rs - trend::standard_deviation::standard_deviation (line 7) - compile ... FAILED
[INFO] [stdout] test src/price/valleys.rs - price::valleys::find_price_valleys (line 5) - compile ... FAILED
[INFO] [stdout] test src/graph/angle.rs - graph::angle::angle_in_degrees (line 7) - compile ... FAILED
[INFO] [stdout] test src/moving_averages/exponential_moving_average.rs - moving_averages::exponential_moving_average::exponential_moving_average (line 9) - compile ... FAILED
[INFO] [stdout] test src/trend/sma_trend.rs - trend::sma_trend::simple_moving_average_trend (line 10) - compile ... FAILED
[INFO] [stdout] test src/momentum/bollinger_bands.rs - momentum::bollinger_bands::BollingerBands (line 12) - compile ... FAILED
[INFO] [stdout] test src/trend/ema_trend.rs - trend::ema_trend::exponential_moving_average_trend (line 10) - compile ... FAILED
[INFO] [stdout] test src/price/peaks.rs - price::peaks::find_price_peaks (line 5) - compile ... FAILED
[INFO] [stdout] test src/graph/slope.rs - graph::slope::slope (line 8) - compile ... FAILED
[INFO] [stdout] test src/moving_averages/simple_moving_average.rs - moving_averages::simple_moving_average::simple_moving_average (line 6) - compile ... FAILED
[INFO] [stdout] test src/momentum/relative_strength_index.rs - momentum::relative_strength_index::relative_strength_index (line 11) - compile ... FAILED
[INFO] [stdout] test src/momentum/rate_of_change.rs - momentum::rate_of_change::rate_of_change (line 8) - compile ... FAILED
[INFO] [stdout] test src/trend/channel_breakout.rs - trend::channel_breakout::has_channel_breakout (line 12) - compile ... FAILED
[INFO] [stdout] test src/momentum/moving_avg_convergent_divergent.rs - momentum::moving_avg_convergent_divergent::MovingAverageConvergenceDivergence (line 11) - compile ... FAILED
[INFO] [stdout] 
[INFO] [stdout] failures:
[INFO] [stdout] 
[INFO] [stdout] ---- src/trend/standard_deviation.rs - trend::standard_deviation::standard_deviation (line 7) stdout ----
[INFO] [stdout] error[E0425]: cannot find function `standard_deviation` in this scope
[INFO] [stdout]  --> src/trend/standard_deviation.rs:11:14
[INFO] [stdout]   |
[INFO] [stdout] 6 | let result = standard_deviation(&data);
[INFO] [stdout]   |              ^^^^^^^^^^^^^^^^^^ not found in this scope
[INFO] [stdout]   |
[INFO] [stdout] help: consider importing this function
[INFO] [stdout]   |
[INFO] [stdout] 2 + use tindi::standard_deviation;
[INFO] [stdout]   |
[INFO] [stdout] 
[INFO] [stdout] error: aborting due to 1 previous error
[INFO] [stdout] 
[INFO] [stdout] For more information about this error, try `rustc --explain E0425`.
[INFO] [stdout] Couldn't compile the test.
[INFO] [stdout] ---- src/price/valleys.rs - price::valleys::find_price_valleys (line 5) stdout ----
[INFO] [stdout] error[E0425]: cannot find function `find_price_valleys` in this scope
[INFO] [stdout]  --> src/price/valleys.rs:6:15
[INFO] [stdout]   |
[INFO] [stdout] 3 | let valleys = find_price_valleys(&[5.0, 6.0, 8.0, 9.0, 6.0, 8.0, 7.0, 12.0], 3); // Some([9])
[INFO] [stdout]   |               ^^^^^^^^^^^^^^^^^^ not found in this scope
[INFO] [stdout]   |
[INFO] [stdout] help: consider importing this function
[INFO] [stdout]   |
[INFO] [stdout] 2 + use tindi::find_price_valleys;
[INFO] [stdout]   |
[INFO] [stdout] 
[INFO] [stdout] error: aborting due to 1 previous error
[INFO] [stdout] 
[INFO] [stdout] For more information about this error, try `rustc --explain E0425`.
[INFO] [stdout] Couldn't compile the test.
[INFO] [stdout] ---- src/graph/angle.rs - graph::angle::angle_in_degrees (line 7) stdout ----
[INFO] [stdout] error[E0425]: cannot find function, tuple struct or tuple variant `Point` in this scope
[INFO] [stdout]  --> src/graph/angle.rs:8:14
[INFO] [stdout]   |
[INFO] [stdout] 3 | let point1 = Point(1.0, 2.0);
[INFO] [stdout]   |              ^^^^^ not found in this scope
[INFO] [stdout]   |
[INFO] [stdout] help: consider importing this tuple struct
[INFO] [stdout]   |
[INFO] [stdout] 2 + use tindi::Point;
[INFO] [stdout]   |
[INFO] [stdout] 
[INFO] [stdout] error[E0425]: cannot find function, tuple struct or tuple variant `Point` in this scope
[INFO] [stdout]  --> src/graph/angle.rs:9:14
[INFO] [stdout]   |
[INFO] [stdout] 4 | let point2 = Point(3.0, 4.0);
[INFO] [stdout]   |              ^^^^^ not found in this scope
[INFO] [stdout]   |
[INFO] [stdout] help: consider importing this tuple struct
[INFO] [stdout]   |
[INFO] [stdout] 2 + use tindi::Point;
[INFO] [stdout]   |
[INFO] [stdout] 
[INFO] [stdout] error[E0425]: cannot find function `angle_in_degrees` in this scope
[INFO] [stderr] error: doctest failed, to rerun pass `--doc`
[INFO] [stdout]  --> src/graph/angle.rs:10:13
[INFO] [stdout]   |
[INFO] [stdout] 5 | let angle = angle_in_degrees(point1, point2);
[INFO] [stdout]   |             ^^^^^^^^^^^^^^^^ not found in this scope
[INFO] [stdout]   |
[INFO] [stdout] help: consider importing this function
[INFO] [stdout]   |
[INFO] [stdout] 2 + use tindi::angle_in_degrees;
[INFO] [stdout]   |
[INFO] [stdout] 
[INFO] [stdout] error: aborting due to 3 previous errors
[INFO] [stdout] 
[INFO] [stdout] For more information about this error, try `rustc --explain E0425`.
[INFO] [stdout] Couldn't compile the test.
[INFO] [stdout] ---- src/moving_averages/exponential_moving_average.rs - moving_averages::exponential_moving_average::exponential_moving_average (line 9) stdout ----
[INFO] [stdout] error[E0425]: cannot find function `exponential_moving_average` in this scope
[INFO] [stdout]  --> src/moving_averages/exponential_moving_average.rs:16:14
[INFO] [stdout]   |
[INFO] [stdout] 9 | let result = exponential_moving_average(&data, 12).unwrap();
[INFO] [stdout]   |              ^^^^^^^^^^^^^^^^^^^^^^^^^^ not found in this scope
[INFO] [stdout]   |
[INFO] [stdout] help: consider importing this function
[INFO] [stdout]   |
[INFO] [stdout] 2 + use tindi::exponential_moving_average;
[INFO] [stdout]   |
[INFO] [stdout] 
[INFO] [stdout] error: aborting due to 1 previous error
[INFO] [stdout] 
[INFO] [stdout] For more information about this error, try `rustc --explain E0425`.
[INFO] [stdout] Couldn't compile the test.
[INFO] [stdout] ---- src/trend/sma_trend.rs - trend::sma_trend::simple_moving_average_trend (line 10) stdout ----
[INFO] [stdout] error[E0425]: cannot find function `simple_moving_average_trend` in this scope
[INFO] [stdout]   --> src/trend/sma_trend.rs:18:13
[INFO] [stdout]    |
[INFO] [stdout] 10 | let trend = simple_moving_average_trend(&data, 6, 20).unwrap();
[INFO] [stdout]    |             ^^^^^^^^^^^^^^^^^^^^^^^^^^^ not found in this scope
[INFO] [stdout]    |
[INFO] [stdout] help: consider importing this function
[INFO] [stdout]    |
[INFO] [stdout] 2  + use tindi::simple_moving_average_trend;
[INFO] [stdout]    |
[INFO] [stdout] 
[INFO] [stdout] error[E0433]: failed to resolve: use of undeclared type `Trend`
[INFO] [stdout]   --> src/trend/sma_trend.rs:19:19
[INFO] [stdout]    |
[INFO] [stdout] 11 | assert_eq!(trend, Trend::Bullish);
[INFO] [stdout]    |                   ^^^^^ use of undeclared type `Trend`
[INFO] [stdout]    |
[INFO] [stdout] help: consider importing this enum
[INFO] [stdout]    |
[INFO] [stdout] 2  + use tindi::Trend;
[INFO] [stdout]    |
[INFO] [stdout] 
[INFO] [stdout] error: aborting due to 2 previous errors
[INFO] [stdout] 
[INFO] [stdout] Some errors have detailed explanations: E0425, E0433.
[INFO] [stdout] For more information about an error, try `rustc --explain E0425`.
[INFO] [stdout] Couldn't compile the test.
[INFO] [stdout] ---- src/momentum/bollinger_bands.rs - momentum::bollinger_bands::BollingerBands (line 12) stdout ----
[INFO] [stdout] error[E0433]: failed to resolve: use of undeclared type `BollingerBands`
[INFO] [stdout]  --> src/momentum/bollinger_bands.rs:19:14
[INFO] [stdout]   |
[INFO] [stdout] 9 | let result = BollingerBands::new(&data, period).unwrap();
[INFO] [stdout]   |              ^^^^^^^^^^^^^^ use of undeclared type `BollingerBands`
[INFO] [stdout]   |
[INFO] [stdout] help: consider importing this struct
[INFO] [stdout]   |
[INFO] [stdout] 2 + use tindi::BollingerBands;
[INFO] [stdout]   |
[INFO] [stdout] 
[INFO] [stdout] error[E0425]: cannot find value `period` in this scope
[INFO] [stdout]  --> src/momentum/bollinger_bands.rs:19:41
[INFO] [stdout]   |
[INFO] [stdout] 9 | let result = BollingerBands::new(&data, period).unwrap();
[INFO] [stdout]   |                                         ^^^^^^ help: a local variable with a similar name exists: `periods`
[INFO] [stdout] 
[INFO] [stdout] error[E0422]: cannot find struct, variant or union type `BollingerBands` in this scope
[INFO] [stdout]   --> src/momentum/bollinger_bands.rs:21:14
[INFO] [stdout]    |
[INFO] [stdout] 11 | let expect = BollingerBands {
[INFO] [stdout]    |              ^^^^^^^^^^^^^^ not found in this scope
[INFO] [stdout]    |
[INFO] [stdout] help: consider importing this struct
[INFO] [stdout]    |
[INFO] [stdout] 2  + use tindi::BollingerBands;
[INFO] [stdout]    |
[INFO] [stdout] 
[INFO] [stdout] error: aborting due to 3 previous errors
[INFO] [stdout] 
[INFO] [stdout] Some errors have detailed explanations: E0422, E0425, E0433.
[INFO] [stdout] For more information about an error, try `rustc --explain E0422`.
[INFO] [stdout] Couldn't compile the test.
[INFO] [stdout] ---- src/trend/ema_trend.rs - trend::ema_trend::exponential_moving_average_trend (line 10) stdout ----
[INFO] [stdout] error[E0425]: cannot find function `exponential_moving_average_trend` in this scope
[INFO] [stdout]   --> src/trend/ema_trend.rs:18:13
[INFO] [stdout]    |
[INFO] [stdout] 10 | let trend = exponential_moving_average_trend(&data, 6, 20).unwrap();
[INFO] [stdout]    |             ^^^^^^^^^^^^^^^^^^^^^^^^^^^^^^^^ not found in this scope
[INFO] [stdout]    |
[INFO] [stdout] help: consider importing this function
[INFO] [stdout]    |
[INFO] [stdout] 2  + use tindi::exponential_moving_average_trend;
[INFO] [stdout]    |
[INFO] [stdout] 
[INFO] [stdout] error[E0433]: failed to resolve: use of undeclared type `Trend`
[INFO] [stdout]   --> src/trend/ema_trend.rs:19:19
[INFO] [stdout]    |
[INFO] [stdout] 11 | assert_eq!(trend, Trend::Bearish);
[INFO] [stdout]    |                   ^^^^^ use of undeclared type `Trend`
[INFO] [stdout]    |
[INFO] [stdout] help: consider importing this enum
[INFO] [stdout]    |
[INFO] [stdout] 2  + use tindi::Trend;
[INFO] [stdout]    |
[INFO] [stdout] 
[INFO] [stdout] error: aborting due to 2 previous errors
[INFO] [stdout] 
[INFO] [stdout] Some errors have detailed explanations: E0425, E0433.
[INFO] [stdout] For more information about an error, try `rustc --explain E0425`.
[INFO] [stdout] Couldn't compile the test.
[INFO] [stdout] ---- src/price/peaks.rs - price::peaks::find_price_peaks (line 5) stdout ----
[INFO] [stdout] error[E0425]: cannot find function `find_price_peaks` in this scope
[INFO] [stdout]  --> src/price/peaks.rs:6:13
[INFO] [stdout]   |
[INFO] [stdout] 3 | let peaks = find_price_peaks(&[5.0, 6.0, 8.0, 9.0, 6.0, 8.0, 7.0, 12.0], 3); // Some([9])
[INFO] [stdout]   |             ^^^^^^^^^^^^^^^^ not found in this scope
[INFO] [stdout]   |
[INFO] [stdout] help: consider importing this function
[INFO] [stdout]   |
[INFO] [stdout] 2 + use tindi::find_price_peaks;
[INFO] [stdout]   |
[INFO] [stdout] 
[INFO] [stdout] error: aborting due to 1 previous error
[INFO] [stdout] 
[INFO] [stdout] For more information about this error, try `rustc --explain E0425`.
[INFO] [stdout] Couldn't compile the test.
[INFO] [stdout] ---- src/graph/slope.rs - graph::slope::slope (line 8) stdout ----
[INFO] [stdout] error[E0425]: cannot find function, tuple struct or tuple variant `Point` in this scope
[INFO] [stdout]  --> src/graph/slope.rs:9:14
[INFO] [stdout]   |
[INFO] [stdout] 3 | let point1 = Point(1.0, 6.0);
[INFO] [stdout]   |              ^^^^^ not found in this scope
[INFO] [stdout]   |
[INFO] [stdout] help: consider importing this tuple struct
[INFO] [stdout]   |
[INFO] [stdout] 2 + use tindi::Point;
[INFO] [stdout]   |
[INFO] [stdout] 
[INFO] [stdout] error[E0425]: cannot find function, tuple struct or tuple variant `Point` in this scope
[INFO] [stdout]  --> src/graph/slope.rs:10:14
[INFO] [stdout]   |
[INFO] [stdout] 4 | let point2 = Point(3.0, 2.0);
[INFO] [stdout]   |              ^^^^^ not found in this scope
[INFO] [stdout]   |
[INFO] [stdout] help: consider importing this tuple struct
[INFO] [stdout]   |
[INFO] [stdout] 2 + use tindi::Point;
[INFO] [stdout]   |
[INFO] [stdout] 
[INFO] [stdout] error[E0425]: cannot find function `slope` in this scope
[INFO] [stdout]  --> src/graph/slope.rs:11:12
[INFO] [stdout]   |
[INFO] [stdout] 5 | assert_eq!(slope(point1, point2), -2.0);
[INFO] [stdout]   |            ^^^^^ not found in this scope
[INFO] [stdout]   |
[INFO] [stdout] help: consider importing this function
[INFO] [stdout]   |
[INFO] [stdout] 2 + use tindi::slope;
[INFO] [stdout]   |
[INFO] [stdout] 
[INFO] [stdout] error: aborting due to 3 previous errors
[INFO] [stdout] 
[INFO] [stdout] For more information about this error, try `rustc --explain E0425`.
[INFO] [stdout] Couldn't compile the test.
[INFO] [stdout] ---- src/moving_averages/simple_moving_average.rs - moving_averages::simple_moving_average::simple_moving_average (line 6) stdout ----
[INFO] [stdout] error[E0425]: cannot find function `simple_moving_average` in this scope
[INFO] [stdout]   --> src/moving_averages/simple_moving_average.rs:15:14
[INFO] [stdout]    |
[INFO] [stdout] 11 | let result = simple_moving_average(&data);
[INFO] [stdout]    |              ^^^^^^^^^^^^^^^^^^^^^ not found in this scope
[INFO] [stdout]    |
[INFO] [stdout] help: consider importing this function
[INFO] [stdout]    |
[INFO] [stdout] 2  + use tindi::simple_moving_average;
[INFO] [stdout]    |
[INFO] [stdout] 
[INFO] [stdout] error: aborting due to 1 previous error
[INFO] [stdout] 
[INFO] [stdout] For more information about this error, try `rustc --explain E0425`.
[INFO] [stdout] Couldn't compile the test.
[INFO] [stdout] ---- src/momentum/relative_strength_index.rs - momentum::relative_strength_index::relative_strength_index (line 11) stdout ----
[INFO] [stdout] error[E0425]: cannot find function `relative_strength_index` in this scope
[INFO] [stdout]  --> src/momentum/relative_strength_index.rs:16:14
[INFO] [stdout]   |
[INFO] [stdout] 7 | let result = relative_strength_index(&data);
[INFO] [stdout]   |              ^^^^^^^^^^^^^^^^^^^^^^^ not found in this scope
[INFO] [stdout]   |
[INFO] [stdout] help: consider importing this function
[INFO] [stdout]   |
[INFO] [stdout] 2 + use tindi::relative_strength_index;
[INFO] [stdout]   |
[INFO] [stdout] 
[INFO] [stdout] error: aborting due to 1 previous error
[INFO] [stdout] 
[INFO] [stdout] For more information about this error, try `rustc --explain E0425`.
[INFO] [stdout] Couldn't compile the test.
[INFO] [stdout] ---- src/momentum/rate_of_change.rs - momentum::rate_of_change::rate_of_change (line 8) stdout ----
[INFO] [stdout] error[E0425]: cannot find function `rate_of_change` in this scope
[INFO] [stdout]  --> src/momentum/rate_of_change.rs:9:11
[INFO] [stdout]   |
[INFO] [stdout] 3 | let roc = rate_of_change(&[40.0, 43.0, 44.0, 50.0], 4).unwrap();
[INFO] [stdout]   |           ^^^^^^^^^^^^^^ not found in this scope
[INFO] [stdout]   |
[INFO] [stdout] help: consider importing this function
[INFO] [stdout]   |
[INFO] [stdout] 2 + use tindi::rate_of_change;
[INFO] [stdout]   |
[INFO] [stdout] 
[INFO] [stdout] error: aborting due to 1 previous error
[INFO] [stdout] 
[INFO] [stdout] For more information about this error, try `rustc --explain E0425`.
[INFO] [stdout] Couldn't compile the test.
[INFO] [stdout] ---- src/trend/channel_breakout.rs - trend::channel_breakout::has_channel_breakout (line 12) stdout ----
[INFO] [stdout] error[E0425]: cannot find function `has_channel_breakout` in this scope
[INFO] [stdout]   --> src/trend/channel_breakout.rs:21:14
[INFO] [stdout]    |
[INFO] [stdout] 11 | let result = has_channel_breakout(&data, 10, &Trend::Bullish).unwrap();
[INFO] [stdout]    |              ^^^^^^^^^^^^^^^^^^^^ not found in this scope
[INFO] [stdout]    |
[INFO] [stdout] help: consider importing this function
[INFO] [stdout]    |
[INFO] [stdout] 2  + use tindi::has_channel_breakout;
[INFO] [stdout]    |
[INFO] [stdout] 
[INFO] [stdout] error[E0433]: failed to resolve: use of undeclared type `Trend`
[INFO] [stdout]   --> src/trend/channel_breakout.rs:21:47
[INFO] [stdout]    |
[INFO] [stdout] 11 | let result = has_channel_breakout(&data, 10, &Trend::Bullish).unwrap();
[INFO] [stdout]    |                                               ^^^^^ use of undeclared type `Trend`
[INFO] [stdout]    |
[INFO] [stdout] help: consider importing this enum
[INFO] [stdout]    |
[INFO] [stdout] 2  + use tindi::Trend;
[INFO] [stdout]    |
[INFO] [stdout] 
[INFO] [stdout] error: aborting due to 2 previous errors
[INFO] [stdout] 
[INFO] [stdout] Some errors have detailed explanations: E0425, E0433.
[INFO] [stdout] For more information about an error, try `rustc --explain E0425`.
[INFO] [stdout] Couldn't compile the test.
[INFO] [stdout] ---- src/momentum/moving_avg_convergent_divergent.rs - momentum::moving_avg_convergent_divergent::MovingAverageConvergenceDivergence (line 11) stdout ----
[INFO] [stdout] error[E0433]: failed to resolve: use of undeclared type `MovingAverageConvergenceDivergence`
[INFO] [stdout]  --> src/momentum/moving_avg_convergent_divergent.rs:18:14
[INFO] [stdout]   |
[INFO] [stdout] 9 | let result = MovingAverageConvergenceDivergence::new(&data).unwrap();
[INFO] [stdout]   |              ^^^^^^^^^^^^^^^^^^^^^^^^^^^^^^^^^^ use of undeclared type `MovingAverageConvergenceDivergence`
[INFO] [stdout]   |
[INFO] [stdout] help: consider importing this struct
[INFO] [stdout]   |
[INFO] [stdout] 2 + use tindi::MovingAverageConvergenceDivergence;
[INFO] [stdout]   |
[INFO] [stdout] 
[INFO] [stdout] error[E0422]: cannot find struct, variant or union type `MovingAverageConvergenceDivergence` in this scope
[INFO] [stdout]   --> src/momentum/moving_avg_convergent_divergent.rs:19:14
[INFO] [stdout]    |
[INFO] [stdout] 10 | let expect = MovingAverageConvergenceDivergence {
[INFO] [stdout]    |              ^^^^^^^^^^^^^^^^^^^^^^^^^^^^^^^^^^ not found in this scope
[INFO] [stdout]    |
[INFO] [stdout] help: consider importing this struct
[INFO] [stdout]    |
[INFO] [stdout] 2  + use tindi::MovingAverageConvergenceDivergence;
[INFO] [stdout]    |
[INFO] [stdout] 
[INFO] [stdout] error: aborting due to 2 previous errors
[INFO] [stdout] 
[INFO] [stdout] Some errors have detailed explanations: E0422, E0433.
[INFO] [stdout] For more information about an error, try `rustc --explain E0422`.
[INFO] [stdout] Couldn't compile the test.
[INFO] [stdout] 
[INFO] [stdout] failures:
[INFO] [stdout]     src/graph/angle.rs - graph::angle::angle_in_degrees (line 7)
[INFO] [stdout]     src/graph/slope.rs - graph::slope::slope (line 8)
[INFO] [stdout]     src/momentum/bollinger_bands.rs - momentum::bollinger_bands::BollingerBands (line 12)
[INFO] [stdout]     src/momentum/moving_avg_convergent_divergent.rs - momentum::moving_avg_convergent_divergent::MovingAverageConvergenceDivergence (line 11)
[INFO] [stdout]     src/momentum/rate_of_change.rs - momentum::rate_of_change::rate_of_change (line 8)
[INFO] [stdout]     src/momentum/relative_strength_index.rs - momentum::relative_strength_index::relative_strength_index (line 11)
[INFO] [stdout]     src/moving_averages/exponential_moving_average.rs - moving_averages::exponential_moving_average::exponential_moving_average (line 9)
[INFO] [stdout]     src/moving_averages/simple_moving_average.rs - moving_averages::simple_moving_average::simple_moving_average (line 6)
[INFO] [stdout]     src/price/peaks.rs - price::peaks::find_price_peaks (line 5)
[INFO] [stdout]     src/price/valleys.rs - price::valleys::find_price_valleys (line 5)
[INFO] [stdout]     src/trend/channel_breakout.rs - trend::channel_breakout::has_channel_breakout (line 12)
[INFO] [stdout]     src/trend/ema_trend.rs - trend::ema_trend::exponential_moving_average_trend (line 10)
[INFO] [stdout]     src/trend/sma_trend.rs - trend::sma_trend::simple_moving_average_trend (line 10)
[INFO] [stdout]     src/trend/standard_deviation.rs - trend::standard_deviation::standard_deviation (line 7)
[INFO] [stdout] 
[INFO] [stdout] test result: FAILED. 0 passed; 14 failed; 0 ignored; 0 measured; 0 filtered out; finished in 0.15s
[INFO] [stdout] 
[INFO] running `Command { std: "docker" "inspect" "7a100d02437e7962aea83e85934ee2c715fe223105402537a3dc39ba95748d23", kill_on_drop: false }`
[INFO] running `Command { std: "docker" "rm" "-f" "7a100d02437e7962aea83e85934ee2c715fe223105402537a3dc39ba95748d23", kill_on_drop: false }`
[INFO] [stdout] 7a100d02437e7962aea83e85934ee2c715fe223105402537a3dc39ba95748d23
