[INFO] fetching crate time_tools 0.2.0...
[INFO] testing time_tools-0.2.0 against nightly-2024-10-28 for randomize-layout
[INFO] extracting crate time_tools 0.2.0 into /workspace/builds/worker-6-tc1/source
[INFO] validating manifest of crates.io crate time_tools 0.2.0 on toolchain nightly-2024-10-28
[INFO] running `Command { std: CARGO_HOME="/workspace/cargo-home" RUSTUP_HOME="/workspace/rustup-home" "/workspace/cargo-home/bin/cargo" "+nightly-2024-10-28" "metadata" "--manifest-path" "Cargo.toml" "--no-deps", kill_on_drop: false }`
[INFO] started tweaking crates.io crate time_tools 0.2.0
[INFO] finished tweaking crates.io crate time_tools 0.2.0
[INFO] tweaked toml for crates.io crate time_tools 0.2.0 written to /workspace/builds/worker-6-tc1/source/Cargo.toml
[INFO] crate crates.io crate time_tools 0.2.0 already has a lockfile, it will not be regenerated
[INFO] running `Command { std: CARGO_HOME="/workspace/cargo-home" RUSTUP_HOME="/workspace/rustup-home" "/workspace/cargo-home/bin/cargo" "+nightly-2024-10-28" "fetch" "--manifest-path" "Cargo.toml", kill_on_drop: false }`
[INFO] [stderr]     Updating crates.io index
[INFO] [stderr]  Downloading crates ...
[INFO] [stderr]   Downloaded typing_tools v0.5.0
[INFO] [stderr]   Downloaded test_tools v0.7.0
[INFO] [stderr]   Downloaded dissimilar v1.0.7
[INFO] [stderr]   Downloaded meta_tools v0.7.0
[INFO] [stderr]   Downloaded trybuild v1.0.89
[INFO] [stderr]   Downloaded data_type v0.3.0
[INFO] [stderr]   Downloaded impls_index_meta v0.4.0
[INFO] [stderr]   Downloaded literally v0.1.3
[INFO] [stderr]   Downloaded variadic_from v0.10.0
[INFO] [stderr]   Downloaded mod_interface v0.14.0
[INFO] [stderr]   Downloaded diagnostics_tools v0.5.0
[INFO] [stderr]   Downloaded macro_tools v0.19.0
[INFO] [stderr]   Downloaded mod_interface_meta v0.14.0
[INFO] [stderr]   Downloaded error_tools v0.9.0
[INFO] [stderr]   Downloaded for_each v0.5.0
[INFO] [stderr]   Downloaded iter_tools v0.11.0
[INFO] [stderr]   Downloaded interval_adapter v0.13.0
[INFO] [stderr]   Downloaded inspect_type v0.7.0
[INFO] [stderr]   Downloaded mem_tools v0.3.0
[INFO] [stderr]   Downloaded impls_index v0.4.0
[INFO] [stderr]   Downloaded derive_tools_meta v0.14.0
[INFO] [stderr]   Downloaded derive_tools v0.17.0
[INFO] [stderr]   Downloaded implements v0.5.0
[INFO] [stderr]   Downloaded is_slice v0.6.0
[INFO] running `Command { std: "docker" "create" "-v" "/var/lib/crater-agent-workspace/builds/worker-6-tc1/target:/opt/rustwide/target:rw,Z" "-v" "/var/lib/crater-agent-workspace/builds/worker-6-tc1/source:/opt/rustwide/workdir:ro,Z" "-v" "/var/lib/crater-agent-workspace/cargo-home:/opt/rustwide/cargo-home:ro,Z" "-v" "/var/lib/crater-agent-workspace/rustup-home:/opt/rustwide/rustup-home:ro,Z" "-e" "SOURCE_DIR=/opt/rustwide/workdir" "-e" "CARGO_TARGET_DIR=/opt/rustwide/target" "-e" "CARGO_HOME=/opt/rustwide/cargo-home" "-e" "RUSTUP_HOME=/opt/rustwide/rustup-home" "-w" "/opt/rustwide/workdir" "-m" "1610612736" "--user" "0:0" "--network" "none" "ghcr.io/rust-lang/crates-build-env/linux@sha256:4a844ea9eb2546a2d2c7022eacef16ef2e8229c7fbb2c7d4d55a9ceca922f72d" "/opt/rustwide/cargo-home/bin/cargo" "+nightly-2024-10-28" "metadata" "--no-deps" "--format-version=1", kill_on_drop: false }`
[INFO] [stdout] b39d9e5222e120ba57e547ab4d0bd89b50d2bf1bee5262aec52b907b0d7767f2
[INFO] running `Command { std: "docker" "start" "-a" "b39d9e5222e120ba57e547ab4d0bd89b50d2bf1bee5262aec52b907b0d7767f2", kill_on_drop: false }`
[INFO] running `Command { std: "docker" "inspect" "b39d9e5222e120ba57e547ab4d0bd89b50d2bf1bee5262aec52b907b0d7767f2", kill_on_drop: false }`
[INFO] running `Command { std: "docker" "rm" "-f" "b39d9e5222e120ba57e547ab4d0bd89b50d2bf1bee5262aec52b907b0d7767f2", kill_on_drop: false }`
[INFO] [stdout] b39d9e5222e120ba57e547ab4d0bd89b50d2bf1bee5262aec52b907b0d7767f2
[INFO] running `Command { std: "docker" "create" "-v" "/var/lib/crater-agent-workspace/builds/worker-6-tc1/target:/opt/rustwide/target:rw,Z" "-v" "/var/lib/crater-agent-workspace/builds/worker-6-tc1/source:/opt/rustwide/workdir:ro,Z" "-v" "/var/lib/crater-agent-workspace/cargo-home:/opt/rustwide/cargo-home:ro,Z" "-v" "/var/lib/crater-agent-workspace/rustup-home:/opt/rustwide/rustup-home:ro,Z" "-e" "SOURCE_DIR=/opt/rustwide/workdir" "-e" "CARGO_TARGET_DIR=/opt/rustwide/target" "-e" "CARGO_INCREMENTAL=0" "-e" "RUST_BACKTRACE=full" "-e" "RUSTFLAGS=--cap-lints=forbid" "-e" "RUSTDOCFLAGS=--cap-lints=forbid" "-e" "CARGO_HOME=/opt/rustwide/cargo-home" "-e" "RUSTUP_HOME=/opt/rustwide/rustup-home" "-w" "/opt/rustwide/workdir" "-m" "1610612736" "--user" "0:0" "--network" "none" "ghcr.io/rust-lang/crates-build-env/linux@sha256:4a844ea9eb2546a2d2c7022eacef16ef2e8229c7fbb2c7d4d55a9ceca922f72d" "/opt/rustwide/cargo-home/bin/cargo" "+nightly-2024-10-28" "build" "--frozen" "--message-format=json", kill_on_drop: false }`
[INFO] [stdout] fb820c2ad996a0be909e240009f167c263291fe9ffd463dcc2ae9b1b0b85bb54
[INFO] running `Command { std: "docker" "start" "-a" "fb820c2ad996a0be909e240009f167c263291fe9ffd463dcc2ae9b1b0b85bb54", kill_on_drop: false }`
[INFO] [stderr]    Compiling time_tools v0.2.0 (/opt/rustwide/workdir)
[INFO] [stderr]     Finished `dev` profile [unoptimized + debuginfo] target(s) in 0.06s
[INFO] running `Command { std: "docker" "inspect" "fb820c2ad996a0be909e240009f167c263291fe9ffd463dcc2ae9b1b0b85bb54", kill_on_drop: false }`
[INFO] running `Command { std: "docker" "rm" "-f" "fb820c2ad996a0be909e240009f167c263291fe9ffd463dcc2ae9b1b0b85bb54", kill_on_drop: false }`
[INFO] [stdout] fb820c2ad996a0be909e240009f167c263291fe9ffd463dcc2ae9b1b0b85bb54
[INFO] running `Command { std: "docker" "create" "-v" "/var/lib/crater-agent-workspace/builds/worker-6-tc1/target:/opt/rustwide/target:rw,Z" "-v" "/var/lib/crater-agent-workspace/builds/worker-6-tc1/source:/opt/rustwide/workdir:ro,Z" "-v" "/var/lib/crater-agent-workspace/cargo-home:/opt/rustwide/cargo-home:ro,Z" "-v" "/var/lib/crater-agent-workspace/rustup-home:/opt/rustwide/rustup-home:ro,Z" "-e" "SOURCE_DIR=/opt/rustwide/workdir" "-e" "CARGO_TARGET_DIR=/opt/rustwide/target" "-e" "CARGO_INCREMENTAL=0" "-e" "RUST_BACKTRACE=full" "-e" "RUSTFLAGS=--cap-lints=forbid" "-e" "RUSTDOCFLAGS=--cap-lints=forbid" "-e" "CARGO_HOME=/opt/rustwide/cargo-home" "-e" "RUSTUP_HOME=/opt/rustwide/rustup-home" "-w" "/opt/rustwide/workdir" "-m" "1610612736" "--user" "0:0" "--network" "none" "ghcr.io/rust-lang/crates-build-env/linux@sha256:4a844ea9eb2546a2d2c7022eacef16ef2e8229c7fbb2c7d4d55a9ceca922f72d" "/opt/rustwide/cargo-home/bin/cargo" "+nightly-2024-10-28" "test" "--frozen" "--no-run" "--message-format=json", kill_on_drop: false }`
[INFO] [stdout] 1b15e6bb48223e9c94a202a82d1f7e8ba0a8e677f7a3594ff67e6379bfccf198
[INFO] running `Command { std: "docker" "start" "-a" "1b15e6bb48223e9c94a202a82d1f7e8ba0a8e677f7a3594ff67e6379bfccf198", kill_on_drop: false }`
[INFO] [stderr]    Compiling proc-macro2 v1.0.79
[INFO] [stderr]    Compiling unicode-ident v1.0.12
[INFO] [stderr]    Compiling interval_adapter v0.13.0
[INFO] [stderr]    Compiling semver v1.0.22
[INFO] [stderr]    Compiling either v1.6.1
[INFO] [stderr]    Compiling unicode-segmentation v1.11.0
[INFO] [stderr]    Compiling cfg_aliases v0.1.1
[INFO] [stderr]    Compiling libc v0.2.153
[INFO] [stderr]    Compiling serde v1.0.197
[INFO] [stderr]    Compiling cfg-if v1.0.0
[INFO] [stderr]    Compiling anyhow v1.0.81
[INFO] [stderr]    Compiling serde_json v1.0.114
[INFO] [stderr]    Compiling autocfg v1.1.0
[INFO] [stderr]    Compiling thiserror v1.0.58
[INFO] [stderr]    Compiling paste v1.0.14
[INFO] [stderr]    Compiling yansi v0.5.1
[INFO] [stderr]    Compiling derive_tools v0.17.0
[INFO] [stderr]    Compiling rustversion v1.0.14
[INFO] [stderr]    Compiling itoa v1.0.10
[INFO] [stderr]    Compiling diff v0.1.13
[INFO] [stderr]    Compiling itertools v0.11.0
[INFO] [stderr]    Compiling ryu v1.0.17
[INFO] [stderr]    Compiling ppv-lite86 v0.2.17
[INFO] [stderr]    Compiling trybuild v1.0.89
[INFO] [stderr]    Compiling pretty_assertions v1.4.0
[INFO] [stderr]    Compiling once_cell v1.19.0
[INFO] [stderr]    Compiling num-traits v0.2.18
[INFO] [stderr]    Compiling glob v0.3.1
[INFO] [stderr]    Compiling implements v0.5.0
[INFO] [stderr]    Compiling convert_case v0.6.0
[INFO] [stderr]    Compiling termcolor v1.4.1
[INFO] [stderr]    Compiling is_slice v0.6.0
[INFO] [stderr]    Compiling rustc_version v0.4.0
[INFO] [stderr]    Compiling literally v0.1.3
[INFO] [stderr]    Compiling dissimilar v1.0.7
[INFO] [stderr]    Compiling for_each v0.5.0
[INFO] [stderr]    Compiling data_type v0.3.0
[INFO] [stderr]    Compiling diagnostics_tools v0.5.0
[INFO] [stderr]    Compiling mem_tools v0.3.0
[INFO] [stderr]    Compiling quote v1.0.35
[INFO] [stderr]    Compiling inspect_type v0.7.0
[INFO] [stderr]    Compiling test_tools v0.7.0
[INFO] [stderr]    Compiling syn v2.0.52
[INFO] [stderr]    Compiling typing_tools v0.5.0
[INFO] [stderr]    Compiling getrandom v0.2.12
[INFO] [stderr]    Compiling rand_core v0.6.4
[INFO] [stderr]    Compiling rand_chacha v0.3.1
[INFO] [stderr]    Compiling rand v0.8.5
[INFO] [stderr]    Compiling iter_tools v0.11.0
[INFO] [stderr]    Compiling basic-toml v0.1.9
[INFO] [stderr]    Compiling macro_tools v0.19.0
[INFO] [stderr]    Compiling derive_tools_meta v0.14.0
[INFO] [stderr]    Compiling derive_more-impl v1.0.0-beta.6
[INFO] [stderr]    Compiling impls_index_meta v0.4.0
[INFO] [stderr]    Compiling thiserror-impl v1.0.58
[INFO] [stderr]    Compiling serde_derive v1.0.197
[INFO] [stderr]    Compiling impls_index v0.4.0
[INFO] [stderr]    Compiling variadic_from v0.10.0
[INFO] [stderr]    Compiling derive_more v1.0.0-beta.6
[INFO] [stderr]    Compiling mod_interface_meta v0.14.0
[INFO] [stderr]    Compiling error_tools v0.9.0
[INFO] [stderr]    Compiling mod_interface v0.14.0
[INFO] [stderr]    Compiling meta_tools v0.7.0
[INFO] [stderr]    Compiling time_tools v0.2.0 (/opt/rustwide/workdir)
[INFO] [stdout] warning: unexpected `cfg` condition value: `chrono`
[INFO] [stdout]  --> examples/time_tools_trivial_sample.rs:4:11
[INFO] [stdout]   |
[INFO] [stdout] 4 |   #[ cfg( feature = "chrono" ) ]
[INFO] [stdout]   |           ^^^^^^^^^^^^^^^^^^
[INFO] [stdout]   |
[INFO] [stdout]   = note: expected values for `feature` are: `default`, `enabled`, `full`, `no_std`, `time_now`, and `use_alloc`
[INFO] [stdout]   = help: consider adding `chrono` as a feature in `Cargo.toml`
[INFO] [stdout]   = note: see <https://doc.rust-lang.org/nightly/rustc/check-cfg/cargo-specifics.html> for more information about checking conditional configuration
[INFO] [stdout]   = note: `#[warn(unexpected_cfgs)]` on by default
[INFO] [stdout] 
[INFO] [stdout] 
[INFO] [stdout] warning: missing documentation for the crate
[INFO] [stdout]   --> tests/smoke_test.rs:3:1
[INFO] [stdout]    |
[INFO] [stdout] 3  | / #[ test ]
[INFO] [stdout] 4  | | fn local_smoke_test()
[INFO] [stdout] 5  | | {
[INFO] [stdout] 6  | |   ::test_tools::smoke_test_for_local_run();
[INFO] [stdout] ...  |
[INFO] [stdout] 13 | |   ::test_tools::smoke_test_for_published_run();
[INFO] [stdout] 14 | | }
[INFO] [stdout]    | |_^
[INFO] [stdout]    |
[INFO] [stdout]    = note: requested on the command line with `-W missing-docs`
[INFO] [stdout] 
[INFO] [stdout] 
[INFO] [stdout] warning: missing documentation for the crate
[INFO] [stdout]  --> tests/time_tests.rs:2:1
[INFO] [stdout]   |
[INFO] [stdout] 2 | / #[ allow( unused_imports ) ]
[INFO] [stdout] 3 | | use test_tools::exposed::*;
[INFO] [stdout] 4 | | use time_tools as TheModule;
[INFO] [stdout] 5 | |
[INFO] [stdout] 6 | | mod inc;
[INFO] [stdout]   | |________^
[INFO] [stdout]   |
[INFO] [stdout]   = note: requested on the command line with `-W missing-docs`
[INFO] [stdout] 
[INFO] [stdout] 
[INFO] [stderr]     Finished `test` profile [unoptimized + debuginfo] target(s) in 6.77s
[INFO] running `Command { std: "docker" "inspect" "1b15e6bb48223e9c94a202a82d1f7e8ba0a8e677f7a3594ff67e6379bfccf198", kill_on_drop: false }`
[INFO] running `Command { std: "docker" "rm" "-f" "1b15e6bb48223e9c94a202a82d1f7e8ba0a8e677f7a3594ff67e6379bfccf198", kill_on_drop: false }`
[INFO] [stdout] 1b15e6bb48223e9c94a202a82d1f7e8ba0a8e677f7a3594ff67e6379bfccf198
[INFO] running `Command { std: "docker" "create" "-v" "/var/lib/crater-agent-workspace/builds/worker-6-tc1/target:/opt/rustwide/target:rw,Z" "-v" "/var/lib/crater-agent-workspace/builds/worker-6-tc1/source:/opt/rustwide/workdir:ro,Z" "-v" "/var/lib/crater-agent-workspace/cargo-home:/opt/rustwide/cargo-home:ro,Z" "-v" "/var/lib/crater-agent-workspace/rustup-home:/opt/rustwide/rustup-home:ro,Z" "-e" "SOURCE_DIR=/opt/rustwide/workdir" "-e" "CARGO_TARGET_DIR=/opt/rustwide/target" "-e" "CARGO_INCREMENTAL=0" "-e" "RUST_BACKTRACE=full" "-e" "RUSTFLAGS=--cap-lints=forbid" "-e" "RUSTDOCFLAGS=--cap-lints=forbid" "-e" "CARGO_HOME=/opt/rustwide/cargo-home" "-e" "RUSTUP_HOME=/opt/rustwide/rustup-home" "-w" "/opt/rustwide/workdir" "-m" "1610612736" "--user" "0:0" "--network" "none" "ghcr.io/rust-lang/crates-build-env/linux@sha256:4a844ea9eb2546a2d2c7022eacef16ef2e8229c7fbb2c7d4d55a9ceca922f72d" "/opt/rustwide/cargo-home/bin/cargo" "+nightly-2024-10-28" "test" "--frozen", kill_on_drop: false }`
[INFO] [stdout] 9a4141b08680c0a17039e30d071e36f4f6af3fed2dda289498a96a94ef629e03
[INFO] running `Command { std: "docker" "start" "-a" "9a4141b08680c0a17039e30d071e36f4f6af3fed2dda289498a96a94ef629e03", kill_on_drop: false }`
[INFO] [stderr] warning: unexpected `cfg` condition value: `chrono`
[INFO] [stderr]  --> examples/time_tools_trivial_sample.rs:4:11
[INFO] [stderr]   |
[INFO] [stderr] 4 |   #[ cfg( feature = "chrono" ) ]
[INFO] [stderr]   |           ^^^^^^^^^^^^^^^^^^
[INFO] [stderr]   |
[INFO] [stderr]   = note: expected values for `feature` are: `default`, `enabled`, `full`, `no_std`, `time_now`, and `use_alloc`
[INFO] [stderr]   = help: consider adding `chrono` as a feature in `Cargo.toml`
[INFO] [stderr]   = note: see <https://doc.rust-lang.org/nightly/rustc/check-cfg/cargo-specifics.html> for more information about checking conditional configuration
[INFO] [stderr]   = note: `#[warn(unexpected_cfgs)]` on by default
[INFO] [stderr] 
[INFO] [stderr] warning: missing documentation for the crate
[INFO] [stderr]   --> tests/smoke_test.rs:3:1
[INFO] [stderr]    |
[INFO] [stderr] 3  | / #[ test ]
[INFO] [stderr] 4  | | fn local_smoke_test()
[INFO] [stderr] 5  | | {
[INFO] [stderr] 6  | |   ::test_tools::smoke_test_for_local_run();
[INFO] [stderr] ...  |
[INFO] [stderr] 13 | |   ::test_tools::smoke_test_for_published_run();
[INFO] [stderr] 14 | | }
[INFO] [stderr]    | |_^
[INFO] [stderr]    |
[INFO] [stderr]    = note: requested on the command line with `-W missing-docs`
[INFO] [stderr] 
[INFO] [stderr] warning: missing documentation for the crate
[INFO] [stderr]  --> tests/time_tests.rs:2:1
[INFO] [stderr]   |
[INFO] [stderr] 2 | / #[ allow( unused_imports ) ]
[INFO] [stderr] 3 | | use test_tools::exposed::*;
[INFO] [stderr] 4 | | use time_tools as TheModule;
[INFO] [stderr] 5 | |
[INFO] [stderr] 6 | | mod inc;
[INFO] [stderr]   | |________^
[INFO] [stderr]   |
[INFO] [stderr]   = note: requested on the command line with `-W missing-docs`
[INFO] [stderr] 
[INFO] [stderr] warning: `time_tools` (example "time_tools_trivial_sample") generated 1 warning
[INFO] [stderr] warning: `time_tools` (test "smoke_test") generated 1 warning
[INFO] [stderr] warning: `time_tools` (test "time_tests") generated 1 warning
[INFO] [stderr]     Finished `test` profile [unoptimized + debuginfo] target(s) in 0.04s
[INFO] [stderr]      Running unittests src/lib.rs (/opt/rustwide/target/debug/deps/time_tools-3fb0a8ee7f1ef0a3)
[INFO] [stdout] 
[INFO] [stdout] running 0 tests
[INFO] [stdout] 
[INFO] [stdout] test result: ok. 0 passed; 0 failed; 0 ignored; 0 measured; 0 filtered out; finished in 0.00s
[INFO] [stdout] 
[INFO] [stderr]      Running tests/smoke_test.rs (/opt/rustwide/target/debug/deps/smoke_test-9f8a0c1e64cf7a8b)
[INFO] [stdout] 
[INFO] [stdout] running 2 tests
[INFO] [stdout] test local_smoke_test ... ok
[INFO] [stdout] test published_smoke_test ... FAILED
[INFO] [stdout] 
[INFO] [stdout] failures:
[INFO] [stdout] 
[INFO] [stdout] ---- published_smoke_test stdout ----
[INFO] [stdout] smoke_test_run module_name:time_tools module_path:/opt/rustwide/workdir
[INFO] [stdout]     Creating binary (application) `time_tools_published_smoke_test` package
[INFO] [stdout] note: see more `Cargo.toml` keys and their definitions at https://doc.rust-lang.org/cargo/reference/manifest.html
[INFO] [stdout] 
[INFO] [stdout] 
[INFO] [stdout] [package]
[INFO] [stdout]         edition = "2021"
[INFO] [stdout]         name = "time_tools_smoke_test"
[INFO] [stdout]         version = "0.0.1"
[INFO] [stdout] 
[INFO] [stdout]         [dependencies]
[INFO] [stdout]         time_tools = { version = "*"  }
[INFO] [stdout] 
[INFO] [stdout] 
[INFO] [stdout] #[ allow( unused_imports ) ]
[INFO] [stdout]         fn main()
[INFO] [stdout]         {
[INFO] [stdout]           use time_tools;
[INFO] [stdout]         }
[INFO] [stdout] 
[INFO] [stdout] status : exit status: 101
[INFO] [stdout] 
[INFO] [stdout]     Updating crates.io index
[INFO] [stdout] warning: spurious network error (3 tries remaining): [6] Could not resolve hostname (Could not resolve host: index.crates.io)
[INFO] [stdout] warning: spurious network error (2 tries remaining): [6] Could not resolve hostname (Could not resolve host: index.crates.io)
[INFO] [stdout] warning: spurious network error (1 tries remaining): [6] Could not resolve hostname (Could not resolve host: index.crates.io)
[INFO] [stdout] error: failed to get `time_tools` as a dependency of package `time_tools_smoke_test v0.0.1 (/tmp/time_tools_published_smoke_test_0.19054349043167207/time_tools_published_smoke_test)`
[INFO] [stdout] 
[INFO] [stdout] Caused by:
[INFO] [stdout]   download of config.json failed
[INFO] [stdout] 
[INFO] [stdout] Caused by:
[INFO] [stdout]   failed to download from `https://index.crates.io/config.json`
[INFO] [stdout] 
[INFO] [stdout] Caused by:
[INFO] [stdout]   [6] Could not resolve hostname (Could not resolve host: index.crates.io)
[INFO] [stdout] 
[INFO] [stdout] thread 'published_smoke_test' panicked at /opt/rustwide/cargo-home/registry/src/index.crates.io-6f17d22bba15001f/test_tools-0.7.0/src/test/smoke_test.rs:181:7:
[INFO] [stdout] Smoke test failed
[INFO] [stdout] stack backtrace:
[INFO] [stdout]    0:     0x6175180267da - std::backtrace_rs::backtrace::libunwind::trace::h207520d6e9873551
[INFO] [stdout]                                at /rustc/df4ca44d3fbc9301ee17f30f4d474e6ae4b05252/library/std/src/../../backtrace/src/backtrace/libunwind.rs:116:5
[INFO] [stdout]    1:     0x6175180267da - std::backtrace_rs::backtrace::trace_unsynchronized::h2ed7433f370e3eca
[INFO] [stdout]                                at /rustc/df4ca44d3fbc9301ee17f30f4d474e6ae4b05252/library/std/src/../../backtrace/src/backtrace/mod.rs:66:5
[INFO] [stdout]    2:     0x6175180267da - std::sys::backtrace::_print_fmt::h916fac51166b18d7
[INFO] [stdout]                                at /rustc/df4ca44d3fbc9301ee17f30f4d474e6ae4b05252/library/std/src/sys/backtrace.rs:66:9
[INFO] [stdout]    3:     0x6175180267da - <std::sys::backtrace::BacktraceLock::print::DisplayBacktrace as core::fmt::Display>::fmt::ha0a4c9b8ce3802e6
[INFO] [stdout]                                at /rustc/df4ca44d3fbc9301ee17f30f4d474e6ae4b05252/library/std/src/sys/backtrace.rs:39:26
[INFO] [stdout]    4:     0x61751804e1d3 - core::fmt::rt::Argument::fmt::h4cfc8587d52b3eb5
[INFO] [stdout]                                at /rustc/df4ca44d3fbc9301ee17f30f4d474e6ae4b05252/library/core/src/fmt/rt.rs:177:76
[INFO] [stdout]    5:     0x61751804e1d3 - core::fmt::write::h522cc39e5b36ae9f
[INFO] [stdout]                                at /rustc/df4ca44d3fbc9301ee17f30f4d474e6ae4b05252/library/core/src/fmt/mod.rs:1190:21
[INFO] [stdout]    6:     0x617518023363 - std::io::Write::write_fmt::h7d3c26752da97734
[INFO] [stdout]                                at /rustc/df4ca44d3fbc9301ee17f30f4d474e6ae4b05252/library/std/src/io/mod.rs:1839:15
[INFO] [stdout]    7:     0x617518026622 - std::sys::backtrace::BacktraceLock::print::h4b9e00b29e9c0942
[INFO] [stdout]                                at /rustc/df4ca44d3fbc9301ee17f30f4d474e6ae4b05252/library/std/src/sys/backtrace.rs:42:9
[INFO] [stdout]    8:     0x617518027c6a - std::panicking::default_hook::{{closure}}::hb59b88280d0324d9
[INFO] [stdout]                                at /rustc/df4ca44d3fbc9301ee17f30f4d474e6ae4b05252/library/std/src/panicking.rs:268:22
[INFO] [stdout]    9:     0x617518027a74 - std::panicking::default_hook::he1dd496665be4a29
[INFO] [stdout]                                at /rustc/df4ca44d3fbc9301ee17f30f4d474e6ae4b05252/library/std/src/panicking.rs:292:9
[INFO] [stdout]   10:     0x617517ff0f69 - <alloc::boxed::Box<F,A> as core::ops::function::Fn<Args>>::call::h4ff71de18744e1dc
[INFO] [stdout]                                at /rustc/df4ca44d3fbc9301ee17f30f4d474e6ae4b05252/library/alloc/src/boxed.rs:2468:9
[INFO] [stdout]   11:     0x617517ff0f69 - test::test_main::{{closure}}::hcf7c055ce117aa81
[INFO] [stdout]                                at /rustc/df4ca44d3fbc9301ee17f30f4d474e6ae4b05252/library/test/src/lib.rs:133:21
[INFO] [stdout]   12:     0x617518028368 - <alloc::boxed::Box<F,A> as core::ops::function::Fn<Args>>::call::h1d66c6bbd60c9692
[INFO] [stdout]                                at /rustc/df4ca44d3fbc9301ee17f30f4d474e6ae4b05252/library/alloc/src/boxed.rs:2468:9
[INFO] [stdout]   13:     0x617518028368 - std::panicking::rust_panic_with_hook::h2ff17fe8f26dfcf8
[INFO] [stdout]                                at /rustc/df4ca44d3fbc9301ee17f30f4d474e6ae4b05252/library/std/src/panicking.rs:809:13
[INFO] [stdout]   14:     0x6175180280f6 - std::panicking::begin_panic_handler::{{closure}}::h4fad77951c07e101
[INFO] [stdout]                                at /rustc/df4ca44d3fbc9301ee17f30f4d474e6ae4b05252/library/std/src/panicking.rs:667:13
[INFO] [stdout]   15:     0x617518026cb9 - std::sys::backtrace::__rust_end_short_backtrace::hb1a25b3da5d0ea08
[INFO] [stdout]                                at /rustc/df4ca44d3fbc9301ee17f30f4d474e6ae4b05252/library/std/src/sys/backtrace.rs:170:18
[INFO] [stdout]   16:     0x617518027dbc - rust_begin_unwind
[INFO] [stdout]                                at /rustc/df4ca44d3fbc9301ee17f30f4d474e6ae4b05252/library/std/src/panicking.rs:665:5
[INFO] [stdout]   17:     0x61751804cbd0 - core::panicking::panic_fmt::ha9db07b529f9b256
[INFO] [stdout]                                at /rustc/df4ca44d3fbc9301ee17f30f4d474e6ae4b05252/library/core/src/panicking.rs:75:14
[INFO] [stdout]   18:     0x617517f75465 - test_tools::test::smoke_test::private::SmokeModuleTest::perform::hfb4c02f6d95776fc
[INFO] [stdout]                                at /opt/rustwide/cargo-home/registry/src/index.crates.io-6f17d22bba15001f/test_tools-0.7.0/src/test/smoke_test.rs:181:7
[INFO] [stdout]   19:     0x617517f7642a - test_tools::test::smoke_test::private::smoke_test_run::hb2847b57d5a1b726
[INFO] [stdout]                                at /opt/rustwide/cargo-home/registry/src/index.crates.io-6f17d22bba15001f/test_tools-0.7.0/src/test/smoke_test.rs:267:5
[INFO] [stdout]   20:     0x617517f76bea - test_tools::test::smoke_test::private::smoke_test_for_published_run::hccb644865175955d
[INFO] [stdout]                                at /opt/rustwide/cargo-home/registry/src/index.crates.io-6f17d22bba15001f/test_tools-0.7.0/src/test/smoke_test.rs:330:7
[INFO] [stdout]   21:     0x617517f709b7 - smoke_test::published_smoke_test::hf3c564005e83027a
[INFO] [stdout]                                at /opt/rustwide/workdir/tests/smoke_test.rs:13:3
[INFO] [stdout]   22:     0x617517f70997 - smoke_test::published_smoke_test::{{closure}}::ha92c189c2e1dc68b
[INFO] [stdout]                                at /opt/rustwide/workdir/tests/smoke_test.rs:11:26
[INFO] [stdout]   23:     0x617517f70736 - core::ops::function::FnOnce::call_once::h5273e7ef17c3fab6
[INFO] [stdout]                                at /rustc/df4ca44d3fbc9301ee17f30f4d474e6ae4b05252/library/core/src/ops/function.rs:250:5
[INFO] [stdout]   24:     0x617517ff583b - core::ops::function::FnOnce::call_once::h22c3ba5715e93f05
[INFO] [stdout]                                at /rustc/df4ca44d3fbc9301ee17f30f4d474e6ae4b05252/library/core/src/ops/function.rs:250:5
[INFO] [stdout]   25:     0x617517ff583b - test::__rust_begin_short_backtrace::h8e82d8113d0da17f
[INFO] [stdout]                                at /rustc/df4ca44d3fbc9301ee17f30f4d474e6ae4b05252/library/test/src/lib.rs:621:18
[INFO] [stdout]   26:     0x617517ff51b7 - test::run_test_in_process::{{closure}}::h33235f4f20b7b7c7
[INFO] [stdout]                                at /rustc/df4ca44d3fbc9301ee17f30f4d474e6ae4b05252/library/test/src/lib.rs:644:60
[INFO] [stdout]   27:     0x617517ff51b7 - <core::panic::unwind_safe::AssertUnwindSafe<F> as core::ops::function::FnOnce<()>>::call_once::hb5043206310c586f
[INFO] [stdout]                                at /rustc/df4ca44d3fbc9301ee17f30f4d474e6ae4b05252/library/core/src/panic/unwind_safe.rs:272:9
[INFO] [stdout]   28:     0x617517ff51b7 - std::panicking::try::do_call::h9ad4731a60ab23e2
[INFO] [stdout]                                at /rustc/df4ca44d3fbc9301ee17f30f4d474e6ae4b05252/library/std/src/panicking.rs:557:40
[INFO] [stdout]   29:     0x617517ff51b7 - std::panicking::try::h3824d23db772a716
[INFO] [stdout]                                at /rustc/df4ca44d3fbc9301ee17f30f4d474e6ae4b05252/library/std/src/panicking.rs:520:19
[INFO] [stdout]   30:     0x617517ff51b7 - std::panic::catch_unwind::h5afd514605fde46b
[INFO] [stdout]                                at /rustc/df4ca44d3fbc9301ee17f30f4d474e6ae4b05252/library/std/src/panic.rs:358:14
[INFO] [stdout]   31:     0x617517ff51b7 - test::run_test_in_process::h0d5cbfa7067d1720
[INFO] [stdout]                                at /rustc/df4ca44d3fbc9301ee17f30f4d474e6ae4b05252/library/test/src/lib.rs:644:27
[INFO] [stdout]   32:     0x617517ff51b7 - test::run_test::{{closure}}::h708eb8872708115d
[INFO] [stdout]                                at /rustc/df4ca44d3fbc9301ee17f30f4d474e6ae4b05252/library/test/src/lib.rs:565:43
[INFO] [stdout]   33:     0x617517fb88d4 - test::run_test::{{closure}}::h392c51cee94713ab
[INFO] [stdout]                                at /rustc/df4ca44d3fbc9301ee17f30f4d474e6ae4b05252/library/test/src/lib.rs:595:41
[INFO] [stdout]   34:     0x617517fb88d4 - std::sys::backtrace::__rust_begin_short_backtrace::h2f40290710935a8b
[INFO] [stdout]                                at /rustc/df4ca44d3fbc9301ee17f30f4d474e6ae4b05252/library/std/src/sys/backtrace.rs:154:18
[INFO] [stdout]   35:     0x617517fbc07e - std::thread::Builder::spawn_unchecked_::{{closure}}::{{closure}}::h3fd968d89053a903
[INFO] [stdout]                                at /rustc/df4ca44d3fbc9301ee17f30f4d474e6ae4b05252/library/std/src/thread/mod.rs:541:17
[INFO] [stdout]   36:     0x617517fbc07e - <core::panic::unwind_safe::AssertUnwindSafe<F> as core::ops::function::FnOnce<()>>::call_once::h743f637ba4229880
[INFO] [stdout]                                at /rustc/df4ca44d3fbc9301ee17f30f4d474e6ae4b05252/library/core/src/panic/unwind_safe.rs:272:9
[INFO] [stdout]   37:     0x617517fbc07e - std::panicking::try::do_call::h07440897322525a6
[INFO] [stdout]                                at /rustc/df4ca44d3fbc9301ee17f30f4d474e6ae4b05252/library/std/src/panicking.rs:557:40
[INFO] [stdout]   38:     0x617517fbc07e - std::panicking::try::he5a2e00188156637
[INFO] [stdout]                                at /rustc/df4ca44d3fbc9301ee17f30f4d474e6ae4b05252/library/std/src/panicking.rs:520:19
[INFO] [stdout]   39:     0x617517fbc07e - std::panic::catch_unwind::hbaf3cae49b3c6433
[INFO] [stdout]                                at /rustc/df4ca44d3fbc9301ee17f30f4d474e6ae4b05252/library/std/src/panic.rs:358:14
[INFO] [stdout]   40:     0x617517fbc07e - std::thread::Builder::spawn_unchecked_::{{closure}}::h8e141ea224820bce
[INFO] [stdout]                                at /rustc/df4ca44d3fbc9301ee17f30f4d474e6ae4b05252/library/std/src/thread/mod.rs:540:30
[INFO] [stdout]   41:     0x617517fbc07e - core::ops::function::FnOnce::call_once{{vtable.shim}}::h90d312fedd7b8ea8
[INFO] [stdout]                                at /rustc/df4ca44d3fbc9301ee17f30f4d474e6ae4b05252/library/core/src/ops/function.rs:250:5
[INFO] [stdout]   42:     0x61751802cccb - <alloc::boxed::Box<F,A> as core::ops::function::FnOnce<Args>>::call_once::h69aa08ddb6adb8b6
[INFO] [stdout]                                at /rustc/df4ca44d3fbc9301ee17f30f4d474e6ae4b05252/library/alloc/src/boxed.rs:2454:9
[INFO] [stdout]   43:     0x61751802cccb - <alloc::boxed::Box<F,A> as core::ops::function::FnOnce<Args>>::call_once::h5aa36efdb79c806f
[INFO] [stdout]                                at /rustc/df4ca44d3fbc9301ee17f30f4d474e6ae4b05252/library/alloc/src/boxed.rs:2454:9
[INFO] [stdout]   44:     0x61751802cccb - std::sys::pal::unix::thread::Thread::new::thread_start::h6cd80a1b4be5158d
[INFO] [stdout]                                at /rustc/df4ca44d3fbc9301ee17f30f4d474e6ae4b05252/library/std/src/sys/pal/unix/thread.rs:105:17
[INFO] [stdout]   45:     0x713ca820eac3 - <unknown>
[INFO] [stdout]   46:     0x713ca829fa04 - clone
[INFO] [stdout]   47:                0x0 - <unknown>
[INFO] [stdout] 
[INFO] [stdout] 
[INFO] [stdout] failures:
[INFO] [stdout]     published_smoke_test
[INFO] [stdout] 
[INFO] [stdout] test result: FAILED. 1 passed; 1 failed; 0 ignored; 0 measured; 0 filtered out; finished in 12.12s
[INFO] [stdout] 
[INFO] [stderr] error: test failed, to rerun pass `--test smoke_test`
[INFO] running `Command { std: "docker" "inspect" "9a4141b08680c0a17039e30d071e36f4f6af3fed2dda289498a96a94ef629e03", kill_on_drop: false }`
[INFO] running `Command { std: "docker" "rm" "-f" "9a4141b08680c0a17039e30d071e36f4f6af3fed2dda289498a96a94ef629e03", kill_on_drop: false }`
[INFO] [stdout] 9a4141b08680c0a17039e30d071e36f4f6af3fed2dda289498a96a94ef629e03
