[INFO] fetching crate time-core 0.1.2...
[INFO] testing time-core-0.1.2 against nightly-2024-10-28 for randomize-layout
[INFO] extracting crate time-core 0.1.2 into /workspace/builds/worker-5-tc1/source
[INFO] validating manifest of crates.io crate time-core 0.1.2 on toolchain nightly-2024-10-28
[INFO] running `Command { std: CARGO_HOME="/workspace/cargo-home" RUSTUP_HOME="/workspace/rustup-home" "/workspace/cargo-home/bin/cargo" "+nightly-2024-10-28" "metadata" "--manifest-path" "Cargo.toml" "--no-deps", kill_on_drop: false }`
[INFO] started tweaking crates.io crate time-core 0.1.2
[INFO] finished tweaking crates.io crate time-core 0.1.2
[INFO] tweaked toml for crates.io crate time-core 0.1.2 written to /workspace/builds/worker-5-tc1/source/Cargo.toml
[INFO] running `Command { std: CARGO_HOME="/workspace/cargo-home" RUSTUP_HOME="/workspace/rustup-home" "/workspace/cargo-home/bin/cargo" "+nightly-2024-10-28" "generate-lockfile" "--manifest-path" "Cargo.toml", kill_on_drop: false }`
[INFO] running `Command { std: CARGO_HOME="/workspace/cargo-home" RUSTUP_HOME="/workspace/rustup-home" "/workspace/cargo-home/bin/cargo" "+nightly-2024-10-28" "fetch" "--manifest-path" "Cargo.toml", kill_on_drop: false }`
[INFO] running `Command { std: "docker" "create" "-v" "/var/lib/crater-agent-workspace/builds/worker-5-tc1/target:/opt/rustwide/target:rw,Z" "-v" "/var/lib/crater-agent-workspace/builds/worker-5-tc1/source:/opt/rustwide/workdir:ro,Z" "-v" "/var/lib/crater-agent-workspace/cargo-home:/opt/rustwide/cargo-home:ro,Z" "-v" "/var/lib/crater-agent-workspace/rustup-home:/opt/rustwide/rustup-home:ro,Z" "-e" "SOURCE_DIR=/opt/rustwide/workdir" "-e" "CARGO_TARGET_DIR=/opt/rustwide/target" "-e" "CARGO_HOME=/opt/rustwide/cargo-home" "-e" "RUSTUP_HOME=/opt/rustwide/rustup-home" "-w" "/opt/rustwide/workdir" "-m" "1610612736" "--user" "0:0" "--network" "none" "ghcr.io/rust-lang/crates-build-env/linux@sha256:4a844ea9eb2546a2d2c7022eacef16ef2e8229c7fbb2c7d4d55a9ceca922f72d" "/opt/rustwide/cargo-home/bin/cargo" "+nightly-2024-10-28" "metadata" "--no-deps" "--format-version=1", kill_on_drop: false }`
[INFO] [stdout] 91c6e482586df3f67c2f35fa0c2cd6d172bc5c109906a38c55c5913d7054daa6
[INFO] running `Command { std: "docker" "start" "-a" "91c6e482586df3f67c2f35fa0c2cd6d172bc5c109906a38c55c5913d7054daa6", kill_on_drop: false }`
[INFO] running `Command { std: "docker" "inspect" "91c6e482586df3f67c2f35fa0c2cd6d172bc5c109906a38c55c5913d7054daa6", kill_on_drop: false }`
[INFO] running `Command { std: "docker" "rm" "-f" "91c6e482586df3f67c2f35fa0c2cd6d172bc5c109906a38c55c5913d7054daa6", kill_on_drop: false }`
[INFO] [stdout] 91c6e482586df3f67c2f35fa0c2cd6d172bc5c109906a38c55c5913d7054daa6
[INFO] running `Command { std: "docker" "create" "-v" "/var/lib/crater-agent-workspace/builds/worker-5-tc1/target:/opt/rustwide/target:rw,Z" "-v" "/var/lib/crater-agent-workspace/builds/worker-5-tc1/source:/opt/rustwide/workdir:ro,Z" "-v" "/var/lib/crater-agent-workspace/cargo-home:/opt/rustwide/cargo-home:ro,Z" "-v" "/var/lib/crater-agent-workspace/rustup-home:/opt/rustwide/rustup-home:ro,Z" "-e" "SOURCE_DIR=/opt/rustwide/workdir" "-e" "CARGO_TARGET_DIR=/opt/rustwide/target" "-e" "CARGO_INCREMENTAL=0" "-e" "RUST_BACKTRACE=full" "-e" "RUSTFLAGS=--cap-lints=forbid" "-e" "RUSTDOCFLAGS=--cap-lints=forbid" "-e" "CARGO_HOME=/opt/rustwide/cargo-home" "-e" "RUSTUP_HOME=/opt/rustwide/rustup-home" "-w" "/opt/rustwide/workdir" "-m" "1610612736" "--user" "0:0" "--network" "none" "ghcr.io/rust-lang/crates-build-env/linux@sha256:4a844ea9eb2546a2d2c7022eacef16ef2e8229c7fbb2c7d4d55a9ceca922f72d" "/opt/rustwide/cargo-home/bin/cargo" "+nightly-2024-10-28" "build" "--frozen" "--message-format=json", kill_on_drop: false }`
[INFO] [stdout] 36799912810dd8889058b328efb01212d577a00eb73d9a8a2c22e68f1ccdb4ae
[INFO] running `Command { std: "docker" "start" "-a" "36799912810dd8889058b328efb01212d577a00eb73d9a8a2c22e68f1ccdb4ae", kill_on_drop: false }`
[INFO] [stderr]    Compiling time-core v0.1.2 (/opt/rustwide/workdir)
[INFO] [stderr]     Finished `dev` profile [unoptimized + debuginfo] target(s) in 0.05s
[INFO] running `Command { std: "docker" "inspect" "36799912810dd8889058b328efb01212d577a00eb73d9a8a2c22e68f1ccdb4ae", kill_on_drop: false }`
[INFO] running `Command { std: "docker" "rm" "-f" "36799912810dd8889058b328efb01212d577a00eb73d9a8a2c22e68f1ccdb4ae", kill_on_drop: false }`
[INFO] [stdout] 36799912810dd8889058b328efb01212d577a00eb73d9a8a2c22e68f1ccdb4ae
[INFO] running `Command { std: "docker" "create" "-v" "/var/lib/crater-agent-workspace/builds/worker-5-tc1/target:/opt/rustwide/target:rw,Z" "-v" "/var/lib/crater-agent-workspace/builds/worker-5-tc1/source:/opt/rustwide/workdir:ro,Z" "-v" "/var/lib/crater-agent-workspace/cargo-home:/opt/rustwide/cargo-home:ro,Z" "-v" "/var/lib/crater-agent-workspace/rustup-home:/opt/rustwide/rustup-home:ro,Z" "-e" "SOURCE_DIR=/opt/rustwide/workdir" "-e" "CARGO_TARGET_DIR=/opt/rustwide/target" "-e" "CARGO_INCREMENTAL=0" "-e" "RUST_BACKTRACE=full" "-e" "RUSTFLAGS=--cap-lints=forbid" "-e" "RUSTDOCFLAGS=--cap-lints=forbid" "-e" "CARGO_HOME=/opt/rustwide/cargo-home" "-e" "RUSTUP_HOME=/opt/rustwide/rustup-home" "-w" "/opt/rustwide/workdir" "-m" "1610612736" "--user" "0:0" "--network" "none" "ghcr.io/rust-lang/crates-build-env/linux@sha256:4a844ea9eb2546a2d2c7022eacef16ef2e8229c7fbb2c7d4d55a9ceca922f72d" "/opt/rustwide/cargo-home/bin/cargo" "+nightly-2024-10-28" "test" "--frozen" "--no-run" "--message-format=json", kill_on_drop: false }`
[INFO] [stdout] c47963dbff6588c2002e6595395865793117c54918fbd57c6f65505f2b86e35e
[INFO] running `Command { std: "docker" "start" "-a" "c47963dbff6588c2002e6595395865793117c54918fbd57c6f65505f2b86e35e", kill_on_drop: false }`
[INFO] [stderr]    Compiling time-core v0.1.2 (/opt/rustwide/workdir)
[INFO] [stderr]     Finished `test` profile [unoptimized + debuginfo] target(s) in 0.10s
[INFO] running `Command { std: "docker" "inspect" "c47963dbff6588c2002e6595395865793117c54918fbd57c6f65505f2b86e35e", kill_on_drop: false }`
[INFO] running `Command { std: "docker" "rm" "-f" "c47963dbff6588c2002e6595395865793117c54918fbd57c6f65505f2b86e35e", kill_on_drop: false }`
[INFO] [stdout] c47963dbff6588c2002e6595395865793117c54918fbd57c6f65505f2b86e35e
[INFO] running `Command { std: "docker" "create" "-v" "/var/lib/crater-agent-workspace/builds/worker-5-tc1/target:/opt/rustwide/target:rw,Z" "-v" "/var/lib/crater-agent-workspace/builds/worker-5-tc1/source:/opt/rustwide/workdir:ro,Z" "-v" "/var/lib/crater-agent-workspace/cargo-home:/opt/rustwide/cargo-home:ro,Z" "-v" "/var/lib/crater-agent-workspace/rustup-home:/opt/rustwide/rustup-home:ro,Z" "-e" "SOURCE_DIR=/opt/rustwide/workdir" "-e" "CARGO_TARGET_DIR=/opt/rustwide/target" "-e" "CARGO_INCREMENTAL=0" "-e" "RUST_BACKTRACE=full" "-e" "RUSTFLAGS=--cap-lints=forbid" "-e" "RUSTDOCFLAGS=--cap-lints=forbid" "-e" "CARGO_HOME=/opt/rustwide/cargo-home" "-e" "RUSTUP_HOME=/opt/rustwide/rustup-home" "-w" "/opt/rustwide/workdir" "-m" "1610612736" "--user" "0:0" "--network" "none" "ghcr.io/rust-lang/crates-build-env/linux@sha256:4a844ea9eb2546a2d2c7022eacef16ef2e8229c7fbb2c7d4d55a9ceca922f72d" "/opt/rustwide/cargo-home/bin/cargo" "+nightly-2024-10-28" "test" "--frozen", kill_on_drop: false }`
[INFO] [stdout] aa8df71bfbfac847e5f0c1ed4fe891521682b547ab1a674d96e207c9c719fdd3
[INFO] running `Command { std: "docker" "start" "-a" "aa8df71bfbfac847e5f0c1ed4fe891521682b547ab1a674d96e207c9c719fdd3", kill_on_drop: false }`
[INFO] [stderr]     Finished `test` profile [unoptimized + debuginfo] target(s) in 0.00s
[INFO] [stderr]      Running unittests src/lib.rs (/opt/rustwide/target/debug/deps/time_core-868e328d0d08054c)
[INFO] [stdout] 
[INFO] [stdout] running 0 tests
[INFO] [stdout] 
[INFO] [stdout] test result: ok. 0 passed; 0 failed; 0 ignored; 0 measured; 0 filtered out; finished in 0.00s
[INFO] [stdout] 
[INFO] [stderr]    Doc-tests time_core
[INFO] [stdout] 
[INFO] [stdout] running 3 tests
[INFO] [stdout] test src/util.rs - util::weeks_in_year (line 38) ... FAILED
[INFO] [stdout] test src/util.rs - util::is_leap_year (line 6) ... FAILED
[INFO] [stdout] test src/util.rs - util::days_in_year (line 22) ... FAILED
[INFO] [stdout] 
[INFO] [stdout] failures:
[INFO] [stdout] 
[INFO] [stdout] ---- src/util.rs - util::weeks_in_year (line 38) stdout ----
[INFO] [stdout] error[E0433]: failed to resolve: use of undeclared crate or module `time`
[INFO] [stdout]  --> src/util.rs:39:5
[INFO] [stdout]   |
[INFO] [stdout] 3 | use time::util::weeks_in_year;
[INFO] [stdout]   |     ^^^^ use of undeclared crate or module `time`
[INFO] [stdout] 
[INFO] [stdout] error: aborting due to 1 previous error
[INFO] [stdout] 
[INFO] [stdout] For more information about this error, try `rustc --explain E0433`.
[INFO] [stdout] Couldn't compile the test.
[INFO] [stdout] ---- src/util.rs - util::is_leap_year (line 6) stdout ----
[INFO] [stdout] error[E0433]: failed to resolve: use of undeclared crate or module `time`
[INFO] [stdout]  --> src/util.rs:7:5
[INFO] [stdout]   |
[INFO] [stdout] 3 | use time::util::is_leap_year;
[INFO] [stdout]   |     ^^^^ use of undeclared crate or module `time`
[INFO] [stdout] 
[INFO] [stdout] error: aborting due to 1 previous error
[INFO] [stdout] 
[INFO] [stdout] For more information about this error, try `rustc --explain E0433`.
[INFO] [stdout] Couldn't compile the test.
[INFO] [stdout] ---- src/util.rs - util::days_in_year (line 22) stdout ----
[INFO] [stdout] error[E0433]: failed to resolve: use of undeclared crate or module `time`
[INFO] [stdout]  --> src/util.rs:23:5
[INFO] [stdout]   |
[INFO] [stdout] 3 | use time::util::days_in_year;
[INFO] [stdout]   |     ^^^^ use of undeclared crate or module `time`
[INFO] [stdout] 
[INFO] [stdout] error: aborting due to 1 previous error
[INFO] [stdout] 
[INFO] [stdout] For more information about this error, try `rustc --explain E0433`.
[INFO] [stdout] Couldn't compile the test.
[INFO] [stdout] 
[INFO] [stdout] failures:
[INFO] [stdout]     src/util.rs - util::days_in_year (line 22)
[INFO] [stdout]     src/util.rs - util::is_leap_year (line 6)
[INFO] [stdout]     src/util.rs - util::weeks_in_year (line 38)
[INFO] [stdout] 
[INFO] [stdout] test result: FAILED. 0 passed; 3 failed; 0 ignored; 0 measured; 0 filtered out; finished in 0.03s
[INFO] [stdout] 
[INFO] [stderr] error: doctest failed, to rerun pass `--doc`
[INFO] running `Command { std: "docker" "inspect" "aa8df71bfbfac847e5f0c1ed4fe891521682b547ab1a674d96e207c9c719fdd3", kill_on_drop: false }`
[INFO] running `Command { std: "docker" "rm" "-f" "aa8df71bfbfac847e5f0c1ed4fe891521682b547ab1a674d96e207c9c719fdd3", kill_on_drop: false }`
[INFO] [stdout] aa8df71bfbfac847e5f0c1ed4fe891521682b547ab1a674d96e207c9c719fdd3
