[INFO] fetching crate thistermination 1.1.0...
[INFO] testing thistermination-1.1.0 against nightly-2024-10-28 for randomize-layout
[INFO] extracting crate thistermination 1.1.0 into /workspace/builds/worker-4-tc1/source
[INFO] validating manifest of crates.io crate thistermination 1.1.0 on toolchain nightly-2024-10-28
[INFO] running `Command { std: CARGO_HOME="/workspace/cargo-home" RUSTUP_HOME="/workspace/rustup-home" "/workspace/cargo-home/bin/cargo" "+nightly-2024-10-28" "metadata" "--manifest-path" "Cargo.toml" "--no-deps", kill_on_drop: false }`
[INFO] started tweaking crates.io crate thistermination 1.1.0
[INFO] finished tweaking crates.io crate thistermination 1.1.0
[INFO] tweaked toml for crates.io crate thistermination 1.1.0 written to /workspace/builds/worker-4-tc1/source/Cargo.toml
[INFO] running `Command { std: CARGO_HOME="/workspace/cargo-home" RUSTUP_HOME="/workspace/rustup-home" "/workspace/cargo-home/bin/cargo" "+nightly-2024-10-28" "generate-lockfile" "--manifest-path" "Cargo.toml", kill_on_drop: false }`
[INFO] [stderr]     Updating crates.io index
[INFO] [stderr]      Locking 160 packages to latest compatible versions
[INFO] [stderr]       Adding image v0.24.9 (available: v0.25.4)
[INFO] [stderr]       Adding reqwest v0.11.27 (available: v0.12.9)
[INFO] running `Command { std: CARGO_HOME="/workspace/cargo-home" RUSTUP_HOME="/workspace/rustup-home" "/workspace/cargo-home/bin/cargo" "+nightly-2024-10-28" "fetch" "--manifest-path" "Cargo.toml", kill_on_drop: false }`
[INFO] running `Command { std: "docker" "create" "-v" "/var/lib/crater-agent-workspace/builds/worker-4-tc1/target:/opt/rustwide/target:rw,Z" "-v" "/var/lib/crater-agent-workspace/builds/worker-4-tc1/source:/opt/rustwide/workdir:ro,Z" "-v" "/var/lib/crater-agent-workspace/cargo-home:/opt/rustwide/cargo-home:ro,Z" "-v" "/var/lib/crater-agent-workspace/rustup-home:/opt/rustwide/rustup-home:ro,Z" "-e" "SOURCE_DIR=/opt/rustwide/workdir" "-e" "CARGO_TARGET_DIR=/opt/rustwide/target" "-e" "CARGO_HOME=/opt/rustwide/cargo-home" "-e" "RUSTUP_HOME=/opt/rustwide/rustup-home" "-w" "/opt/rustwide/workdir" "-m" "1610612736" "--user" "0:0" "--network" "none" "ghcr.io/rust-lang/crates-build-env/linux@sha256:4a844ea9eb2546a2d2c7022eacef16ef2e8229c7fbb2c7d4d55a9ceca922f72d" "/opt/rustwide/cargo-home/bin/cargo" "+nightly-2024-10-28" "metadata" "--no-deps" "--format-version=1", kill_on_drop: false }`
[INFO] [stdout] 5e94f44fa4984d77b05735bd2a4b13178e2ad81ee41d396aeb954b2a4fa3393f
[INFO] running `Command { std: "docker" "start" "-a" "5e94f44fa4984d77b05735bd2a4b13178e2ad81ee41d396aeb954b2a4fa3393f", kill_on_drop: false }`
[INFO] running `Command { std: "docker" "inspect" "5e94f44fa4984d77b05735bd2a4b13178e2ad81ee41d396aeb954b2a4fa3393f", kill_on_drop: false }`
[INFO] running `Command { std: "docker" "rm" "-f" "5e94f44fa4984d77b05735bd2a4b13178e2ad81ee41d396aeb954b2a4fa3393f", kill_on_drop: false }`
[INFO] [stdout] 5e94f44fa4984d77b05735bd2a4b13178e2ad81ee41d396aeb954b2a4fa3393f
[INFO] running `Command { std: "docker" "create" "-v" "/var/lib/crater-agent-workspace/builds/worker-4-tc1/target:/opt/rustwide/target:rw,Z" "-v" "/var/lib/crater-agent-workspace/builds/worker-4-tc1/source:/opt/rustwide/workdir:ro,Z" "-v" "/var/lib/crater-agent-workspace/cargo-home:/opt/rustwide/cargo-home:ro,Z" "-v" "/var/lib/crater-agent-workspace/rustup-home:/opt/rustwide/rustup-home:ro,Z" "-e" "SOURCE_DIR=/opt/rustwide/workdir" "-e" "CARGO_TARGET_DIR=/opt/rustwide/target" "-e" "CARGO_INCREMENTAL=0" "-e" "RUST_BACKTRACE=full" "-e" "RUSTFLAGS=--cap-lints=forbid" "-e" "RUSTDOCFLAGS=--cap-lints=forbid" "-e" "CARGO_HOME=/opt/rustwide/cargo-home" "-e" "RUSTUP_HOME=/opt/rustwide/rustup-home" "-w" "/opt/rustwide/workdir" "-m" "1610612736" "--user" "0:0" "--network" "none" "ghcr.io/rust-lang/crates-build-env/linux@sha256:4a844ea9eb2546a2d2c7022eacef16ef2e8229c7fbb2c7d4d55a9ceca922f72d" "/opt/rustwide/cargo-home/bin/cargo" "+nightly-2024-10-28" "build" "--frozen" "--message-format=json", kill_on_drop: false }`
[INFO] [stdout] 8bade8c19c90e96bd59c6735a4e6ef104b9c839147b3319118cd0713f144283e
[INFO] running `Command { std: "docker" "start" "-a" "8bade8c19c90e96bd59c6735a4e6ef104b9c839147b3319118cd0713f144283e", kill_on_drop: false }`
[INFO] [stderr]    Compiling memchr v2.7.4
[INFO] [stderr]    Compiling regex-syntax v0.8.5
[INFO] [stderr]    Compiling syn v2.0.86
[INFO] [stderr]    Compiling aho-corasick v1.1.3
[INFO] [stderr]    Compiling regex-automata v0.4.8
[INFO] [stderr]    Compiling regex v1.11.1
[INFO] [stderr]    Compiling thistermination v1.1.0 (/opt/rustwide/workdir)
[INFO] [stderr]     Finished `dev` profile [unoptimized + debuginfo] target(s) in 5.38s
[INFO] running `Command { std: "docker" "inspect" "8bade8c19c90e96bd59c6735a4e6ef104b9c839147b3319118cd0713f144283e", kill_on_drop: false }`
[INFO] running `Command { std: "docker" "rm" "-f" "8bade8c19c90e96bd59c6735a4e6ef104b9c839147b3319118cd0713f144283e", kill_on_drop: false }`
[INFO] [stdout] 8bade8c19c90e96bd59c6735a4e6ef104b9c839147b3319118cd0713f144283e
[INFO] running `Command { std: "docker" "create" "-v" "/var/lib/crater-agent-workspace/builds/worker-4-tc1/target:/opt/rustwide/target:rw,Z" "-v" "/var/lib/crater-agent-workspace/builds/worker-4-tc1/source:/opt/rustwide/workdir:ro,Z" "-v" "/var/lib/crater-agent-workspace/cargo-home:/opt/rustwide/cargo-home:ro,Z" "-v" "/var/lib/crater-agent-workspace/rustup-home:/opt/rustwide/rustup-home:ro,Z" "-e" "SOURCE_DIR=/opt/rustwide/workdir" "-e" "CARGO_TARGET_DIR=/opt/rustwide/target" "-e" "CARGO_INCREMENTAL=0" "-e" "RUST_BACKTRACE=full" "-e" "RUSTFLAGS=--cap-lints=forbid" "-e" "RUSTDOCFLAGS=--cap-lints=forbid" "-e" "CARGO_HOME=/opt/rustwide/cargo-home" "-e" "RUSTUP_HOME=/opt/rustwide/rustup-home" "-w" "/opt/rustwide/workdir" "-m" "1610612736" "--user" "0:0" "--network" "none" "ghcr.io/rust-lang/crates-build-env/linux@sha256:4a844ea9eb2546a2d2c7022eacef16ef2e8229c7fbb2c7d4d55a9ceca922f72d" "/opt/rustwide/cargo-home/bin/cargo" "+nightly-2024-10-28" "test" "--frozen" "--no-run" "--message-format=json", kill_on_drop: false }`
[INFO] [stdout] 2b3e7444a5df6c4d0cebc7d326803e3ef62287fcad58051ed6bc9744f0f26429
[INFO] running `Command { std: "docker" "start" "-a" "2b3e7444a5df6c4d0cebc7d326803e3ef62287fcad58051ed6bc9744f0f26429", kill_on_drop: false }`
[INFO] [stderr]    Compiling libc v0.2.161
[INFO] [stderr]    Compiling proc-macro2 v1.0.89
[INFO] [stderr]    Compiling unicode-ident v1.0.13
[INFO] [stderr]    Compiling memchr v2.7.4
[INFO] [stderr]    Compiling crossbeam-utils v0.8.20
[INFO] [stderr]    Compiling simd-adler32 v0.3.7
[INFO] [stderr]    Compiling rayon-core v1.12.1
[INFO] [stderr]    Compiling adler2 v2.0.0
[INFO] [stderr]    Compiling http v0.2.12
[INFO] [stderr]    Compiling serde v1.0.214
[INFO] [stderr]    Compiling futures-io v0.3.31
[INFO] [stderr]    Compiling bitflags v2.6.0
[INFO] [stderr]    Compiling futures-task v0.3.31
[INFO] [stderr]    Compiling crc32fast v1.4.2
[INFO] [stderr]    Compiling either v1.13.0
[INFO] [stderr]    Compiling num-traits v0.2.19
[INFO] [stderr]    Compiling regex-syntax v0.8.5
[INFO] [stderr]    Compiling httpdate v1.0.3
[INFO] [stderr]    Compiling weezl v0.1.8
[INFO] [stderr]    Compiling half v2.4.1
[INFO] [stderr]    Compiling smallvec v1.13.2
[INFO] [stderr]    Compiling miniz_oxide v0.8.0
[INFO] [stderr]    Compiling zune-inflate v0.2.54
[INFO] [stderr]    Compiling fdeflate v0.3.6
[INFO] [stderr]    Compiling lebe v0.5.2
[INFO] [stderr]    Compiling color_quant v1.1.0
[INFO] [stderr]    Compiling thiserror v1.0.66
[INFO] [stderr]    Compiling base64 v0.21.7
[INFO] [stderr]    Compiling bytemuck v1.19.0
[INFO] [stderr]    Compiling quote v1.0.37
[INFO] [stderr]    Compiling futures-util v0.3.31
[INFO] [stderr]    Compiling aho-corasick v1.1.3
[INFO] [stderr]    Compiling bit_field v0.10.2
[INFO] [stderr]    Compiling crossbeam-epoch v0.9.18
[INFO] [stderr]    Compiling syn v2.0.86
[INFO] [stderr]    Compiling flate2 v1.0.34
[INFO] [stderr]    Compiling qoi v0.4.1
[INFO] [stderr]    Compiling crossbeam-deque v0.8.5
[INFO] [stderr]    Compiling http-body v0.4.6
[INFO] [stderr]    Compiling rustls-pemfile v1.0.4
[INFO] [stderr]    Compiling gif v0.13.1
[INFO] [stderr]    Compiling byteorder v1.5.0
[INFO] [stderr]    Compiling sync_wrapper v0.1.2
[INFO] [stderr]    Compiling png v0.17.14
[INFO] [stderr]    Compiling mio v1.0.2
[INFO] [stderr]    Compiling socket2 v0.5.7
[INFO] [stderr]    Compiling openssl-sys v0.9.104
[INFO] [stderr]    Compiling rayon v1.10.0
[INFO] [stderr]    Compiling exr v1.73.0
[INFO] [stderr]    Compiling tokio v1.41.0
[INFO] [stderr]    Compiling regex-automata v0.4.8
[INFO] [stderr]    Compiling serde_urlencoded v0.7.1
[INFO] [stderr]    Compiling serde_json v1.0.132
[INFO] [stderr]    Compiling openssl-macros v0.1.1
[INFO] [stderr]    Compiling thiserror-impl v1.0.66
[INFO] [stderr]    Compiling jpeg-decoder v0.3.1
[INFO] [stderr]    Compiling openssl v0.10.68
[INFO] [stderr]    Compiling tiff v0.9.1
[INFO] [stderr]    Compiling regex v1.11.1
[INFO] [stderr]    Compiling image v0.24.9
[INFO] [stderr]    Compiling tokio-util v0.7.12
[INFO] [stderr]    Compiling thistermination v1.1.0 (/opt/rustwide/workdir)
[INFO] [stderr]    Compiling h2 v0.3.26
[INFO] [stderr]    Compiling native-tls v0.2.12
[INFO] [stderr]    Compiling tokio-native-tls v0.3.1
[INFO] [stderr]    Compiling hyper v0.14.31
[INFO] [stderr]    Compiling hyper-tls v0.5.0
[INFO] [stderr]    Compiling reqwest v0.11.27
[INFO] [stdout] warning: enum `Test1` is never used
[INFO] [stdout]  --> tests/empty_enum_test.rs:6:6
[INFO] [stdout]   |
[INFO] [stdout] 6 | enum Test1 {}
[INFO] [stdout]   |      ^^^^^
[INFO] [stdout]   |
[INFO] [stdout]   = note: `#[warn(dead_code)]` on by default
[INFO] [stdout] 
[INFO] [stdout] 
[INFO] [stdout] warning: enum `Test2` is never used
[INFO] [stdout]  --> tests/empty_enum_test.rs:9:6
[INFO] [stdout]   |
[INFO] [stdout] 9 | enum Test2 {}
[INFO] [stdout]   |      ^^^^^
[INFO] [stdout] 
[INFO] [stdout] 
[INFO] [stdout] warning: enum `Test3` is never used
[INFO] [stdout]   --> tests/empty_enum_test.rs:12:6
[INFO] [stdout]    |
[INFO] [stdout] 12 | enum Test3 {}
[INFO] [stdout]    |      ^^^^^
[INFO] [stdout] 
[INFO] [stdout] 
[INFO] [stderr]     Finished `test` profile [unoptimized + debuginfo] target(s) in 17.82s
[INFO] running `Command { std: "docker" "inspect" "2b3e7444a5df6c4d0cebc7d326803e3ef62287fcad58051ed6bc9744f0f26429", kill_on_drop: false }`
[INFO] running `Command { std: "docker" "rm" "-f" "2b3e7444a5df6c4d0cebc7d326803e3ef62287fcad58051ed6bc9744f0f26429", kill_on_drop: false }`
[INFO] [stdout] 2b3e7444a5df6c4d0cebc7d326803e3ef62287fcad58051ed6bc9744f0f26429
[INFO] running `Command { std: "docker" "create" "-v" "/var/lib/crater-agent-workspace/builds/worker-4-tc1/target:/opt/rustwide/target:rw,Z" "-v" "/var/lib/crater-agent-workspace/builds/worker-4-tc1/source:/opt/rustwide/workdir:ro,Z" "-v" "/var/lib/crater-agent-workspace/cargo-home:/opt/rustwide/cargo-home:ro,Z" "-v" "/var/lib/crater-agent-workspace/rustup-home:/opt/rustwide/rustup-home:ro,Z" "-e" "SOURCE_DIR=/opt/rustwide/workdir" "-e" "CARGO_TARGET_DIR=/opt/rustwide/target" "-e" "CARGO_INCREMENTAL=0" "-e" "RUST_BACKTRACE=full" "-e" "RUSTFLAGS=--cap-lints=forbid" "-e" "RUSTDOCFLAGS=--cap-lints=forbid" "-e" "CARGO_HOME=/opt/rustwide/cargo-home" "-e" "RUSTUP_HOME=/opt/rustwide/rustup-home" "-w" "/opt/rustwide/workdir" "-m" "1610612736" "--user" "0:0" "--network" "none" "ghcr.io/rust-lang/crates-build-env/linux@sha256:4a844ea9eb2546a2d2c7022eacef16ef2e8229c7fbb2c7d4d55a9ceca922f72d" "/opt/rustwide/cargo-home/bin/cargo" "+nightly-2024-10-28" "test" "--frozen", kill_on_drop: false }`
[INFO] [stdout] 7e84e965e7172ffa37ba09ad06870704fe88e3b28e3a4307c8d0c4fdd47ef8c8
[INFO] running `Command { std: "docker" "start" "-a" "7e84e965e7172ffa37ba09ad06870704fe88e3b28e3a4307c8d0c4fdd47ef8c8", kill_on_drop: false }`
[INFO] [stderr] warning: enum `Test1` is never used
[INFO] [stderr]  --> tests/empty_enum_test.rs:6:6
[INFO] [stderr]   |
[INFO] [stderr] 6 | enum Test1 {}
[INFO] [stderr]   |      ^^^^^
[INFO] [stderr]   |
[INFO] [stderr]   = note: `#[warn(dead_code)]` on by default
[INFO] [stderr] 
[INFO] [stderr] warning: enum `Test2` is never used
[INFO] [stderr]  --> tests/empty_enum_test.rs:9:6
[INFO] [stderr]   |
[INFO] [stderr] 9 | enum Test2 {}
[INFO] [stderr]   |      ^^^^^
[INFO] [stderr] 
[INFO] [stderr] warning: enum `Test3` is never used
[INFO] [stderr]   --> tests/empty_enum_test.rs:12:6
[INFO] [stderr]    |
[INFO] [stderr] 12 | enum Test3 {}
[INFO] [stderr]    |      ^^^^^
[INFO] [stderr] 
[INFO] [stderr] warning: `thistermination` (test "empty_enum_test") generated 3 warnings
[INFO] [stderr]     Finished `test` profile [unoptimized + debuginfo] target(s) in 0.16s
[INFO] [stderr]      Running unittests src/lib.rs (/opt/rustwide/target/debug/deps/thistermination-5303141bdc58b9ce)
[INFO] [stdout] 
[INFO] [stdout] running 0 tests
[INFO] [stdout] 
[INFO] [stdout] test result: ok. 0 passed; 0 failed; 0 ignored; 0 measured; 0 filtered out; finished in 0.00s
[INFO] [stdout] 
[INFO] [stderr]      Running tests/default_behavior_test.rs (/opt/rustwide/target/debug/deps/default_behavior_test-63106e12c8cb15b1)
[INFO] [stdout] 
[INFO] [stdout] running 3 tests
[INFO] [stdout] test named_default ... ok
[INFO] [stdout] test unit_default ... ok
[INFO] [stdout] test unnamed_default ... ok
[INFO] [stdout] 
[INFO] [stdout] test result: ok. 3 passed; 0 failed; 0 ignored; 0 measured; 0 filtered out; finished in 0.00s
[INFO] [stdout] 
[INFO] [stderr]      Running tests/empty_enum_test.rs (/opt/rustwide/target/debug/deps/empty_enum_test-b93fb3d47b788257)
[INFO] [stdout] 
[INFO] [stdout] running 0 tests
[INFO] [stdout] 
[INFO] [stdout] test result: ok. 0 passed; 0 failed; 0 ignored; 0 measured; 0 filtered out; finished in 0.00s
[INFO] [stdout] 
[INFO] [stderr]      Running tests/fields_test.rs (/opt/rustwide/target/debug/deps/fields_test-4affbbc5e1c6d98c)
[INFO] [stdout] 
[INFO] [stdout] running 2 tests
[INFO] [stdout] test named_field_args ... ok
[INFO] [stdout] test unnamed_field_args ... ok
[INFO] [stdout] 
[INFO] [stdout] test result: ok. 2 passed; 0 failed; 0 ignored; 0 measured; 0 filtered out; finished in 0.00s
[INFO] [stdout] 
[INFO] [stderr]      Running tests/format_args_test.rs (/opt/rustwide/target/debug/deps/format_args_test-29a865335c7dc73f)
[INFO] [stdout] 
[INFO] [stdout] running 3 tests
[INFO] [stdout] test named_format_args ... ok
[INFO] [stdout] test unit_format_args ... ok
[INFO] [stdout] test unnamed_format_args ... ok
[INFO] [stdout] 
[INFO] [stdout] test result: ok. 3 passed; 0 failed; 0 ignored; 0 measured; 0 filtered out; finished in 0.00s
[INFO] [stdout] 
[INFO] [stderr]      Running tests/full_test.rs (/opt/rustwide/target/debug/deps/full_test-d8d0374856c8c92d)
[INFO] [stdout] 
[INFO] [stdout] running 4 tests
[INFO] [stdout] test debug_msg ... ok
[INFO] [stdout] test named_full ... ok
[INFO] [stdout] test unit_full ... ok
[INFO] [stdout] test unnamed_full ... ok
[INFO] [stdout] 
[INFO] [stdout] test result: ok. 4 passed; 0 failed; 0 ignored; 0 measured; 0 filtered out; finished in 0.00s
[INFO] [stdout] 
[INFO] [stderr]      Running tests/mixed_args_test.rs (/opt/rustwide/target/debug/deps/mixed_args_test-138de13cac6ae753)
[INFO] [stdout] 
[INFO] [stdout] running 2 tests
[INFO] [stdout] test named_mixed_args ... ok
[INFO] [stdout] test unnamed_mixed_args ... ok
[INFO] [stdout] 
[INFO] [stdout] test result: ok. 2 passed; 0 failed; 0 ignored; 0 measured; 0 filtered out; finished in 0.00s
[INFO] [stdout] 
[INFO] [stderr]      Running tests/no_args_test.rs (/opt/rustwide/target/debug/deps/no_args_test-5e81221c8db2142d)
[INFO] [stdout] 
[INFO] [stdout] running 3 tests
[INFO] [stdout] test named_no_args ... ok
[INFO] [stdout] test unit_no_args ... ok
[INFO] [stdout] test unnamed_no_args ... ok
[INFO] [stdout] 
[INFO] [stdout] test result: ok. 3 passed; 0 failed; 0 ignored; 0 measured; 0 filtered out; finished in 0.00s
[INFO] [stdout] 
[INFO] [stderr]      Running tests/no_debug_test.rs (/opt/rustwide/target/debug/deps/no_debug_test-8ecd04073337d27f)
[INFO] [stdout] 
[INFO] [stdout] running 3 tests
[INFO] [stdout] test named_default ... ok
[INFO] [stdout] test unit_default ... ok
[INFO] [stdout] test unnamed_default ... ok
[INFO] [stdout] 
[INFO] [stdout] test result: ok. 3 passed; 0 failed; 0 ignored; 0 measured; 0 filtered out; finished in 0.00s
[INFO] [stdout] 
[INFO] [stderr]      Running tests/thiserror_test.rs (/opt/rustwide/target/debug/deps/thiserror_test-50e478a804e93ebb)
[INFO] [stdout] 
[INFO] [stdout] running 3 tests
[INFO] [stdout] test named_default ... ok
[INFO] [stdout] test unit_default ... ok
[INFO] [stdout] test unnamed_default ... ok
[INFO] [stdout] 
[INFO] [stdout] test result: ok. 3 passed; 0 failed; 0 ignored; 0 measured; 0 filtered out; finished in 0.00s
[INFO] [stdout] 
[INFO] [stderr]    Doc-tests thistermination
[INFO] [stdout] 
[INFO] [stdout] running 6 tests
[INFO] [stdout] test src/lib.rs - (line 99) ... FAILED
[INFO] [stdout] test src/lib.rs - (line 88) ... ok
[INFO] [stdout] test src/lib.rs - (line 35) ... FAILED
[INFO] [stdout] test src/lib.rs - (line 10) ... FAILED
[INFO] [stdout] test src/lib.rs - (line 113) ... FAILED
[INFO] [stdout] test src/lib.rs - (line 56) ... FAILED
[INFO] [stdout] 
[INFO] [stdout] failures:
[INFO] [stdout] 
[INFO] [stdout] ---- src/lib.rs - (line 99) stdout ----
[INFO] [stdout] Test executable failed (exit status: 1).
[INFO] [stdout] 
[INFO] [stdout] stderr:
[INFO] [stdout] Error: Invalid argument 5, expected < 32767
[INFO] [stdout] 
[INFO] [stdout] 
[INFO] [stdout] ---- src/lib.rs - (line 35) stdout ----
[INFO] [stdout] Test executable failed (exit status: 1).
[INFO] [stdout] 
[INFO] [stdout] stderr:
[INFO] [stdout] Error: wrong api key
[INFO] [stdout] 
[INFO] [stdout] 
[INFO] [stdout] ---- src/lib.rs - (line 10) stdout ----
[INFO] [stdout] Test executable failed (exit status: 1).
[INFO] [stdout] 
[INFO] [stdout] stderr:
[INFO] [stdout] Error: exiting wrong api key
[INFO] [stdout] 
[INFO] [stdout] 
[INFO] [stdout] ---- src/lib.rs - (line 113) stdout ----
[INFO] [stdout] Test executable failed (exit status: 1).
[INFO] [stdout] 
[INFO] [stdout] stderr:
[INFO] [stdout] Error: Fatal Error
[INFO] [stdout] 
[INFO] [stdout] 
[INFO] [stdout] ---- src/lib.rs - (line 56) stdout ----
[INFO] [stdout] Test executable failed (exit status: 1).
[INFO] [stdout] 
[INFO] [stdout] stderr:
[INFO] [stdout] Error: WrongAPIKey
[INFO] [stdout] 
[INFO] [stdout] 
[INFO] [stdout] 
[INFO] [stdout] failures:
[INFO] [stdout]     src/lib.rs - (line 10)
[INFO] [stdout]     src/lib.rs - (line 113)
[INFO] [stdout]     src/lib.rs - (line 35)
[INFO] [stdout]     src/lib.rs - (line 56)
[INFO] [stdout]     src/lib.rs - (line 99)
[INFO] [stdout] 
[INFO] [stdout] test result: FAILED. 1 passed; 5 failed; 0 ignored; 0 measured; 0 filtered out; finished in 1.40s
[INFO] [stdout] 
[INFO] [stderr] error: doctest failed, to rerun pass `--doc`
[INFO] running `Command { std: "docker" "inspect" "7e84e965e7172ffa37ba09ad06870704fe88e3b28e3a4307c8d0c4fdd47ef8c8", kill_on_drop: false }`
[INFO] running `Command { std: "docker" "rm" "-f" "7e84e965e7172ffa37ba09ad06870704fe88e3b28e3a4307c8d0c4fdd47ef8c8", kill_on_drop: false }`
[INFO] [stdout] 7e84e965e7172ffa37ba09ad06870704fe88e3b28e3a4307c8d0c4fdd47ef8c8
