[INFO] fetching crate thiserror 1.0.65...
[INFO] testing thiserror-1.0.65 against nightly-2024-10-28+rustflags=-Zrandomize-layout for randomize-layout
[INFO] extracting crate thiserror 1.0.65 into /workspace/builds/worker-3-tc2/source
[INFO] validating manifest of crates.io crate thiserror 1.0.65 on toolchain nightly-2024-10-28
[INFO] running `Command { std: CARGO_HOME="/workspace/cargo-home" RUSTUP_HOME="/workspace/rustup-home" "/workspace/cargo-home/bin/cargo" "+nightly-2024-10-28" "metadata" "--manifest-path" "Cargo.toml" "--no-deps", kill_on_drop: false }`
[INFO] removed /workspace/builds/worker-3-tc2/source/rust-toolchain.toml
[INFO] started tweaking crates.io crate thiserror 1.0.65
[INFO] removed 0 missing tests
[INFO] finished tweaking crates.io crate thiserror 1.0.65
[INFO] tweaked toml for crates.io crate thiserror 1.0.65 written to /workspace/builds/worker-3-tc2/source/Cargo.toml
[INFO] running `Command { std: CARGO_HOME="/workspace/cargo-home" RUSTUP_HOME="/workspace/rustup-home" "/workspace/cargo-home/bin/cargo" "+nightly-2024-10-28" "generate-lockfile" "--manifest-path" "Cargo.toml", kill_on_drop: false }`
[INFO] [stderr]     Updating crates.io index
[INFO] [stderr]      Locking 39 packages to latest compatible versions
[INFO] [stderr]       Adding thiserror-impl v1.0.65 (available: v1.0.66)
[INFO] running `Command { std: CARGO_HOME="/workspace/cargo-home" RUSTUP_HOME="/workspace/rustup-home" "/workspace/cargo-home/bin/cargo" "+nightly-2024-10-28" "fetch" "--manifest-path" "Cargo.toml", kill_on_drop: false }`
[INFO] running `Command { std: "docker" "create" "-v" "/var/lib/crater-agent-workspace/builds/worker-3-tc2/target:/opt/rustwide/target:rw,Z" "-v" "/var/lib/crater-agent-workspace/builds/worker-3-tc2/source:/opt/rustwide/workdir:ro,Z" "-v" "/var/lib/crater-agent-workspace/cargo-home:/opt/rustwide/cargo-home:ro,Z" "-v" "/var/lib/crater-agent-workspace/rustup-home:/opt/rustwide/rustup-home:ro,Z" "-e" "SOURCE_DIR=/opt/rustwide/workdir" "-e" "CARGO_TARGET_DIR=/opt/rustwide/target" "-e" "CARGO_HOME=/opt/rustwide/cargo-home" "-e" "RUSTUP_HOME=/opt/rustwide/rustup-home" "-w" "/opt/rustwide/workdir" "-m" "1610612736" "--user" "0:0" "--network" "none" "ghcr.io/rust-lang/crates-build-env/linux@sha256:4a844ea9eb2546a2d2c7022eacef16ef2e8229c7fbb2c7d4d55a9ceca922f72d" "/opt/rustwide/cargo-home/bin/cargo" "+nightly-2024-10-28" "metadata" "--no-deps" "--format-version=1", kill_on_drop: false }`
[INFO] [stdout] a66d5a46a60cc9708ae85114266cd7fae8ad53e3f8dabcbd7c2419269779ef0d
[INFO] running `Command { std: "docker" "start" "-a" "a66d5a46a60cc9708ae85114266cd7fae8ad53e3f8dabcbd7c2419269779ef0d", kill_on_drop: false }`
[INFO] running `Command { std: "docker" "inspect" "a66d5a46a60cc9708ae85114266cd7fae8ad53e3f8dabcbd7c2419269779ef0d", kill_on_drop: false }`
[INFO] running `Command { std: "docker" "rm" "-f" "a66d5a46a60cc9708ae85114266cd7fae8ad53e3f8dabcbd7c2419269779ef0d", kill_on_drop: false }`
[INFO] [stdout] a66d5a46a60cc9708ae85114266cd7fae8ad53e3f8dabcbd7c2419269779ef0d
[INFO] running `Command { std: "docker" "create" "-v" "/var/lib/crater-agent-workspace/builds/worker-3-tc2/target:/opt/rustwide/target:rw,Z" "-v" "/var/lib/crater-agent-workspace/builds/worker-3-tc2/source:/opt/rustwide/workdir:ro,Z" "-v" "/var/lib/crater-agent-workspace/cargo-home:/opt/rustwide/cargo-home:ro,Z" "-v" "/var/lib/crater-agent-workspace/rustup-home:/opt/rustwide/rustup-home:ro,Z" "-e" "SOURCE_DIR=/opt/rustwide/workdir" "-e" "CARGO_TARGET_DIR=/opt/rustwide/target" "-e" "CARGO_INCREMENTAL=0" "-e" "RUST_BACKTRACE=full" "-e" "RUSTFLAGS=--cap-lints=forbid -Zrandomize-layout" "-e" "RUSTDOCFLAGS=--cap-lints=forbid" "-e" "CARGO_HOME=/opt/rustwide/cargo-home" "-e" "RUSTUP_HOME=/opt/rustwide/rustup-home" "-w" "/opt/rustwide/workdir" "-m" "1610612736" "--user" "0:0" "--network" "none" "ghcr.io/rust-lang/crates-build-env/linux@sha256:4a844ea9eb2546a2d2c7022eacef16ef2e8229c7fbb2c7d4d55a9ceca922f72d" "/opt/rustwide/cargo-home/bin/cargo" "+nightly-2024-10-28" "build" "--frozen" "--message-format=json", kill_on_drop: false }`
[INFO] [stdout] 003ddc3431376a59ba2c5c3b1e8395632186276dbc7e4649de36764fbc496f9e
[INFO] running `Command { std: "docker" "start" "-a" "003ddc3431376a59ba2c5c3b1e8395632186276dbc7e4649de36764fbc496f9e", kill_on_drop: false }`
[INFO] [stderr]    Compiling syn v2.0.86
[INFO] [stderr]    Compiling thiserror v1.0.65 (/opt/rustwide/workdir)
[INFO] [stderr]    Compiling thiserror-impl v1.0.65
[INFO] [stderr]     Finished `dev` profile [unoptimized + debuginfo] target(s) in 2.03s
[INFO] running `Command { std: "docker" "inspect" "003ddc3431376a59ba2c5c3b1e8395632186276dbc7e4649de36764fbc496f9e", kill_on_drop: false }`
[INFO] running `Command { std: "docker" "rm" "-f" "003ddc3431376a59ba2c5c3b1e8395632186276dbc7e4649de36764fbc496f9e", kill_on_drop: false }`
[INFO] [stdout] 003ddc3431376a59ba2c5c3b1e8395632186276dbc7e4649de36764fbc496f9e
[INFO] running `Command { std: "docker" "create" "-v" "/var/lib/crater-agent-workspace/builds/worker-3-tc2/target:/opt/rustwide/target:rw,Z" "-v" "/var/lib/crater-agent-workspace/builds/worker-3-tc2/source:/opt/rustwide/workdir:ro,Z" "-v" "/var/lib/crater-agent-workspace/cargo-home:/opt/rustwide/cargo-home:ro,Z" "-v" "/var/lib/crater-agent-workspace/rustup-home:/opt/rustwide/rustup-home:ro,Z" "-e" "SOURCE_DIR=/opt/rustwide/workdir" "-e" "CARGO_TARGET_DIR=/opt/rustwide/target" "-e" "CARGO_INCREMENTAL=0" "-e" "RUST_BACKTRACE=full" "-e" "RUSTFLAGS=--cap-lints=forbid -Zrandomize-layout" "-e" "RUSTDOCFLAGS=--cap-lints=forbid" "-e" "CARGO_HOME=/opt/rustwide/cargo-home" "-e" "RUSTUP_HOME=/opt/rustwide/rustup-home" "-w" "/opt/rustwide/workdir" "-m" "1610612736" "--user" "0:0" "--network" "none" "ghcr.io/rust-lang/crates-build-env/linux@sha256:4a844ea9eb2546a2d2c7022eacef16ef2e8229c7fbb2c7d4d55a9ceca922f72d" "/opt/rustwide/cargo-home/bin/cargo" "+nightly-2024-10-28" "test" "--frozen" "--no-run" "--message-format=json", kill_on_drop: false }`
[INFO] [stdout] eccea86e2d08c34ae180e7ca6f21971d306bdbb3d09a6ec2704e36f43cd9d302
[INFO] running `Command { std: "docker" "start" "-a" "eccea86e2d08c34ae180e7ca6f21971d306bdbb3d09a6ec2704e36f43cd9d302", kill_on_drop: false }`
[INFO] [stderr]    Compiling rustversion v1.0.18
[INFO] [stderr]    Compiling ref-cast v1.0.23
[INFO] [stderr]    Compiling dissimilar v1.0.9
[INFO] [stderr]    Compiling ref-cast-impl v1.0.23
[INFO] [stderr]    Compiling serde_derive v1.0.214
[INFO] [stderr]    Compiling trybuild v1.0.101
[INFO] [stderr]    Compiling thiserror v1.0.65 (/opt/rustwide/workdir)
[INFO] [stderr]     Finished `test` profile [unoptimized + debuginfo] target(s) in 4.01s
[INFO] running `Command { std: "docker" "inspect" "eccea86e2d08c34ae180e7ca6f21971d306bdbb3d09a6ec2704e36f43cd9d302", kill_on_drop: false }`
[INFO] running `Command { std: "docker" "rm" "-f" "eccea86e2d08c34ae180e7ca6f21971d306bdbb3d09a6ec2704e36f43cd9d302", kill_on_drop: false }`
[INFO] [stdout] eccea86e2d08c34ae180e7ca6f21971d306bdbb3d09a6ec2704e36f43cd9d302
[INFO] running `Command { std: "docker" "create" "-v" "/var/lib/crater-agent-workspace/builds/worker-3-tc2/target:/opt/rustwide/target:rw,Z" "-v" "/var/lib/crater-agent-workspace/builds/worker-3-tc2/source:/opt/rustwide/workdir:ro,Z" "-v" "/var/lib/crater-agent-workspace/cargo-home:/opt/rustwide/cargo-home:ro,Z" "-v" "/var/lib/crater-agent-workspace/rustup-home:/opt/rustwide/rustup-home:ro,Z" "-e" "SOURCE_DIR=/opt/rustwide/workdir" "-e" "CARGO_TARGET_DIR=/opt/rustwide/target" "-e" "CARGO_INCREMENTAL=0" "-e" "RUST_BACKTRACE=full" "-e" "RUSTFLAGS=--cap-lints=forbid -Zrandomize-layout" "-e" "RUSTDOCFLAGS=--cap-lints=forbid" "-e" "CARGO_HOME=/opt/rustwide/cargo-home" "-e" "RUSTUP_HOME=/opt/rustwide/rustup-home" "-w" "/opt/rustwide/workdir" "-m" "1610612736" "--user" "0:0" "--network" "none" "ghcr.io/rust-lang/crates-build-env/linux@sha256:4a844ea9eb2546a2d2c7022eacef16ef2e8229c7fbb2c7d4d55a9ceca922f72d" "/opt/rustwide/cargo-home/bin/cargo" "+nightly-2024-10-28" "test" "--frozen", kill_on_drop: false }`
[INFO] [stdout] f3dcd02922155cf0226a4ea662ca974bf13ae713f4977c9e0d5e2d301306ecea
[INFO] running `Command { std: "docker" "start" "-a" "f3dcd02922155cf0226a4ea662ca974bf13ae713f4977c9e0d5e2d301306ecea", kill_on_drop: false }`
[INFO] [stderr]     Finished `test` profile [unoptimized + debuginfo] target(s) in 0.03s
[INFO] [stderr]      Running unittests src/lib.rs (/opt/rustwide/target/debug/deps/thiserror-ae30eecd42f73063)
[INFO] [stdout] 
[INFO] [stdout] running 0 tests
[INFO] [stdout] 
[INFO] [stdout] test result: ok. 0 passed; 0 failed; 0 ignored; 0 measured; 0 filtered out; finished in 0.00s
[INFO] [stdout] 
[INFO] [stderr]      Running tests/compiletest.rs (/opt/rustwide/target/debug/deps/compiletest-169e14941b3a4df3)
[INFO] [stdout] 
[INFO] [stdout] running 1 test
[INFO] [stderr]    Compiling proc-macro2 v1.0.89
[INFO] [stderr]    Compiling unicode-ident v1.0.13
[INFO] [stderr]    Compiling ref-cast v1.0.23
[INFO] [stderr]    Compiling anyhow v1.0.92
[INFO] [stderr]    Compiling rustversion v1.0.18
[INFO] [stderr]    Compiling thiserror v1.0.65 (/opt/rustwide/workdir)
[INFO] [stderr]    Compiling quote v1.0.37
[INFO] [stderr]    Compiling syn v2.0.86
[INFO] [stderr]    Compiling ref-cast-impl v1.0.23
[INFO] [stderr]    Compiling thiserror-impl v1.0.65
[INFO] [stderr]     Checking thiserror-tests v0.0.0 (/opt/rustwide/target/tests/trybuild/thiserror)
[INFO] [stderr]     Finished `dev` profile [unoptimized + debuginfo] target(s) in 2.94s
[INFO] [stderr] 
[INFO] [stderr] 
[INFO] [stderr] test tests/ui/bad-field-attr.rs ... ok
[INFO] [stderr] test tests/ui/concat-display.rs ... ok
[INFO] [stderr] test tests/ui/duplicate-enum-source.rs ... ok
[INFO] [stderr] test tests/ui/duplicate-fmt.rs ... ok
[INFO] [stderr] test tests/ui/duplicate-struct-source.rs ... ok
[INFO] [stderr] test tests/ui/duplicate-transparent.rs ... ok
[INFO] [stderr] test tests/ui/fallback-impl-with-display.rs ... ok
[INFO] [stderr] test tests/ui/from-backtrace-backtrace.rs ... ok
[INFO] [stderr] test tests/ui/from-not-source.rs ... ok
[INFO] [stderr] test tests/ui/invalid-input-impl-anyway.rs ... ok
[INFO] [stderr] test tests/ui/lifetime.rs ... ok
[INFO] [stderr] test tests/ui/missing-display.rs ... mismatch
[INFO] [stderr] 
[INFO] [stderr] EXPECTED:
[INFO] [stderr] ┈┈┈┈┈┈┈┈┈┈┈┈┈┈┈┈┈┈┈┈┈┈┈┈┈┈┈┈┈┈┈┈┈┈┈┈┈┈┈┈┈┈┈┈┈┈┈┈┈┈┈┈┈┈┈┈┈┈┈┈
[INFO] [stderr] error[E0277]: `MyError` doesn't implement `std::fmt::Display`
[INFO] [stderr]  --> tests/ui/missing-display.rs:4:10
[INFO] [stderr]   |
[INFO] [stderr] 4 | pub enum MyError {
[INFO] [stderr]   |          ^^^^^^^ `MyError` cannot be formatted with the default formatter
[INFO] [stderr]   |
[INFO] [stderr]   = help: the trait `std::fmt::Display` is not implemented for `MyError`
[INFO] [stderr]   = note: in format strings you may be able to use `{:?}` (or {:#?} for pretty-print) instead
[INFO] [stderr] note: required by a bound in `std::error::Error`
[INFO] [stderr]  --> $RUST/core/src/error.rs
[INFO] [stderr]   |
[INFO] [stderr]   | pub trait Error: Debug + Display {
[INFO] [stderr]   |                          ^^^^^^^ required by this bound in `Error`
[INFO] [stderr] ┈┈┈┈┈┈┈┈┈┈┈┈┈┈┈┈┈┈┈┈┈┈┈┈┈┈┈┈┈┈┈┈┈┈┈┈┈┈┈┈┈┈┈┈┈┈┈┈┈┈┈┈┈┈┈┈┈┈┈┈
[INFO] [stderr] 
[INFO] [stderr] ACTUAL OUTPUT:
[INFO] [stderr] ┈┈┈┈┈┈┈┈┈┈┈┈┈┈┈┈┈┈┈┈┈┈┈┈┈┈┈┈┈┈┈┈┈┈┈┈┈┈┈┈┈┈┈┈┈┈┈┈┈┈┈┈┈┈┈┈┈┈┈┈
[INFO] [stderr] error[E0277]: `MyError` doesn't implement `std::fmt::Display`
[INFO] [stderr]  --> tests/ui/missing-display.rs:4:10
[INFO] [stderr]   |
[INFO] [stderr] 4 | pub enum MyError {
[INFO] [stderr]   |          ^^^^^^^ `MyError` cannot be formatted with the default formatter
[INFO] [stderr]   |
[INFO] [stderr]   = help: the trait `std::fmt::Display` is not implemented for `MyError`
[INFO] [stderr]   = note: in format strings you may be able to use `{:?}` (or {:#?} for pretty-print) instead
[INFO] [stderr] note: required by a bound in `std::error::Error`
[INFO] [stderr]  --> $RUST/core/src/error.rs
[INFO] [stderr] ┈┈┈┈┈┈┈┈┈┈┈┈┈┈┈┈┈┈┈┈┈┈┈┈┈┈┈┈┈┈┈┈┈┈┈┈┈┈┈┈┈┈┈┈┈┈┈┈┈┈┈┈┈┈┈┈┈┈┈┈
[INFO] [stderr] note: If the actual output is the correct output you can bless it by rerunning
[INFO] [stderr]       your test with the environment variable TRYBUILD=overwrite
[INFO] [stderr] 
[INFO] [stderr] test tests/ui/missing-fmt.rs ... ok
[INFO] [stderr] test tests/ui/no-display.rs ... mismatch
[INFO] [stderr] 
[INFO] [stderr] EXPECTED:
[INFO] [stderr] ┈┈┈┈┈┈┈┈┈┈┈┈┈┈┈┈┈┈┈┈┈┈┈┈┈┈┈┈┈┈┈┈┈┈┈┈┈┈┈┈┈┈┈┈┈┈┈┈┈┈┈┈┈┈┈┈┈┈┈┈
[INFO] [stderr] error[E0599]: the method `as_display` exists for reference `&NoDisplay`, but its trait bounds were not satisfied
[INFO] [stderr]  --> tests/ui/no-display.rs:7:9
[INFO] [stderr]   |
[INFO] [stderr] 4 | struct NoDisplay;
[INFO] [stderr]   | ---------------- doesn't satisfy `NoDisplay: std::fmt::Display`
[INFO] [stderr] ...
[INFO] [stderr] 7 | #[error("thread: {thread}")]
[INFO] [stderr]   |         ^^^^^^^^^^^^^^^^^^ method cannot be called on `&NoDisplay` due to unsatisfied trait bounds
[INFO] [stderr]   |
[INFO] [stderr]   = note: the following trait bounds were not satisfied:
[INFO] [stderr]           `NoDisplay: std::fmt::Display`
[INFO] [stderr]           which is required by `&NoDisplay: AsDisplay<'_>`
[INFO] [stderr] note: the trait `std::fmt::Display` must be implemented
[INFO] [stderr]  --> $RUST/core/src/fmt/mod.rs
[INFO] [stderr]   |
[INFO] [stderr]   | pub trait Display {
[INFO] [stderr]   | ^^^^^^^^^^^^^^^^^
[INFO] [stderr]   = help: items from traits can only be used if the trait is implemented and in scope
[INFO] [stderr]   = note: the following trait defines an item `as_display`, perhaps you need to implement it:
[INFO] [stderr]           candidate #1: `AsDisplay`
[INFO] [stderr] ┈┈┈┈┈┈┈┈┈┈┈┈┈┈┈┈┈┈┈┈┈┈┈┈┈┈┈┈┈┈┈┈┈┈┈┈┈┈┈┈┈┈┈┈┈┈┈┈┈┈┈┈┈┈┈┈┈┈┈┈
[INFO] [stderr] 
[INFO] [stderr] ACTUAL OUTPUT:
[INFO] [stderr] ┈┈┈┈┈┈┈┈┈┈┈┈┈┈┈┈┈┈┈┈┈┈┈┈┈┈┈┈┈┈┈┈┈┈┈┈┈┈┈┈┈┈┈┈┈┈┈┈┈┈┈┈┈┈┈┈┈┈┈┈
[INFO] [stderr] error[E0599]: the method `as_display` exists for reference `&NoDisplay`, but its trait bounds were not satisfied
[INFO] [stderr]  --> tests/ui/no-display.rs:7:9
[INFO] [stderr]   |
[INFO] [stderr] 4 | struct NoDisplay;
[INFO] [stderr]   | ---------------- doesn't satisfy `NoDisplay: std::fmt::Display`
[INFO] [stderr] ...
[INFO] [stderr] 7 | #[error("thread: {thread}")]
[INFO] [stderr]   |         ^^^^^^^^^^^^^^^^^^ method cannot be called on `&NoDisplay` due to unsatisfied trait bounds
[INFO] [stderr]   |
[INFO] [stderr]   = note: the following trait bounds were not satisfied:
[INFO] [stderr]           `NoDisplay: std::fmt::Display`
[INFO] [stderr]           which is required by `&NoDisplay: AsDisplay<'_>`
[INFO] [stderr] note: the trait `std::fmt::Display` must be implemented
[INFO] [stderr]  --> $RUST/core/src/fmt/mod.rs
[INFO] [stderr]   = help: items from traits can only be used if the trait is implemented and in scope
[INFO] [stderr]   = note: the following trait defines an item `as_display`, perhaps you need to implement it:
[INFO] [stderr]           candidate #1: `AsDisplay`
[INFO] [stderr] ┈┈┈┈┈┈┈┈┈┈┈┈┈┈┈┈┈┈┈┈┈┈┈┈┈┈┈┈┈┈┈┈┈┈┈┈┈┈┈┈┈┈┈┈┈┈┈┈┈┈┈┈┈┈┈┈┈┈┈┈
[INFO] [stderr] note: If the actual output is the correct output you can bless it by rerunning
[INFO] [stderr]       your test with the environment variable TRYBUILD=overwrite
[INFO] [stderr] 
[INFO] [stderr] test tests/ui/source-enum-not-error.rs ... mismatch
[INFO] [stderr] 
[INFO] [stderr] EXPECTED:
[INFO] [stderr] ┈┈┈┈┈┈┈┈┈┈┈┈┈┈┈┈┈┈┈┈┈┈┈┈┈┈┈┈┈┈┈┈┈┈┈┈┈┈┈┈┈┈┈┈┈┈┈┈┈┈┈┈┈┈┈┈┈┈┈┈
[INFO] [stderr] error[E0599]: the method `as_dyn_error` exists for reference `&NotError`, but its trait bounds were not satisfied
[INFO] [stderr]  --> tests/ui/source-enum-not-error.rs:9:14
[INFO] [stderr]   |
[INFO] [stderr] 4 | pub struct NotError;
[INFO] [stderr]   | ------------------- doesn't satisfy `NotError: AsDynError<'_>` or `NotError: std::error::Error`
[INFO] [stderr] ...
[INFO] [stderr] 9 |     Broken { source: NotError },
[INFO] [stderr]   |              ^^^^^^ method cannot be called on `&NotError` due to unsatisfied trait bounds
[INFO] [stderr]   |
[INFO] [stderr]   = note: the following trait bounds were not satisfied:
[INFO] [stderr]           `NotError: std::error::Error`
[INFO] [stderr]           which is required by `NotError: AsDynError<'_>`
[INFO] [stderr]           `&NotError: std::error::Error`
[INFO] [stderr]           which is required by `&NotError: AsDynError<'_>`
[INFO] [stderr] note: the trait `std::error::Error` must be implemented
[INFO] [stderr]  --> $RUST/core/src/error.rs
[INFO] [stderr]   |
[INFO] [stderr]   | pub trait Error: Debug + Display {
[INFO] [stderr]   | ^^^^^^^^^^^^^^^^^^^^^^^^^^^^^^^^
[INFO] [stderr]   = help: items from traits can only be used if the trait is implemented and in scope
[INFO] [stderr]   = note: the following trait defines an item `as_dyn_error`, perhaps you need to implement it:
[INFO] [stderr]           candidate #1: `AsDynError`
[INFO] [stderr] ┈┈┈┈┈┈┈┈┈┈┈┈┈┈┈┈┈┈┈┈┈┈┈┈┈┈┈┈┈┈┈┈┈┈┈┈┈┈┈┈┈┈┈┈┈┈┈┈┈┈┈┈┈┈┈┈┈┈┈┈
[INFO] [stderr] 
[INFO] [stderr] ACTUAL OUTPUT:
[INFO] [stderr] ┈┈┈┈┈┈┈┈┈┈┈┈┈┈┈┈┈┈┈┈┈┈┈┈┈┈┈┈┈┈┈┈┈┈┈┈┈┈┈┈┈┈┈┈┈┈┈┈┈┈┈┈┈┈┈┈┈┈┈┈
[INFO] [stderr] error[E0599]: the method `as_dyn_error` exists for reference `&NotError`, but its trait bounds were not satisfied
[INFO] [stderr]  --> tests/ui/source-enum-not-error.rs:9:14
[INFO] [stderr]   |
[INFO] [stderr] 4 | pub struct NotError;
[INFO] [stderr]   | ------------------- doesn't satisfy `NotError: AsDynError<'_>` or `NotError: std::error::Error`
[INFO] [stderr] ...
[INFO] [stderr] 9 |     Broken { source: NotError },
[INFO] [stderr]   |              ^^^^^^ method cannot be called on `&NotError` due to unsatisfied trait bounds
[INFO] [stderr]   |
[INFO] [stderr]   = note: the following trait bounds were not satisfied:
[INFO] [stderr]           `NotError: std::error::Error`
[INFO] [stderr]           which is required by `NotError: AsDynError<'_>`
[INFO] [stderr]           `&NotError: std::error::Error`
[INFO] [stderr]           which is required by `&NotError: AsDynError<'_>`
[INFO] [stderr] note: the trait `std::error::Error` must be implemented
[INFO] [stderr]  --> $RUST/core/src/error.rs
[INFO] [stderr]   = help: items from traits can only be used if the trait is implemented and in scope
[INFO] [stderr]   = note: the following trait defines an item `as_dyn_error`, perhaps you need to implement it:
[INFO] [stderr]           candidate #1: `AsDynError`
[INFO] [stderr] ┈┈┈┈┈┈┈┈┈┈┈┈┈┈┈┈┈┈┈┈┈┈┈┈┈┈┈┈┈┈┈┈┈┈┈┈┈┈┈┈┈┈┈┈┈┈┈┈┈┈┈┈┈┈┈┈┈┈┈┈
[INFO] [stderr] note: If the actual output is the correct output you can bless it by rerunning
[INFO] [stderr]       your test with the environment variable TRYBUILD=overwrite
[INFO] [stderr] 
[INFO] [stderr] test tests/ui/source-enum-unnamed-field-not-error.rs ... mismatch
[INFO] [stderr] 
[INFO] [stderr] EXPECTED:
[INFO] [stderr] ┈┈┈┈┈┈┈┈┈┈┈┈┈┈┈┈┈┈┈┈┈┈┈┈┈┈┈┈┈┈┈┈┈┈┈┈┈┈┈┈┈┈┈┈┈┈┈┈┈┈┈┈┈┈┈┈┈┈┈┈
[INFO] [stderr] error[E0599]: the method `as_dyn_error` exists for reference `&NotError`, but its trait bounds were not satisfied
[INFO] [stderr]  --> tests/ui/source-enum-unnamed-field-not-error.rs:9:14
[INFO] [stderr]   |
[INFO] [stderr] 4 | pub struct NotError;
[INFO] [stderr]   | ------------------- doesn't satisfy `NotError: AsDynError<'_>` or `NotError: std::error::Error`
[INFO] [stderr] ...
[INFO] [stderr] 9 |     Broken(#[source] NotError),
[INFO] [stderr]   |              ^^^^^^ method cannot be called on `&NotError` due to unsatisfied trait bounds
[INFO] [stderr]   |
[INFO] [stderr]   = note: the following trait bounds were not satisfied:
[INFO] [stderr]           `NotError: std::error::Error`
[INFO] [stderr]           which is required by `NotError: AsDynError<'_>`
[INFO] [stderr]           `&NotError: std::error::Error`
[INFO] [stderr]           which is required by `&NotError: AsDynError<'_>`
[INFO] [stderr] note: the trait `std::error::Error` must be implemented
[INFO] [stderr]  --> $RUST/core/src/error.rs
[INFO] [stderr]   |
[INFO] [stderr]   | pub trait Error: Debug + Display {
[INFO] [stderr]   | ^^^^^^^^^^^^^^^^^^^^^^^^^^^^^^^^
[INFO] [stderr]   = help: items from traits can only be used if the trait is implemented and in scope
[INFO] [stderr]   = note: the following trait defines an item `as_dyn_error`, perhaps you need to implement it:
[INFO] [stderr]           candidate #1: `AsDynError`
[INFO] [stderr] ┈┈┈┈┈┈┈┈┈┈┈┈┈┈┈┈┈┈┈┈┈┈┈┈┈┈┈┈┈┈┈┈┈┈┈┈┈┈┈┈┈┈┈┈┈┈┈┈┈┈┈┈┈┈┈┈┈┈┈┈
[INFO] [stderr] 
[INFO] [stderr] ACTUAL OUTPUT:
[INFO] [stderr] ┈┈┈┈┈┈┈┈┈┈┈┈┈┈┈┈┈┈┈┈┈┈┈┈┈┈┈┈┈┈┈┈┈┈┈┈┈┈┈┈┈┈┈┈┈┈┈┈┈┈┈┈┈┈┈┈┈┈┈┈
[INFO] [stderr] error[E0599]: the method `as_dyn_error` exists for reference `&NotError`, but its trait bounds were not satisfied
[INFO] [stderr]  --> tests/ui/source-enum-unnamed-field-not-error.rs:9:14
[INFO] [stderr]   |
[INFO] [stderr] 4 | pub struct NotError;
[INFO] [stderr]   | ------------------- doesn't satisfy `NotError: AsDynError<'_>` or `NotError: std::error::Error`
[INFO] [stderr] ...
[INFO] [stderr] 9 |     Broken(#[source] NotError),
[INFO] [stderr]   |              ^^^^^^ method cannot be called on `&NotError` due to unsatisfied trait bounds
[INFO] [stderr]   |
[INFO] [stderr]   = note: the following trait bounds were not satisfied:
[INFO] [stderr]           `NotError: std::error::Error`
[INFO] [stderr]           which is required by `NotError: AsDynError<'_>`
[INFO] [stderr]           `&NotError: std::error::Error`
[INFO] [stderr]           which is required by `&NotError: AsDynError<'_>`
[INFO] [stderr] note: the trait `std::error::Error` must be implemented
[INFO] [stderr]  --> $RUST/core/src/error.rs
[INFO] [stderr]   = help: items from traits can only be used if the trait is implemented and in scope
[INFO] [stderr]   = note: the following trait defines an item `as_dyn_error`, perhaps you need to implement it:
[INFO] [stderr]           candidate #1: `AsDynError`
[INFO] [stderr] ┈┈┈┈┈┈┈┈┈┈┈┈┈┈┈┈┈┈┈┈┈┈┈┈┈┈┈┈┈┈┈┈┈┈┈┈┈┈┈┈┈┈┈┈┈┈┈┈┈┈┈┈┈┈┈┈┈┈┈┈
[INFO] [stderr] note: If the actual output is the correct output you can bless it by rerunning
[INFO] [stderr]       your test with the environment variable TRYBUILD=overwrite
[INFO] [stderr] 
[INFO] [stderr] test tests/ui/source-struct-not-error.rs ... mismatch
[INFO] [stderr] 
[INFO] [stderr] EXPECTED:
[INFO] [stderr] ┈┈┈┈┈┈┈┈┈┈┈┈┈┈┈┈┈┈┈┈┈┈┈┈┈┈┈┈┈┈┈┈┈┈┈┈┈┈┈┈┈┈┈┈┈┈┈┈┈┈┈┈┈┈┈┈┈┈┈┈
[INFO] [stderr] error[E0599]: the method `as_dyn_error` exists for struct `NotError`, but its trait bounds were not satisfied
[INFO] [stderr]  --> tests/ui/source-struct-not-error.rs:9:5
[INFO] [stderr]   |
[INFO] [stderr] 4 | struct NotError;
[INFO] [stderr]   | --------------- method `as_dyn_error` not found for this struct because it doesn't satisfy `NotError: AsDynError<'_>` or `NotError: std::error::Error`
[INFO] [stderr] ...
[INFO] [stderr] 9 |     source: NotError,
[INFO] [stderr]   |     ^^^^^^ method cannot be called on `NotError` due to unsatisfied trait bounds
[INFO] [stderr]   |
[INFO] [stderr]   = note: the following trait bounds were not satisfied:
[INFO] [stderr]           `NotError: std::error::Error`
[INFO] [stderr]           which is required by `NotError: AsDynError<'_>`
[INFO] [stderr] note: the trait `std::error::Error` must be implemented
[INFO] [stderr]  --> $RUST/core/src/error.rs
[INFO] [stderr]   |
[INFO] [stderr]   | pub trait Error: Debug + Display {
[INFO] [stderr]   | ^^^^^^^^^^^^^^^^^^^^^^^^^^^^^^^^
[INFO] [stderr]   = help: items from traits can only be used if the trait is implemented and in scope
[INFO] [stderr]   = note: the following trait defines an item `as_dyn_error`, perhaps you need to implement it:
[INFO] [stderr]           candidate #1: `AsDynError`
[INFO] [stderr] ┈┈┈┈┈┈┈┈┈┈┈┈┈┈┈┈┈┈┈┈┈┈┈┈┈┈┈┈┈┈┈┈┈┈┈┈┈┈┈┈┈┈┈┈┈┈┈┈┈┈┈┈┈┈┈┈┈┈┈┈
[INFO] [stderr] 
[INFO] [stderr] ACTUAL OUTPUT:
[INFO] [stderr] ┈┈┈┈┈┈┈┈┈┈┈┈┈┈┈┈┈┈┈┈┈┈┈┈┈┈┈┈┈┈┈┈┈┈┈┈┈┈┈┈┈┈┈┈┈┈┈┈┈┈┈┈┈┈┈┈┈┈┈┈
[INFO] [stderr] error[E0599]: the method `as_dyn_error` exists for struct `NotError`, but its trait bounds were not satisfied
[INFO] [stderr]  --> tests/ui/source-struct-not-error.rs:9:5
[INFO] [stderr]   |
[INFO] [stderr] 4 | struct NotError;
[INFO] [stderr]   | --------------- method `as_dyn_error` not found for this struct because it doesn't satisfy `NotError: AsDynError<'_>` or `NotError: std::error::Error`
[INFO] [stderr] ...
[INFO] [stderr] 9 |     source: NotError,
[INFO] [stderr]   |     ^^^^^^ method cannot be called on `NotError` due to unsatisfied trait bounds
[INFO] [stderr]   |
[INFO] [stderr]   = note: the following trait bounds were not satisfied:
[INFO] [stderr]           `NotError: std::error::Error`
[INFO] [stderr]           which is required by `NotError: AsDynError<'_>`
[INFO] [stderr] note: the trait `std::error::Error` must be implemented
[INFO] [stderr]  --> $RUST/core/src/error.rs
[INFO] [stderr]   = help: items from traits can only be used if the trait is implemented and in scope
[INFO] [stderr]   = note: the following trait defines an item `as_dyn_error`, perhaps you need to implement it:
[INFO] [stderr]           candidate #1: `AsDynError`
[INFO] [stderr] ┈┈┈┈┈┈┈┈┈┈┈┈┈┈┈┈┈┈┈┈┈┈┈┈┈┈┈┈┈┈┈┈┈┈┈┈┈┈┈┈┈┈┈┈┈┈┈┈┈┈┈┈┈┈┈┈┈┈┈┈
[INFO] [stderr] note: If the actual output is the correct output you can bless it by rerunning
[INFO] [stderr]       your test with the environment variable TRYBUILD=overwrite
[INFO] [stderr] 
[INFO] [stderr] test tests/ui/source-struct-unnamed-field-not-error.rs ... mismatch
[INFO] [stderr] 
[INFO] [stderr] EXPECTED:
[INFO] [stderr] ┈┈┈┈┈┈┈┈┈┈┈┈┈┈┈┈┈┈┈┈┈┈┈┈┈┈┈┈┈┈┈┈┈┈┈┈┈┈┈┈┈┈┈┈┈┈┈┈┈┈┈┈┈┈┈┈┈┈┈┈
[INFO] [stderr] error[E0599]: the method `as_dyn_error` exists for struct `NotError`, but its trait bounds were not satisfied
[INFO] [stderr]  --> tests/ui/source-struct-unnamed-field-not-error.rs:8:26
[INFO] [stderr]   |
[INFO] [stderr] 4 | struct NotError;
[INFO] [stderr]   | --------------- method `as_dyn_error` not found for this struct because it doesn't satisfy `NotError: AsDynError<'_>` or `NotError: std::error::Error`
[INFO] [stderr] ...
[INFO] [stderr] 8 | pub struct ErrorStruct(#[source] NotError);
[INFO] [stderr]   |                          ^^^^^^ method cannot be called on `NotError` due to unsatisfied trait bounds
[INFO] [stderr]   |
[INFO] [stderr]   = note: the following trait bounds were not satisfied:
[INFO] [stderr]           `NotError: std::error::Error`
[INFO] [stderr]           which is required by `NotError: AsDynError<'_>`
[INFO] [stderr] note: the trait `std::error::Error` must be implemented
[INFO] [stderr]  --> $RUST/core/src/error.rs
[INFO] [stderr]   |
[INFO] [stderr]   | pub trait Error: Debug + Display {
[INFO] [stderr]   | ^^^^^^^^^^^^^^^^^^^^^^^^^^^^^^^^
[INFO] [stderr]   = help: items from traits can only be used if the trait is implemented and in scope
[INFO] [stderr]   = note: the following trait defines an item `as_dyn_error`, perhaps you need to implement it:
[INFO] [stderr]           candidate #1: `AsDynError`
[INFO] [stderr] ┈┈┈┈┈┈┈┈┈┈┈┈┈┈┈┈┈┈┈┈┈┈┈┈┈┈┈┈┈┈┈┈┈┈┈┈┈┈┈┈┈┈┈┈┈┈┈┈┈┈┈┈┈┈┈┈┈┈┈┈
[INFO] [stderr] 
[INFO] [stderr] ACTUAL OUTPUT:
[INFO] [stderr] ┈┈┈┈┈┈┈┈┈┈┈┈┈┈┈┈┈┈┈┈┈┈┈┈┈┈┈┈┈┈┈┈┈┈┈┈┈┈┈┈┈┈┈┈┈┈┈┈┈┈┈┈┈┈┈┈┈┈┈┈
[INFO] [stderr] error[E0599]: the method `as_dyn_error` exists for struct `NotError`, but its trait bounds were not satisfied
[INFO] [stderr]  --> tests/ui/source-struct-unnamed-field-not-error.rs:8:26
[INFO] [stderr]   |
[INFO] [stderr] 4 | struct NotError;
[INFO] [stderr]   | --------------- method `as_dyn_error` not found for this struct because it doesn't satisfy `NotError: AsDynError<'_>` or `NotError: std::error::Error`
[INFO] [stderr] ...
[INFO] [stderr] 8 | pub struct ErrorStruct(#[source] NotError);
[INFO] [stderr]   |                          ^^^^^^ method cannot be called on `NotError` due to unsatisfied trait bounds
[INFO] [stderr]   |
[INFO] [stderr]   = note: the following trait bounds were not satisfied:
[INFO] [stderr]           `NotError: std::error::Error`
[INFO] [stderr]           which is required by `NotError: AsDynError<'_>`
[INFO] [stderr] note: the trait `std::error::Error` must be implemented
[INFO] [stderr]  --> $RUST/core/src/error.rs
[INFO] [stderr]   = help: items from traits can only be used if the trait is implemented and in scope
[INFO] [stderr]   = note: the following trait defines an item `as_dyn_error`, perhaps you need to implement it:
[INFO] [stderr]           candidate #1: `AsDynError`
[INFO] [stderr] ┈┈┈┈┈┈┈┈┈┈┈┈┈┈┈┈┈┈┈┈┈┈┈┈┈┈┈┈┈┈┈┈┈┈┈┈┈┈┈┈┈┈┈┈┈┈┈┈┈┈┈┈┈┈┈┈┈┈┈┈
[INFO] [stderr] note: If the actual output is the correct output you can bless it by rerunning
[INFO] [stderr]       your test with the environment variable TRYBUILD=overwrite
[INFO] [stderr] 
[INFO] [stderr] test tests/ui/transparent-display.rs ... ok
[INFO] [stderr] test tests/ui/transparent-enum-many.rs ... ok
[INFO] [stderr] test tests/ui/transparent-enum-not-error.rs ... mismatch
[INFO] [stderr] 
[INFO] [stderr] EXPECTED:
[INFO] [stderr] ┈┈┈┈┈┈┈┈┈┈┈┈┈┈┈┈┈┈┈┈┈┈┈┈┈┈┈┈┈┈┈┈┈┈┈┈┈┈┈┈┈┈┈┈┈┈┈┈┈┈┈┈┈┈┈┈┈┈┈┈
[INFO] [stderr] error[E0599]: the method `as_dyn_error` exists for reference `&String`, but its trait bounds were not satisfied
[INFO] [stderr]  --> tests/ui/transparent-enum-not-error.rs:5:13
[INFO] [stderr]   |
[INFO] [stderr] 5 |     #[error(transparent)]
[INFO] [stderr]   |             ^^^^^^^^^^^ method cannot be called on `&String` due to unsatisfied trait bounds
[INFO] [stderr]   |
[INFO] [stderr]  ::: $RUST/alloc/src/string.rs
[INFO] [stderr]   |
[INFO] [stderr]   | pub struct String {
[INFO] [stderr]   | ----------------- doesn't satisfy `String: AsDynError<'_>` or `String: std::error::Error`
[INFO] [stderr]   |
[INFO] [stderr]   = note: the following trait bounds were not satisfied:
[INFO] [stderr]           `String: std::error::Error`
[INFO] [stderr]           which is required by `String: AsDynError<'_>`
[INFO] [stderr]           `&String: std::error::Error`
[INFO] [stderr]           which is required by `&String: AsDynError<'_>`
[INFO] [stderr]           `str: Sized`
[INFO] [stderr]           which is required by `str: AsDynError<'_>`
[INFO] [stderr]           `str: std::error::Error`
[INFO] [stderr]           which is required by `str: AsDynError<'_>`
[INFO] [stderr] ┈┈┈┈┈┈┈┈┈┈┈┈┈┈┈┈┈┈┈┈┈┈┈┈┈┈┈┈┈┈┈┈┈┈┈┈┈┈┈┈┈┈┈┈┈┈┈┈┈┈┈┈┈┈┈┈┈┈┈┈
[INFO] [stderr] 
[INFO] [stderr] ACTUAL OUTPUT:
[INFO] [stderr] ┈┈┈┈┈┈┈┈┈┈┈┈┈┈┈┈┈┈┈┈┈┈┈┈┈┈┈┈┈┈┈┈┈┈┈┈┈┈┈┈┈┈┈┈┈┈┈┈┈┈┈┈┈┈┈┈┈┈┈┈
[INFO] [stderr] error[E0599]: the method `as_dyn_error` exists for reference `&String`, but its trait bounds were not satisfied
[INFO] [stderr]  --> tests/ui/transparent-enum-not-error.rs:5:13
[INFO] [stderr]   |
[INFO] [stderr] 5 |     #[error(transparent)]
[INFO] [stderr]   |             ^^^^^^^^^^^ method cannot be called on `&String` due to unsatisfied trait bounds
[INFO] [stderr]   |
[INFO] [stderr]   = note: the following trait bounds were not satisfied:
[INFO] [stderr]           `String: std::error::Error`
[INFO] [stderr]           which is required by `String: AsDynError<'_>`
[INFO] [stderr]           `&String: std::error::Error`
[INFO] [stderr]           which is required by `&String: AsDynError<'_>`
[INFO] [stderr]           `str: Sized`
[INFO] [stderr]           which is required by `str: AsDynError<'_>`
[INFO] [stderr]           `str: std::error::Error`
[INFO] [stderr]           which is required by `str: AsDynError<'_>`
[INFO] [stderr] ┈┈┈┈┈┈┈┈┈┈┈┈┈┈┈┈┈┈┈┈┈┈┈┈┈┈┈┈┈┈┈┈┈┈┈┈┈┈┈┈┈┈┈┈┈┈┈┈┈┈┈┈┈┈┈┈┈┈┈┈
[INFO] [stderr] note: If the actual output is the correct output you can bless it by rerunning
[INFO] [stderr]       your test with the environment variable TRYBUILD=overwrite
[INFO] [stderr] 
[INFO] [stderr] test tests/ui/transparent-enum-source.rs ... ok
[INFO] [stderr] test tests/ui/transparent-enum-unnamed-field-not-error.rs ... mismatch
[INFO] [stderr] 
[INFO] [stderr] EXPECTED:
[INFO] [stderr] ┈┈┈┈┈┈┈┈┈┈┈┈┈┈┈┈┈┈┈┈┈┈┈┈┈┈┈┈┈┈┈┈┈┈┈┈┈┈┈┈┈┈┈┈┈┈┈┈┈┈┈┈┈┈┈┈┈┈┈┈
[INFO] [stderr] error[E0599]: the method `as_dyn_error` exists for reference `&String`, but its trait bounds were not satisfied
[INFO] [stderr]  --> tests/ui/transparent-enum-unnamed-field-not-error.rs:5:13
[INFO] [stderr]   |
[INFO] [stderr] 5 |     #[error(transparent)]
[INFO] [stderr]   |             ^^^^^^^^^^^ method cannot be called on `&String` due to unsatisfied trait bounds
[INFO] [stderr]   |
[INFO] [stderr]  ::: $RUST/alloc/src/string.rs
[INFO] [stderr]   |
[INFO] [stderr]   | pub struct String {
[INFO] [stderr]   | ----------------- doesn't satisfy `String: AsDynError<'_>` or `String: std::error::Error`
[INFO] [stderr]   |
[INFO] [stderr]   = note: the following trait bounds were not satisfied:
[INFO] [stderr]           `String: std::error::Error`
[INFO] [stderr]           which is required by `String: AsDynError<'_>`
[INFO] [stderr]           `&String: std::error::Error`
[INFO] [stderr]           which is required by `&String: AsDynError<'_>`
[INFO] [stderr]           `str: Sized`
[INFO] [stderr]           which is required by `str: AsDynError<'_>`
[INFO] [stderr]           `str: std::error::Error`
[INFO] [stderr]           which is required by `str: AsDynError<'_>`
[INFO] [stderr] ┈┈┈┈┈┈┈┈┈┈┈┈┈┈┈┈┈┈┈┈┈┈┈┈┈┈┈┈┈┈┈┈┈┈┈┈┈┈┈┈┈┈┈┈┈┈┈┈┈┈┈┈┈┈┈┈┈┈┈┈
[INFO] [stderr] 
[INFO] [stderr] ACTUAL OUTPUT:
[INFO] [stderr] ┈┈┈┈┈┈┈┈┈┈┈┈┈┈┈┈┈┈┈┈┈┈┈┈┈┈┈┈┈┈┈┈┈┈┈┈┈┈┈┈┈┈┈┈┈┈┈┈┈┈┈┈┈┈┈┈┈┈┈┈
[INFO] [stderr] error[E0599]: the method `as_dyn_error` exists for reference `&String`, but its trait bounds were not satisfied
[INFO] [stderr]  --> tests/ui/transparent-enum-unnamed-field-not-error.rs:5:13
[INFO] [stderr]   |
[INFO] [stderr] 5 |     #[error(transparent)]
[INFO] [stderr]   |             ^^^^^^^^^^^ method cannot be called on `&String` due to unsatisfied trait bounds
[INFO] [stderr]   |
[INFO] [stderr]   = note: the following trait bounds were not satisfied:
[INFO] [stderr]           `String: std::error::Error`
[INFO] [stderr]           which is required by `String: AsDynError<'_>`
[INFO] [stderr]           `&String: std::error::Error`
[INFO] [stderr]           which is required by `&String: AsDynError<'_>`
[INFO] [stderr]           `str: Sized`
[INFO] [stderr]           which is required by `str: AsDynError<'_>`
[INFO] [stderr]           `str: std::error::Error`
[INFO] [stderr]           which is required by `str: AsDynError<'_>`
[INFO] [stderr] ┈┈┈┈┈┈┈┈┈┈┈┈┈┈┈┈┈┈┈┈┈┈┈┈┈┈┈┈┈┈┈┈┈┈┈┈┈┈┈┈┈┈┈┈┈┈┈┈┈┈┈┈┈┈┈┈┈┈┈┈
[INFO] [stderr] note: If the actual output is the correct output you can bless it by rerunning
[INFO] [stderr]       your test with the environment variable TRYBUILD=overwrite
[INFO] [stderr] 
[INFO] [stderr] test tests/ui/transparent-struct-many.rs ... ok
[INFO] [stderr] test tests/ui/transparent-struct-not-error.rs ... mismatch
[INFO] [stderr] 
[INFO] [stderr] EXPECTED:
[INFO] [stderr] ┈┈┈┈┈┈┈┈┈┈┈┈┈┈┈┈┈┈┈┈┈┈┈┈┈┈┈┈┈┈┈┈┈┈┈┈┈┈┈┈┈┈┈┈┈┈┈┈┈┈┈┈┈┈┈┈┈┈┈┈
[INFO] [stderr] error[E0599]: the method `as_dyn_error` exists for struct `String`, but its trait bounds were not satisfied
[INFO] [stderr]  --> tests/ui/transparent-struct-not-error.rs:4:9
[INFO] [stderr]   |
[INFO] [stderr] 4 | #[error(transparent)]
[INFO] [stderr]   |         ^^^^^^^^^^^ method cannot be called on `String` due to unsatisfied trait bounds
[INFO] [stderr]   |
[INFO] [stderr]  ::: $RUST/alloc/src/string.rs
[INFO] [stderr]   |
[INFO] [stderr]   | pub struct String {
[INFO] [stderr]   | ----------------- doesn't satisfy `String: AsDynError<'_>` or `String: std::error::Error`
[INFO] [stderr]   |
[INFO] [stderr]   = note: the following trait bounds were not satisfied:
[INFO] [stderr]           `String: std::error::Error`
[INFO] [stderr]           which is required by `String: AsDynError<'_>`
[INFO] [stderr]           `str: Sized`
[INFO] [stderr]           which is required by `str: AsDynError<'_>`
[INFO] [stderr]           `str: std::error::Error`
[INFO] [stderr]           which is required by `str: AsDynError<'_>`
[INFO] [stderr] ┈┈┈┈┈┈┈┈┈┈┈┈┈┈┈┈┈┈┈┈┈┈┈┈┈┈┈┈┈┈┈┈┈┈┈┈┈┈┈┈┈┈┈┈┈┈┈┈┈┈┈┈┈┈┈┈┈┈┈┈
[INFO] [stderr] 
[INFO] [stderr] ACTUAL OUTPUT:
[INFO] [stderr] ┈┈┈┈┈┈┈┈┈┈┈┈┈┈┈┈┈┈┈┈┈┈┈┈┈┈┈┈┈┈┈┈┈┈┈┈┈┈┈┈┈┈┈┈┈┈┈┈┈┈┈┈┈┈┈┈┈┈┈┈
[INFO] [stderr] error[E0599]: the method `as_dyn_error` exists for struct `String`, but its trait bounds were not satisfied
[INFO] [stderr]  --> tests/ui/transparent-struct-not-error.rs:4:9
[INFO] [stderr]   |
[INFO] [stderr] 4 | #[error(transparent)]
[INFO] [stderr]   |         ^^^^^^^^^^^ method cannot be called on `String` due to unsatisfied trait bounds
[INFO] [stderr]   |
[INFO] [stderr]   = note: the following trait bounds were not satisfied:
[INFO] [stderr]           `String: std::error::Error`
[INFO] [stderr]           which is required by `String: AsDynError<'_>`
[INFO] [stderr]           `str: Sized`
[INFO] [stderr]           which is required by `str: AsDynError<'_>`
[INFO] [stderr]           `str: std::error::Error`
[INFO] [stderr]           which is required by `str: AsDynError<'_>`
[INFO] [stderr] ┈┈┈┈┈┈┈┈┈┈┈┈┈┈┈┈┈┈┈┈┈┈┈┈┈┈┈┈┈┈┈┈┈┈┈┈┈┈┈┈┈┈┈┈┈┈┈┈┈┈┈┈┈┈┈┈┈┈┈┈
[INFO] [stderr] note: If the actual output is the correct output you can bless it by rerunning
[INFO] [stderr]       your test with the environment variable TRYBUILD=overwrite
[INFO] [stderr] 
[INFO] [stderr] test tests/ui/transparent-struct-source.rs ... ok
[INFO] [stderr] test tests/ui/transparent-struct-unnamed-field-not-error.rs ... mismatch
[INFO] [stderr] 
[INFO] [stderr] EXPECTED:
[INFO] [stderr] ┈┈┈┈┈┈┈┈┈┈┈┈┈┈┈┈┈┈┈┈┈┈┈┈┈┈┈┈┈┈┈┈┈┈┈┈┈┈┈┈┈┈┈┈┈┈┈┈┈┈┈┈┈┈┈┈┈┈┈┈
[INFO] [stderr] error[E0599]: the method `as_dyn_error` exists for struct `String`, but its trait bounds were not satisfied
[INFO] [stderr]  --> tests/ui/transparent-struct-unnamed-field-not-error.rs:4:9
[INFO] [stderr]   |
[INFO] [stderr] 4 | #[error(transparent)]
[INFO] [stderr]   |         ^^^^^^^^^^^ method cannot be called on `String` due to unsatisfied trait bounds
[INFO] [stderr]   |
[INFO] [stderr]  ::: $RUST/alloc/src/string.rs
[INFO] [stderr]   |
[INFO] [stderr]   | pub struct String {
[INFO] [stderr]   | ----------------- doesn't satisfy `String: AsDynError<'_>` or `String: std::error::Error`
[INFO] [stderr]   |
[INFO] [stderr]   = note: the following trait bounds were not satisfied:
[INFO] [stderr]           `String: std::error::Error`
[INFO] [stderr]           which is required by `String: AsDynError<'_>`
[INFO] [stderr]           `str: Sized`
[INFO] [stderr]           which is required by `str: AsDynError<'_>`
[INFO] [stderr]           `str: std::error::Error`
[INFO] [stderr]           which is required by `str: AsDynError<'_>`
[INFO] [stderr] ┈┈┈┈┈┈┈┈┈┈┈┈┈┈┈┈┈┈┈┈┈┈┈┈┈┈┈┈┈┈┈┈┈┈┈┈┈┈┈┈┈┈┈┈┈┈┈┈┈┈┈┈┈┈┈┈┈┈┈┈
[INFO] [stderr] 
[INFO] [stderr] ACTUAL OUTPUT:
[INFO] [stderr] ┈┈┈┈┈┈┈┈┈┈┈┈┈┈┈┈┈┈┈┈┈┈┈┈┈┈┈┈┈┈┈┈┈┈┈┈┈┈┈┈┈┈┈┈┈┈┈┈┈┈┈┈┈┈┈┈┈┈┈┈
[INFO] [stderr] error[E0599]: the method `as_dyn_error` exists for struct `String`, but its trait bounds were not satisfied
[INFO] [stderr]  --> tests/ui/transparent-struct-unnamed-field-not-error.rs:4:9
[INFO] [stderr]   |
[INFO] [stderr] 4 | #[error(transparent)]
[INFO] [stderr]   |         ^^^^^^^^^^^ method cannot be called on `String` due to unsatisfied trait bounds
[INFO] [stderr]   |
[INFO] [stderr]   = note: the following trait bounds were not satisfied:
[INFO] [stderr]           `String: std::error::Error`
[INFO] [stderr]           which is required by `String: AsDynError<'_>`
[INFO] [stderr]           `str: Sized`
[INFO] [stderr]           which is required by `str: AsDynError<'_>`
[INFO] [stderr]           `str: std::error::Error`
[INFO] [stderr]           which is required by `str: AsDynError<'_>`
[INFO] [stderr] ┈┈┈┈┈┈┈┈┈┈┈┈┈┈┈┈┈┈┈┈┈┈┈┈┈┈┈┈┈┈┈┈┈┈┈┈┈┈┈┈┈┈┈┈┈┈┈┈┈┈┈┈┈┈┈┈┈┈┈┈
[INFO] [stderr] note: If the actual output is the correct output you can bless it by rerunning
[INFO] [stderr]       your test with the environment variable TRYBUILD=overwrite
[INFO] [stderr] 
[INFO] [stderr] test tests/ui/unexpected-field-fmt.rs ... ok
[INFO] [stderr] test tests/ui/unexpected-struct-source.rs ... ok
[INFO] [stderr] test tests/ui/union.rs ... ok
[INFO] [stderr] 
[INFO] [stderr] 
[INFO] [stdout] test ui ... FAILED
[INFO] [stdout] 
[INFO] [stdout] failures:
[INFO] [stdout] 
[INFO] [stdout] ---- ui stdout ----
[INFO] [stdout] thread 'ui' panicked at /opt/rustwide/cargo-home/registry/src/index.crates.io-6f17d22bba15001f/trybuild-1.0.101/src/run.rs:101:13:
[INFO] [stdout] 10 of 30 tests failed
[INFO] [stdout] stack backtrace:
[INFO] [stdout]    0:     0x576e480f124a - std::backtrace_rs::backtrace::libunwind::trace::h207520d6e9873551
[INFO] [stdout]                                at /rustc/df4ca44d3fbc9301ee17f30f4d474e6ae4b05252/library/std/src/../../backtrace/src/backtrace/libunwind.rs:116:5
[INFO] [stdout]    1:     0x576e480f124a - std::backtrace_rs::backtrace::trace_unsynchronized::h2ed7433f370e3eca
[INFO] [stdout]                                at /rustc/df4ca44d3fbc9301ee17f30f4d474e6ae4b05252/library/std/src/../../backtrace/src/backtrace/mod.rs:66:5
[INFO] [stdout]    2:     0x576e480f124a - std::sys::backtrace::_print_fmt::h916fac51166b18d7
[INFO] [stdout]                                at /rustc/df4ca44d3fbc9301ee17f30f4d474e6ae4b05252/library/std/src/sys/backtrace.rs:66:9
[INFO] [stdout]    3:     0x576e480f124a - <std::sys::backtrace::BacktraceLock::print::DisplayBacktrace as core::fmt::Display>::fmt::ha0a4c9b8ce3802e6
[INFO] [stdout]                                at /rustc/df4ca44d3fbc9301ee17f30f4d474e6ae4b05252/library/std/src/sys/backtrace.rs:39:26
[INFO] [stdout]    4:     0x576e4811b713 - core::fmt::rt::Argument::fmt::h4cfc8587d52b3eb5
[INFO] [stdout]                                at /rustc/df4ca44d3fbc9301ee17f30f4d474e6ae4b05252/library/core/src/fmt/rt.rs:177:76
[INFO] [stdout]    5:     0x576e4811b713 - core::fmt::write::h522cc39e5b36ae9f
[INFO] [stdout]                                at /rustc/df4ca44d3fbc9301ee17f30f4d474e6ae4b05252/library/core/src/fmt/mod.rs:1190:21
[INFO] [stdout]    6:     0x576e480ed283 - std::io::Write::write_fmt::h7d3c26752da97734
[INFO] [stdout]                                at /rustc/df4ca44d3fbc9301ee17f30f4d474e6ae4b05252/library/std/src/io/mod.rs:1839:15
[INFO] [stdout]    7:     0x576e480f1092 - std::sys::backtrace::BacktraceLock::print::h4b9e00b29e9c0942
[INFO] [stdout]                                at /rustc/df4ca44d3fbc9301ee17f30f4d474e6ae4b05252/library/std/src/sys/backtrace.rs:42:9
[INFO] [stdout]    8:     0x576e480f2cda - std::panicking::default_hook::{{closure}}::hb59b88280d0324d9
[INFO] [stdout]                                at /rustc/df4ca44d3fbc9301ee17f30f4d474e6ae4b05252/library/std/src/panicking.rs:268:22
[INFO] [stdout]    9:     0x576e480f2ae4 - std::panicking::default_hook::he1dd496665be4a29
[INFO] [stdout]                                at /rustc/df4ca44d3fbc9301ee17f30f4d474e6ae4b05252/library/std/src/panicking.rs:292:9
[INFO] [stdout]   10:     0x576e480b97d9 - <alloc::boxed::Box<F,A> as core::ops::function::Fn<Args>>::call::h4ff71de18744e1dc
[INFO] [stdout]                                at /rustc/df4ca44d3fbc9301ee17f30f4d474e6ae4b05252/library/alloc/src/boxed.rs:2468:9
[INFO] [stdout]   11:     0x576e480b97d9 - test::test_main::{{closure}}::hcf7c055ce117aa81
[INFO] [stdout]                                at /rustc/df4ca44d3fbc9301ee17f30f4d474e6ae4b05252/library/test/src/lib.rs:133:21
[INFO] [stdout]   12:     0x576e480f33d8 - <alloc::boxed::Box<F,A> as core::ops::function::Fn<Args>>::call::h1d66c6bbd60c9692
[INFO] [stdout]                                at /rustc/df4ca44d3fbc9301ee17f30f4d474e6ae4b05252/library/alloc/src/boxed.rs:2468:9
[INFO] [stdout]   13:     0x576e480f33d8 - std::panicking::rust_panic_with_hook::h2ff17fe8f26dfcf8
[INFO] [stdout]                                at /rustc/df4ca44d3fbc9301ee17f30f4d474e6ae4b05252/library/std/src/panicking.rs:809:13
[INFO] [stdout]   14:     0x576e480f319a - std::panicking::begin_panic_handler::{{closure}}::h4fad77951c07e101
[INFO] [stdout]                                at /rustc/df4ca44d3fbc9301ee17f30f4d474e6ae4b05252/library/std/src/panicking.rs:674:13
[INFO] [stdout]   15:     0x576e480f1729 - std::sys::backtrace::__rust_end_short_backtrace::hb1a25b3da5d0ea08
[INFO] [stdout]                                at /rustc/df4ca44d3fbc9301ee17f30f4d474e6ae4b05252/library/std/src/sys/backtrace.rs:170:18
[INFO] [stdout]   16:     0x576e480f2e2c - rust_begin_unwind
[INFO] [stdout]                                at /rustc/df4ca44d3fbc9301ee17f30f4d474e6ae4b05252/library/std/src/panicking.rs:665:5
[INFO] [stdout]   17:     0x576e48119ac0 - core::panicking::panic_fmt::ha9db07b529f9b256
[INFO] [stdout]                                at /rustc/df4ca44d3fbc9301ee17f30f4d474e6ae4b05252/library/core/src/panicking.rs:75:14
[INFO] [stdout]   18:     0x576e47dc376f - trybuild::run::<impl trybuild::Runner>::run::h761d504eac8dde85
[INFO] [stdout]                                at /opt/rustwide/cargo-home/registry/src/index.crates.io-6f17d22bba15001f/trybuild-1.0.101/src/run.rs:101:13
[INFO] [stdout]   19:     0x576e47dc8cb8 - <trybuild::TestCases as core::ops::drop::Drop>::drop::h7bc0cfee08a863b6
[INFO] [stdout]                                at /opt/rustwide/cargo-home/registry/src/index.crates.io-6f17d22bba15001f/trybuild-1.0.101/src/lib.rs:340:13
[INFO] [stdout]   20:     0x576e47db45e7 - core::ptr::drop_in_place<trybuild::TestCases>::ha6d38ce19fe037f8
[INFO] [stdout]                                at /rustc/df4ca44d3fbc9301ee17f30f4d474e6ae4b05252/library/core/src/ptr/mod.rs:521:1
[INFO] [stdout]   21:     0x576e47db4d33 - compiletest::ui::h02faebccb9f18c3e
[INFO] [stdout]                                at /opt/rustwide/workdir/tests/compiletest.rs:7:1
[INFO] [stdout]   22:     0x576e47db4cc7 - compiletest::ui::{{closure}}::h468404f9d507a8bb
[INFO] [stdout]                                at /opt/rustwide/workdir/tests/compiletest.rs:4:8
[INFO] [stdout]   23:     0x576e47db4546 - core::ops::function::FnOnce::call_once::h2562393740f8dd55
[INFO] [stdout]                                at /rustc/df4ca44d3fbc9301ee17f30f4d474e6ae4b05252/library/core/src/ops/function.rs:250:5
[INFO] [stdout]   24:     0x576e480be0ab - core::ops::function::FnOnce::call_once::h22c3ba5715e93f05
[INFO] [stdout]                                at /rustc/df4ca44d3fbc9301ee17f30f4d474e6ae4b05252/library/core/src/ops/function.rs:250:5
[INFO] [stdout]   25:     0x576e480be0ab - test::__rust_begin_short_backtrace::h8e82d8113d0da17f
[INFO] [stdout]                                at /rustc/df4ca44d3fbc9301ee17f30f4d474e6ae4b05252/library/test/src/lib.rs:621:18
[INFO] [stdout]   26:     0x576e480bda27 - test::run_test_in_process::{{closure}}::h33235f4f20b7b7c7
[INFO] [stdout]                                at /rustc/df4ca44d3fbc9301ee17f30f4d474e6ae4b05252/library/test/src/lib.rs:644:60
[INFO] [stdout]   27:     0x576e480bda27 - <core::panic::unwind_safe::AssertUnwindSafe<F> as core::ops::function::FnOnce<()>>::call_once::hb5043206310c586f
[INFO] [stdout]                                at /rustc/df4ca44d3fbc9301ee17f30f4d474e6ae4b05252/library/core/src/panic/unwind_safe.rs:272:9
[INFO] [stdout]   28:     0x576e480bda27 - std::panicking::try::do_call::h9ad4731a60ab23e2
[INFO] [stdout]                                at /rustc/df4ca44d3fbc9301ee17f30f4d474e6ae4b05252/library/std/src/panicking.rs:557:40
[INFO] [stdout]   29:     0x576e480bda27 - std::panicking::try::h3824d23db772a716
[INFO] [stdout]                                at /rustc/df4ca44d3fbc9301ee17f30f4d474e6ae4b05252/library/std/src/panicking.rs:520:19
[INFO] [stdout]   30:     0x576e480bda27 - std::panic::catch_unwind::h5afd514605fde46b
[INFO] [stdout]                                at /rustc/df4ca44d3fbc9301ee17f30f4d474e6ae4b05252/library/std/src/panic.rs:358:14
[INFO] [stdout]   31:     0x576e480bda27 - test::run_test_in_process::h0d5cbfa7067d1720
[INFO] [stdout]                                at /rustc/df4ca44d3fbc9301ee17f30f4d474e6ae4b05252/library/test/src/lib.rs:644:27
[INFO] [stdout]   32:     0x576e480bda27 - test::run_test::{{closure}}::h708eb8872708115d
[INFO] [stdout]                                at /rustc/df4ca44d3fbc9301ee17f30f4d474e6ae4b05252/library/test/src/lib.rs:565:43
[INFO] [stdout]   33:     0x576e48081144 - test::run_test::{{closure}}::h392c51cee94713ab
[INFO] [stdout]                                at /rustc/df4ca44d3fbc9301ee17f30f4d474e6ae4b05252/library/test/src/lib.rs:595:41
[INFO] [stdout]   34:     0x576e48081144 - std::sys::backtrace::__rust_begin_short_backtrace::h2f40290710935a8b
[INFO] [stdout]                                at /rustc/df4ca44d3fbc9301ee17f30f4d474e6ae4b05252/library/std/src/sys/backtrace.rs:154:18
[INFO] [stdout]   35:     0x576e480848ee - std::thread::Builder::spawn_unchecked_::{{closure}}::{{closure}}::h3fd968d89053a903
[INFO] [stdout]                                at /rustc/df4ca44d3fbc9301ee17f30f4d474e6ae4b05252/library/std/src/thread/mod.rs:541:17
[INFO] [stdout]   36:     0x576e480848ee - <core::panic::unwind_safe::AssertUnwindSafe<F> as core::ops::function::FnOnce<()>>::call_once::h743f637ba4229880
[INFO] [stdout]                                at /rustc/df4ca44d3fbc9301ee17f30f4d474e6ae4b05252/library/core/src/panic/unwind_safe.rs:272:9
[INFO] [stdout]   37:     0x576e480848ee - std::panicking::try::do_call::h07440897322525a6
[INFO] [stdout]                                at /rustc/df4ca44d3fbc9301ee17f30f4d474e6ae4b05252/library/std/src/panicking.rs:557:40
[INFO] [stdout]   38:     0x576e480848ee - std::panicking::try::he5a2e00188156637
[INFO] [stdout]                                at /rustc/df4ca44d3fbc9301ee17f30f4d474e6ae4b05252/library/std/src/panicking.rs:520:19
[INFO] [stdout]   39:     0x576e480848ee - std::panic::catch_unwind::hbaf3cae49b3c6433
[INFO] [stdout]                                at /rustc/df4ca44d3fbc9301ee17f30f4d474e6ae4b05252/library/std/src/panic.rs:358:14
[INFO] [stdout]   40:     0x576e480848ee - std::thread::Builder::spawn_unchecked_::{{closure}}::h8e141ea224820bce
[INFO] [stdout]                                at /rustc/df4ca44d3fbc9301ee17f30f4d474e6ae4b05252/library/std/src/thread/mod.rs:540:30
[INFO] [stdout]   41:     0x576e480848ee - core::ops::function::FnOnce::call_once{{vtable.shim}}::h90d312fedd7b8ea8
[INFO] [stdout]                                at /rustc/df4ca44d3fbc9301ee17f30f4d474e6ae4b05252/library/core/src/ops/function.rs:250:5
[INFO] [stdout]   42:     0x576e480f819b - <alloc::boxed::Box<F,A> as core::ops::function::FnOnce<Args>>::call_once::h69aa08ddb6adb8b6
[INFO] [stdout]                                at /rustc/df4ca44d3fbc9301ee17f30f4d474e6ae4b05252/library/alloc/src/boxed.rs:2454:9
[INFO] [stdout]   43:     0x576e480f819b - <alloc::boxed::Box<F,A> as core::ops::function::FnOnce<Args>>::call_once::h5aa36efdb79c806f
[INFO] [stdout]                                at /rustc/df4ca44d3fbc9301ee17f30f4d474e6ae4b05252/library/alloc/src/boxed.rs:2454:9
[INFO] [stdout]   44:     0x576e480f819b - std::sys::pal::unix::thread::Thread::new::thread_start::h6cd80a1b4be5158d
[INFO] [stdout]                                at /rustc/df4ca44d3fbc9301ee17f30f4d474e6ae4b05252/library/std/src/sys/pal/unix/thread.rs:105:17
[INFO] [stdout]   45:     0x717d93382ac3 - <unknown>
[INFO] [stdout]   46:     0x717d93413a04 - clone
[INFO] [stdout]   47:                0x0 - <unknown>
[INFO] [stdout] 
[INFO] [stdout] 
[INFO] [stdout] failures:
[INFO] [stdout]     ui
[INFO] [stdout] 
[INFO] [stdout] test result: FAILED. 0 passed; 1 failed; 0 ignored; 0 measured; 0 filtered out; finished in 3.21s
[INFO] [stdout] 
[INFO] [stderr] error: test failed, to rerun pass `--test compiletest`
[INFO] running `Command { std: "docker" "inspect" "f3dcd02922155cf0226a4ea662ca974bf13ae713f4977c9e0d5e2d301306ecea", kill_on_drop: false }`
[INFO] running `Command { std: "docker" "rm" "-f" "f3dcd02922155cf0226a4ea662ca974bf13ae713f4977c9e0d5e2d301306ecea", kill_on_drop: false }`
[INFO] [stdout] f3dcd02922155cf0226a4ea662ca974bf13ae713f4977c9e0d5e2d301306ecea
