[INFO] fetching crate thinline 0.3.1...
[INFO] testing thinline-0.3.1 against nightly-2024-10-28 for randomize-layout
[INFO] extracting crate thinline 0.3.1 into /workspace/builds/worker-4-tc1/source
[INFO] validating manifest of crates.io crate thinline 0.3.1 on toolchain nightly-2024-10-28
[INFO] running `Command { std: CARGO_HOME="/workspace/cargo-home" RUSTUP_HOME="/workspace/rustup-home" "/workspace/cargo-home/bin/cargo" "+nightly-2024-10-28" "metadata" "--manifest-path" "Cargo.toml" "--no-deps", kill_on_drop: false }`
[INFO] started tweaking crates.io crate thinline 0.3.1
[INFO] finished tweaking crates.io crate thinline 0.3.1
[INFO] tweaked toml for crates.io crate thinline 0.3.1 written to /workspace/builds/worker-4-tc1/source/Cargo.toml
[INFO] running `Command { std: CARGO_HOME="/workspace/cargo-home" RUSTUP_HOME="/workspace/rustup-home" "/workspace/cargo-home/bin/cargo" "+nightly-2024-10-28" "generate-lockfile" "--manifest-path" "Cargo.toml", kill_on_drop: false }`
[INFO] [stderr]     Updating crates.io index
[INFO] [stderr]     Blocking waiting for file lock on package cache
[INFO] [stderr]      Locking 140 packages to latest compatible versions
[INFO] [stderr]       Adding clang v0.20.0 (available: v2.0.0)
[INFO] [stderr]       Adding clang-sys v0.23.0 (available: v1.8.1)
[INFO] [stderr]       Adding clap v2.34.0 (available: v4.5.20)
[INFO] [stderr]       Adding clippy v0.0.301 (available: v0.0.302)
[INFO] [stderr]       Adding env_logger v0.5.13 (available: v0.11.5)
[INFO] [stderr]       Adding glob v0.2.11 (available: v0.3.1)
[INFO] [stderr]       Adding python-parser v0.1.0 (available: v0.2.0)
[INFO] [stderr]       Adding run_script v0.1.22 (available: v0.11.0)
[INFO] running `Command { std: CARGO_HOME="/workspace/cargo-home" RUSTUP_HOME="/workspace/rustup-home" "/workspace/cargo-home/bin/cargo" "+nightly-2024-10-28" "fetch" "--manifest-path" "Cargo.toml", kill_on_drop: false }`
[INFO] [stderr] warning: no edition set: defaulting to the 2015 edition while the latest is 2021
[INFO] [stderr]  Downloading crates ...
[INFO] [stderr]   Downloaded snapshot v0.1.0
[INFO] [stderr]   Downloaded wtf8 v0.0.3
[INFO] [stderr]   Downloaded snapshot-proc-macro v0.1.0
[INFO] [stderr]   Downloaded difference v1.0.0
[INFO] [stderr]   Downloaded users v0.8.1
[INFO] [stderr]   Downloaded bytecount v0.3.2
[INFO] [stderr]   Downloaded clang v0.20.0
[INFO] [stderr]   Downloaded pretty_assertions v0.2.1
[INFO] [stderr]   Downloaded python-parser v0.1.0
[INFO] [stderr]   Downloaded nom_locate v0.3.1
[INFO] [stderr]   Downloaded unicode_names2 v0.2.2
[INFO] [stderr]   Downloaded run_script v0.1.22
[INFO] [stderr]   Downloaded clippy v0.0.301
[INFO] running `Command { std: "docker" "create" "-v" "/var/lib/crater-agent-workspace/builds/worker-4-tc1/target:/opt/rustwide/target:rw,Z" "-v" "/var/lib/crater-agent-workspace/builds/worker-4-tc1/source:/opt/rustwide/workdir:ro,Z" "-v" "/var/lib/crater-agent-workspace/cargo-home:/opt/rustwide/cargo-home:ro,Z" "-v" "/var/lib/crater-agent-workspace/rustup-home:/opt/rustwide/rustup-home:ro,Z" "-e" "SOURCE_DIR=/opt/rustwide/workdir" "-e" "CARGO_TARGET_DIR=/opt/rustwide/target" "-e" "CARGO_HOME=/opt/rustwide/cargo-home" "-e" "RUSTUP_HOME=/opt/rustwide/rustup-home" "-w" "/opt/rustwide/workdir" "-m" "1610612736" "--user" "0:0" "--network" "none" "ghcr.io/rust-lang/crates-build-env/linux@sha256:4a844ea9eb2546a2d2c7022eacef16ef2e8229c7fbb2c7d4d55a9ceca922f72d" "/opt/rustwide/cargo-home/bin/cargo" "+nightly-2024-10-28" "metadata" "--no-deps" "--format-version=1", kill_on_drop: false }`
[INFO] [stdout] aef223f26f1f834c1755998b48b72b33f5d976341ab2e442539f95f2982d8771
[INFO] running `Command { std: "docker" "start" "-a" "aef223f26f1f834c1755998b48b72b33f5d976341ab2e442539f95f2982d8771", kill_on_drop: false }`
[INFO] running `Command { std: "docker" "inspect" "aef223f26f1f834c1755998b48b72b33f5d976341ab2e442539f95f2982d8771", kill_on_drop: false }`
[INFO] running `Command { std: "docker" "rm" "-f" "aef223f26f1f834c1755998b48b72b33f5d976341ab2e442539f95f2982d8771", kill_on_drop: false }`
[INFO] [stdout] aef223f26f1f834c1755998b48b72b33f5d976341ab2e442539f95f2982d8771
[INFO] running `Command { std: "docker" "create" "-v" "/var/lib/crater-agent-workspace/builds/worker-4-tc1/target:/opt/rustwide/target:rw,Z" "-v" "/var/lib/crater-agent-workspace/builds/worker-4-tc1/source:/opt/rustwide/workdir:ro,Z" "-v" "/var/lib/crater-agent-workspace/cargo-home:/opt/rustwide/cargo-home:ro,Z" "-v" "/var/lib/crater-agent-workspace/rustup-home:/opt/rustwide/rustup-home:ro,Z" "-e" "SOURCE_DIR=/opt/rustwide/workdir" "-e" "CARGO_TARGET_DIR=/opt/rustwide/target" "-e" "CARGO_INCREMENTAL=0" "-e" "RUST_BACKTRACE=full" "-e" "RUSTFLAGS=--cap-lints=forbid" "-e" "RUSTDOCFLAGS=--cap-lints=forbid" "-e" "CARGO_HOME=/opt/rustwide/cargo-home" "-e" "RUSTUP_HOME=/opt/rustwide/rustup-home" "-w" "/opt/rustwide/workdir" "-m" "1610612736" "--user" "0:0" "--network" "none" "ghcr.io/rust-lang/crates-build-env/linux@sha256:4a844ea9eb2546a2d2c7022eacef16ef2e8229c7fbb2c7d4d55a9ceca922f72d" "/opt/rustwide/cargo-home/bin/cargo" "+nightly-2024-10-28" "build" "--frozen" "--message-format=json", kill_on_drop: false }`
[INFO] [stdout] 2fae3201314a98f8ee0bf1e2eb42988a49380b42892befe704cd8d6ef91bc12c
[INFO] running `Command { std: "docker" "start" "-a" "2fae3201314a98f8ee0bf1e2eb42988a49380b42892befe704cd8d6ef91bc12c", kill_on_drop: false }`
[INFO] [stderr] warning: no edition set: defaulting to the 2015 edition while the latest is 2021
[INFO] [stderr]    Compiling libc v0.2.161
[INFO] [stderr]    Compiling memchr v2.7.4
[INFO] [stderr]    Compiling slog v2.7.0
[INFO] [stderr]    Compiling proc-macro2 v0.4.30
[INFO] [stderr]    Compiling unicode-xid v0.1.0
[INFO] [stderr]    Compiling num-traits v0.2.19
[INFO] [stderr]    Compiling crossbeam-utils v0.8.20
[INFO] [stderr]    Compiling syn v1.0.109
[INFO] [stderr]    Compiling itoa v1.0.11
[INFO] [stderr]    Compiling version_check v0.1.5
[INFO] [stderr]    Compiling num-conv v0.1.0
[INFO] [stderr]    Compiling time-core v0.1.2
[INFO] [stderr]    Compiling powerfmt v0.2.0
[INFO] [stderr]    Compiling regex-syntax v0.8.5
[INFO] [stderr]    Compiling nom v4.2.3
[INFO] [stderr]    Compiling glob v0.2.11
[INFO] [stderr]    Compiling aho-corasick v1.1.3
[INFO] [stderr]    Compiling deranged v0.3.11
[INFO] [stderr]    Compiling time-macros v0.2.18
[INFO] [stderr]    Compiling clang-sys v0.23.0
[INFO] [stderr]    Compiling quote v0.6.13
[INFO] [stderr]    Compiling thread_local v1.1.8
[INFO] [stderr]    Compiling dirs-sys-next v0.1.2
[INFO] [stderr]    Compiling dirs-next v2.0.0
[INFO] [stderr]    Compiling num-bigint v0.2.6
[INFO] [stderr]    Compiling slog-async v2.8.0
[INFO] [stderr]    Compiling failure_derive v0.1.8
[INFO] [stderr]    Compiling gimli v0.31.1
[INFO] [stderr]    Compiling rand_core v0.4.2
[INFO] [stderr]    Compiling log v0.4.22
[INFO] [stderr]    Compiling serde_json v1.0.132
[INFO] [stderr]    Compiling adler2 v2.0.0
[INFO] [stderr]    Compiling arc-swap v1.7.1
[INFO] [stderr]    Compiling miniz_oxide v0.8.0
[INFO] [stderr]    Compiling rand_core v0.3.1
[INFO] [stderr]    Compiling num-integer v0.1.46
[INFO] [stderr]    Compiling time v0.3.36
[INFO] [stderr]    Compiling regex-automata v0.4.8
[INFO] [stderr]    Compiling slog-scope v4.4.0
[INFO] [stderr]    Compiling crossbeam-channel v0.5.13
[INFO] [stderr]    Compiling term v0.7.0
[INFO] [stderr]    Compiling syn v0.14.9
[INFO] [stderr]    Compiling synstructure v0.12.6
[INFO] [stderr]    Compiling atty v0.2.14
[INFO] [stderr]    Compiling addr2line v0.24.2
[INFO] [stderr]    Compiling is-terminal v0.4.13
[INFO] [stderr]    Compiling object v0.36.5
[INFO] [stderr]    Compiling quick-error v1.2.3
[INFO] [stderr]    Compiling take_mut v0.2.2
[INFO] [stderr]    Compiling bytecount v0.3.2
[INFO] [stderr]    Compiling rustc-demangle v0.1.24
[INFO] [stderr]    Compiling ryu v1.0.18
[INFO] [stderr]    Compiling difference v1.0.0
[INFO] [stderr]    Compiling regex v1.11.1
[INFO] [stderr]    Compiling unicode-width v0.1.14
[INFO] [stderr]    Compiling pretty_assertions v0.2.1
[INFO] [stderr]    Compiling textwrap v0.11.0
[INFO] [stderr]    Compiling nom_locate v0.3.1
[INFO] [stderr]    Compiling humantime v1.3.0
[INFO] [stderr]    Compiling serde_derive v1.0.214
[INFO] [stderr]    Compiling slog-term v2.9.1
[INFO] [stderr]    Compiling slog-stdlog v4.1.1
[INFO] [stderr]    Compiling rand v0.5.6
[INFO] [stderr]    Compiling users v0.8.1
[INFO] [stderr]    Compiling unicode_names2 v0.2.2
[INFO] [stderr]    Compiling strsim v0.8.0
[INFO] [stderr]    Compiling vec_map v0.8.2
[INFO] [stderr]    Compiling bitflags v1.3.2
[INFO] [stderr]    Compiling wtf8 v0.0.3
[INFO] [stderr]    Compiling linked-hash-map v0.5.6
[INFO] [stderr]    Compiling same-file v1.0.6
[INFO] [stderr]    Compiling termcolor v1.4.1
[INFO] [stderr]    Compiling ansi_term v0.12.1
[INFO] [stderr]    Compiling yaml-rust v0.3.5
[INFO] [stderr]    Compiling walkdir v2.5.0
[INFO] [stderr]    Compiling env_logger v0.5.13
[INFO] [stderr]    Compiling python-parser v0.1.0
[INFO] [stderr]    Compiling clap v2.34.0
[INFO] [stderr]    Compiling yaml-rust v0.4.5
[INFO] [stderr]    Compiling snapshot-proc-macro v0.1.0
[INFO] [stderr]    Compiling backtrace v0.3.74
[INFO] [stderr]    Compiling run_script v0.1.22
[INFO] [stderr]    Compiling slog-envlogger v2.2.0
[INFO] [stderr]    Compiling clang v0.20.0
[INFO] [stderr]    Compiling failure v0.1.8
[INFO] [stderr]    Compiling snapshot v0.1.0
[INFO] [stderr]    Compiling thinline v0.3.1 (/opt/rustwide/workdir)
[INFO] [stdout] warning: use of deprecated method `failure::core::str::<impl str>::trim_left`: superseded by `trim_start`
[INFO] [stdout]   --> src/analysis.rs:32:26
[INFO] [stdout]    |
[INFO] [stdout] 32 |                     desc.trim_left()
[INFO] [stdout]    |                          ^^^^^^^^^
[INFO] [stdout]    |
[INFO] [stdout]    = note: `#[warn(deprecated)]` on by default
[INFO] [stdout] help: replace the use of the deprecated method
[INFO] [stdout]    |
[INFO] [stdout] 32 |                     desc.trim_start()
[INFO] [stdout]    |                          ~~~~~~~~~~
[INFO] [stdout] 
[INFO] [stdout] 
[INFO] [stdout] warning: use of deprecated method `failure::core::str::<impl str>::trim_left_matches`: superseded by `trim_start_matches`
[INFO] [stdout]   --> src/analysis.rs:33:26
[INFO] [stdout]    |
[INFO] [stdout] 33 |                         .trim_left_matches('*')
[INFO] [stdout]    |                          ^^^^^^^^^^^^^^^^^
[INFO] [stdout]    |
[INFO] [stdout] help: replace the use of the deprecated method
[INFO] [stdout]    |
[INFO] [stdout] 33 |                         .trim_start_matches('*')
[INFO] [stdout]    |                          ~~~~~~~~~~~~~~~~~~
[INFO] [stdout] 
[INFO] [stdout] 
[INFO] [stdout] warning: use of deprecated method `failure::core::str::<impl str>::trim_left_matches`: superseded by `trim_start_matches`
[INFO] [stdout]   --> src/analysis.rs:34:26
[INFO] [stdout]    |
[INFO] [stdout] 34 |                         .trim_left_matches('/')
[INFO] [stdout]    |                          ^^^^^^^^^^^^^^^^^
[INFO] [stdout]    |
[INFO] [stdout] help: replace the use of the deprecated method
[INFO] [stdout]    |
[INFO] [stdout] 34 |                         .trim_start_matches('/')
[INFO] [stdout]    |                          ~~~~~~~~~~~~~~~~~~
[INFO] [stdout] 
[INFO] [stdout] 
[INFO] [stdout] warning: use of deprecated method `failure::core::str::<impl str>::trim_left`: superseded by `trim_start`
[INFO] [stdout]   --> src/analysis.rs:35:26
[INFO] [stdout]    |
[INFO] [stdout] 35 |                         .trim_left(),
[INFO] [stdout]    |                          ^^^^^^^^^
[INFO] [stdout]    |
[INFO] [stdout] help: replace the use of the deprecated method
[INFO] [stdout]    |
[INFO] [stdout] 35 |                         .trim_start(),
[INFO] [stdout]    |                          ~~~~~~~~~~
[INFO] [stdout] 
[INFO] [stdout] 
[INFO] [stdout] warning: use of deprecated method `failure::core::str::<impl str>::trim_right`: superseded by `trim_end`
[INFO] [stdout]    --> src/analysis.rs:160:22
[INFO] [stdout]     |
[INFO] [stdout] 160 |                     .trim_right(),
[INFO] [stdout]     |                      ^^^^^^^^^^
[INFO] [stdout]     |
[INFO] [stdout] help: replace the use of the deprecated method
[INFO] [stdout]     |
[INFO] [stdout] 160 |                     .trim_end(),
[INFO] [stdout]     |                      ~~~~~~~~
[INFO] [stdout] 
[INFO] [stdout] 
[INFO] [stdout] warning: static `STUB_ID_SET_UP_CONTEXT` is never used
[INFO] [stdout]  --> src/synthesis.rs:7:8
[INFO] [stdout]   |
[INFO] [stdout] 7 | static STUB_ID_SET_UP_CONTEXT: &str = "#SET_UP";
[INFO] [stdout]   |        ^^^^^^^^^^^^^^^^^^^^^^
[INFO] [stdout]   |
[INFO] [stdout]   = note: `#[warn(dead_code)]` on by default
[INFO] [stdout] 
[INFO] [stdout] 
[INFO] [stdout] warning: static `STUB_ID_TEAR_DOWN_CONTEXT` is never used
[INFO] [stdout]  --> src/synthesis.rs:8:8
[INFO] [stdout]   |
[INFO] [stdout] 8 | static STUB_ID_TEAR_DOWN_CONTEXT: &str = "#TEAR_DOWN";
[INFO] [stdout]   |        ^^^^^^^^^^^^^^^^^^^^^^^^^
[INFO] [stdout] 
[INFO] [stdout] 
[INFO] [stdout] warning: static `STUB_ID_CONSTRUCTOR_CONTEXT` is never used
[INFO] [stdout]  --> src/synthesis.rs:9:8
[INFO] [stdout]   |
[INFO] [stdout] 9 | static STUB_ID_CONSTRUCTOR_CONTEXT: &str = "#CONSTRUCTOR";
[INFO] [stdout]   |        ^^^^^^^^^^^^^^^^^^^^^^^^^^^
[INFO] [stdout] 
[INFO] [stdout] 
[INFO] [stdout] warning: static `STUB_ID_DESTRUCTOR_CONTEXT` is never used
[INFO] [stdout]   --> src/synthesis.rs:10:8
[INFO] [stdout]    |
[INFO] [stdout] 10 | static STUB_ID_DESTRUCTOR_CONTEXT: &str = "#DESTRUCTOR";
[INFO] [stdout]    |        ^^^^^^^^^^^^^^^^^^^^^^^^^^
[INFO] [stdout] 
[INFO] [stdout] 
[INFO] [stdout] warning: static `STUB_ID_CLASS_CONTEXT` is never used
[INFO] [stdout]   --> src/synthesis.rs:11:8
[INFO] [stdout]    |
[INFO] [stdout] 11 | static STUB_ID_CLASS_CONTEXT: &str = "#CLASS_CONTEXT";
[INFO] [stdout]    |        ^^^^^^^^^^^^^^^^^^^^^
[INFO] [stdout] 
[INFO] [stdout] 
[INFO] [stderr]     Finished `dev` profile [unoptimized + debuginfo] target(s) in 12.56s
[INFO] [stderr] warning: the following packages contain code that will be rejected by a future version of Rust: nom v4.2.3, syn v0.14.9
[INFO] [stderr] note: to see what the problems were, use the option `--future-incompat-report`, or run `cargo report future-incompatibilities --id 1`
[INFO] running `Command { std: "docker" "inspect" "2fae3201314a98f8ee0bf1e2eb42988a49380b42892befe704cd8d6ef91bc12c", kill_on_drop: false }`
[INFO] running `Command { std: "docker" "rm" "-f" "2fae3201314a98f8ee0bf1e2eb42988a49380b42892befe704cd8d6ef91bc12c", kill_on_drop: false }`
[INFO] [stdout] 2fae3201314a98f8ee0bf1e2eb42988a49380b42892befe704cd8d6ef91bc12c
[INFO] running `Command { std: "docker" "create" "-v" "/var/lib/crater-agent-workspace/builds/worker-4-tc1/target:/opt/rustwide/target:rw,Z" "-v" "/var/lib/crater-agent-workspace/builds/worker-4-tc1/source:/opt/rustwide/workdir:ro,Z" "-v" "/var/lib/crater-agent-workspace/cargo-home:/opt/rustwide/cargo-home:ro,Z" "-v" "/var/lib/crater-agent-workspace/rustup-home:/opt/rustwide/rustup-home:ro,Z" "-e" "SOURCE_DIR=/opt/rustwide/workdir" "-e" "CARGO_TARGET_DIR=/opt/rustwide/target" "-e" "CARGO_INCREMENTAL=0" "-e" "RUST_BACKTRACE=full" "-e" "RUSTFLAGS=--cap-lints=forbid" "-e" "RUSTDOCFLAGS=--cap-lints=forbid" "-e" "CARGO_HOME=/opt/rustwide/cargo-home" "-e" "RUSTUP_HOME=/opt/rustwide/rustup-home" "-w" "/opt/rustwide/workdir" "-m" "1610612736" "--user" "0:0" "--network" "none" "ghcr.io/rust-lang/crates-build-env/linux@sha256:4a844ea9eb2546a2d2c7022eacef16ef2e8229c7fbb2c7d4d55a9ceca922f72d" "/opt/rustwide/cargo-home/bin/cargo" "+nightly-2024-10-28" "test" "--frozen" "--no-run" "--message-format=json", kill_on_drop: false }`
[INFO] [stdout] ed38cab11881d1ed1618b3838d905d3f74873b3afa1fbf1e6002760de62d36ba
[INFO] running `Command { std: "docker" "start" "-a" "ed38cab11881d1ed1618b3838d905d3f74873b3afa1fbf1e6002760de62d36ba", kill_on_drop: false }`
[INFO] [stderr] warning: no edition set: defaulting to the 2015 edition while the latest is 2021
[INFO] [stdout] warning: use of deprecated method `failure::core::str::<impl str>::trim_left`: superseded by `trim_start`
[INFO] [stdout]   --> src/analysis.rs:32:26
[INFO] [stdout]    |
[INFO] [stdout] 32 |                     desc.trim_left()
[INFO] [stdout]    |                          ^^^^^^^^^
[INFO] [stdout]    |
[INFO] [stdout]    = note: `#[warn(deprecated)]` on by default
[INFO] [stdout] help: replace the use of the deprecated method
[INFO] [stdout]    |
[INFO] [stdout] 32 |                     desc.trim_start()
[INFO] [stdout]    |                          ~~~~~~~~~~
[INFO] [stdout] 
[INFO] [stdout] 
[INFO] [stdout] warning: use of deprecated method `failure::core::str::<impl str>::trim_left_matches`: superseded by `trim_start_matches`
[INFO] [stdout]   --> src/analysis.rs:33:26
[INFO] [stdout]    |
[INFO] [stdout] 33 |                         .trim_left_matches('*')
[INFO] [stdout]    |                          ^^^^^^^^^^^^^^^^^
[INFO] [stdout]    |
[INFO] [stdout] help: replace the use of the deprecated method
[INFO] [stdout]    |
[INFO] [stdout] 33 |                         .trim_start_matches('*')
[INFO] [stdout]    |                          ~~~~~~~~~~~~~~~~~~
[INFO] [stdout] 
[INFO] [stdout] 
[INFO] [stdout] warning: use of deprecated method `failure::core::str::<impl str>::trim_left_matches`: superseded by `trim_start_matches`
[INFO] [stdout]   --> src/analysis.rs:34:26
[INFO] [stdout]    |
[INFO] [stdout] 34 |                         .trim_left_matches('/')
[INFO] [stdout]    |                          ^^^^^^^^^^^^^^^^^
[INFO] [stdout]    |
[INFO] [stdout] help: replace the use of the deprecated method
[INFO] [stdout]    |
[INFO] [stdout] 34 |                         .trim_start_matches('/')
[INFO] [stdout]    |                          ~~~~~~~~~~~~~~~~~~
[INFO] [stdout] 
[INFO] [stdout] 
[INFO] [stdout] warning: use of deprecated method `failure::core::str::<impl str>::trim_left`: superseded by `trim_start`
[INFO] [stdout]   --> src/analysis.rs:35:26
[INFO] [stdout]    |
[INFO] [stdout] 35 |                         .trim_left(),
[INFO] [stdout]    |                          ^^^^^^^^^
[INFO] [stdout]    |
[INFO] [stdout] help: replace the use of the deprecated method
[INFO] [stdout]    |
[INFO] [stdout] 35 |                         .trim_start(),
[INFO] [stdout]    |                          ~~~~~~~~~~
[INFO] [stdout] 
[INFO] [stdout] 
[INFO] [stderr]    Compiling thinline v0.3.1 (/opt/rustwide/workdir)
[INFO] [stdout] warning: use of deprecated method `failure::core::str::<impl str>::trim_right`: superseded by `trim_end`
[INFO] [stdout]    --> src/analysis.rs:160:22
[INFO] [stdout]     |
[INFO] [stdout] 160 |                     .trim_right(),
[INFO] [stdout]     |                      ^^^^^^^^^^
[INFO] [stdout]     |
[INFO] [stdout] help: replace the use of the deprecated method
[INFO] [stdout]     |
[INFO] [stdout] 160 |                     .trim_end(),
[INFO] [stdout]     |                      ~~~~~~~~
[INFO] [stdout] 
[INFO] [stdout] 
[INFO] [stdout] warning: static `STUB_ID_SET_UP_CONTEXT` is never used
[INFO] [stdout]  --> src/synthesis.rs:7:8
[INFO] [stdout]   |
[INFO] [stdout] 7 | static STUB_ID_SET_UP_CONTEXT: &str = "#SET_UP";
[INFO] [stdout]   |        ^^^^^^^^^^^^^^^^^^^^^^
[INFO] [stdout]   |
[INFO] [stdout]   = note: `#[warn(dead_code)]` on by default
[INFO] [stdout] 
[INFO] [stdout] 
[INFO] [stdout] warning: static `STUB_ID_TEAR_DOWN_CONTEXT` is never used
[INFO] [stdout]  --> src/synthesis.rs:8:8
[INFO] [stdout]   |
[INFO] [stdout] 8 | static STUB_ID_TEAR_DOWN_CONTEXT: &str = "#TEAR_DOWN";
[INFO] [stdout]   |        ^^^^^^^^^^^^^^^^^^^^^^^^^
[INFO] [stdout] 
[INFO] [stdout] 
[INFO] [stdout] warning: static `STUB_ID_CONSTRUCTOR_CONTEXT` is never used
[INFO] [stdout]  --> src/synthesis.rs:9:8
[INFO] [stdout]   |
[INFO] [stdout] 9 | static STUB_ID_CONSTRUCTOR_CONTEXT: &str = "#CONSTRUCTOR";
[INFO] [stdout]   |        ^^^^^^^^^^^^^^^^^^^^^^^^^^^
[INFO] [stdout] 
[INFO] [stdout] 
[INFO] [stdout] warning: static `STUB_ID_DESTRUCTOR_CONTEXT` is never used
[INFO] [stdout]   --> src/synthesis.rs:10:8
[INFO] [stdout]    |
[INFO] [stdout] 10 | static STUB_ID_DESTRUCTOR_CONTEXT: &str = "#DESTRUCTOR";
[INFO] [stdout]    |        ^^^^^^^^^^^^^^^^^^^^^^^^^^
[INFO] [stdout] 
[INFO] [stdout] 
[INFO] [stdout] warning: static `STUB_ID_CLASS_CONTEXT` is never used
[INFO] [stdout]   --> src/synthesis.rs:11:8
[INFO] [stdout]    |
[INFO] [stdout] 11 | static STUB_ID_CLASS_CONTEXT: &str = "#CLASS_CONTEXT";
[INFO] [stdout]    |        ^^^^^^^^^^^^^^^^^^^^^
[INFO] [stdout] 
[INFO] [stdout] 
[INFO] [stdout] warning: use of deprecated method `failure::core::str::<impl str>::trim_left`: superseded by `trim_start`
[INFO] [stdout]   --> src/analysis.rs:32:26
[INFO] [stdout]    |
[INFO] [stdout] 32 |                     desc.trim_left()
[INFO] [stdout]    |                          ^^^^^^^^^
[INFO] [stdout]    |
[INFO] [stdout]    = note: `#[warn(deprecated)]` on by default
[INFO] [stdout] help: replace the use of the deprecated method
[INFO] [stdout]    |
[INFO] [stdout] 32 |                     desc.trim_start()
[INFO] [stdout]    |                          ~~~~~~~~~~
[INFO] [stdout] 
[INFO] [stdout] 
[INFO] [stdout] warning: use of deprecated method `failure::core::str::<impl str>::trim_left_matches`: superseded by `trim_start_matches`
[INFO] [stdout]   --> src/analysis.rs:33:26
[INFO] [stdout]    |
[INFO] [stdout] 33 |                         .trim_left_matches('*')
[INFO] [stdout]    |                          ^^^^^^^^^^^^^^^^^
[INFO] [stdout]    |
[INFO] [stdout] help: replace the use of the deprecated method
[INFO] [stdout]    |
[INFO] [stdout] 33 |                         .trim_start_matches('*')
[INFO] [stdout]    |                          ~~~~~~~~~~~~~~~~~~
[INFO] [stdout] 
[INFO] [stdout] 
[INFO] [stdout] warning: use of deprecated method `failure::core::str::<impl str>::trim_left_matches`: superseded by `trim_start_matches`
[INFO] [stdout]   --> src/analysis.rs:34:26
[INFO] [stdout]    |
[INFO] [stdout] 34 |                         .trim_left_matches('/')
[INFO] [stdout]    |                          ^^^^^^^^^^^^^^^^^
[INFO] [stdout]    |
[INFO] [stdout] help: replace the use of the deprecated method
[INFO] [stdout]    |
[INFO] [stdout] 34 |                         .trim_start_matches('/')
[INFO] [stdout]    |                          ~~~~~~~~~~~~~~~~~~
[INFO] [stdout] 
[INFO] [stdout] 
[INFO] [stdout] warning: use of deprecated method `failure::core::str::<impl str>::trim_left`: superseded by `trim_start`
[INFO] [stdout]   --> src/analysis.rs:35:26
[INFO] [stdout]    |
[INFO] [stdout] 35 |                         .trim_left(),
[INFO] [stdout]    |                          ^^^^^^^^^
[INFO] [stdout]    |
[INFO] [stdout] help: replace the use of the deprecated method
[INFO] [stdout]    |
[INFO] [stdout] 35 |                         .trim_start(),
[INFO] [stdout]    |                          ~~~~~~~~~~
[INFO] [stdout] 
[INFO] [stdout] 
[INFO] [stdout] warning: use of deprecated method `failure::core::str::<impl str>::trim_right`: superseded by `trim_end`
[INFO] [stdout]    --> src/analysis.rs:160:22
[INFO] [stdout]     |
[INFO] [stdout] 160 |                     .trim_right(),
[INFO] [stdout]     |                      ^^^^^^^^^^
[INFO] [stdout]     |
[INFO] [stdout] help: replace the use of the deprecated method
[INFO] [stdout]     |
[INFO] [stdout] 160 |                     .trim_end(),
[INFO] [stdout]     |                      ~~~~~~~~
[INFO] [stdout] 
[INFO] [stdout] 
[INFO] [stdout] warning: static `STUB_ID_SET_UP_CONTEXT` is never used
[INFO] [stdout]  --> src/synthesis.rs:7:8
[INFO] [stdout]   |
[INFO] [stdout] 7 | static STUB_ID_SET_UP_CONTEXT: &str = "#SET_UP";
[INFO] [stdout]   |        ^^^^^^^^^^^^^^^^^^^^^^
[INFO] [stdout]   |
[INFO] [stdout]   = note: `#[warn(dead_code)]` on by default
[INFO] [stdout] 
[INFO] [stdout] 
[INFO] [stdout] warning: static `STUB_ID_TEAR_DOWN_CONTEXT` is never used
[INFO] [stdout]  --> src/synthesis.rs:8:8
[INFO] [stdout]   |
[INFO] [stdout] 8 | static STUB_ID_TEAR_DOWN_CONTEXT: &str = "#TEAR_DOWN";
[INFO] [stdout]   |        ^^^^^^^^^^^^^^^^^^^^^^^^^
[INFO] [stdout] 
[INFO] [stdout] 
[INFO] [stdout] warning: static `STUB_ID_CONSTRUCTOR_CONTEXT` is never used
[INFO] [stdout]  --> src/synthesis.rs:9:8
[INFO] [stdout]   |
[INFO] [stdout] 9 | static STUB_ID_CONSTRUCTOR_CONTEXT: &str = "#CONSTRUCTOR";
[INFO] [stdout]   |        ^^^^^^^^^^^^^^^^^^^^^^^^^^^
[INFO] [stdout] 
[INFO] [stdout] 
[INFO] [stdout] warning: static `STUB_ID_DESTRUCTOR_CONTEXT` is never used
[INFO] [stdout]   --> src/synthesis.rs:10:8
[INFO] [stdout]    |
[INFO] [stdout] 10 | static STUB_ID_DESTRUCTOR_CONTEXT: &str = "#DESTRUCTOR";
[INFO] [stdout]    |        ^^^^^^^^^^^^^^^^^^^^^^^^^^
[INFO] [stdout] 
[INFO] [stdout] 
[INFO] [stdout] warning: static `STUB_ID_CLASS_CONTEXT` is never used
[INFO] [stdout]   --> src/synthesis.rs:11:8
[INFO] [stdout]    |
[INFO] [stdout] 11 | static STUB_ID_CLASS_CONTEXT: &str = "#CLASS_CONTEXT";
[INFO] [stdout]    |        ^^^^^^^^^^^^^^^^^^^^^
[INFO] [stdout] 
[INFO] [stdout] 
[INFO] [stderr]     Finished `test` profile [unoptimized + debuginfo] target(s) in 1.14s
[INFO] [stderr] warning: the following packages contain code that will be rejected by a future version of Rust: nom v4.2.3, syn v0.14.9
[INFO] [stderr] note: to see what the problems were, use the option `--future-incompat-report`, or run `cargo report future-incompatibilities --id 1`
[INFO] running `Command { std: "docker" "inspect" "ed38cab11881d1ed1618b3838d905d3f74873b3afa1fbf1e6002760de62d36ba", kill_on_drop: false }`
[INFO] running `Command { std: "docker" "rm" "-f" "ed38cab11881d1ed1618b3838d905d3f74873b3afa1fbf1e6002760de62d36ba", kill_on_drop: false }`
[INFO] [stdout] ed38cab11881d1ed1618b3838d905d3f74873b3afa1fbf1e6002760de62d36ba
[INFO] running `Command { std: "docker" "create" "-v" "/var/lib/crater-agent-workspace/builds/worker-4-tc1/target:/opt/rustwide/target:rw,Z" "-v" "/var/lib/crater-agent-workspace/builds/worker-4-tc1/source:/opt/rustwide/workdir:ro,Z" "-v" "/var/lib/crater-agent-workspace/cargo-home:/opt/rustwide/cargo-home:ro,Z" "-v" "/var/lib/crater-agent-workspace/rustup-home:/opt/rustwide/rustup-home:ro,Z" "-e" "SOURCE_DIR=/opt/rustwide/workdir" "-e" "CARGO_TARGET_DIR=/opt/rustwide/target" "-e" "CARGO_INCREMENTAL=0" "-e" "RUST_BACKTRACE=full" "-e" "RUSTFLAGS=--cap-lints=forbid" "-e" "RUSTDOCFLAGS=--cap-lints=forbid" "-e" "CARGO_HOME=/opt/rustwide/cargo-home" "-e" "RUSTUP_HOME=/opt/rustwide/rustup-home" "-w" "/opt/rustwide/workdir" "-m" "1610612736" "--user" "0:0" "--network" "none" "ghcr.io/rust-lang/crates-build-env/linux@sha256:4a844ea9eb2546a2d2c7022eacef16ef2e8229c7fbb2c7d4d55a9ceca922f72d" "/opt/rustwide/cargo-home/bin/cargo" "+nightly-2024-10-28" "test" "--frozen", kill_on_drop: false }`
[INFO] [stdout] 98ec3dffd1f32f5b962bdb3a3ab3ec891ce2e501f661788a88085396843a8023
[INFO] running `Command { std: "docker" "start" "-a" "98ec3dffd1f32f5b962bdb3a3ab3ec891ce2e501f661788a88085396843a8023", kill_on_drop: false }`
[INFO] [stderr] warning: no edition set: defaulting to the 2015 edition while the latest is 2021
[INFO] [stderr] warning: use of deprecated method `failure::core::str::<impl str>::trim_left`: superseded by `trim_start`
[INFO] [stderr]   --> src/analysis.rs:32:26
[INFO] [stderr]    |
[INFO] [stderr] 32 |                     desc.trim_left()
[INFO] [stderr]    |                          ^^^^^^^^^
[INFO] [stderr]    |
[INFO] [stderr]    = note: `#[warn(deprecated)]` on by default
[INFO] [stderr] help: replace the use of the deprecated method
[INFO] [stderr]    |
[INFO] [stderr] 32 |                     desc.trim_start()
[INFO] [stderr]    |                          ~~~~~~~~~~
[INFO] [stderr] 
[INFO] [stderr] warning: use of deprecated method `failure::core::str::<impl str>::trim_left_matches`: superseded by `trim_start_matches`
[INFO] [stderr]   --> src/analysis.rs:33:26
[INFO] [stderr]    |
[INFO] [stderr] 33 |                         .trim_left_matches('*')
[INFO] [stderr]    |                          ^^^^^^^^^^^^^^^^^
[INFO] [stderr]    |
[INFO] [stderr] help: replace the use of the deprecated method
[INFO] [stderr]    |
[INFO] [stderr] 33 |                         .trim_start_matches('*')
[INFO] [stderr]    |                          ~~~~~~~~~~~~~~~~~~
[INFO] [stderr] 
[INFO] [stderr] warning: use of deprecated method `failure::core::str::<impl str>::trim_left_matches`: superseded by `trim_start_matches`
[INFO] [stderr]   --> src/analysis.rs:34:26
[INFO] [stderr]    |
[INFO] [stderr] 34 |                         .trim_left_matches('/')
[INFO] [stderr]    |                          ^^^^^^^^^^^^^^^^^
[INFO] [stderr]    |
[INFO] [stderr] help: replace the use of the deprecated method
[INFO] [stderr]    |
[INFO] [stderr] 34 |                         .trim_start_matches('/')
[INFO] [stderr]    |                          ~~~~~~~~~~~~~~~~~~
[INFO] [stderr] 
[INFO] [stderr] warning: use of deprecated method `failure::core::str::<impl str>::trim_left`: superseded by `trim_start`
[INFO] [stderr]   --> src/analysis.rs:35:26
[INFO] [stderr]    |
[INFO] [stderr] 35 |                         .trim_left(),
[INFO] [stderr]    |                          ^^^^^^^^^
[INFO] [stderr]    |
[INFO] [stderr] help: replace the use of the deprecated method
[INFO] [stderr]    |
[INFO] [stderr] 35 |                         .trim_start(),
[INFO] [stderr]    |                          ~~~~~~~~~~
[INFO] [stderr] 
[INFO] [stderr] warning: use of deprecated method `failure::core::str::<impl str>::trim_right`: superseded by `trim_end`
[INFO] [stderr]    --> src/analysis.rs:160:22
[INFO] [stderr]     |
[INFO] [stderr] 160 |                     .trim_right(),
[INFO] [stderr]     |                      ^^^^^^^^^^
[INFO] [stderr]     |
[INFO] [stderr] help: replace the use of the deprecated method
[INFO] [stderr]     |
[INFO] [stderr] 160 |                     .trim_end(),
[INFO] [stderr]     |                      ~~~~~~~~
[INFO] [stderr] 
[INFO] [stderr] warning: static `STUB_ID_SET_UP_CONTEXT` is never used
[INFO] [stderr]  --> src/synthesis.rs:7:8
[INFO] [stderr]   |
[INFO] [stderr] 7 | static STUB_ID_SET_UP_CONTEXT: &str = "#SET_UP";
[INFO] [stderr]   |        ^^^^^^^^^^^^^^^^^^^^^^
[INFO] [stderr]   |
[INFO] [stderr]   = note: `#[warn(dead_code)]` on by default
[INFO] [stderr] 
[INFO] [stderr] warning: static `STUB_ID_TEAR_DOWN_CONTEXT` is never used
[INFO] [stderr]  --> src/synthesis.rs:8:8
[INFO] [stderr]   |
[INFO] [stderr] 8 | static STUB_ID_TEAR_DOWN_CONTEXT: &str = "#TEAR_DOWN";
[INFO] [stderr]   |        ^^^^^^^^^^^^^^^^^^^^^^^^^
[INFO] [stderr] 
[INFO] [stderr] warning: static `STUB_ID_CONSTRUCTOR_CONTEXT` is never used
[INFO] [stderr]  --> src/synthesis.rs:9:8
[INFO] [stderr]   |
[INFO] [stderr] 9 | static STUB_ID_CONSTRUCTOR_CONTEXT: &str = "#CONSTRUCTOR";
[INFO] [stderr]   |        ^^^^^^^^^^^^^^^^^^^^^^^^^^^
[INFO] [stderr] 
[INFO] [stderr] warning: static `STUB_ID_DESTRUCTOR_CONTEXT` is never used
[INFO] [stderr]   --> src/synthesis.rs:10:8
[INFO] [stderr]    |
[INFO] [stderr] 10 | static STUB_ID_DESTRUCTOR_CONTEXT: &str = "#DESTRUCTOR";
[INFO] [stderr]    |        ^^^^^^^^^^^^^^^^^^^^^^^^^^
[INFO] [stderr] 
[INFO] [stderr] warning: static `STUB_ID_CLASS_CONTEXT` is never used
[INFO] [stderr]   --> src/synthesis.rs:11:8
[INFO] [stderr]    |
[INFO] [stderr] 11 | static STUB_ID_CLASS_CONTEXT: &str = "#CLASS_CONTEXT";
[INFO] [stderr]    |        ^^^^^^^^^^^^^^^^^^^^^
[INFO] [stderr] 
[INFO] [stderr] warning: `thinline` (lib) generated 10 warnings (run `cargo fix --lib -p thinline` to apply 5 suggestions)
[INFO] [stderr] warning: `thinline` (lib test) generated 10 warnings (10 duplicates)
[INFO] [stderr]     Finished `test` profile [unoptimized + debuginfo] target(s) in 0.10s
[INFO] [stderr] warning: the following packages contain code that will be rejected by a future version of Rust: nom v4.2.3, syn v0.14.9
[INFO] [stderr] note: to see what the problems were, use the option `--future-incompat-report`, or run `cargo report future-incompatibilities --id 1`
[INFO] [stderr]      Running unittests src/lib.rs (/opt/rustwide/target/debug/deps/thinlinelib-80599b10daf668ba)
[INFO] [stdout] 
[INFO] [stdout] running 11 tests
[INFO] [stdout] test config_parser::value_parser::parse_yaml_config_bool_failed ... ok
[INFO] [stdout] test config_parser::value_parser::parse_yaml_config_bool_succeed ... ok
[INFO] [stdout] test config_parser::value_parser::parse_yaml_config_str_failed ... ok
[INFO] [stdout] test config_parser::value_parser::parse_yaml_config_str_succeed ... ok
[INFO] [stdout] test language_type::c::file_types ... ok
[INFO] [stderr]      Running unittests src/main.rs (/opt/rustwide/target/debug/deps/thinline-750dba41be4a2dd8)
[INFO] [stdout] test language_type::cpp::file_types ... ok
[INFO] [stdout] test language_type::cpp::new ... ok
[INFO] [stdout] test language_type::c::new ... ok
[INFO] [stdout] test language_type::python::file_types ... ok
[INFO] [stdout] test config_parser::value_parser::parse_yaml_config_str_vec_failed ... ok
[INFO] [stdout] test language_type::python::new ... ok
[INFO] [stdout] 
[INFO] [stdout] test result: ok. 11 passed; 0 failed; 0 ignored; 0 measured; 0 filtered out; finished in 0.00s
[INFO] [stdout] 
[INFO] [stdout] 
[INFO] [stdout] running 0 tests
[INFO] [stdout] 
[INFO] [stdout] test result: ok. 0 passed; 0 failed; 0 ignored; 0 measured; 0 filtered out; finished in 0.00s
[INFO] [stdout] 
[INFO] [stderr]      Running tests/analysis.rs (/opt/rustwide/target/debug/deps/analysis-2376b284cb7efd79)
[INFO] [stdout] 
[INFO] [stdout] running 21 tests
[INFO] [stdout] test analysis::argument::new ... ok
[INFO] [stdout] test analysis::argument::set_value ... ok
[INFO] [stdout] test analysis::c::test_collect_sources::should_fail::when_path_is_no_directory ... ok
[INFO] [stdout] test analysis::c::test_collect_sources::should_fail::when_directory_not_existing ... ok
[INFO] [stdout] test analysis::cpp::test_collect_sources::should_fail::when_directory_not_existing ... ok
[INFO] [stdout] test analysis::c::test_collect_sources::should_succeed::when_directory_is_valid ... ok
[INFO] [stdout] test analysis::cpp::test_collect_sources::should_succeed::when_directory_is_valid ... ok
[INFO] [stdout] test analysis::cpp::test_collect_sources::should_fail::when_path_is_no_directory ... ok
[INFO] [stdout] test analysis::enumeration::new ... ok
[INFO] [stdout] test analysis::enumeration::push_argument ... ok
[INFO] [stdout] test analysis::enumeration::set_arguments ... ok
[INFO] [stdout] test analysis::function::new ... ok
[INFO] [stdout] test analysis::function::set_arguments ... ok
[INFO] [stdout] test analysis::function::set_return_type ... ok
[INFO] [stdout] test analysis::function::set_description ... ok
[INFO] [stdout] test analysis::python::collect_sources::should_fail::when_directory_not_existing ... ok
[INFO] [stdout] test analysis::python::collect_sources::should_fail::when_path_is_no_directory ... ok
[INFO] [stdout] test analysis::python::collect_sources::should_succeed::when_directory_is_valid ... ok
[INFO] [stdout] test analysis::python::extract_entities::extract_entities_linux_python ... ok
[INFO] [stdout] test analysis::cpp::test_collect_sources::extract_entities::extract_entities_linux_cpp ... ok
[INFO] [stdout] test analysis::c::test_collect_sources::extract_entities::extract_entities_linux_c ... FAILED
[INFO] [stdout] 
[INFO] [stdout] failures:
[INFO] [stdout] 
[INFO] [stdout] ---- analysis::c::test_collect_sources::extract_entities::extract_entities_linux_c stdout ----
[INFO] [stdout] thread 'analysis::c::test_collect_sources::extract_entities::extract_entities_linux_c' panicked at /opt/rustwide/cargo-home/registry/src/index.crates.io-6f17d22bba15001f/snapshot-0.1.0/src/lib.rs:96:17:
[INFO] [stdout] assertion failed: `(left == right)`: Test output doesn't match recorded snapshot!
[INFO] [stdout] 
[INFO] [stdout] left:  `[Function(Function { name: "test_int_no1", return_type: Some("int"), arguments: [Argument { name: "no1", atype: Some("int"), value: None }, Argument { name: "no2", atype: Some("int"), value: None }], description: Some(Description { description: ["#TESTCASE(Source1::CheckIfSumWorks)", "int test_no = 2;", "#EQ[TL_FCT(no1:test_no,no2:5)=>7]", "#EQ[TL_FCT(no1:5,no2:2)=>7]", "EXPECT_EQ(11, test_int_no1(9, 2));"] }) }), Function(Function { name: "test_ptr", return_type: Some("int"), arguments: [Argument { name: "no1", atype: Some("const int *const"), value: None }, Argument { name: "no2", atype: Some("const int *const"), value: None }], description: Some(Description { description: ["#TESTCASE(Source1::TestPtr)", "int test_no = 2;", "int test_no2 = 5;", "#EQ[TL_FCT(no1:&test_no,no2:&test_no2)=>7]"] }) }), Function(Function { name: "test_empty_fct", return_type: Some("int"), arguments: [], description: Some(Description { description: ["#TESTCASE(Source1::EmptyFct)", "#EQ[TL_FCT()=>7]", "#NE[TL_FCT()=>4]"] }) }), Function(Function { name: "main", return_type: Some("int"), arguments: [Argument { name: "argc", atype: Some("const int"), value: None }, Argument { name: "argv", atype: Some("char *const[]"), value: None }], description: Some(Description { description: ["This function has parameters, yeah"] }) })]`
[INFO] [stdout] right: `[Function(Function { name: "test_int_no1", return_type: Some("int"), arguments: [Argument { name: "no1", atype: Some("int"), value: None }, Argument { name: "no2", atype: Some("int"), value: None }], description: Some(Description { description: ["#TESTCASE(Source1::CheckIfSumWorks)", "int test_no = 2;", "#EQ[TL_FCT(no1:test_no,no2:5)=>7]", "#EQ[TL_FCT(no1:5,no2:2)=>7]", "EXPECT_EQ(11, test_int_no1(9, 2));"] }) }), Function(Function { name: "test_ptr", return_type: Some("int"), arguments: [Argument { name: "no1", atype: Some("const int *const"), value: None }, Argument { name: "no2", atype: Some("const int *const"), value: None }], description: Some(Description { description: ["#TESTCASE(Source1::TestPtr)", "int test_no = 2;", "int test_no2 = 5;", "#EQ[TL_FCT(no1:&test_no,no2:&test_no2)=>7]"] }) }), Function(Function { name: "test_empty_fct", return_type: Some("int"), arguments: [], description: Some(Description { description: ["#TESTCASE(Source1::EmptyFct)", "#EQ[TL_FCT()=>7]", "#NE[TL_FCT()=>4]"] }) }), Function(Function { name: "main", return_type: Some("int"), arguments: [Argument { name: "argc", atype: Some("const int"), value: None }, Argument { name: "argv", atype: Some("char *const []"), value: None }], description: Some(Description { description: ["This function has parameters, yeah"] }) })]`
[INFO] [stdout] diff:  `[Function(Function { name: "test_int_no1", return_type: Some("int"), arguments: [Argument { name: "no1", atype: Some("int"), value: None }, Argument { name: "no2", atype: Some("int"), value: None }], description: Some(Description { description: ["#TESTCASE(Source1::CheckIfSumWorks)", "int test_no = 2;", "#EQ[TL_FCT(no1:test_no,no2:5)=>7]", "#EQ[TL_FCT(no1:5,no2:2)=>7]", "EXPECT_EQ(11, test_int_no1(9, 2));"] }) }), Function(Function { name: "test_ptr", return_type: Some("int"), arguments: [Argument { name: "no1", atype: Some("const int *const"), value: None }, Argument { name: "no2", atype: Some("const int *const"), value: None }], description: Some(Description { description: ["#TESTCASE(Source1::TestPtr)", "int test_no = 2;", "int test_no2 = 5;", "#EQ[TL_FCT(no1:&test_no,no2:&test_no2)=>7]"] }) }), Function(Function { name: "test_empty_fct", return_type: Some("int"), arguments: [], description: Some(Description { description: ["#TESTCASE(Source1::EmptyFct)", "#EQ[TL_FCT()=>7]", "#NE[TL_FCT()=>4]"] }) }), Function(Function { name: "main", return_type: Some("int"), arguments: [Argument { name: "argc", atype: Some("const int"), value: None }, Argument { name: "argv", atype: Some("char [91m*const[]"),[0m [92m*const []"),[0m value: None }], description: Some(Description { description: ["This function has parameters, yeah"] }) })] `
[INFO] [stdout] 
[INFO] [stdout] 
[INFO] [stdout] stack backtrace:
[INFO] [stdout]    0:     0x608dd8bb18ca - std::backtrace_rs::backtrace::libunwind::trace::h207520d6e9873551
[INFO] [stdout]                                at /rustc/df4ca44d3fbc9301ee17f30f4d474e6ae4b05252/library/std/src/../../backtrace/src/backtrace/libunwind.rs:116:5
[INFO] [stdout]    1:     0x608dd8bb18ca - std::backtrace_rs::backtrace::trace_unsynchronized::h2ed7433f370e3eca
[INFO] [stdout]                                at /rustc/df4ca44d3fbc9301ee17f30f4d474e6ae4b05252/library/std/src/../../backtrace/src/backtrace/mod.rs:66:5
[INFO] [stdout]    2:     0x608dd8bb18ca - std::sys::backtrace::_print_fmt::h916fac51166b18d7
[INFO] [stdout]                                at /rustc/df4ca44d3fbc9301ee17f30f4d474e6ae4b05252/library/std/src/sys/backtrace.rs:66:9
[INFO] [stdout]    3:     0x608dd8bb18ca - <std::sys::backtrace::BacktraceLock::print::DisplayBacktrace as core::fmt::Display>::fmt::ha0a4c9b8ce3802e6
[INFO] [stdout]                                at /rustc/df4ca44d3fbc9301ee17f30f4d474e6ae4b05252/library/std/src/sys/backtrace.rs:39:26
[INFO] [stdout]    4:     0x608dd8bd9aa3 - core::fmt::rt::Argument::fmt::h4cfc8587d52b3eb5
[INFO] [stdout]                                at /rustc/df4ca44d3fbc9301ee17f30f4d474e6ae4b05252/library/core/src/fmt/rt.rs:177:76
[INFO] [stdout]    5:     0x608dd8bd9aa3 - core::fmt::write::h522cc39e5b36ae9f
[INFO] [stdout]                                at /rustc/df4ca44d3fbc9301ee17f30f4d474e6ae4b05252/library/core/src/fmt/mod.rs:1190:21
[INFO] [stdout]    6:     0x608dd8bae1a3 - std::io::Write::write_fmt::h7d3c26752da97734
[INFO] [stdout]                                at /rustc/df4ca44d3fbc9301ee17f30f4d474e6ae4b05252/library/std/src/io/mod.rs:1839:15
[INFO] [stdout]    7:     0x608dd8bb1712 - std::sys::backtrace::BacktraceLock::print::h4b9e00b29e9c0942
[INFO] [stdout]                                at /rustc/df4ca44d3fbc9301ee17f30f4d474e6ae4b05252/library/std/src/sys/backtrace.rs:42:9
[INFO] [stdout]    8:     0x608dd8bb2d5a - std::panicking::default_hook::{{closure}}::hb59b88280d0324d9
[INFO] [stdout]                                at /rustc/df4ca44d3fbc9301ee17f30f4d474e6ae4b05252/library/std/src/panicking.rs:268:22
[INFO] [stdout]    9:     0x608dd8bb2b64 - std::panicking::default_hook::he1dd496665be4a29
[INFO] [stdout]                                at /rustc/df4ca44d3fbc9301ee17f30f4d474e6ae4b05252/library/std/src/panicking.rs:292:9
[INFO] [stdout]   10:     0x608dd892c019 - <alloc::boxed::Box<F,A> as core::ops::function::Fn<Args>>::call::h4ff71de18744e1dc
[INFO] [stdout]                                at /rustc/df4ca44d3fbc9301ee17f30f4d474e6ae4b05252/library/alloc/src/boxed.rs:2468:9
[INFO] [stdout]   11:     0x608dd892c019 - test::test_main::{{closure}}::hcf7c055ce117aa81
[INFO] [stdout]                                at /rustc/df4ca44d3fbc9301ee17f30f4d474e6ae4b05252/library/test/src/lib.rs:133:21
[INFO] [stdout]   12:     0x608dd8bb3458 - <alloc::boxed::Box<F,A> as core::ops::function::Fn<Args>>::call::h1d66c6bbd60c9692
[INFO] [stdout]                                at /rustc/df4ca44d3fbc9301ee17f30f4d474e6ae4b05252/library/alloc/src/boxed.rs:2468:9
[INFO] [stdout]   13:     0x608dd8bb3458 - std::panicking::rust_panic_with_hook::h2ff17fe8f26dfcf8
[INFO] [stdout]                                at /rustc/df4ca44d3fbc9301ee17f30f4d474e6ae4b05252/library/std/src/panicking.rs:809:13
[INFO] [stdout]   14:     0x608dd8bb321a - std::panicking::begin_panic_handler::{{closure}}::h4fad77951c07e101
[INFO] [stdout]                                at /rustc/df4ca44d3fbc9301ee17f30f4d474e6ae4b05252/library/std/src/panicking.rs:674:13
[INFO] [stdout]   15:     0x608dd8bb1da9 - std::sys::backtrace::__rust_end_short_backtrace::hb1a25b3da5d0ea08
[INFO] [stdout]                                at /rustc/df4ca44d3fbc9301ee17f30f4d474e6ae4b05252/library/std/src/sys/backtrace.rs:170:18
[INFO] [stdout]   16:     0x608dd8bb2eac - rust_begin_unwind
[INFO] [stdout]                                at /rustc/df4ca44d3fbc9301ee17f30f4d474e6ae4b05252/library/std/src/panicking.rs:665:5
[INFO] [stdout]   17:     0x608dd8bd84a0 - core::panicking::panic_fmt::ha9db07b529f9b256
[INFO] [stdout]                                at /rustc/df4ca44d3fbc9301ee17f30f4d474e6ae4b05252/library/core/src/panicking.rs:75:14
[INFO] [stdout]   18:     0x608dd88c7b2f - snapshot::Snapshot<S>::check_snapshot::hf3b563d9f3ded0b5
[INFO] [stdout]                                at /opt/rustwide/cargo-home/registry/src/index.crates.io-6f17d22bba15001f/snapshot-0.1.0/src/lib.rs:96:17
[INFO] [stdout]   19:     0x608dd88cb90a - analysis::analysis::c::test_collect_sources::extract_entities::extract_entities_linux_c::h5e0eedfd2fd0e5ea
[INFO] [stdout]                                at /opt/rustwide/workdir/tests/analysis.rs:260:17
[INFO] [stdout]   20:     0x608dd88cb687 - analysis::analysis::c::test_collect_sources::extract_entities::extract_entities_linux_c::{{closure}}::h0fb8a42680f988ab
[INFO] [stdout]                                at /opt/rustwide/workdir/tests/analysis.rs:260:28
[INFO] [stdout]   21:     0x608dd88b6e86 - core::ops::function::FnOnce::call_once::hacc8ee66f1c368ac
[INFO] [stdout]                                at /rustc/df4ca44d3fbc9301ee17f30f4d474e6ae4b05252/library/core/src/ops/function.rs:250:5
[INFO] [stdout]   22:     0x608dd89308eb - core::ops::function::FnOnce::call_once::h22c3ba5715e93f05
[INFO] [stdout]                                at /rustc/df4ca44d3fbc9301ee17f30f4d474e6ae4b05252/library/core/src/ops/function.rs:250:5
[INFO] [stdout]   23:     0x608dd89308eb - test::__rust_begin_short_backtrace::h8e82d8113d0da17f
[INFO] [stdout]                                at /rustc/df4ca44d3fbc9301ee17f30f4d474e6ae4b05252/library/test/src/lib.rs:621:18
[INFO] [stdout]   24:     0x608dd8930267 - test::run_test_in_process::{{closure}}::h33235f4f20b7b7c7
[INFO] [stdout]                                at /rustc/df4ca44d3fbc9301ee17f30f4d474e6ae4b05252/library/test/src/lib.rs:644:60
[INFO] [stdout]   25:     0x608dd8930267 - <core::panic::unwind_safe::AssertUnwindSafe<F> as core::ops::function::FnOnce<()>>::call_once::hb5043206310c586f
[INFO] [stdout]                                at /rustc/df4ca44d3fbc9301ee17f30f4d474e6ae4b05252/library/core/src/panic/unwind_safe.rs:272:9
[INFO] [stdout]   26:     0x608dd8930267 - std::panicking::try::do_call::h9ad4731a60ab23e2
[INFO] [stdout]                                at /rustc/df4ca44d3fbc9301ee17f30f4d474e6ae4b05252/library/std/src/panicking.rs:557:40
[INFO] [stdout]   27:     0x608dd8930267 - std::panicking::try::h3824d23db772a716
[INFO] [stdout]                                at /rustc/df4ca44d3fbc9301ee17f30f4d474e6ae4b05252/library/std/src/panicking.rs:520:19
[INFO] [stdout]   28:     0x608dd8930267 - std::panic::catch_unwind::h5afd514605fde46b
[INFO] [stdout]                                at /rustc/df4ca44d3fbc9301ee17f30f4d474e6ae4b05252/library/std/src/panic.rs:358:14
[INFO] [stdout]   29:     0x608dd8930267 - test::run_test_in_process::h0d5cbfa7067d1720
[INFO] [stdout]                                at /rustc/df4ca44d3fbc9301ee17f30f4d474e6ae4b05252/library/test/src/lib.rs:644:27
[INFO] [stdout]   30:     0x608dd8930267 - test::run_test::{{closure}}::h708eb8872708115d
[INFO] [stdout]                                at /rustc/df4ca44d3fbc9301ee17f30f4d474e6ae4b05252/library/test/src/lib.rs:565:43
[INFO] [stdout]   31:     0x608dd88f3984 - test::run_test::{{closure}}::h392c51cee94713ab
[INFO] [stdout]                                at /rustc/df4ca44d3fbc9301ee17f30f4d474e6ae4b05252/library/test/src/lib.rs:595:41
[INFO] [stdout]   32:     0x608dd88f3984 - std::sys::backtrace::__rust_begin_short_backtrace::h2f40290710935a8b
[INFO] [stdout]                                at /rustc/df4ca44d3fbc9301ee17f30f4d474e6ae4b05252/library/std/src/sys/backtrace.rs:154:18
[INFO] [stdout]   33:     0x608dd88f712e - std::thread::Builder::spawn_unchecked_::{{closure}}::{{closure}}::h3fd968d89053a903
[INFO] [stdout]                                at /rustc/df4ca44d3fbc9301ee17f30f4d474e6ae4b05252/library/std/src/thread/mod.rs:541:17
[INFO] [stdout]   34:     0x608dd88f712e - <core::panic::unwind_safe::AssertUnwindSafe<F> as core::ops::function::FnOnce<()>>::call_once::h743f637ba4229880
[INFO] [stdout]                                at /rustc/df4ca44d3fbc9301ee17f30f4d474e6ae4b05252/library/core/src/panic/unwind_safe.rs:272:9
[INFO] [stdout]   35:     0x608dd88f712e - std::panicking::try::do_call::h07440897322525a6
[INFO] [stdout]                                at /rustc/df4ca44d3fbc9301ee17f30f4d474e6ae4b05252/library/std/src/panicking.rs:557:40
[INFO] [stdout]   36:     0x608dd88f712e - std::panicking::try::he5a2e00188156637
[INFO] [stdout]                                at /rustc/df4ca44d3fbc9301ee17f30f4d474e6ae4b05252/library/std/src/panicking.rs:520:19
[INFO] [stdout]   37:     0x608dd88f712e - std::panic::catch_unwind::hbaf3cae49b3c6433
[INFO] [stdout]                                at /rustc/df4ca44d3fbc9301ee17f30f4d474e6ae4b05252/library/std/src/panic.rs:358:14
[INFO] [stdout]   38:     0x608dd88f712e - std::thread::Builder::spawn_unchecked_::{{closure}}::h8e141ea224820bce
[INFO] [stdout]                                at /rustc/df4ca44d3fbc9301ee17f30f4d474e6ae4b05252/library/std/src/thread/mod.rs:540:30
[INFO] [stdout]   39:     0x608dd88f712e - core::ops::function::FnOnce::call_once{{vtable.shim}}::h90d312fedd7b8ea8
[INFO] [stdout]                                at /rustc/df4ca44d3fbc9301ee17f30f4d474e6ae4b05252/library/core/src/ops/function.rs:250:5
[INFO] [stdout]   40:     0x608dd8bb776b - <alloc::boxed::Box<F,A> as core::ops::function::FnOnce<Args>>::call_once::h69aa08ddb6adb8b6
[INFO] [stdout]                                at /rustc/df4ca44d3fbc9301ee17f30f4d474e6ae4b05252/library/alloc/src/boxed.rs:2454:9
[INFO] [stdout]   41:     0x608dd8bb776b - <alloc::boxed::Box<F,A> as core::ops::function::FnOnce<Args>>::call_once::h5aa36efdb79c806f
[INFO] [stdout]                                at /rustc/df4ca44d3fbc9301ee17f30f4d474e6ae4b05252/library/alloc/src/boxed.rs:2454:9
[INFO] [stdout]   42:     0x608dd8bb776b - std::sys::pal::unix::thread::Thread::new::thread_start::h6cd80a1b4be5158d
[INFO] [stdout]                                at /rustc/df4ca44d3fbc9301ee17f30f4d474e6ae4b05252/library/std/src/sys/pal/unix/thread.rs:105:17
[INFO] [stdout]   43:     0x79ac76e36ac3 - <unknown>
[INFO] [stdout]   44:     0x79ac76ec7a04 - clone
[INFO] [stdout]   45:                0x0 - <unknown>
[INFO] [stdout] 
[INFO] [stdout] 
[INFO] [stdout] failures:
[INFO] [stdout]     analysis::c::test_collect_sources::extract_entities::extract_entities_linux_c
[INFO] [stdout] 
[INFO] [stdout] test result: FAILED. 20 passed; 1 failed; 0 ignored; 0 measured; 0 filtered out; finished in 0.06s
[INFO] [stdout] 
[INFO] [stderr] error: test failed, to rerun pass `--test analysis`
[INFO] running `Command { std: "docker" "inspect" "98ec3dffd1f32f5b962bdb3a3ab3ec891ce2e501f661788a88085396843a8023", kill_on_drop: false }`
[INFO] running `Command { std: "docker" "rm" "-f" "98ec3dffd1f32f5b962bdb3a3ab3ec891ce2e501f661788a88085396843a8023", kill_on_drop: false }`
[INFO] [stdout] 98ec3dffd1f32f5b962bdb3a3ab3ec891ce2e501f661788a88085396843a8023
