[INFO] fetching crate thaw_utils 0.1.0-beta4...
[INFO] testing thaw_utils-0.1.0-beta4 against nightly-2024-10-28 for randomize-layout
[INFO] extracting crate thaw_utils 0.1.0-beta4 into /workspace/builds/worker-2-tc1/source
[INFO] validating manifest of crates.io crate thaw_utils 0.1.0-beta4 on toolchain nightly-2024-10-28
[INFO] running `Command { std: CARGO_HOME="/workspace/cargo-home" RUSTUP_HOME="/workspace/rustup-home" "/workspace/cargo-home/bin/cargo" "+nightly-2024-10-28" "metadata" "--manifest-path" "Cargo.toml" "--no-deps", kill_on_drop: false }`
[INFO] started tweaking crates.io crate thaw_utils 0.1.0-beta4
[INFO] finished tweaking crates.io crate thaw_utils 0.1.0-beta4
[INFO] tweaked toml for crates.io crate thaw_utils 0.1.0-beta4 written to /workspace/builds/worker-2-tc1/source/Cargo.toml
[INFO] running `Command { std: CARGO_HOME="/workspace/cargo-home" RUSTUP_HOME="/workspace/rustup-home" "/workspace/cargo-home/bin/cargo" "+nightly-2024-10-28" "generate-lockfile" "--manifest-path" "Cargo.toml", kill_on_drop: false }`
[INFO] [stderr]     Updating crates.io index
[INFO] [stderr]      Locking 179 packages to latest compatible versions
[INFO] [stderr]       Adding js-sys v0.3.70 (available: v0.3.72)
[INFO] [stderr]       Adding wasm-bindgen v0.2.93 (available: v0.2.95)
[INFO] [stderr]       Adding wasm-bindgen-backend v0.2.93 (available: v0.2.95)
[INFO] [stderr]       Adding wasm-bindgen-futures v0.4.43 (available: v0.4.45)
[INFO] [stderr]       Adding wasm-bindgen-macro v0.2.93 (available: v0.2.95)
[INFO] [stderr]       Adding wasm-bindgen-macro-support v0.2.93 (available: v0.2.95)
[INFO] [stderr]       Adding wasm-bindgen-shared v0.2.93 (available: v0.2.95)
[INFO] [stderr]       Adding wasm-streams v0.4.1 (available: v0.4.2)
[INFO] [stderr]       Adding web-sys v0.3.70 (available: v0.3.72)
[INFO] running `Command { std: CARGO_HOME="/workspace/cargo-home" RUSTUP_HOME="/workspace/rustup-home" "/workspace/cargo-home/bin/cargo" "+nightly-2024-10-28" "fetch" "--manifest-path" "Cargo.toml", kill_on_drop: false }`
[INFO] [stderr]  Downloading crates ...
[INFO] [stderr]   Downloaded or_poisoned v0.1.0
[INFO] [stderr]   Downloaded leptos v0.7.0-rc0
[INFO] [stderr]   Downloaded leptos_meta v0.7.0-rc0
[INFO] [stderr]   Downloaded typed-builder-macro v0.19.1
[INFO] [stderr]   Downloaded throw_error v0.2.0-rc0
[INFO] [stderr]   Downloaded typed-builder v0.19.1
[INFO] [stderr]   Downloaded reactive_stores v0.1.0-rc0
[INFO] [stderr]   Downloaded const_format_proc_macros v0.2.33
[INFO] [stderr]   Downloaded collection_literals v1.0.1
[INFO] [stderr]   Downloaded gloo-net v0.6.0
[INFO] [stderr]   Downloaded proc-macro-utils v0.10.0
[INFO] [stderr]   Downloaded manyhow-macros v0.10.4
[INFO] [stderr]   Downloaded hydration_context v0.2.0-rc0
[INFO] [stderr]   Downloaded reactive_stores_macro v0.1.0-rc0
[INFO] [stderr]   Downloaded leptos_dom v0.7.0-rc0
[INFO] [stderr]   Downloaded quote-use v0.8.4
[INFO] [stderr]   Downloaded gloo-utils v0.2.0
[INFO] [stderr]   Downloaded interpolator v0.5.0
[INFO] [stderr]   Downloaded leptos_config v0.7.0-rc0
[INFO] [stderr]   Downloaded leptos_macro v0.7.0-rc0
[INFO] [stderr]   Downloaded const_format v0.2.33
[INFO] [stderr]   Downloaded server_fn v0.7.0-rc0
[INFO] [stderr]   Downloaded leptos_hot_reload v0.7.0-rc0
[INFO] [stderr]   Downloaded serde_qs v0.13.0
[INFO] [stderr]   Downloaded wasm-streams v0.4.1
[INFO] [stderr]   Downloaded quote-use-macros v0.8.4
[INFO] [stderr]   Downloaded proc-macro-utils v0.8.0
[INFO] [stderr]   Downloaded attribute-derive v0.9.2
[INFO] [stderr]   Downloaded codee v0.2.0
[INFO] [stderr]   Downloaded guardian v1.2.0
[INFO] [stderr]   Downloaded server_fn_macro v0.7.0-rc0
[INFO] [stderr]   Downloaded drain_filter_polyfill v0.1.3
[INFO] [stderr]   Downloaded linear-map v1.2.0
[INFO] [stderr]   Downloaded reactive_graph v0.1.0-rc0
[INFO] [stderr]   Downloaded either_of v0.1.0
[INFO] [stderr]   Downloaded next_tuple v0.1.0-rc0
[INFO] [stderr]   Downloaded rstml v0.12.0
[INFO] [stderr]   Downloaded oco_ref v0.2.0
[INFO] [stderr]   Downloaded tachys v0.1.0-rc0
[INFO] [stderr]   Downloaded attribute-derive-macro v0.9.2
[INFO] [stderr]   Downloaded manyhow v0.10.4
[INFO] [stderr]   Downloaded leptos_server v0.7.0-rc0
[INFO] [stderr]   Downloaded any_spawner v0.1.1
[INFO] [stderr]   Downloaded server_fn_macro_default v0.7.0-rc0
[INFO] [stderr]   Downloaded const_str_slice_concat v0.1.0
[INFO] running `Command { std: "docker" "create" "-v" "/var/lib/crater-agent-workspace/builds/worker-2-tc1/target:/opt/rustwide/target:rw,Z" "-v" "/var/lib/crater-agent-workspace/builds/worker-2-tc1/source:/opt/rustwide/workdir:ro,Z" "-v" "/var/lib/crater-agent-workspace/cargo-home:/opt/rustwide/cargo-home:ro,Z" "-v" "/var/lib/crater-agent-workspace/rustup-home:/opt/rustwide/rustup-home:ro,Z" "-e" "SOURCE_DIR=/opt/rustwide/workdir" "-e" "CARGO_TARGET_DIR=/opt/rustwide/target" "-e" "CARGO_HOME=/opt/rustwide/cargo-home" "-e" "RUSTUP_HOME=/opt/rustwide/rustup-home" "-w" "/opt/rustwide/workdir" "-m" "1610612736" "--user" "0:0" "--network" "none" "ghcr.io/rust-lang/crates-build-env/linux@sha256:4a844ea9eb2546a2d2c7022eacef16ef2e8229c7fbb2c7d4d55a9ceca922f72d" "/opt/rustwide/cargo-home/bin/cargo" "+nightly-2024-10-28" "metadata" "--no-deps" "--format-version=1", kill_on_drop: false }`
[INFO] [stdout] 895495487d6b8b2145da0ea9a48817d78f3f58f55da6e3c9a056d10c8e28d559
[INFO] running `Command { std: "docker" "start" "-a" "895495487d6b8b2145da0ea9a48817d78f3f58f55da6e3c9a056d10c8e28d559", kill_on_drop: false }`
[INFO] running `Command { std: "docker" "inspect" "895495487d6b8b2145da0ea9a48817d78f3f58f55da6e3c9a056d10c8e28d559", kill_on_drop: false }`
[INFO] running `Command { std: "docker" "rm" "-f" "895495487d6b8b2145da0ea9a48817d78f3f58f55da6e3c9a056d10c8e28d559", kill_on_drop: false }`
[INFO] [stdout] 895495487d6b8b2145da0ea9a48817d78f3f58f55da6e3c9a056d10c8e28d559
[INFO] running `Command { std: "docker" "create" "-v" "/var/lib/crater-agent-workspace/builds/worker-2-tc1/target:/opt/rustwide/target:rw,Z" "-v" "/var/lib/crater-agent-workspace/builds/worker-2-tc1/source:/opt/rustwide/workdir:ro,Z" "-v" "/var/lib/crater-agent-workspace/cargo-home:/opt/rustwide/cargo-home:ro,Z" "-v" "/var/lib/crater-agent-workspace/rustup-home:/opt/rustwide/rustup-home:ro,Z" "-e" "SOURCE_DIR=/opt/rustwide/workdir" "-e" "CARGO_TARGET_DIR=/opt/rustwide/target" "-e" "CARGO_INCREMENTAL=0" "-e" "RUST_BACKTRACE=full" "-e" "RUSTFLAGS=--cap-lints=forbid" "-e" "RUSTDOCFLAGS=--cap-lints=forbid" "-e" "CARGO_HOME=/opt/rustwide/cargo-home" "-e" "RUSTUP_HOME=/opt/rustwide/rustup-home" "-w" "/opt/rustwide/workdir" "-m" "1610612736" "--user" "0:0" "--network" "none" "ghcr.io/rust-lang/crates-build-env/linux@sha256:4a844ea9eb2546a2d2c7022eacef16ef2e8229c7fbb2c7d4d55a9ceca922f72d" "/opt/rustwide/cargo-home/bin/cargo" "+nightly-2024-10-28" "build" "--frozen" "--message-format=json", kill_on_drop: false }`
[INFO] [stdout] 4d8363fbb172df9c2eb0f96f1c07f950b2b0a3eaa6db78a652ee5b68bf45c1a2
[INFO] running `Command { std: "docker" "start" "-a" "4d8363fbb172df9c2eb0f96f1c07f950b2b0a3eaa6db78a652ee5b68bf45c1a2", kill_on_drop: false }`
[INFO] [stderr]    Compiling proc-macro2 v1.0.89
[INFO] [stderr]    Compiling unicode-ident v1.0.13
[INFO] [stderr]    Compiling autocfg v1.4.0
[INFO] [stderr]    Compiling serde v1.0.214
[INFO] [stderr]    Compiling version_check v0.9.5
[INFO] [stderr]    Compiling wasm-bindgen-shared v0.2.93
[INFO] [stderr]    Compiling once_cell v1.20.2
[INFO] [stderr]    Compiling thiserror v1.0.66
[INFO] [stderr]    Compiling pin-project-lite v0.2.15
[INFO] [stderr]    Compiling bumpalo v3.16.0
[INFO] [stderr]    Compiling libc v0.2.161
[INFO] [stderr]    Compiling wasm-bindgen v0.2.93
[INFO] [stderr]    Compiling futures-core v0.3.31
[INFO] [stderr]    Compiling futures-sink v0.3.31
[INFO] [stderr]    Compiling smallvec v1.13.2
[INFO] [stderr]    Compiling unicode-segmentation v1.12.0
[INFO] [stderr]    Compiling futures-io v0.3.31
[INFO] [stderr]    Compiling futures-task v0.3.31
[INFO] [stderr]    Compiling hashbrown v0.15.0
[INFO] [stderr]    Compiling futures-channel v0.3.31
[INFO] [stderr]    Compiling concurrent-queue v2.5.0
[INFO] [stderr]    Compiling parking v2.2.1
[INFO] [stderr]    Compiling throw_error v0.2.0-rc0
[INFO] [stderr]    Compiling serde_json v1.0.132
[INFO] [stderr]    Compiling unicode-xid v0.2.6
[INFO] [stderr]    Compiling send_wrapper v0.6.0
[INFO] [stderr]    Compiling either v1.13.0
[INFO] [stderr]    Compiling or_poisoned v0.1.0
[INFO] [stderr]    Compiling proc-macro-error-attr v1.0.4
[INFO] [stderr]    Compiling proc-macro-error v1.0.4
[INFO] [stderr]    Compiling slotmap v1.0.7
[INFO] [stderr]    Compiling event-listener v5.3.1
[INFO] [stderr]    Compiling proc-macro2-diagnostics v0.10.1
[INFO] [stderr]    Compiling paste v1.0.15
[INFO] [stderr]    Compiling xxhash-rust v0.8.12
[INFO] [stderr]    Compiling camino v1.1.9
[INFO] [stderr]    Compiling convert_case v0.6.0
[INFO] [stderr]    Compiling rustc-hash v2.0.0
[INFO] [stderr]    Compiling slab v0.4.9
[INFO] [stderr]    Compiling lock_api v0.4.12
[INFO] [stderr]    Compiling anyhow v1.0.92
[INFO] [stderr]    Compiling itertools v0.13.0
[INFO] [stderr]    Compiling utf8-width v0.1.7
[INFO] [stderr]    Compiling guardian v1.2.0
[INFO] [stderr]    Compiling unicode-normalization v0.1.24
[INFO] [stderr]    Compiling html-escape v0.2.13
[INFO] [stderr]    Compiling event-listener-strategy v0.5.2
[INFO] [stderr]    Compiling async-lock v3.4.0
[INFO] [stderr]    Compiling unicode-bidi v0.3.17
[INFO] [stderr]    Compiling winnow v0.6.20
[INFO] [stderr]    Compiling indexmap v2.6.0
[INFO] [stderr]    Compiling bytes v1.8.0
[INFO] [stderr]    Compiling quote v1.0.37
[INFO] [stderr]    Compiling either_of v0.1.0
[INFO] [stderr]    Compiling syn v2.0.86
[INFO] [stderr]    Compiling parking_lot_core v0.9.10
[INFO] [stderr]    Compiling proc-macro-utils v0.10.0
[INFO] [stderr]    Compiling proc-macro-utils v0.8.0
[INFO] [stderr]    Compiling idna v0.5.0
[INFO] [stderr]    Compiling http v1.1.0
[INFO] [stderr]    Compiling parking_lot v0.12.3
[INFO] [stderr]    Compiling next_tuple v0.1.0-rc0
[INFO] [stderr]    Compiling drain_filter_polyfill v0.1.3
[INFO] [stderr]    Compiling regex-syntax v0.8.5
[INFO] [stderr]    Compiling linear-map v1.2.0
[INFO] [stderr]    Compiling interpolator v0.5.0
[INFO] [stderr]    Compiling minimal-lexical v0.2.1
[INFO] [stderr]    Compiling const_str_slice_concat v0.1.0
[INFO] [stderr]    Compiling collection_literals v1.0.1
[INFO] [stderr]    Compiling prettyplease v0.2.25
[INFO] [stderr]    Compiling dashmap v6.1.0
[INFO] [stderr]    Compiling proc-macro-error-attr2 v2.0.0
[INFO] [stderr]    Compiling const_format_proc_macros v0.2.33
[INFO] [stderr]    Compiling manyhow-macros v0.10.4
[INFO] [stderr]    Compiling url v2.5.2
[INFO] [stderr]    Compiling nom v7.1.3
[INFO] [stderr]    Compiling getrandom v0.2.15
[INFO] [stderr]    Compiling num-traits v0.2.19
[INFO] [stderr]    Compiling pathdiff v0.2.2
[INFO] [stderr]    Compiling uuid v1.11.0
[INFO] [stderr]    Compiling iana-time-zone v0.1.61
[INFO] [stderr]    Compiling const_format v0.2.33
[INFO] [stderr]    Compiling chrono v0.4.38
[INFO] [stderr]    Compiling regex-automata v0.4.8
[INFO] [stderr]    Compiling wasm-bindgen-backend v0.2.93
[INFO] [stderr]    Compiling proc-macro-error2 v2.0.1
[INFO] [stderr]    Compiling server_fn_macro v0.7.0-rc0
[INFO] [stderr]    Compiling manyhow v0.10.4
[INFO] [stderr]    Compiling regex v1.11.1
[INFO] [stderr]    Compiling wasm-bindgen-macro-support v0.2.93
[INFO] [stderr]    Compiling serde_derive v1.0.214
[INFO] [stderr]    Compiling thiserror-impl v1.0.66
[INFO] [stderr]    Compiling futures-macro v0.3.31
[INFO] [stderr]    Compiling derive-where v1.2.7
[INFO] [stderr]    Compiling reactive_stores_macro v0.1.0-rc0
[INFO] [stderr]    Compiling quote-use-macros v0.8.4
[INFO] [stderr]    Compiling syn_derive v0.1.8
[INFO] [stderr]    Compiling pin-project-internal v1.1.7
[INFO] [stderr]    Compiling typed-builder-macro v0.19.1
[INFO] [stderr]    Compiling server_fn_macro_default v0.7.0-rc0
[INFO] [stderr]    Compiling quote-use v0.8.4
[INFO] [stderr]    Compiling attribute-derive-macro v0.9.2
[INFO] [stderr]    Compiling wasm-bindgen-macro v0.2.93
[INFO] [stderr]    Compiling futures-util v0.3.31
[INFO] [stderr]    Compiling pin-project v1.1.7
[INFO] [stderr]    Compiling typed-builder v0.19.1
[INFO] [stderr]    Compiling rstml v0.12.0
[INFO] [stderr]    Compiling attribute-derive v0.9.2
[INFO] [stderr]    Compiling js-sys v0.3.70
[INFO] [stderr]    Compiling futures-executor v0.3.31
[INFO] [stderr]    Compiling futures v0.3.31
[INFO] [stderr]    Compiling wasm-bindgen-futures v0.4.43
[INFO] [stderr]    Compiling web-sys v0.3.70
[INFO] [stderr]    Compiling any_spawner v0.1.1
[INFO] [stderr]    Compiling leptos_hot_reload v0.7.0-rc0
[INFO] [stderr]    Compiling hydration_context v0.2.0-rc0
[INFO] [stderr]    Compiling serde_spanned v0.6.8
[INFO] [stderr]    Compiling toml_datetime v0.6.8
[INFO] [stderr]    Compiling oco_ref v0.2.0
[INFO] [stderr]    Compiling serde_qs v0.13.0
[INFO] [stderr]    Compiling toml_edit v0.22.22
[INFO] [stderr]    Compiling reactive_graph v0.1.0-rc0
[INFO] [stderr]    Compiling leptos_macro v0.7.0-rc0
[INFO] [stderr]    Compiling codee v0.2.0
[INFO] [stderr]    Compiling reactive_stores v0.1.0-rc0
[INFO] [stderr]    Compiling toml v0.8.19
[INFO] [stderr]    Compiling config v0.14.1
[INFO] [stderr]    Compiling leptos_config v0.7.0-rc0
[INFO] [stderr]    Compiling gloo-utils v0.2.0
[INFO] [stderr]    Compiling tachys v0.1.0-rc0
[INFO] [stderr]    Compiling gloo-net v0.6.0
[INFO] [stderr]    Compiling wasm-streams v0.4.1
[INFO] [stderr]    Compiling server_fn v0.7.0-rc0
[INFO] [stderr]    Compiling leptos_dom v0.7.0-rc0
[INFO] [stderr]    Compiling leptos_server v0.7.0-rc0
[INFO] [stderr]    Compiling leptos v0.7.0-rc0
[INFO] [stderr]    Compiling thaw_utils v0.1.0-beta4 (/opt/rustwide/workdir)
[INFO] [stderr]     Finished `dev` profile [unoptimized + debuginfo] target(s) in 29.09s
[INFO] running `Command { std: "docker" "inspect" "4d8363fbb172df9c2eb0f96f1c07f950b2b0a3eaa6db78a652ee5b68bf45c1a2", kill_on_drop: false }`
[INFO] running `Command { std: "docker" "rm" "-f" "4d8363fbb172df9c2eb0f96f1c07f950b2b0a3eaa6db78a652ee5b68bf45c1a2", kill_on_drop: false }`
[INFO] [stdout] 4d8363fbb172df9c2eb0f96f1c07f950b2b0a3eaa6db78a652ee5b68bf45c1a2
[INFO] running `Command { std: "docker" "create" "-v" "/var/lib/crater-agent-workspace/builds/worker-2-tc1/target:/opt/rustwide/target:rw,Z" "-v" "/var/lib/crater-agent-workspace/builds/worker-2-tc1/source:/opt/rustwide/workdir:ro,Z" "-v" "/var/lib/crater-agent-workspace/cargo-home:/opt/rustwide/cargo-home:ro,Z" "-v" "/var/lib/crater-agent-workspace/rustup-home:/opt/rustwide/rustup-home:ro,Z" "-e" "SOURCE_DIR=/opt/rustwide/workdir" "-e" "CARGO_TARGET_DIR=/opt/rustwide/target" "-e" "CARGO_INCREMENTAL=0" "-e" "RUST_BACKTRACE=full" "-e" "RUSTFLAGS=--cap-lints=forbid" "-e" "RUSTDOCFLAGS=--cap-lints=forbid" "-e" "CARGO_HOME=/opt/rustwide/cargo-home" "-e" "RUSTUP_HOME=/opt/rustwide/rustup-home" "-w" "/opt/rustwide/workdir" "-m" "1610612736" "--user" "0:0" "--network" "none" "ghcr.io/rust-lang/crates-build-env/linux@sha256:4a844ea9eb2546a2d2c7022eacef16ef2e8229c7fbb2c7d4d55a9ceca922f72d" "/opt/rustwide/cargo-home/bin/cargo" "+nightly-2024-10-28" "test" "--frozen" "--no-run" "--message-format=json", kill_on_drop: false }`
[INFO] [stdout] c8b1ac213af238ffdd36ee8e8f32d9cd87ed571a2e18b88628f388519f1fbb7c
[INFO] running `Command { std: "docker" "start" "-a" "c8b1ac213af238ffdd36ee8e8f32d9cd87ed571a2e18b88628f388519f1fbb7c", kill_on_drop: false }`
[INFO] [stderr]    Compiling thaw_utils v0.1.0-beta4 (/opt/rustwide/workdir)
[INFO] [stderr]     Finished `test` profile [unoptimized + debuginfo] target(s) in 0.59s
[INFO] running `Command { std: "docker" "inspect" "c8b1ac213af238ffdd36ee8e8f32d9cd87ed571a2e18b88628f388519f1fbb7c", kill_on_drop: false }`
[INFO] running `Command { std: "docker" "rm" "-f" "c8b1ac213af238ffdd36ee8e8f32d9cd87ed571a2e18b88628f388519f1fbb7c", kill_on_drop: false }`
[INFO] [stdout] c8b1ac213af238ffdd36ee8e8f32d9cd87ed571a2e18b88628f388519f1fbb7c
[INFO] running `Command { std: "docker" "create" "-v" "/var/lib/crater-agent-workspace/builds/worker-2-tc1/target:/opt/rustwide/target:rw,Z" "-v" "/var/lib/crater-agent-workspace/builds/worker-2-tc1/source:/opt/rustwide/workdir:ro,Z" "-v" "/var/lib/crater-agent-workspace/cargo-home:/opt/rustwide/cargo-home:ro,Z" "-v" "/var/lib/crater-agent-workspace/rustup-home:/opt/rustwide/rustup-home:ro,Z" "-e" "SOURCE_DIR=/opt/rustwide/workdir" "-e" "CARGO_TARGET_DIR=/opt/rustwide/target" "-e" "CARGO_INCREMENTAL=0" "-e" "RUST_BACKTRACE=full" "-e" "RUSTFLAGS=--cap-lints=forbid" "-e" "RUSTDOCFLAGS=--cap-lints=forbid" "-e" "CARGO_HOME=/opt/rustwide/cargo-home" "-e" "RUSTUP_HOME=/opt/rustwide/rustup-home" "-w" "/opt/rustwide/workdir" "-m" "1610612736" "--user" "0:0" "--network" "none" "ghcr.io/rust-lang/crates-build-env/linux@sha256:4a844ea9eb2546a2d2c7022eacef16ef2e8229c7fbb2c7d4d55a9ceca922f72d" "/opt/rustwide/cargo-home/bin/cargo" "+nightly-2024-10-28" "test" "--frozen", kill_on_drop: false }`
[INFO] [stdout] 6dc5fe31be6eea1249d6c0a277768717ed521bf82ee69d0e01434b2b6a056474
[INFO] running `Command { std: "docker" "start" "-a" "6dc5fe31be6eea1249d6c0a277768717ed521bf82ee69d0e01434b2b6a056474", kill_on_drop: false }`
[INFO] [stderr]     Finished `test` profile [unoptimized + debuginfo] target(s) in 0.11s
[INFO] [stderr]      Running unittests src/lib.rs (/opt/rustwide/target/debug/deps/thaw_utils-9900058848fdd6bc)
[INFO] [stdout] 
[INFO] [stdout] running 1 test
[INFO] [stdout] test optional_prop::test::from ... ok
[INFO] [stdout] 
[INFO] [stdout] test result: ok. 1 passed; 0 failed; 0 ignored; 0 measured; 0 filtered out; finished in 0.00s
[INFO] [stdout] 
[INFO] [stderr]    Doc-tests thaw_utils
[INFO] [stdout] 
[INFO] [stdout] running 1 test
[INFO] [stdout] test src/signals/signal_watch.rs - signals::signal_watch::RwSignal<T,S>::watch (line 18) ... FAILED
[INFO] [stdout] 
[INFO] [stdout] failures:
[INFO] [stdout] 
[INFO] [stdout] ---- src/signals/signal_watch.rs - signals::signal_watch::RwSignal<T,S>::watch (line 18) stdout ----
[INFO] [stdout] error[E0432]: unresolved import `thaw`
[INFO] [stdout]  --> src/signals/signal_watch.rs:20:5
[INFO] [stdout]   |
[INFO] [stdout] 4 | use thaw::*;
[INFO] [stdout]   |     ^^^^ use of undeclared crate or module `thaw`
[INFO] [stdout] 
[INFO] [stdout] error: aborting due to 1 previous error
[INFO] [stdout] 
[INFO] [stdout] For more information about this error, try `rustc --explain E0432`.
[INFO] [stdout] Couldn't compile the test.
[INFO] [stdout] 
[INFO] [stdout] failures:
[INFO] [stdout]     src/signals/signal_watch.rs - signals::signal_watch::RwSignal<T,S>::watch (line 18)
[INFO] [stdout] 
[INFO] [stdout] test result: FAILED. 0 passed; 1 failed; 0 ignored; 0 measured; 0 filtered out; finished in 0.07s
[INFO] [stdout] 
[INFO] [stderr] error: doctest failed, to rerun pass `--doc`
[INFO] running `Command { std: "docker" "inspect" "6dc5fe31be6eea1249d6c0a277768717ed521bf82ee69d0e01434b2b6a056474", kill_on_drop: false }`
[INFO] running `Command { std: "docker" "rm" "-f" "6dc5fe31be6eea1249d6c0a277768717ed521bf82ee69d0e01434b2b6a056474", kill_on_drop: false }`
[INFO] [stdout] 6dc5fe31be6eea1249d6c0a277768717ed521bf82ee69d0e01434b2b6a056474
