[INFO] fetching crate thaw 0.4.0-beta4...
[INFO] testing thaw-0.4.0-beta4 against nightly-2024-10-28+rustflags=-Zrandomize-layout for randomize-layout
[INFO] extracting crate thaw 0.4.0-beta4 into /workspace/builds/worker-4-tc2/source
[INFO] validating manifest of crates.io crate thaw 0.4.0-beta4 on toolchain nightly-2024-10-28
[INFO] running `Command { std: CARGO_HOME="/workspace/cargo-home" RUSTUP_HOME="/workspace/rustup-home" "/workspace/cargo-home/bin/cargo" "+nightly-2024-10-28" "metadata" "--manifest-path" "Cargo.toml" "--no-deps", kill_on_drop: false }`
[INFO] started tweaking crates.io crate thaw 0.4.0-beta4
[INFO] finished tweaking crates.io crate thaw 0.4.0-beta4
[INFO] tweaked toml for crates.io crate thaw 0.4.0-beta4 written to /workspace/builds/worker-4-tc2/source/Cargo.toml
[INFO] running `Command { std: CARGO_HOME="/workspace/cargo-home" RUSTUP_HOME="/workspace/rustup-home" "/workspace/cargo-home/bin/cargo" "+nightly-2024-10-28" "generate-lockfile" "--manifest-path" "Cargo.toml", kill_on_drop: false }`
[INFO] [stderr]     Updating crates.io index
[INFO] [stderr]      Locking 196 packages to latest compatible versions
[INFO] [stderr]       Adding js-sys v0.3.70 (available: v0.3.72)
[INFO] [stderr]       Adding wasm-bindgen v0.2.93 (available: v0.2.95)
[INFO] [stderr]       Adding wasm-bindgen-backend v0.2.93 (available: v0.2.95)
[INFO] [stderr]       Adding wasm-bindgen-futures v0.4.43 (available: v0.4.45)
[INFO] [stderr]       Adding wasm-bindgen-macro v0.2.93 (available: v0.2.95)
[INFO] [stderr]       Adding wasm-bindgen-macro-support v0.2.93 (available: v0.2.95)
[INFO] [stderr]       Adding wasm-bindgen-shared v0.2.93 (available: v0.2.95)
[INFO] [stderr]       Adding wasm-streams v0.4.1 (available: v0.4.2)
[INFO] [stderr]       Adding web-sys v0.3.70 (available: v0.3.72)
[INFO] running `Command { std: CARGO_HOME="/workspace/cargo-home" RUSTUP_HOME="/workspace/rustup-home" "/workspace/cargo-home/bin/cargo" "+nightly-2024-10-28" "fetch" "--manifest-path" "Cargo.toml", kill_on_drop: false }`
[INFO] [stderr]     Blocking waiting for file lock on package cache
[INFO] running `Command { std: "docker" "create" "-v" "/var/lib/crater-agent-workspace/builds/worker-4-tc2/target:/opt/rustwide/target:rw,Z" "-v" "/var/lib/crater-agent-workspace/builds/worker-4-tc2/source:/opt/rustwide/workdir:ro,Z" "-v" "/var/lib/crater-agent-workspace/cargo-home:/opt/rustwide/cargo-home:ro,Z" "-v" "/var/lib/crater-agent-workspace/rustup-home:/opt/rustwide/rustup-home:ro,Z" "-e" "SOURCE_DIR=/opt/rustwide/workdir" "-e" "CARGO_TARGET_DIR=/opt/rustwide/target" "-e" "CARGO_HOME=/opt/rustwide/cargo-home" "-e" "RUSTUP_HOME=/opt/rustwide/rustup-home" "-w" "/opt/rustwide/workdir" "-m" "1610612736" "--user" "0:0" "--network" "none" "ghcr.io/rust-lang/crates-build-env/linux@sha256:4a844ea9eb2546a2d2c7022eacef16ef2e8229c7fbb2c7d4d55a9ceca922f72d" "/opt/rustwide/cargo-home/bin/cargo" "+nightly-2024-10-28" "metadata" "--no-deps" "--format-version=1", kill_on_drop: false }`
[INFO] [stdout] c60b28068ba6f4549d39278b15fc00684bfebfc23cd639cbd47e010786b00cbe
[INFO] running `Command { std: "docker" "start" "-a" "c60b28068ba6f4549d39278b15fc00684bfebfc23cd639cbd47e010786b00cbe", kill_on_drop: false }`
[INFO] running `Command { std: "docker" "inspect" "c60b28068ba6f4549d39278b15fc00684bfebfc23cd639cbd47e010786b00cbe", kill_on_drop: false }`
[INFO] running `Command { std: "docker" "rm" "-f" "c60b28068ba6f4549d39278b15fc00684bfebfc23cd639cbd47e010786b00cbe", kill_on_drop: false }`
[INFO] [stdout] c60b28068ba6f4549d39278b15fc00684bfebfc23cd639cbd47e010786b00cbe
[INFO] running `Command { std: "docker" "create" "-v" "/var/lib/crater-agent-workspace/builds/worker-4-tc2/target:/opt/rustwide/target:rw,Z" "-v" "/var/lib/crater-agent-workspace/builds/worker-4-tc2/source:/opt/rustwide/workdir:ro,Z" "-v" "/var/lib/crater-agent-workspace/cargo-home:/opt/rustwide/cargo-home:ro,Z" "-v" "/var/lib/crater-agent-workspace/rustup-home:/opt/rustwide/rustup-home:ro,Z" "-e" "SOURCE_DIR=/opt/rustwide/workdir" "-e" "CARGO_TARGET_DIR=/opt/rustwide/target" "-e" "CARGO_INCREMENTAL=0" "-e" "RUST_BACKTRACE=full" "-e" "RUSTFLAGS=--cap-lints=forbid -Zrandomize-layout" "-e" "RUSTDOCFLAGS=--cap-lints=forbid" "-e" "CARGO_HOME=/opt/rustwide/cargo-home" "-e" "RUSTUP_HOME=/opt/rustwide/rustup-home" "-w" "/opt/rustwide/workdir" "-m" "1610612736" "--user" "0:0" "--network" "none" "ghcr.io/rust-lang/crates-build-env/linux@sha256:4a844ea9eb2546a2d2c7022eacef16ef2e8229c7fbb2c7d4d55a9ceca922f72d" "/opt/rustwide/cargo-home/bin/cargo" "+nightly-2024-10-28" "build" "--frozen" "--message-format=json", kill_on_drop: false }`
[INFO] [stdout] e384ee1510d36fedc9ea9bb251d6675f187e2886d1e5debee5d16a40d73322cc
[INFO] running `Command { std: "docker" "start" "-a" "e384ee1510d36fedc9ea9bb251d6675f187e2886d1e5debee5d16a40d73322cc", kill_on_drop: false }`
[INFO] [stderr]    Compiling proc-macro2 v1.0.89
[INFO] [stderr]    Compiling autocfg v1.4.0
[INFO] [stderr]    Compiling serde v1.0.214
[INFO] [stderr]    Compiling once_cell v1.20.2
[INFO] [stderr]    Compiling wasm-bindgen-shared v0.2.93
[INFO] [stderr]    Compiling thiserror v1.0.66
[INFO] [stderr]    Compiling libc v0.2.161
[INFO] [stderr]    Compiling log v0.4.22
[INFO] [stderr]    Compiling bumpalo v3.16.0
[INFO] [stderr]    Compiling pin-project-lite v0.2.15
[INFO] [stderr]    Compiling wasm-bindgen v0.2.93
[INFO] [stderr]    Compiling futures-core v0.3.31
[INFO] [stderr]    Compiling futures-sink v0.3.31
[INFO] [stderr]    Compiling crossbeam-utils v0.8.20
[INFO] [stderr]    Compiling parking_lot_core v0.9.10
[INFO] [stderr]    Compiling futures-task v0.3.31
[INFO] [stderr]    Compiling pin-utils v0.1.0
[INFO] [stderr]    Compiling smallvec v1.13.2
[INFO] [stderr]    Compiling futures-channel v0.3.31
[INFO] [stderr]    Compiling futures-io v0.3.31
[INFO] [stderr]    Compiling convert_case v0.6.0
[INFO] [stderr]    Compiling equivalent v1.0.1
[INFO] [stderr]    Compiling scopeguard v1.2.0
[INFO] [stderr]    Compiling hashbrown v0.15.0
[INFO] [stderr]    Compiling parking v2.2.1
[INFO] [stderr]    Compiling throw_error v0.2.0-rc0
[INFO] [stderr]    Compiling proc-macro-error v1.0.4
[INFO] [stderr]    Compiling slotmap v1.0.7
[INFO] [stderr]    Compiling send_wrapper v0.6.0
[INFO] [stderr]    Compiling proc-macro2-diagnostics v0.10.1
[INFO] [stderr]    Compiling tinyvec_macros v0.1.1
[INFO] [stderr]    Compiling either v1.13.0
[INFO] [stderr]    Compiling paste v1.0.15
[INFO] [stderr]    Compiling or_poisoned v0.1.0
[INFO] [stderr]    Compiling tinyvec v1.8.0
[INFO] [stderr]    Compiling guardian v1.2.0
[INFO] [stderr]    Compiling rustc-hash v2.0.0
[INFO] [stderr]    Compiling utf8-width v0.1.7
[INFO] [stderr]    Compiling xxhash-rust v0.8.12
[INFO] [stderr]    Compiling slab v0.4.9
[INFO] [stderr]    Compiling lock_api v0.4.12
[INFO] [stderr]    Compiling camino v1.1.9
[INFO] [stderr]    Compiling yansi v1.0.1
[INFO] [stderr]    Compiling percent-encoding v2.3.1
[INFO] [stderr]    Compiling html-escape v0.2.13
[INFO] [stderr]    Compiling num-traits v0.2.19
[INFO] [stderr]    Compiling itertools v0.13.0
[INFO] [stderr]    Compiling bytes v1.8.0
[INFO] [stderr]    Compiling fnv v1.0.7
[INFO] [stderr]    Compiling unicode-bidi v0.3.17
[INFO] [stderr]    Compiling concurrent-queue v2.5.0
[INFO] [stderr]    Compiling same-file v1.0.6
[INFO] [stderr]    Compiling indexmap v2.6.0
[INFO] [stderr]    Compiling quote v1.0.37
[INFO] [stderr]    Compiling winnow v0.6.20
[INFO] [stderr]    Compiling event-listener v5.3.1
[INFO] [stderr]    Compiling walkdir v2.5.0
[INFO] [stderr]    Compiling http v1.1.0
[INFO] [stderr]    Compiling syn v2.0.86
[INFO] [stderr]    Compiling event-listener-strategy v0.5.2
[INFO] [stderr]    Compiling proc-macro-utils v0.8.0
[INFO] [stderr]    Compiling proc-macro-utils v0.10.0
[INFO] [stderr]    Compiling unicode-normalization v0.1.24
[INFO] [stderr]    Compiling async-lock v3.4.0
[INFO] [stderr]    Compiling parking_lot v0.12.3
[INFO] [stderr]    Compiling form_urlencoded v1.2.1
[INFO] [stderr]    Compiling either_of v0.1.0
[INFO] [stderr]    Compiling aho-corasick v1.1.3
[INFO] [stderr]    Compiling hashbrown v0.14.5
[INFO] [stderr]    Compiling interpolator v0.5.0
[INFO] [stderr]    Compiling next_tuple v0.1.0-rc0
[INFO] [stderr]    Compiling linear-map v1.2.0
[INFO] [stderr]    Compiling drain_filter_polyfill v0.1.3
[INFO] [stderr]    Compiling proc-macro-error-attr2 v2.0.0
[INFO] [stderr]    Compiling const_format_proc_macros v0.2.33
[INFO] [stderr]    Compiling proc-macro-error-attr v1.0.4
[INFO] [stderr]    Compiling manyhow-macros v0.10.4
[INFO] [stderr]    Compiling idna v0.5.0
[INFO] [stderr]    Compiling minimal-lexical v0.2.1
[INFO] [stderr]    Compiling const_str_slice_concat v0.1.0
[INFO] [stderr]    Compiling prettyplease v0.2.25
[INFO] [stderr]    Compiling collection_literals v1.0.1
[INFO] [stderr]    Compiling getrandom v0.2.15
[INFO] [stderr]    Compiling rand_core v0.6.4
[INFO] [stderr]    Compiling nom v7.1.3
[INFO] [stderr]    Compiling pathdiff v0.2.2
[INFO] [stderr]    Compiling siphasher v0.3.11
[INFO] [stderr]    Compiling rand v0.8.5
[INFO] [stderr]    Compiling dashmap v6.1.0
[INFO] [stderr]    Compiling uuid v1.11.0
[INFO] [stderr]    Compiling base64 v0.22.1
[INFO] [stderr]    Compiling url v2.5.2
[INFO] [stderr]    Compiling phf_shared v0.11.2
[INFO] [stderr]    Compiling iana-time-zone v0.1.61
[INFO] [stderr]    Compiling by_address v1.2.1
[INFO] [stderr]    Compiling palette v0.7.6
[INFO] [stderr]    Compiling fast-srgb8 v1.0.0
[INFO] [stderr]    Compiling regex-automata v0.4.8
[INFO] [stderr]    Compiling icondata_core v0.1.0
[INFO] [stderr]    Compiling chrono v0.4.38
[INFO] [stderr]    Compiling approx v0.5.1
[INFO] [stderr]    Compiling phf_generator v0.11.2
[INFO] [stderr]    Compiling icondata_ai v0.0.10
[INFO] [stderr]    Compiling const_format v0.2.33
[INFO] [stderr]    Compiling wasm-bindgen-backend v0.2.93
[INFO] [stderr]    Compiling proc-macro-error2 v2.0.1
[INFO] [stderr]    Compiling server_fn_macro v0.7.0-rc0
[INFO] [stderr]    Compiling manyhow v0.10.4
[INFO] [stderr]    Compiling regex v1.11.1
[INFO] [stderr]    Compiling wasm-bindgen-macro-support v0.2.93
[INFO] [stderr]    Compiling serde_derive v1.0.214
[INFO] [stderr]    Compiling thiserror-impl v1.0.66
[INFO] [stderr]    Compiling futures-macro v0.3.31
[INFO] [stderr]    Compiling derive-where v1.2.7
[INFO] [stderr]    Compiling pin-project-internal v1.1.7
[INFO] [stderr]    Compiling syn_derive v0.1.8
[INFO] [stderr]    Compiling quote-use-macros v0.8.4
[INFO] [stderr]    Compiling reactive_stores_macro v0.1.0-rc0
[INFO] [stderr]    Compiling server_fn_macro_default v0.7.0-rc0
[INFO] [stderr]    Compiling typed-builder-macro v0.19.1
[INFO] [stderr]    Compiling phf_macros v0.11.2
[INFO] [stderr]    Compiling palette_derive v0.7.6
[INFO] [stderr]    Compiling thaw_macro v0.1.0-beta4
[INFO] [stderr]    Compiling quote-use v0.8.4
[INFO] [stderr]    Compiling attribute-derive-macro v0.9.2
[INFO] [stderr]    Compiling futures-util v0.3.31
[INFO] [stderr]    Compiling phf v0.11.2
[INFO] [stderr]    Compiling pin-project v1.1.7
[INFO] [stderr]    Compiling wasm-bindgen-macro v0.2.93
[INFO] [stderr]    Compiling typed-builder v0.19.1
[INFO] [stderr]    Compiling rstml v0.12.0
[INFO] [stderr]    Compiling attribute-derive v0.9.2
[INFO] [stderr]    Compiling js-sys v0.3.70
[INFO] [stderr]    Compiling futures-executor v0.3.31
[INFO] [stderr]    Compiling futures v0.3.31
[INFO] [stderr]    Compiling wasm-bindgen-futures v0.4.43
[INFO] [stderr]    Compiling web-sys v0.3.70
[INFO] [stderr]    Compiling any_spawner v0.1.1
[INFO] [stderr]    Compiling serde_json v1.0.132
[INFO] [stderr]    Compiling hydration_context v0.2.0-rc0
[INFO] [stderr]    Compiling toml_datetime v0.6.8
[INFO] [stderr]    Compiling serde_spanned v0.6.8
[INFO] [stderr]    Compiling oco_ref v0.2.0
[INFO] [stderr]    Compiling serde_qs v0.13.0
[INFO] [stderr]    Compiling leptos_hot_reload v0.7.0-rc0
[INFO] [stderr]    Compiling toml_edit v0.22.22
[INFO] [stderr]    Compiling reactive_graph v0.1.0-rc0
[INFO] [stderr]    Compiling leptos_macro v0.7.0-rc0
[INFO] [stderr]    Compiling codee v0.2.0
[INFO] [stderr]    Compiling reactive_stores v0.1.0-rc0
[INFO] [stderr]    Compiling toml v0.8.19
[INFO] [stderr]    Compiling config v0.14.1
[INFO] [stderr]    Compiling leptos_config v0.7.0-rc0
[INFO] [stderr]    Compiling gloo-utils v0.2.0
[INFO] [stderr]    Compiling tachys v0.1.0-rc0
[INFO] [stderr]    Compiling gloo-net v0.6.0
[INFO] [stderr]    Compiling wasm-streams v0.4.1
[INFO] [stderr]    Compiling server_fn v0.7.0-rc0
[INFO] [stderr]    Compiling leptos_server v0.7.0-rc0
[INFO] [stderr]    Compiling leptos_dom v0.7.0-rc0
[INFO] [stderr]    Compiling leptos v0.7.0-rc0
[INFO] [stderr]    Compiling thaw_utils v0.1.0-beta4
[INFO] [stderr]    Compiling thaw_components v0.2.0-beta4
[INFO] [stderr]    Compiling thaw v0.4.0-beta4 (/opt/rustwide/workdir)
[INFO] [stderr]     Finished `dev` profile [unoptimized + debuginfo] target(s) in 58.20s
[INFO] running `Command { std: "docker" "inspect" "e384ee1510d36fedc9ea9bb251d6675f187e2886d1e5debee5d16a40d73322cc", kill_on_drop: false }`
[INFO] running `Command { std: "docker" "rm" "-f" "e384ee1510d36fedc9ea9bb251d6675f187e2886d1e5debee5d16a40d73322cc", kill_on_drop: false }`
[INFO] [stdout] e384ee1510d36fedc9ea9bb251d6675f187e2886d1e5debee5d16a40d73322cc
[INFO] running `Command { std: "docker" "create" "-v" "/var/lib/crater-agent-workspace/builds/worker-4-tc2/target:/opt/rustwide/target:rw,Z" "-v" "/var/lib/crater-agent-workspace/builds/worker-4-tc2/source:/opt/rustwide/workdir:ro,Z" "-v" "/var/lib/crater-agent-workspace/cargo-home:/opt/rustwide/cargo-home:ro,Z" "-v" "/var/lib/crater-agent-workspace/rustup-home:/opt/rustwide/rustup-home:ro,Z" "-e" "SOURCE_DIR=/opt/rustwide/workdir" "-e" "CARGO_TARGET_DIR=/opt/rustwide/target" "-e" "CARGO_INCREMENTAL=0" "-e" "RUST_BACKTRACE=full" "-e" "RUSTFLAGS=--cap-lints=forbid -Zrandomize-layout" "-e" "RUSTDOCFLAGS=--cap-lints=forbid" "-e" "CARGO_HOME=/opt/rustwide/cargo-home" "-e" "RUSTUP_HOME=/opt/rustwide/rustup-home" "-w" "/opt/rustwide/workdir" "-m" "1610612736" "--user" "0:0" "--network" "none" "ghcr.io/rust-lang/crates-build-env/linux@sha256:4a844ea9eb2546a2d2c7022eacef16ef2e8229c7fbb2c7d4d55a9ceca922f72d" "/opt/rustwide/cargo-home/bin/cargo" "+nightly-2024-10-28" "test" "--frozen" "--no-run" "--message-format=json", kill_on_drop: false }`
[INFO] [stdout] f8b3601cef98daf0d30da8e91d3d8bfe254454f91aa59f45f504cde546d69584
[INFO] running `Command { std: "docker" "start" "-a" "f8b3601cef98daf0d30da8e91d3d8bfe254454f91aa59f45f504cde546d69584", kill_on_drop: false }`
[INFO] [stderr]    Compiling thaw v0.4.0-beta4 (/opt/rustwide/workdir)
[INFO] [stderr]     Finished `test` profile [unoptimized + debuginfo] target(s) in 13.69s
[INFO] running `Command { std: "docker" "inspect" "f8b3601cef98daf0d30da8e91d3d8bfe254454f91aa59f45f504cde546d69584", kill_on_drop: false }`
[INFO] running `Command { std: "docker" "rm" "-f" "f8b3601cef98daf0d30da8e91d3d8bfe254454f91aa59f45f504cde546d69584", kill_on_drop: false }`
[INFO] [stdout] f8b3601cef98daf0d30da8e91d3d8bfe254454f91aa59f45f504cde546d69584
[INFO] running `Command { std: "docker" "create" "-v" "/var/lib/crater-agent-workspace/builds/worker-4-tc2/target:/opt/rustwide/target:rw,Z" "-v" "/var/lib/crater-agent-workspace/builds/worker-4-tc2/source:/opt/rustwide/workdir:ro,Z" "-v" "/var/lib/crater-agent-workspace/cargo-home:/opt/rustwide/cargo-home:ro,Z" "-v" "/var/lib/crater-agent-workspace/rustup-home:/opt/rustwide/rustup-home:ro,Z" "-e" "SOURCE_DIR=/opt/rustwide/workdir" "-e" "CARGO_TARGET_DIR=/opt/rustwide/target" "-e" "CARGO_INCREMENTAL=0" "-e" "RUST_BACKTRACE=full" "-e" "RUSTFLAGS=--cap-lints=forbid -Zrandomize-layout" "-e" "RUSTDOCFLAGS=--cap-lints=forbid" "-e" "CARGO_HOME=/opt/rustwide/cargo-home" "-e" "RUSTUP_HOME=/opt/rustwide/rustup-home" "-w" "/opt/rustwide/workdir" "-m" "1610612736" "--user" "0:0" "--network" "none" "ghcr.io/rust-lang/crates-build-env/linux@sha256:4a844ea9eb2546a2d2c7022eacef16ef2e8229c7fbb2c7d4d55a9ceca922f72d" "/opt/rustwide/cargo-home/bin/cargo" "+nightly-2024-10-28" "test" "--frozen", kill_on_drop: false }`
[INFO] [stdout] d01e0982e24af382955bef6eed1eb98ff6c935bc2d8804c0ac694e22675e5d3b
[INFO] running `Command { std: "docker" "start" "-a" "d01e0982e24af382955bef6eed1eb98ff6c935bc2d8804c0ac694e22675e5d3b", kill_on_drop: false }`
[INFO] [stderr]     Finished `test` profile [unoptimized + debuginfo] target(s) in 0.12s
[INFO] [stderr]      Running unittests src/lib.rs (/opt/rustwide/target/debug/deps/thaw-0630a97ffb725573)
[INFO] [stdout] 
[INFO] [stdout] running 1 test
[INFO] [stdout] test space::test::main ... FAILED
[INFO] [stdout] 
[INFO] [stdout] failures:
[INFO] [stdout] 
[INFO] [stdout] ---- space::test::main stdout ----
[INFO] [stdout] thread 'space::test::main' panicked at /opt/rustwide/cargo-home/registry/src/index.crates.io-6f17d22bba15001f/js-sys-0.3.70/src/lib.rs:6035:9:
[INFO] [stdout] cannot call wasm-bindgen imported functions on non-wasm targets
[INFO] [stdout] stack backtrace:
[INFO] [stdout]    0:     0x55c6df31a99a - std::backtrace_rs::backtrace::libunwind::trace::h207520d6e9873551
[INFO] [stdout]                                at /rustc/df4ca44d3fbc9301ee17f30f4d474e6ae4b05252/library/std/src/../../backtrace/src/backtrace/libunwind.rs:116:5
[INFO] [stdout]    1:     0x55c6df31a99a - std::backtrace_rs::backtrace::trace_unsynchronized::h2ed7433f370e3eca
[INFO] [stdout]                                at /rustc/df4ca44d3fbc9301ee17f30f4d474e6ae4b05252/library/std/src/../../backtrace/src/backtrace/mod.rs:66:5
[INFO] [stdout]    2:     0x55c6df31a99a - std::sys::backtrace::_print_fmt::h916fac51166b18d7
[INFO] [stdout]                                at /rustc/df4ca44d3fbc9301ee17f30f4d474e6ae4b05252/library/std/src/sys/backtrace.rs:66:9
[INFO] [stdout]    3:     0x55c6df31a99a - <std::sys::backtrace::BacktraceLock::print::DisplayBacktrace as core::fmt::Display>::fmt::ha0a4c9b8ce3802e6
[INFO] [stdout]                                at /rustc/df4ca44d3fbc9301ee17f30f4d474e6ae4b05252/library/std/src/sys/backtrace.rs:39:26
[INFO] [stdout]    4:     0x55c6df340fe3 - core::fmt::rt::Argument::fmt::h4cfc8587d52b3eb5
[INFO] [stdout]                                at /rustc/df4ca44d3fbc9301ee17f30f4d474e6ae4b05252/library/core/src/fmt/rt.rs:177:76
[INFO] [stdout]    5:     0x55c6df340fe3 - core::fmt::write::h522cc39e5b36ae9f
[INFO] [stdout]                                at /rustc/df4ca44d3fbc9301ee17f30f4d474e6ae4b05252/library/core/src/fmt/mod.rs:1190:21
[INFO] [stdout]    6:     0x55c6df317603 - std::io::Write::write_fmt::h7d3c26752da97734
[INFO] [stdout]                                at /rustc/df4ca44d3fbc9301ee17f30f4d474e6ae4b05252/library/std/src/io/mod.rs:1839:15
[INFO] [stdout]    7:     0x55c6df31a7e2 - std::sys::backtrace::BacktraceLock::print::h4b9e00b29e9c0942
[INFO] [stdout]                                at /rustc/df4ca44d3fbc9301ee17f30f4d474e6ae4b05252/library/std/src/sys/backtrace.rs:42:9
[INFO] [stdout]    8:     0x55c6df31be2a - std::panicking::default_hook::{{closure}}::hb59b88280d0324d9
[INFO] [stdout]                                at /rustc/df4ca44d3fbc9301ee17f30f4d474e6ae4b05252/library/std/src/panicking.rs:268:22
[INFO] [stdout]    9:     0x55c6df31bc34 - std::panicking::default_hook::he1dd496665be4a29
[INFO] [stdout]                                at /rustc/df4ca44d3fbc9301ee17f30f4d474e6ae4b05252/library/std/src/panicking.rs:292:9
[INFO] [stdout]   10:     0x55c6df2ac3b9 - <alloc::boxed::Box<F,A> as core::ops::function::Fn<Args>>::call::h4ff71de18744e1dc
[INFO] [stdout]                                at /rustc/df4ca44d3fbc9301ee17f30f4d474e6ae4b05252/library/alloc/src/boxed.rs:2468:9
[INFO] [stdout]   11:     0x55c6df2ac3b9 - test::test_main::{{closure}}::hcf7c055ce117aa81
[INFO] [stdout]                                at /rustc/df4ca44d3fbc9301ee17f30f4d474e6ae4b05252/library/test/src/lib.rs:133:21
[INFO] [stdout]   12:     0x55c6df31c528 - <alloc::boxed::Box<F,A> as core::ops::function::Fn<Args>>::call::h1d66c6bbd60c9692
[INFO] [stdout]                                at /rustc/df4ca44d3fbc9301ee17f30f4d474e6ae4b05252/library/alloc/src/boxed.rs:2468:9
[INFO] [stdout]   13:     0x55c6df31c528 - std::panicking::rust_panic_with_hook::h2ff17fe8f26dfcf8
[INFO] [stdout]                                at /rustc/df4ca44d3fbc9301ee17f30f4d474e6ae4b05252/library/std/src/panicking.rs:809:13
[INFO] [stdout]   14:     0x55c6df31c2b6 - std::panicking::begin_panic_handler::{{closure}}::h4fad77951c07e101
[INFO] [stdout]                                at /rustc/df4ca44d3fbc9301ee17f30f4d474e6ae4b05252/library/std/src/panicking.rs:667:13
[INFO] [stdout]   15:     0x55c6df31ae79 - std::sys::backtrace::__rust_end_short_backtrace::hb1a25b3da5d0ea08
[INFO] [stdout]                                at /rustc/df4ca44d3fbc9301ee17f30f4d474e6ae4b05252/library/std/src/sys/backtrace.rs:170:18
[INFO] [stdout]   16:     0x55c6df31bf7c - rust_begin_unwind
[INFO] [stdout]                                at /rustc/df4ca44d3fbc9301ee17f30f4d474e6ae4b05252/library/std/src/panicking.rs:665:5
[INFO] [stdout]   17:     0x55c6df33f9e0 - core::panicking::panic_fmt::ha9db07b529f9b256
[INFO] [stdout]                                at /rustc/df4ca44d3fbc9301ee17f30f4d474e6ae4b05252/library/core/src/panicking.rs:75:14
[INFO] [stdout]   18:     0x55c6df2eaab3 - js_sys::global::get_global_object::Global::get_self::__wbg_self_3093d5d1f7bcb682::h89306798df3625d3
[INFO] [stdout]                                at /opt/rustwide/cargo-home/registry/src/index.crates.io-6f17d22bba15001f/js-sys-0.3.70/src/lib.rs:6035:9
[INFO] [stdout]   19:     0x55c6df2ea9f9 - js_sys::global::get_global_object::Global::get_self::h69cbab5a82d7a57d
[INFO] [stdout]                                at /opt/rustwide/cargo-home/registry/src/index.crates.io-6f17d22bba15001f/js-sys-0.3.70/src/lib.rs:6035:9
[INFO] [stdout]   20:     0x55c6df2ea143 - js_sys::global::get_global_object::h8847da6d99524c6f
[INFO] [stdout]                                at /opt/rustwide/cargo-home/registry/src/index.crates.io-6f17d22bba15001f/js-sys-0.3.70/src/lib.rs:6054:29
[INFO] [stdout]   21:     0x55c6df2ea8d6 - js_sys::global::GLOBAL::__init::h3ff4c5ce75716116
[INFO] [stdout]                                at /opt/rustwide/cargo-home/registry/src/index.crates.io-6f17d22bba15001f/js-sys-0.3.70/src/lib.rs:6013:43
[INFO] [stdout]   22:     0x55c6df2eb446 - core::ops::function::FnOnce::call_once::h02a6315a931ebdf8
[INFO] [stdout]                                at /rustc/df4ca44d3fbc9301ee17f30f4d474e6ae4b05252/library/core/src/ops/function.rs:250:5
[INFO] [stdout]   23:     0x55c6df2eaf68 - core::option::Option<T>::unwrap_or_else::ha7f4e0f715a2f566
[INFO] [stdout]                                at /rustc/df4ca44d3fbc9301ee17f30f4d474e6ae4b05252/library/core/src/option.rs:1016:21
[INFO] [stdout]   24:     0x55c6df2eaf68 - std::sys::thread_local::native::lazy::Storage<T,D>::initialize::h0f34de26466415d0
[INFO] [stdout]                                at /rustc/df4ca44d3fbc9301ee17f30f4d474e6ae4b05252/library/std/src/sys/thread_local/native/lazy.rs:64:42
[INFO] [stdout]   25:     0x55c6df2eb1f9 - std::sys::thread_local::native::lazy::Storage<T,D>::get_or_init::h1e65efd4d39fde48
[INFO] [stdout]                                at /rustc/df4ca44d3fbc9301ee17f30f4d474e6ae4b05252/library/std/src/sys/thread_local/native/lazy.rs:56:40
[INFO] [stdout]   26:     0x55c6df2ea912 - js_sys::global::GLOBAL::{{constant}}::{{closure}}::h41ff09fdad4b9f56
[INFO] [stdout]                                at /rustc/df4ca44d3fbc9301ee17f30f4d474e6ae4b05252/library/std/src/sys/thread_local/native/mod.rs:94:25
[INFO] [stdout]   27:     0x55c6df2eb488 - core::ops::function::FnOnce::call_once::hc8b7d8a6c2d94f42
[INFO] [stdout]                                at /rustc/df4ca44d3fbc9301ee17f30f4d474e6ae4b05252/library/core/src/ops/function.rs:250:5
[INFO] [stdout]   28:     0x55c6df2eb34a - std::thread::local::LocalKey<T>::try_with::h99797ae6f420f59f
[INFO] [stdout]                                at /rustc/df4ca44d3fbc9301ee17f30f4d474e6ae4b05252/library/std/src/thread/local.rs:282:37
[INFO] [stdout]   29:     0x55c6df2eb2ff - std::thread::local::LocalKey<T>::with::h00bb241f49fa05d8
[INFO] [stdout]                                at /rustc/df4ca44d3fbc9301ee17f30f4d474e6ae4b05252/library/std/src/thread/local.rs:260:9
[INFO] [stdout]   30:     0x55c6df2ea10e - js_sys::global::hdffaab5debe87cbb
[INFO] [stdout]                                at /opt/rustwide/cargo-home/registry/src/index.crates.io-6f17d22bba15001f/js-sys-0.3.70/src/lib.rs:6015:12
[INFO] [stdout]   31:     0x55c6df2d303a - web_sys::window::hbd3de146fae6acfc
[INFO] [stdout]                                at /opt/rustwide/cargo-home/registry/src/index.crates.io-6f17d22bba15001f/web-sys-0.3.70/src/lib.rs:34:5
[INFO] [stdout]   32:     0x55c6df2c70bd - leptos_dom::helpers::DOCUMENT::__init::h18974550cdc57f25
[INFO] [stdout]                                at /opt/rustwide/cargo-home/registry/src/index.crates.io-6f17d22bba15001f/leptos_dom-0.7.0-rc0/src/helpers.rs:17:53
[INFO] [stdout]   33:     0x55c6df2c6d06 - core::ops::function::FnOnce::call_once::hdd00c7594a76ce41
[INFO] [stdout]                                at /rustc/df4ca44d3fbc9301ee17f30f4d474e6ae4b05252/library/core/src/ops/function.rs:250:5
[INFO] [stdout]   34:     0x55c6df2c6998 - core::option::Option<T>::unwrap_or_else::h77950984a0ffb012
[INFO] [stdout]                                at /rustc/df4ca44d3fbc9301ee17f30f4d474e6ae4b05252/library/core/src/option.rs:1016:21
[INFO] [stdout]   35:     0x55c6df2c6998 - std::sys::thread_local::native::lazy::Storage<T,D>::initialize::h249092dd13efa2e7
[INFO] [stdout]                                at /rustc/df4ca44d3fbc9301ee17f30f4d474e6ae4b05252/library/std/src/sys/thread_local/native/lazy.rs:64:42
[INFO] [stdout]   36:     0x55c6df2c6c29 - std::sys::thread_local::native::lazy::Storage<T,D>::get_or_init::hae0402b35d59b517
[INFO] [stdout]                                at /rustc/df4ca44d3fbc9301ee17f30f4d474e6ae4b05252/library/std/src/sys/thread_local/native/lazy.rs:56:40
[INFO] [stdout]   37:     0x55c6df2c7192 - leptos_dom::helpers::DOCUMENT::{{constant}}::{{closure}}::he9a79f508c7acc17
[INFO] [stdout]                                at /rustc/df4ca44d3fbc9301ee17f30f4d474e6ae4b05252/library/std/src/sys/thread_local/native/mod.rs:94:25
[INFO] [stdout]   38:     0x55c6df2c6ca8 - core::ops::function::FnOnce::call_once::h204751685b74697c
[INFO] [stdout]                                at /rustc/df4ca44d3fbc9301ee17f30f4d474e6ae4b05252/library/core/src/ops/function.rs:250:5
[INFO] [stdout]   39:     0x55c6df2cc20a - std::thread::local::LocalKey<T>::try_with::h6bbe2632315e804f
[INFO] [stdout]                                at /rustc/df4ca44d3fbc9301ee17f30f4d474e6ae4b05252/library/std/src/thread/local.rs:282:37
[INFO] [stdout]   40:     0x55c6df2cc08f - std::thread::local::LocalKey<T>::with::h9542130b2f225da5
[INFO] [stdout]                                at /rustc/df4ca44d3fbc9301ee17f30f4d474e6ae4b05252/library/std/src/thread/local.rs:260:9
[INFO] [stdout]   41:     0x55c6df2c70ae - leptos_dom::helpers::document::hf1a56c2902c80a18
[INFO] [stdout]                                at /opt/rustwide/cargo-home/registry/src/index.crates.io-6f17d22bba15001f/leptos_dom-0.7.0-rc0/src/helpers.rs:33:5
[INFO] [stdout]   42:     0x55c6df2c3724 - thaw_utils::dom::mount_style::mount_style::he7da957406e6408e
[INFO] [stdout]                                at /opt/rustwide/cargo-home/registry/src/index.crates.io-6f17d22bba15001f/thaw_utils-0.1.0-beta4/src/dom/mount_style.rs:17:24
[INFO] [stdout]   43:     0x55c6df271538 - thaw::space::__Space::hdf4f708a9d418bdc
[INFO] [stdout]                                at /opt/rustwide/workdir/src/space/mod.rs:32:5
[INFO] [stdout]   44:     0x55c6df271463 - thaw::space::Space::{{closure}}::h724bf00b3765699f
[INFO] [stdout]                                at /opt/rustwide/workdir/src/space/mod.rs:15:1
[INFO] [stdout]   45:     0x55c6df25bcb7 - reactive_graph::graph::subscriber::untrack::h4ac84b6ffcd7aaae
[INFO] [stdout]                                at /opt/rustwide/cargo-home/registry/src/index.crates.io-6f17d22bba15001f/reactive_graph-0.1.0-rc0/src/graph/subscriber.rs:135:5
[INFO] [stdout]   46:     0x55c6df271399 - thaw::space::Space::h44dbac1f78f63506
[INFO] [stdout]                                at /opt/rustwide/workdir/src/space/mod.rs:15:1
[INFO] [stdout]   47:     0x55c6df269b1e - core::ops::function::Fn::call::h1a7e02322afd9394
[INFO] [stdout]                                at /rustc/df4ca44d3fbc9301ee17f30f4d474e6ae4b05252/library/core/src/ops/function.rs:79:5
[INFO] [stdout]   48:     0x55c6df26fa2e - core::ops::function::impls::<impl core::ops::function::FnOnce<A> for &F>::call_once::hf3054c65fd25fba4
[INFO] [stdout]                                at /rustc/df4ca44d3fbc9301ee17f30f4d474e6ae4b05252/library/core/src/ops/function.rs:284:13
[INFO] [stdout]   49:     0x55c6df27099e - <Func as leptos::component::ComponentConstructor<P,T>>::construct::h4dad5d176b70f513
[INFO] [stdout]                                at /opt/rustwide/cargo-home/registry/src/index.crates.io-6f17d22bba15001f/leptos-0.7.0-rc0/src/component.rs:81:9
[INFO] [stdout]   50:     0x55c6df263376 - leptos::component::component_view::h18245373debfeb5c
[INFO] [stdout]                                at /opt/rustwide/cargo-home/registry/src/index.crates.io-6f17d22bba15001f/leptos-0.7.0-rc0/src/component.rs:60:5
[INFO] [stdout]   51:     0x55c6df2643ab - thaw::space::test::main::h0f8596faeab635ad
[INFO] [stdout]                                at /opt/rustwide/workdir/src/space/mod.rs:121:9
[INFO] [stdout]   52:     0x55c6df264347 - thaw::space::test::main::{{closure}}::h26118ec84f49ee74
[INFO] [stdout]                                at /opt/rustwide/workdir/src/space/mod.rs:117:14
[INFO] [stdout]   53:     0x55c6df26a2e6 - core::ops::function::FnOnce::call_once::hfa04acddee425324
[INFO] [stdout]                                at /rustc/df4ca44d3fbc9301ee17f30f4d474e6ae4b05252/library/core/src/ops/function.rs:250:5
[INFO] [stdout]   54:     0x55c6df2b0c8b - core::ops::function::FnOnce::call_once::h22c3ba5715e93f05
[INFO] [stdout]                                at /rustc/df4ca44d3fbc9301ee17f30f4d474e6ae4b05252/library/core/src/ops/function.rs:250:5
[INFO] [stdout]   55:     0x55c6df2b0c8b - test::__rust_begin_short_backtrace::h8e82d8113d0da17f
[INFO] [stdout]                                at /rustc/df4ca44d3fbc9301ee17f30f4d474e6ae4b05252/library/test/src/lib.rs:621:18
[INFO] [stdout]   56:     0x55c6df2b0607 - test::run_test_in_process::{{closure}}::h33235f4f20b7b7c7
[INFO] [stdout]                                at /rustc/df4ca44d3fbc9301ee17f30f4d474e6ae4b05252/library/test/src/lib.rs:644:60
[INFO] [stdout]   57:     0x55c6df2b0607 - <core::panic::unwind_safe::AssertUnwindSafe<F> as core::ops::function::FnOnce<()>>::call_once::hb5043206310c586f
[INFO] [stdout]                                at /rustc/df4ca44d3fbc9301ee17f30f4d474e6ae4b05252/library/core/src/panic/unwind_safe.rs:272:9
[INFO] [stdout]   58:     0x55c6df2b0607 - std::panicking::try::do_call::h9ad4731a60ab23e2
[INFO] [stdout]                                at /rustc/df4ca44d3fbc9301ee17f30f4d474e6ae4b05252/library/std/src/panicking.rs:557:40
[INFO] [stdout]   59:     0x55c6df2b0607 - std::panicking::try::h3824d23db772a716
[INFO] [stdout]                                at /rustc/df4ca44d3fbc9301ee17f30f4d474e6ae4b05252/library/std/src/panicking.rs:520:19
[INFO] [stdout]   60:     0x55c6df2b0607 - std::panic::catch_unwind::h5afd514605fde46b
[INFO] [stdout]                                at /rustc/df4ca44d3fbc9301ee17f30f4d474e6ae4b05252/library/std/src/panic.rs:358:14
[INFO] [stdout]   61:     0x55c6df2b0607 - test::run_test_in_process::h0d5cbfa7067d1720
[INFO] [stdout]                                at /rustc/df4ca44d3fbc9301ee17f30f4d474e6ae4b05252/library/test/src/lib.rs:644:27
[INFO] [stdout]   62:     0x55c6df2b0607 - test::run_test::{{closure}}::h708eb8872708115d
[INFO] [stdout]                                at /rustc/df4ca44d3fbc9301ee17f30f4d474e6ae4b05252/library/test/src/lib.rs:565:43
[INFO] [stdout]   63:     0x55c6df273d24 - test::run_test::{{closure}}::h392c51cee94713ab
[INFO] [stdout]                                at /rustc/df4ca44d3fbc9301ee17f30f4d474e6ae4b05252/library/test/src/lib.rs:595:41
[INFO] [stdout]   64:     0x55c6df273d24 - std::sys::backtrace::__rust_begin_short_backtrace::h2f40290710935a8b
[INFO] [stdout]                                at /rustc/df4ca44d3fbc9301ee17f30f4d474e6ae4b05252/library/std/src/sys/backtrace.rs:154:18
[INFO] [stdout]   65:     0x55c6df2774ce - std::thread::Builder::spawn_unchecked_::{{closure}}::{{closure}}::h3fd968d89053a903
[INFO] [stdout]                                at /rustc/df4ca44d3fbc9301ee17f30f4d474e6ae4b05252/library/std/src/thread/mod.rs:541:17
[INFO] [stdout]   66:     0x55c6df2774ce - <core::panic::unwind_safe::AssertUnwindSafe<F> as core::ops::function::FnOnce<()>>::call_once::h743f637ba4229880
[INFO] [stdout]                                at /rustc/df4ca44d3fbc9301ee17f30f4d474e6ae4b05252/library/core/src/panic/unwind_safe.rs:272:9
[INFO] [stdout]   67:     0x55c6df2774ce - std::panicking::try::do_call::h07440897322525a6
[INFO] [stdout]                                at /rustc/df4ca44d3fbc9301ee17f30f4d474e6ae4b05252/library/std/src/panicking.rs:557:40
[INFO] [stdout]   68:     0x55c6df2774ce - std::panicking::try::he5a2e00188156637
[INFO] [stdout]                                at /rustc/df4ca44d3fbc9301ee17f30f4d474e6ae4b05252/library/std/src/panicking.rs:520:19
[INFO] [stdout]   69:     0x55c6df2774ce - std::panic::catch_unwind::hbaf3cae49b3c6433
[INFO] [stdout]                                at /rustc/df4ca44d3fbc9301ee17f30f4d474e6ae4b05252/library/std/src/panic.rs:358:14
[INFO] [stdout]   70:     0x55c6df2774ce - std::thread::Builder::spawn_unchecked_::{{closure}}::h8e141ea224820bce
[INFO] [stdout]                                at /rustc/df4ca44d3fbc9301ee17f30f4d474e6ae4b05252/library/std/src/thread/mod.rs:540:30
[INFO] [stdout]   71:     0x55c6df2774ce - core::ops::function::FnOnce::call_once{{vtable.shim}}::h90d312fedd7b8ea8
[INFO] [stdout]                                at /rustc/df4ca44d3fbc9301ee17f30f4d474e6ae4b05252/library/core/src/ops/function.rs:250:5
[INFO] [stdout]   72:     0x55c6df32031b - <alloc::boxed::Box<F,A> as core::ops::function::FnOnce<Args>>::call_once::h69aa08ddb6adb8b6
[INFO] [stdout]                                at /rustc/df4ca44d3fbc9301ee17f30f4d474e6ae4b05252/library/alloc/src/boxed.rs:2454:9
[INFO] [stdout]   73:     0x55c6df32031b - <alloc::boxed::Box<F,A> as core::ops::function::FnOnce<Args>>::call_once::h5aa36efdb79c806f
[INFO] [stdout]                                at /rustc/df4ca44d3fbc9301ee17f30f4d474e6ae4b05252/library/alloc/src/boxed.rs:2454:9
[INFO] [stdout]   74:     0x55c6df32031b - std::sys::pal::unix::thread::Thread::new::thread_start::h6cd80a1b4be5158d
[INFO] [stdout]                                at /rustc/df4ca44d3fbc9301ee17f30f4d474e6ae4b05252/library/std/src/sys/pal/unix/thread.rs:105:17
[INFO] [stdout]   75:     0x7e8ae4a81ac3 - <unknown>
[INFO] [stdout]   76:     0x7e8ae4b12a04 - clone
[INFO] [stdout]   77:                0x0 - <unknown>
[INFO] [stdout] 
[INFO] [stdout] 
[INFO] [stdout] failures:
[INFO] [stdout]     space::test::main
[INFO] [stdout] 
[INFO] [stdout] test result: FAILED. 0 passed; 1 failed; 0 ignored; 0 measured; 0 filtered out; finished in 0.06s
[INFO] [stdout] 
[INFO] [stderr] error: test failed, to rerun pass `--lib`
[INFO] running `Command { std: "docker" "inspect" "d01e0982e24af382955bef6eed1eb98ff6c935bc2d8804c0ac694e22675e5d3b", kill_on_drop: false }`
[INFO] running `Command { std: "docker" "rm" "-f" "d01e0982e24af382955bef6eed1eb98ff6c935bc2d8804c0ac694e22675e5d3b", kill_on_drop: false }`
[INFO] [stdout] d01e0982e24af382955bef6eed1eb98ff6c935bc2d8804c0ac694e22675e5d3b
