[INFO] fetching crate tfhe-versionable-derive 0.3.1...
[INFO] testing tfhe-versionable-derive-0.3.1 against nightly-2024-10-28+rustflags=-Zrandomize-layout for randomize-layout
[INFO] extracting crate tfhe-versionable-derive 0.3.1 into /workspace/builds/worker-0-tc2/source
[INFO] validating manifest of crates.io crate tfhe-versionable-derive 0.3.1 on toolchain nightly-2024-10-28
[INFO] running `Command { std: CARGO_HOME="/workspace/cargo-home" RUSTUP_HOME="/workspace/rustup-home" "/workspace/cargo-home/bin/cargo" "+nightly-2024-10-28" "metadata" "--manifest-path" "Cargo.toml" "--no-deps", kill_on_drop: false }`
[INFO] started tweaking crates.io crate tfhe-versionable-derive 0.3.1
[INFO] finished tweaking crates.io crate tfhe-versionable-derive 0.3.1
[INFO] tweaked toml for crates.io crate tfhe-versionable-derive 0.3.1 written to /workspace/builds/worker-0-tc2/source/Cargo.toml
[INFO] running `Command { std: CARGO_HOME="/workspace/cargo-home" RUSTUP_HOME="/workspace/rustup-home" "/workspace/cargo-home/bin/cargo" "+nightly-2024-10-28" "generate-lockfile" "--manifest-path" "Cargo.toml", kill_on_drop: false }`
[INFO] [stderr]     Updating crates.io index
[INFO] [stderr]      Locking 4 packages to latest compatible versions
[INFO] running `Command { std: CARGO_HOME="/workspace/cargo-home" RUSTUP_HOME="/workspace/rustup-home" "/workspace/cargo-home/bin/cargo" "+nightly-2024-10-28" "fetch" "--manifest-path" "Cargo.toml", kill_on_drop: false }`
[INFO] running `Command { std: "docker" "create" "-v" "/var/lib/crater-agent-workspace/builds/worker-0-tc2/target:/opt/rustwide/target:rw,Z" "-v" "/var/lib/crater-agent-workspace/builds/worker-0-tc2/source:/opt/rustwide/workdir:ro,Z" "-v" "/var/lib/crater-agent-workspace/cargo-home:/opt/rustwide/cargo-home:ro,Z" "-v" "/var/lib/crater-agent-workspace/rustup-home:/opt/rustwide/rustup-home:ro,Z" "-e" "SOURCE_DIR=/opt/rustwide/workdir" "-e" "CARGO_TARGET_DIR=/opt/rustwide/target" "-e" "CARGO_HOME=/opt/rustwide/cargo-home" "-e" "RUSTUP_HOME=/opt/rustwide/rustup-home" "-w" "/opt/rustwide/workdir" "-m" "1610612736" "--user" "0:0" "--network" "none" "ghcr.io/rust-lang/crates-build-env/linux@sha256:4a844ea9eb2546a2d2c7022eacef16ef2e8229c7fbb2c7d4d55a9ceca922f72d" "/opt/rustwide/cargo-home/bin/cargo" "+nightly-2024-10-28" "metadata" "--no-deps" "--format-version=1", kill_on_drop: false }`
[INFO] [stdout] 440390f4e6cf40f7afa64cef96e17e2bf033dc0f11e70b5e04fc753ab33b1653
[INFO] running `Command { std: "docker" "start" "-a" "440390f4e6cf40f7afa64cef96e17e2bf033dc0f11e70b5e04fc753ab33b1653", kill_on_drop: false }`
[INFO] running `Command { std: "docker" "inspect" "440390f4e6cf40f7afa64cef96e17e2bf033dc0f11e70b5e04fc753ab33b1653", kill_on_drop: false }`
[INFO] running `Command { std: "docker" "rm" "-f" "440390f4e6cf40f7afa64cef96e17e2bf033dc0f11e70b5e04fc753ab33b1653", kill_on_drop: false }`
[INFO] [stdout] 440390f4e6cf40f7afa64cef96e17e2bf033dc0f11e70b5e04fc753ab33b1653
[INFO] running `Command { std: "docker" "create" "-v" "/var/lib/crater-agent-workspace/builds/worker-0-tc2/target:/opt/rustwide/target:rw,Z" "-v" "/var/lib/crater-agent-workspace/builds/worker-0-tc2/source:/opt/rustwide/workdir:ro,Z" "-v" "/var/lib/crater-agent-workspace/cargo-home:/opt/rustwide/cargo-home:ro,Z" "-v" "/var/lib/crater-agent-workspace/rustup-home:/opt/rustwide/rustup-home:ro,Z" "-e" "SOURCE_DIR=/opt/rustwide/workdir" "-e" "CARGO_TARGET_DIR=/opt/rustwide/target" "-e" "CARGO_INCREMENTAL=0" "-e" "RUST_BACKTRACE=full" "-e" "RUSTFLAGS=--cap-lints=forbid -Zrandomize-layout" "-e" "RUSTDOCFLAGS=--cap-lints=forbid" "-e" "CARGO_HOME=/opt/rustwide/cargo-home" "-e" "RUSTUP_HOME=/opt/rustwide/rustup-home" "-w" "/opt/rustwide/workdir" "-m" "1610612736" "--user" "0:0" "--network" "none" "ghcr.io/rust-lang/crates-build-env/linux@sha256:4a844ea9eb2546a2d2c7022eacef16ef2e8229c7fbb2c7d4d55a9ceca922f72d" "/opt/rustwide/cargo-home/bin/cargo" "+nightly-2024-10-28" "build" "--frozen" "--message-format=json", kill_on_drop: false }`
[INFO] [stdout] 44506485bc1edc1468cd828b4550192c5c387e1b38a7a82144af90bafb9a4471
[INFO] running `Command { std: "docker" "start" "-a" "44506485bc1edc1468cd828b4550192c5c387e1b38a7a82144af90bafb9a4471", kill_on_drop: false }`
[INFO] [stderr]    Compiling proc-macro2 v1.0.89
[INFO] [stderr]    Compiling unicode-ident v1.0.13
[INFO] [stderr]    Compiling quote v1.0.37
[INFO] [stderr]    Compiling syn v2.0.86
[INFO] [stderr]    Compiling tfhe-versionable-derive v0.3.1 (/opt/rustwide/workdir)
[INFO] [stderr]     Finished `dev` profile [unoptimized + debuginfo] target(s) in 5.41s
[INFO] running `Command { std: "docker" "inspect" "44506485bc1edc1468cd828b4550192c5c387e1b38a7a82144af90bafb9a4471", kill_on_drop: false }`
[INFO] running `Command { std: "docker" "rm" "-f" "44506485bc1edc1468cd828b4550192c5c387e1b38a7a82144af90bafb9a4471", kill_on_drop: false }`
[INFO] [stdout] 44506485bc1edc1468cd828b4550192c5c387e1b38a7a82144af90bafb9a4471
[INFO] running `Command { std: "docker" "create" "-v" "/var/lib/crater-agent-workspace/builds/worker-0-tc2/target:/opt/rustwide/target:rw,Z" "-v" "/var/lib/crater-agent-workspace/builds/worker-0-tc2/source:/opt/rustwide/workdir:ro,Z" "-v" "/var/lib/crater-agent-workspace/cargo-home:/opt/rustwide/cargo-home:ro,Z" "-v" "/var/lib/crater-agent-workspace/rustup-home:/opt/rustwide/rustup-home:ro,Z" "-e" "SOURCE_DIR=/opt/rustwide/workdir" "-e" "CARGO_TARGET_DIR=/opt/rustwide/target" "-e" "CARGO_INCREMENTAL=0" "-e" "RUST_BACKTRACE=full" "-e" "RUSTFLAGS=--cap-lints=forbid -Zrandomize-layout" "-e" "RUSTDOCFLAGS=--cap-lints=forbid" "-e" "CARGO_HOME=/opt/rustwide/cargo-home" "-e" "RUSTUP_HOME=/opt/rustwide/rustup-home" "-w" "/opt/rustwide/workdir" "-m" "1610612736" "--user" "0:0" "--network" "none" "ghcr.io/rust-lang/crates-build-env/linux@sha256:4a844ea9eb2546a2d2c7022eacef16ef2e8229c7fbb2c7d4d55a9ceca922f72d" "/opt/rustwide/cargo-home/bin/cargo" "+nightly-2024-10-28" "test" "--frozen" "--no-run" "--message-format=json", kill_on_drop: false }`
[INFO] [stdout] c046af787f6c500a4c59b229859fb69d60247363eebf69446aa08f19b2ee9511
[INFO] running `Command { std: "docker" "start" "-a" "c046af787f6c500a4c59b229859fb69d60247363eebf69446aa08f19b2ee9511", kill_on_drop: false }`
[INFO] [stderr]    Compiling tfhe-versionable-derive v0.3.1 (/opt/rustwide/workdir)
[INFO] [stderr]     Finished `test` profile [unoptimized + debuginfo] target(s) in 1.03s
[INFO] running `Command { std: "docker" "inspect" "c046af787f6c500a4c59b229859fb69d60247363eebf69446aa08f19b2ee9511", kill_on_drop: false }`
[INFO] running `Command { std: "docker" "rm" "-f" "c046af787f6c500a4c59b229859fb69d60247363eebf69446aa08f19b2ee9511", kill_on_drop: false }`
[INFO] [stdout] c046af787f6c500a4c59b229859fb69d60247363eebf69446aa08f19b2ee9511
[INFO] running `Command { std: "docker" "create" "-v" "/var/lib/crater-agent-workspace/builds/worker-0-tc2/target:/opt/rustwide/target:rw,Z" "-v" "/var/lib/crater-agent-workspace/builds/worker-0-tc2/source:/opt/rustwide/workdir:ro,Z" "-v" "/var/lib/crater-agent-workspace/cargo-home:/opt/rustwide/cargo-home:ro,Z" "-v" "/var/lib/crater-agent-workspace/rustup-home:/opt/rustwide/rustup-home:ro,Z" "-e" "SOURCE_DIR=/opt/rustwide/workdir" "-e" "CARGO_TARGET_DIR=/opt/rustwide/target" "-e" "CARGO_INCREMENTAL=0" "-e" "RUST_BACKTRACE=full" "-e" "RUSTFLAGS=--cap-lints=forbid -Zrandomize-layout" "-e" "RUSTDOCFLAGS=--cap-lints=forbid" "-e" "CARGO_HOME=/opt/rustwide/cargo-home" "-e" "RUSTUP_HOME=/opt/rustwide/rustup-home" "-w" "/opt/rustwide/workdir" "-m" "1610612736" "--user" "0:0" "--network" "none" "ghcr.io/rust-lang/crates-build-env/linux@sha256:4a844ea9eb2546a2d2c7022eacef16ef2e8229c7fbb2c7d4d55a9ceca922f72d" "/opt/rustwide/cargo-home/bin/cargo" "+nightly-2024-10-28" "test" "--frozen", kill_on_drop: false }`
[INFO] [stdout] 70ed9c13803d94e7f3630bc124acb4120eab2b7fd19e9e60e580ebc9414efbe8
[INFO] running `Command { std: "docker" "start" "-a" "70ed9c13803d94e7f3630bc124acb4120eab2b7fd19e9e60e580ebc9414efbe8", kill_on_drop: false }`
[INFO] [stderr]     Finished `test` profile [unoptimized + debuginfo] target(s) in 0.02s
[INFO] [stderr]      Running unittests src/lib.rs (/opt/rustwide/target/debug/deps/tfhe_versionable_derive-2c12a1078ce1ce0e)
[INFO] [stdout] 
[INFO] [stdout] running 0 tests
[INFO] [stdout] 
[INFO] [stdout] test result: ok. 0 passed; 0 failed; 0 ignored; 0 measured; 0 filtered out; finished in 0.00s
[INFO] [stdout] 
[INFO] [stderr]    Doc-tests tfhe_versionable_derive
[INFO] [stdout] 
[INFO] [stdout] running 2 tests
[INFO] [stdout] test src/associated.rs - associated::generate_from_trait_impl (line 14) ... FAILED
[INFO] [stdout] test src/associated.rs - associated::generate_try_from_trait_impl (line 41) ... FAILED
[INFO] [stdout] 
[INFO] [stdout] failures:
[INFO] [stdout] 
[INFO] [stdout] ---- src/associated.rs - associated::generate_from_trait_impl (line 14) stdout ----
[INFO] [stdout] error: unexpected token: `...`
[INFO] [stdout]  --> src/associated.rs:17:8
[INFO] [stdout]   |
[INFO] [stdout] 5 |        ...[constructor]...
[INFO] [stdout]   |        ^^^
[INFO] [stdout]   |
[INFO] [stdout] help: use `..` for an exclusive range
[INFO] [stdout]   |
[INFO] [stdout] 5 |        ..[constructor]...
[INFO] [stdout]   |        ~~
[INFO] [stdout] help: or `..=` for an inclusive range
[INFO] [stdout]   |
[INFO] [stdout] 5 |        ..=[constructor]...
[INFO] [stdout]   |        ~~~
[INFO] [stdout] 
[INFO] [stdout] error: expected one of `.`, `;`, `?`, `}`, or an operator, found `...`
[INFO] [stdout]  --> src/associated.rs:17:24
[INFO] [stdout]   |
[INFO] [stdout] 5 |        ...[constructor]...
[INFO] [stdout]   |                        ^^^ expected one of `.`, `;`, `?`, `}`, or an operator
[INFO] [stdout] 
[INFO] [stdout] error[E0412]: cannot find type `Src` in this scope
[INFO] [stdout]  --> src/associated.rs:15:11
[INFO] [stdout]   |
[INFO] [stdout] 3 | impl From<Src> for Dest  {
[INFO] [stdout]   |           ^^^ not found in this scope
[INFO] [stdout]   |
[INFO] [stdout] help: you might be missing a type parameter
[INFO] [stdout]   |
[INFO] [stdout] 3 | impl<Src> From<Src> for Dest  {
[INFO] [stdout]   |     +++++
[INFO] [stdout] 
[INFO] [stdout] error[E0412]: cannot find type `Dest` in this scope
[INFO] [stdout]  --> src/associated.rs:15:20
[INFO] [stdout]   |
[INFO] [stdout] 3 | impl From<Src> for Dest  {
[INFO] [stdout]   |                    ^^^^ not found in this scope
[INFO] [stdout] 
[INFO] [stdout] error[E0412]: cannot find type `Src` in this scope
[INFO] [stdout]  --> src/associated.rs:16:19
[INFO] [stdout]   |
[INFO] [stdout] 4 |    fn from(value: Src) -> Self {
[INFO] [stdout]   |                   ^^^ not found in this scope
[INFO] [stdout] 
[INFO] [stdout] error: aborting due to 5 previous errors
[INFO] [stdout] 
[INFO] [stdout] For more information about this error, try `rustc --explain E0412`.
[INFO] [stdout] Couldn't compile the test.
[INFO] [stdout] ---- src/associated.rs - associated::generate_try_from_trait_impl (line 41) stdout ----
[INFO] [stdout] error: unexpected token: `...`
[INFO] [stdout]  --> src/associated.rs:45:8
[INFO] [stdout]   |
[INFO] [stdout] 6 |        ...[constructor]...
[INFO] [stdout]   |        ^^^
[INFO] [stdout]   |
[INFO] [stdout] help: use `..` for an exclusive range
[INFO] [stdout]   |
[INFO] [stdout] 6 |        ..[constructor]...
[INFO] [stdout]   |        ~~
[INFO] [stdout] help: or `..=` for an inclusive range
[INFO] [stdout]   |
[INFO] [stdout] 6 |        ..=[constructor]...
[INFO] [stdout]   |        ~~~
[INFO] [stdout] 
[INFO] [stdout] error: expected one of `.`, `;`, `?`, `}`, or an operator, found `...`
[INFO] [stdout]  --> src/associated.rs:45:24
[INFO] [stdout]   |
[INFO] [stdout] 6 |        ...[constructor]...
[INFO] [stdout]   |                        ^^^ expected one of `.`, `;`, `?`, `}`, or an operator
[INFO] [stdout] 
[INFO] [stdout] error[E0407]: method `from` is not a member of trait `TryFrom`
[INFO] [stdout]  --> src/associated.rs:44:4
[INFO] [stdout]   |
[INFO] [stdout] 5 | /    fn from(value: Src) -> Self {
[INFO] [stdout] 6 | |        ...[constructor]...
[INFO] [stdout] 7 | |    }
[INFO] [stdout]   | |____^ not a member of trait `TryFrom`
[INFO] [stdout] 
[INFO] [stdout] error[E0412]: cannot find type `Src` in this scope
[INFO] [stdout]  --> src/associated.rs:42:14
[INFO] [stdout]   |
[INFO] [stdout] 3 | impl TryFrom<Src> for Dest  {
[INFO] [stdout]   |              ^^^ not found in this scope
[INFO] [stdout]   |
[INFO] [stdout] help: you might be missing a type parameter
[INFO] [stdout]   |
[INFO] [stdout] 3 | impl<Src> TryFrom<Src> for Dest  {
[INFO] [stdout]   |     +++++
[INFO] [stdout] 
[INFO] [stdout] error[E0412]: cannot find type `Dest` in this scope
[INFO] [stdout]  --> src/associated.rs:42:23
[INFO] [stdout]   |
[INFO] [stdout] 3 | impl TryFrom<Src> for Dest  {
[INFO] [stdout]   |                       ^^^^ not found in this scope
[INFO] [stdout] 
[INFO] [stdout] error[E0412]: cannot find type `ErrorType` in this scope
[INFO] [stdout]  --> src/associated.rs:43:17
[INFO] [stdout]   |
[INFO] [stdout] 4 |    type Error = ErrorType;
[INFO] [stdout]   |                 ^^^^^^^^^ not found in this scope
[INFO] [stdout] 
[INFO] [stdout] error[E0412]: cannot find type `Src` in this scope
[INFO] [stdout]  --> src/associated.rs:44:19
[INFO] [stdout]   |
[INFO] [stdout] 5 |    fn from(value: Src) -> Self {
[INFO] [stdout]   |                   ^^^ not found in this scope
[INFO] [stdout] 
[INFO] [stdout] error: aborting due to 7 previous errors
[INFO] [stdout] 
[INFO] [stdout] Some errors have detailed explanations: E0407, E0412.
[INFO] [stdout] For more information about an error, try `rustc --explain E0407`.
[INFO] [stdout] Couldn't compile the test.
[INFO] [stdout] 
[INFO] [stdout] failures:
[INFO] [stdout]     src/associated.rs - associated::generate_from_trait_impl (line 14)
[INFO] [stdout]     src/associated.rs - associated::generate_try_from_trait_impl (line 41)
[INFO] [stdout] 
[INFO] [stdout] test result: FAILED. 0 passed; 2 failed; 0 ignored; 0 measured; 0 filtered out; finished in 0.13s
[INFO] [stdout] 
[INFO] [stderr] error: doctest failed, to rerun pass `--doc`
[INFO] running `Command { std: "docker" "inspect" "70ed9c13803d94e7f3630bc124acb4120eab2b7fd19e9e60e580ebc9414efbe8", kill_on_drop: false }`
[INFO] running `Command { std: "docker" "rm" "-f" "70ed9c13803d94e7f3630bc124acb4120eab2b7fd19e9e60e580ebc9414efbe8", kill_on_drop: false }`
[INFO] [stdout] 70ed9c13803d94e7f3630bc124acb4120eab2b7fd19e9e60e580ebc9414efbe8
