[INFO] fetching crate testtian 0.1.0...
[INFO] testing testtian-0.1.0 against nightly-2024-10-28+rustflags=-Zrandomize-layout for randomize-layout
[INFO] extracting crate testtian 0.1.0 into /workspace/builds/worker-1-tc2/source
[INFO] validating manifest of crates.io crate testtian 0.1.0 on toolchain nightly-2024-10-28
[INFO] running `Command { std: CARGO_HOME="/workspace/cargo-home" RUSTUP_HOME="/workspace/rustup-home" "/workspace/cargo-home/bin/cargo" "+nightly-2024-10-28" "metadata" "--manifest-path" "Cargo.toml" "--no-deps", kill_on_drop: false }`
[INFO] started tweaking crates.io crate testtian 0.1.0
[INFO] finished tweaking crates.io crate testtian 0.1.0
[INFO] tweaked toml for crates.io crate testtian 0.1.0 written to /workspace/builds/worker-1-tc2/source/Cargo.toml
[INFO] crate crates.io crate testtian 0.1.0 already has a lockfile, it will not be regenerated
[INFO] running `Command { std: CARGO_HOME="/workspace/cargo-home" RUSTUP_HOME="/workspace/rustup-home" "/workspace/cargo-home/bin/cargo" "+nightly-2024-10-28" "fetch" "--manifest-path" "Cargo.toml", kill_on_drop: false }`
[INFO] running `Command { std: "docker" "create" "-v" "/var/lib/crater-agent-workspace/builds/worker-1-tc2/target:/opt/rustwide/target:rw,Z" "-v" "/var/lib/crater-agent-workspace/builds/worker-1-tc2/source:/opt/rustwide/workdir:ro,Z" "-v" "/var/lib/crater-agent-workspace/cargo-home:/opt/rustwide/cargo-home:ro,Z" "-v" "/var/lib/crater-agent-workspace/rustup-home:/opt/rustwide/rustup-home:ro,Z" "-e" "SOURCE_DIR=/opt/rustwide/workdir" "-e" "CARGO_TARGET_DIR=/opt/rustwide/target" "-e" "CARGO_HOME=/opt/rustwide/cargo-home" "-e" "RUSTUP_HOME=/opt/rustwide/rustup-home" "-w" "/opt/rustwide/workdir" "-m" "1610612736" "--user" "0:0" "--network" "none" "ghcr.io/rust-lang/crates-build-env/linux@sha256:4a844ea9eb2546a2d2c7022eacef16ef2e8229c7fbb2c7d4d55a9ceca922f72d" "/opt/rustwide/cargo-home/bin/cargo" "+nightly-2024-10-28" "metadata" "--no-deps" "--format-version=1", kill_on_drop: false }`
[INFO] [stdout] 803421d75a8418c82ebd83d5f12ab48e54ad9feb52c615f7012eaa7db6221c6a
[INFO] running `Command { std: "docker" "start" "-a" "803421d75a8418c82ebd83d5f12ab48e54ad9feb52c615f7012eaa7db6221c6a", kill_on_drop: false }`
[INFO] running `Command { std: "docker" "inspect" "803421d75a8418c82ebd83d5f12ab48e54ad9feb52c615f7012eaa7db6221c6a", kill_on_drop: false }`
[INFO] running `Command { std: "docker" "rm" "-f" "803421d75a8418c82ebd83d5f12ab48e54ad9feb52c615f7012eaa7db6221c6a", kill_on_drop: false }`
[INFO] [stdout] 803421d75a8418c82ebd83d5f12ab48e54ad9feb52c615f7012eaa7db6221c6a
[INFO] running `Command { std: "docker" "create" "-v" "/var/lib/crater-agent-workspace/builds/worker-1-tc2/target:/opt/rustwide/target:rw,Z" "-v" "/var/lib/crater-agent-workspace/builds/worker-1-tc2/source:/opt/rustwide/workdir:ro,Z" "-v" "/var/lib/crater-agent-workspace/cargo-home:/opt/rustwide/cargo-home:ro,Z" "-v" "/var/lib/crater-agent-workspace/rustup-home:/opt/rustwide/rustup-home:ro,Z" "-e" "SOURCE_DIR=/opt/rustwide/workdir" "-e" "CARGO_TARGET_DIR=/opt/rustwide/target" "-e" "CARGO_INCREMENTAL=0" "-e" "RUST_BACKTRACE=full" "-e" "RUSTFLAGS=--cap-lints=forbid -Zrandomize-layout" "-e" "RUSTDOCFLAGS=--cap-lints=forbid" "-e" "CARGO_HOME=/opt/rustwide/cargo-home" "-e" "RUSTUP_HOME=/opt/rustwide/rustup-home" "-w" "/opt/rustwide/workdir" "-m" "1610612736" "--user" "0:0" "--network" "none" "ghcr.io/rust-lang/crates-build-env/linux@sha256:4a844ea9eb2546a2d2c7022eacef16ef2e8229c7fbb2c7d4d55a9ceca922f72d" "/opt/rustwide/cargo-home/bin/cargo" "+nightly-2024-10-28" "build" "--frozen" "--message-format=json", kill_on_drop: false }`
[INFO] [stdout] 7430f82dece0b5968612a2aa34e76b7fa2f6aaea5e7ea9316dd28b552acb70b9
[INFO] running `Command { std: "docker" "start" "-a" "7430f82dece0b5968612a2aa34e76b7fa2f6aaea5e7ea9316dd28b552acb70b9", kill_on_drop: false }`
[INFO] [stderr]    Compiling testtian v0.1.0 (/opt/rustwide/workdir)
[INFO] [stdout] warning: unused variable: `c1`
[INFO] [stdout]   --> src/lib.rs:40:16
[INFO] [stdout]    |
[INFO] [stdout] 40 |     pub fn mix(c1: PrimaryColor,c2: PrimaryColor) -> SecondaryColor {
[INFO] [stdout]    |                ^^ help: if this is intentional, prefix it with an underscore: `_c1`
[INFO] [stdout]    |
[INFO] [stdout]    = note: `#[warn(unused_variables)]` on by default
[INFO] [stdout] 
[INFO] [stdout] 
[INFO] [stdout] warning: unused variable: `c2`
[INFO] [stdout]   --> src/lib.rs:40:33
[INFO] [stdout]    |
[INFO] [stdout] 40 |     pub fn mix(c1: PrimaryColor,c2: PrimaryColor) -> SecondaryColor {
[INFO] [stdout]    |                                 ^^ help: if this is intentional, prefix it with an underscore: `_c2`
[INFO] [stdout] 
[INFO] [stdout] 
[INFO] [stderr]     Finished `dev` profile [unoptimized + debuginfo] target(s) in 0.10s
[INFO] running `Command { std: "docker" "inspect" "7430f82dece0b5968612a2aa34e76b7fa2f6aaea5e7ea9316dd28b552acb70b9", kill_on_drop: false }`
[INFO] running `Command { std: "docker" "rm" "-f" "7430f82dece0b5968612a2aa34e76b7fa2f6aaea5e7ea9316dd28b552acb70b9", kill_on_drop: false }`
[INFO] [stdout] 7430f82dece0b5968612a2aa34e76b7fa2f6aaea5e7ea9316dd28b552acb70b9
[INFO] running `Command { std: "docker" "create" "-v" "/var/lib/crater-agent-workspace/builds/worker-1-tc2/target:/opt/rustwide/target:rw,Z" "-v" "/var/lib/crater-agent-workspace/builds/worker-1-tc2/source:/opt/rustwide/workdir:ro,Z" "-v" "/var/lib/crater-agent-workspace/cargo-home:/opt/rustwide/cargo-home:ro,Z" "-v" "/var/lib/crater-agent-workspace/rustup-home:/opt/rustwide/rustup-home:ro,Z" "-e" "SOURCE_DIR=/opt/rustwide/workdir" "-e" "CARGO_TARGET_DIR=/opt/rustwide/target" "-e" "CARGO_INCREMENTAL=0" "-e" "RUST_BACKTRACE=full" "-e" "RUSTFLAGS=--cap-lints=forbid -Zrandomize-layout" "-e" "RUSTDOCFLAGS=--cap-lints=forbid" "-e" "CARGO_HOME=/opt/rustwide/cargo-home" "-e" "RUSTUP_HOME=/opt/rustwide/rustup-home" "-w" "/opt/rustwide/workdir" "-m" "1610612736" "--user" "0:0" "--network" "none" "ghcr.io/rust-lang/crates-build-env/linux@sha256:4a844ea9eb2546a2d2c7022eacef16ef2e8229c7fbb2c7d4d55a9ceca922f72d" "/opt/rustwide/cargo-home/bin/cargo" "+nightly-2024-10-28" "test" "--frozen" "--no-run" "--message-format=json", kill_on_drop: false }`
[INFO] [stdout] 454b6e0800e4859f2fdd070192daa34d5bdc95df7af90467750884112d6117ea
[INFO] running `Command { std: "docker" "start" "-a" "454b6e0800e4859f2fdd070192daa34d5bdc95df7af90467750884112d6117ea", kill_on_drop: false }`
[INFO] [stderr]    Compiling testtian v0.1.0 (/opt/rustwide/workdir)
[INFO] [stdout] warning: unused variable: `c1`
[INFO] [stdout]   --> src/lib.rs:40:16
[INFO] [stdout]    |
[INFO] [stdout] 40 |     pub fn mix(c1: PrimaryColor,c2: PrimaryColor) -> SecondaryColor {
[INFO] [stdout]    |                ^^ help: if this is intentional, prefix it with an underscore: `_c1`
[INFO] [stdout]    |
[INFO] [stdout]    = note: `#[warn(unused_variables)]` on by default
[INFO] [stdout] 
[INFO] [stdout] 
[INFO] [stdout] warning: unused variable: `c2`
[INFO] [stdout]   --> src/lib.rs:40:33
[INFO] [stdout]    |
[INFO] [stdout] 40 |     pub fn mix(c1: PrimaryColor,c2: PrimaryColor) -> SecondaryColor {
[INFO] [stdout]    |                                 ^^ help: if this is intentional, prefix it with an underscore: `_c2`
[INFO] [stdout] 
[INFO] [stdout] 
[INFO] [stdout] warning: unused import: `super::*`
[INFO] [stdout]   --> src/lib.rs:53:9
[INFO] [stdout]    |
[INFO] [stdout] 53 |     use super::*;
[INFO] [stdout]    |         ^^^^^^^^
[INFO] [stdout]    |
[INFO] [stdout]    = note: `#[warn(unused_imports)]` on by default
[INFO] [stdout] 
[INFO] [stdout] 
[INFO] [stdout] warning: unused variable: `c1`
[INFO] [stdout]   --> src/lib.rs:40:16
[INFO] [stdout]    |
[INFO] [stdout] 40 |     pub fn mix(c1: PrimaryColor,c2: PrimaryColor) -> SecondaryColor {
[INFO] [stdout]    |                ^^ help: if this is intentional, prefix it with an underscore: `_c1`
[INFO] [stdout]    |
[INFO] [stdout]    = note: `#[warn(unused_variables)]` on by default
[INFO] [stdout] 
[INFO] [stdout] 
[INFO] [stdout] warning: unused variable: `c2`
[INFO] [stdout]   --> src/lib.rs:40:33
[INFO] [stdout]    |
[INFO] [stdout] 40 |     pub fn mix(c1: PrimaryColor,c2: PrimaryColor) -> SecondaryColor {
[INFO] [stdout]    |                                 ^^ help: if this is intentional, prefix it with an underscore: `_c2`
[INFO] [stdout] 
[INFO] [stdout] 
[INFO] [stderr]     Finished `test` profile [unoptimized + debuginfo] target(s) in 0.12s
[INFO] running `Command { std: "docker" "inspect" "454b6e0800e4859f2fdd070192daa34d5bdc95df7af90467750884112d6117ea", kill_on_drop: false }`
[INFO] running `Command { std: "docker" "rm" "-f" "454b6e0800e4859f2fdd070192daa34d5bdc95df7af90467750884112d6117ea", kill_on_drop: false }`
[INFO] [stdout] 454b6e0800e4859f2fdd070192daa34d5bdc95df7af90467750884112d6117ea
[INFO] running `Command { std: "docker" "create" "-v" "/var/lib/crater-agent-workspace/builds/worker-1-tc2/target:/opt/rustwide/target:rw,Z" "-v" "/var/lib/crater-agent-workspace/builds/worker-1-tc2/source:/opt/rustwide/workdir:ro,Z" "-v" "/var/lib/crater-agent-workspace/cargo-home:/opt/rustwide/cargo-home:ro,Z" "-v" "/var/lib/crater-agent-workspace/rustup-home:/opt/rustwide/rustup-home:ro,Z" "-e" "SOURCE_DIR=/opt/rustwide/workdir" "-e" "CARGO_TARGET_DIR=/opt/rustwide/target" "-e" "CARGO_INCREMENTAL=0" "-e" "RUST_BACKTRACE=full" "-e" "RUSTFLAGS=--cap-lints=forbid -Zrandomize-layout" "-e" "RUSTDOCFLAGS=--cap-lints=forbid" "-e" "CARGO_HOME=/opt/rustwide/cargo-home" "-e" "RUSTUP_HOME=/opt/rustwide/rustup-home" "-w" "/opt/rustwide/workdir" "-m" "1610612736" "--user" "0:0" "--network" "none" "ghcr.io/rust-lang/crates-build-env/linux@sha256:4a844ea9eb2546a2d2c7022eacef16ef2e8229c7fbb2c7d4d55a9ceca922f72d" "/opt/rustwide/cargo-home/bin/cargo" "+nightly-2024-10-28" "test" "--frozen", kill_on_drop: false }`
[INFO] [stdout] 97985cffeac019abb38d3102497b73f0fdc5bf10b39d77366e881bca5a4d9f1d
[INFO] running `Command { std: "docker" "start" "-a" "97985cffeac019abb38d3102497b73f0fdc5bf10b39d77366e881bca5a4d9f1d", kill_on_drop: false }`
[INFO] [stderr] warning: unused variable: `c1`
[INFO] [stderr]   --> src/lib.rs:40:16
[INFO] [stderr]    |
[INFO] [stderr] 40 |     pub fn mix(c1: PrimaryColor,c2: PrimaryColor) -> SecondaryColor {
[INFO] [stderr]    |                ^^ help: if this is intentional, prefix it with an underscore: `_c1`
[INFO] [stderr]    |
[INFO] [stderr]    = note: `#[warn(unused_variables)]` on by default
[INFO] [stderr] 
[INFO] [stderr] warning: unused variable: `c2`
[INFO] [stderr]   --> src/lib.rs:40:33
[INFO] [stderr]    |
[INFO] [stderr] 40 |     pub fn mix(c1: PrimaryColor,c2: PrimaryColor) -> SecondaryColor {
[INFO] [stderr]    |                                 ^^ help: if this is intentional, prefix it with an underscore: `_c2`
[INFO] [stderr] 
[INFO] [stderr] warning: `testtian` (lib) generated 2 warnings
[INFO] [stderr] warning: unused import: `super::*`
[INFO] [stderr]   --> src/lib.rs:53:9
[INFO] [stderr]    |
[INFO] [stderr] 53 |     use super::*;
[INFO] [stderr]    |         ^^^^^^^^
[INFO] [stderr]    |
[INFO] [stderr]    = note: `#[warn(unused_imports)]` on by default
[INFO] [stderr] 
[INFO] [stderr] warning: `testtian` (lib test) generated 3 warnings (2 duplicates) (run `cargo fix --lib -p testtian --tests` to apply 1 suggestion)
[INFO] [stderr]     Finished `test` profile [unoptimized + debuginfo] target(s) in 0.00s
[INFO] [stderr]      Running unittests src/lib.rs (/opt/rustwide/target/debug/deps/testtian-2aa38e24690c9b70)
[INFO] [stdout] 
[INFO] [stdout] running 1 test
[INFO] [stdout] test tests::it_works ... ok
[INFO] [stdout] 
[INFO] [stdout] test result: ok. 1 passed; 0 failed; 0 ignored; 0 measured; 0 filtered out; finished in 0.00s
[INFO] [stdout] 
[INFO] [stderr]      Running unittests src/main.rs (/opt/rustwide/target/debug/deps/testtian-be4566e1008c5224)
[INFO] [stdout] 
[INFO] [stdout] running 0 tests
[INFO] [stdout] 
[INFO] [stdout] test result: ok. 0 passed; 0 failed; 0 ignored; 0 measured; 0 filtered out; finished in 0.00s
[INFO] [stdout] 
[INFO] [stderr]    Doc-tests testtian
[INFO] [stdout] 
[INFO] [stdout] running 1 test
[INFO] [stdout] test src/lib.rs - add_one (line 9) ... FAILED
[INFO] [stdout] 
[INFO] [stdout] failures:
[INFO] [stdout] 
[INFO] [stdout] ---- src/lib.rs - add_one (line 9) stdout ----
[INFO] [stdout] error[E0433]: failed to resolve: use of undeclared crate or module `art`
[INFO] [stdout]  --> src/lib.rs:11:14
[INFO] [stdout]   |
[INFO] [stdout] 4 | let answer = art::add_one(arg);
[INFO] [stdout]   |              ^^^ use of undeclared crate or module `art`
[INFO] [stdout] 
[INFO] [stdout] error: aborting due to 1 previous error
[INFO] [stdout] 
[INFO] [stdout] For more information about this error, try `rustc --explain E0433`.
[INFO] [stdout] Couldn't compile the test.
[INFO] [stdout] 
[INFO] [stdout] failures:
[INFO] [stdout]     src/lib.rs - add_one (line 9)
[INFO] [stdout] 
[INFO] [stdout] test result: FAILED. 0 passed; 1 failed; 0 ignored; 0 measured; 0 filtered out; finished in 0.04s
[INFO] [stdout] 
[INFO] [stderr] error: doctest failed, to rerun pass `--doc`
[INFO] running `Command { std: "docker" "inspect" "97985cffeac019abb38d3102497b73f0fdc5bf10b39d77366e881bca5a4d9f1d", kill_on_drop: false }`
[INFO] running `Command { std: "docker" "rm" "-f" "97985cffeac019abb38d3102497b73f0fdc5bf10b39d77366e881bca5a4d9f1d", kill_on_drop: false }`
[INFO] [stdout] 97985cffeac019abb38d3102497b73f0fdc5bf10b39d77366e881bca5a4d9f1d
