[INFO] fetching crate test-with 0.14.4...
[INFO] testing test-with-0.14.4 against nightly-2024-10-28 for randomize-layout
[INFO] extracting crate test-with 0.14.4 into /workspace/builds/worker-2-tc1/source
[INFO] validating manifest of crates.io crate test-with 0.14.4 on toolchain nightly-2024-10-28
[INFO] running `Command { std: CARGO_HOME="/workspace/cargo-home" RUSTUP_HOME="/workspace/rustup-home" "/workspace/cargo-home/bin/cargo" "+nightly-2024-10-28" "metadata" "--manifest-path" "Cargo.toml" "--no-deps", kill_on_drop: false }`
[INFO] started tweaking crates.io crate test-with 0.14.4
[INFO] finished tweaking crates.io crate test-with 0.14.4
[INFO] tweaked toml for crates.io crate test-with 0.14.4 written to /workspace/builds/worker-2-tc1/source/Cargo.toml
[INFO] crate crates.io crate test-with 0.14.4 already has a lockfile, it will not be regenerated
[INFO] running `Command { std: CARGO_HOME="/workspace/cargo-home" RUSTUP_HOME="/workspace/rustup-home" "/workspace/cargo-home/bin/cargo" "+nightly-2024-10-28" "fetch" "--manifest-path" "Cargo.toml", kill_on_drop: false }`
[INFO] [stderr]     Updating crates.io index
[INFO] [stderr]  Downloading crates ...
[INFO] [stderr]   Downloaded libtest-with v0.8.1-0
[INFO] [stderr]   Downloaded rstest v0.21.0
[INFO] [stderr]   Downloaded escape8259 v0.5.3
[INFO] [stderr]   Downloaded ping v0.5.2
[INFO] [stderr]   Downloaded rstest_macros v0.21.0
[INFO] [stderr]   Downloaded scc v2.1.2
[INFO] running `Command { std: "docker" "create" "-v" "/var/lib/crater-agent-workspace/builds/worker-2-tc1/target:/opt/rustwide/target:rw,Z" "-v" "/var/lib/crater-agent-workspace/builds/worker-2-tc1/source:/opt/rustwide/workdir:ro,Z" "-v" "/var/lib/crater-agent-workspace/cargo-home:/opt/rustwide/cargo-home:ro,Z" "-v" "/var/lib/crater-agent-workspace/rustup-home:/opt/rustwide/rustup-home:ro,Z" "-e" "SOURCE_DIR=/opt/rustwide/workdir" "-e" "CARGO_TARGET_DIR=/opt/rustwide/target" "-e" "CARGO_HOME=/opt/rustwide/cargo-home" "-e" "RUSTUP_HOME=/opt/rustwide/rustup-home" "-w" "/opt/rustwide/workdir" "-m" "1610612736" "--user" "0:0" "--network" "none" "ghcr.io/rust-lang/crates-build-env/linux@sha256:4a844ea9eb2546a2d2c7022eacef16ef2e8229c7fbb2c7d4d55a9ceca922f72d" "/opt/rustwide/cargo-home/bin/cargo" "+nightly-2024-10-28" "metadata" "--no-deps" "--format-version=1", kill_on_drop: false }`
[INFO] [stdout] 38d752a57515dcbfe421f543b340f350efa83d86945f49b6950c1882f9aebd5f
[INFO] running `Command { std: "docker" "start" "-a" "38d752a57515dcbfe421f543b340f350efa83d86945f49b6950c1882f9aebd5f", kill_on_drop: false }`
[INFO] running `Command { std: "docker" "inspect" "38d752a57515dcbfe421f543b340f350efa83d86945f49b6950c1882f9aebd5f", kill_on_drop: false }`
[INFO] running `Command { std: "docker" "rm" "-f" "38d752a57515dcbfe421f543b340f350efa83d86945f49b6950c1882f9aebd5f", kill_on_drop: false }`
[INFO] [stdout] 38d752a57515dcbfe421f543b340f350efa83d86945f49b6950c1882f9aebd5f
[INFO] running `Command { std: "docker" "create" "-v" "/var/lib/crater-agent-workspace/builds/worker-2-tc1/target:/opt/rustwide/target:rw,Z" "-v" "/var/lib/crater-agent-workspace/builds/worker-2-tc1/source:/opt/rustwide/workdir:ro,Z" "-v" "/var/lib/crater-agent-workspace/cargo-home:/opt/rustwide/cargo-home:ro,Z" "-v" "/var/lib/crater-agent-workspace/rustup-home:/opt/rustwide/rustup-home:ro,Z" "-e" "SOURCE_DIR=/opt/rustwide/workdir" "-e" "CARGO_TARGET_DIR=/opt/rustwide/target" "-e" "CARGO_INCREMENTAL=0" "-e" "RUST_BACKTRACE=full" "-e" "RUSTFLAGS=--cap-lints=forbid" "-e" "RUSTDOCFLAGS=--cap-lints=forbid" "-e" "CARGO_HOME=/opt/rustwide/cargo-home" "-e" "RUSTUP_HOME=/opt/rustwide/rustup-home" "-w" "/opt/rustwide/workdir" "-m" "1610612736" "--user" "0:0" "--network" "none" "ghcr.io/rust-lang/crates-build-env/linux@sha256:4a844ea9eb2546a2d2c7022eacef16ef2e8229c7fbb2c7d4d55a9ceca922f72d" "/opt/rustwide/cargo-home/bin/cargo" "+nightly-2024-10-28" "build" "--frozen" "--message-format=json", kill_on_drop: false }`
[INFO] [stdout] 066828962a36bbe8e0332fc1d75790c48bcdafad48283df06aa4738f35f1afc9
[INFO] running `Command { std: "docker" "start" "-a" "066828962a36bbe8e0332fc1d75790c48bcdafad48283df06aa4738f35f1afc9", kill_on_drop: false }`
[INFO] [stderr]    Compiling libc v0.2.155
[INFO] [stderr]    Compiling proc-macro2 v1.0.86
[INFO] [stderr]    Compiling autocfg v1.3.0
[INFO] [stderr]    Compiling unicode-ident v1.0.12
[INFO] [stderr]    Compiling pkg-config v0.3.30
[INFO] [stderr]    Compiling cc v1.1.0
[INFO] [stderr]    Compiling once_cell v1.19.0
[INFO] [stderr]    Compiling pin-project-lite v0.2.14
[INFO] [stderr]    Compiling bytes v1.6.0
[INFO] [stderr]    Compiling memchr v2.7.4
[INFO] [stderr]    Compiling itoa v1.0.11
[INFO] [stderr]    Compiling crossbeam-utils v0.8.20
[INFO] [stderr]    Compiling futures-core v0.3.30
[INFO] [stderr]    Compiling openssl v0.10.64
[INFO] [stderr]    Compiling foreign-types-shared v0.1.1
[INFO] [stderr]    Compiling fnv v1.0.7
[INFO] [stderr]    Compiling foreign-types v0.3.2
[INFO] [stderr]    Compiling httparse v1.9.4
[INFO] [stderr]    Compiling pin-utils v0.1.0
[INFO] [stderr]    Compiling tinyvec_macros v0.1.1
[INFO] [stderr]    Compiling futures-sink v0.3.30
[INFO] [stderr]    Compiling hashbrown v0.14.5
[INFO] [stderr]    Compiling futures-task v0.3.30
[INFO] [stderr]    Compiling futures-io v0.3.30
[INFO] [stderr]    Compiling tinyvec v1.8.0
[INFO] [stderr]    Compiling tracing-core v0.1.32
[INFO] [stderr]    Compiling rayon-core v1.12.1
[INFO] [stderr]    Compiling openssl-probe v0.1.5
[INFO] [stderr]    Compiling try-lock v0.2.5
[INFO] [stderr]    Compiling serde v1.0.204
[INFO] [stderr]    Compiling percent-encoding v2.3.1
[INFO] [stderr]    Compiling want v0.3.1
[INFO] [stderr]    Compiling futures-channel v0.3.30
[INFO] [stderr]    Compiling slab v0.4.9
[INFO] [stderr]    Compiling num-traits v0.2.19
[INFO] [stderr]    Compiling form_urlencoded v1.2.1
[INFO] [stderr]    Compiling http v0.2.12
[INFO] [stderr]    Compiling rust_decimal v1.35.0
[INFO] [stderr]    Compiling tracing v0.1.40
[INFO] [stderr]    Compiling unicode-bidi v0.3.15
[INFO] [stderr]    Compiling httpdate v1.0.3
[INFO] [stderr]    Compiling futures-util v0.3.30
[INFO] [stderr]    Compiling quote v1.0.36
[INFO] [stderr]    Compiling indexmap v2.2.6
[INFO] [stderr]    Compiling crossbeam-epoch v0.9.18
[INFO] [stderr]    Compiling tower-service v0.3.2
[INFO] [stderr]    Compiling thiserror v1.0.61
[INFO] [stderr]    Compiling rustix v0.38.34
[INFO] [stderr]    Compiling ppv-lite86 v0.2.17
[INFO] [stderr]    Compiling aho-corasick v1.1.3
[INFO] [stderr]    Compiling syn v2.0.70
[INFO] [stderr]    Compiling socket2 v0.5.7
[INFO] [stderr]    Compiling mio v0.8.11
[INFO] [stderr]    Compiling getrandom v0.2.15
[INFO] [stderr]    Compiling crossbeam-deque v0.8.5
[INFO] [stderr]    Compiling unicode-normalization v0.1.23
[INFO] [stderr]    Compiling rand_core v0.6.4
[INFO] [stderr]    Compiling ryu v1.0.18
[INFO] [stderr]    Compiling arrayvec v0.7.4
[INFO] [stderr]    Compiling regex-syntax v0.8.4
[INFO] [stderr]    Compiling http-body v0.4.6
[INFO] [stderr]    Compiling rand_chacha v0.3.1
[INFO] [stderr]    Compiling tokio v1.38.0
[INFO] [stderr]    Compiling base64 v0.21.7
[INFO] [stderr]    Compiling openssl-sys v0.9.102
[INFO] [stderr]    Compiling proc-macro-error-attr2 v2.0.0
[INFO] [stderr]    Compiling socket2 v0.4.10
[INFO] [stderr]    Compiling encoding_rs v0.8.34
[INFO] [stderr]    Compiling idna v0.5.0
[INFO] [stderr]    Compiling rustls-pemfile v1.0.4
[INFO] [stderr]    Compiling rayon v1.10.0
[INFO] [stderr]    Compiling rand v0.8.5
[INFO] [stderr]    Compiling sync_wrapper v0.1.2
[INFO] [stderr]    Compiling iana-time-zone v0.1.61
[INFO] [stderr]    Compiling ipnet v2.9.0
[INFO] [stderr]    Compiling mime v0.3.17
[INFO] [stderr]    Compiling native-tls v0.2.12
[INFO] [stderr]    Compiling url v2.5.2
[INFO] [stderr]    Compiling utf8-width v0.1.7
[INFO] [stderr]    Compiling chrono v0.4.38
[INFO] [stderr]    Compiling byte-unit v5.1.4
[INFO] [stderr]    Compiling num_cpus v1.16.0
[INFO] [stderr]    Compiling uzers v0.11.3
[INFO] [stderr]    Compiling regex-automata v0.4.7
[INFO] [stderr]    Compiling which v5.0.0
[INFO] [stderr]    Compiling proc-macro-error2 v2.0.1
[INFO] [stderr]    Compiling serde_urlencoded v0.7.1
[INFO] [stderr]    Compiling sysinfo v0.30.13
[INFO] [stderr]    Compiling openssl-macros v0.1.1
[INFO] [stderr]    Compiling thiserror-impl v1.0.61
[INFO] [stderr]    Compiling ping v0.5.2
[INFO] [stderr]    Compiling tokio-util v0.7.11
[INFO] [stderr]    Compiling regex v1.10.5
[INFO] [stderr]    Compiling h2 v0.3.26
[INFO] [stderr]    Compiling tokio-native-tls v0.3.1
[INFO] [stderr]    Compiling hyper v0.14.30
[INFO] [stderr]    Compiling hyper-tls v0.5.0
[INFO] [stderr]    Compiling reqwest v0.11.27
[INFO] [stderr]    Compiling test-with v0.14.4 (/opt/rustwide/workdir)
[INFO] [stderr]     Finished `dev` profile [unoptimized + debuginfo] target(s) in 11.20s
[INFO] running `Command { std: "docker" "inspect" "066828962a36bbe8e0332fc1d75790c48bcdafad48283df06aa4738f35f1afc9", kill_on_drop: false }`
[INFO] running `Command { std: "docker" "rm" "-f" "066828962a36bbe8e0332fc1d75790c48bcdafad48283df06aa4738f35f1afc9", kill_on_drop: false }`
[INFO] [stdout] 066828962a36bbe8e0332fc1d75790c48bcdafad48283df06aa4738f35f1afc9
[INFO] running `Command { std: "docker" "create" "-v" "/var/lib/crater-agent-workspace/builds/worker-2-tc1/target:/opt/rustwide/target:rw,Z" "-v" "/var/lib/crater-agent-workspace/builds/worker-2-tc1/source:/opt/rustwide/workdir:ro,Z" "-v" "/var/lib/crater-agent-workspace/cargo-home:/opt/rustwide/cargo-home:ro,Z" "-v" "/var/lib/crater-agent-workspace/rustup-home:/opt/rustwide/rustup-home:ro,Z" "-e" "SOURCE_DIR=/opt/rustwide/workdir" "-e" "CARGO_TARGET_DIR=/opt/rustwide/target" "-e" "CARGO_INCREMENTAL=0" "-e" "RUST_BACKTRACE=full" "-e" "RUSTFLAGS=--cap-lints=forbid" "-e" "RUSTDOCFLAGS=--cap-lints=forbid" "-e" "CARGO_HOME=/opt/rustwide/cargo-home" "-e" "RUSTUP_HOME=/opt/rustwide/rustup-home" "-w" "/opt/rustwide/workdir" "-m" "1610612736" "--user" "0:0" "--network" "none" "ghcr.io/rust-lang/crates-build-env/linux@sha256:4a844ea9eb2546a2d2c7022eacef16ef2e8229c7fbb2c7d4d55a9ceca922f72d" "/opt/rustwide/cargo-home/bin/cargo" "+nightly-2024-10-28" "test" "--frozen" "--no-run" "--message-format=json", kill_on_drop: false }`
[INFO] [stdout] a992adbd0e6cb52bdb0ef45ee3b897758043e95e22ac7f4f8c4628a5242708eb
[INFO] running `Command { std: "docker" "start" "-a" "a992adbd0e6cb52bdb0ef45ee3b897758043e95e22ac7f4f8c4628a5242708eb", kill_on_drop: false }`
[INFO] [stderr]    Compiling proc-macro2 v1.0.86
[INFO] [stderr]    Compiling unicode-ident v1.0.12
[INFO] [stderr]    Compiling pin-project-lite v0.2.14
[INFO] [stderr]    Compiling once_cell v1.19.0
[INFO] [stderr]    Compiling futures-sink v0.3.30
[INFO] [stderr]    Compiling futures-core v0.3.30
[INFO] [stderr]    Compiling hashbrown v0.14.5
[INFO] [stderr]    Compiling futures-task v0.3.30
[INFO] [stderr]    Compiling futures-io v0.3.30
[INFO] [stderr]    Compiling libc v0.2.155
[INFO] [stderr]    Compiling bytes v1.6.0
[INFO] [stderr]    Compiling bitflags v2.6.0
[INFO] [stderr]    Compiling slab v0.4.9
[INFO] [stderr]    Compiling openssl-sys v0.9.102
[INFO] [stderr]    Compiling crossbeam-utils v0.8.20
[INFO] [stderr]    Compiling semver v1.0.23
[INFO] [stderr]    Compiling httparse v1.9.4
[INFO] [stderr]    Compiling num-traits v0.2.19
[INFO] [stderr]    Compiling openssl v0.10.64
[INFO] [stderr]    Compiling futures-channel v0.3.30
[INFO] [stderr]    Compiling native-tls v0.2.12
[INFO] [stderr]    Compiling either v1.13.0
[INFO] [stderr]    Compiling serde v1.0.204
[INFO] [stderr]    Compiling rustix v0.38.34
[INFO] [stderr]    Compiling rayon-core v1.12.1
[INFO] [stderr]    Compiling unicode-normalization v0.1.23
[INFO] [stderr]    Compiling tracing-core v0.1.32
[INFO] [stderr]    Compiling regex-syntax v0.8.4
[INFO] [stderr]    Compiling httpdate v1.0.3
[INFO] [stderr]    Compiling tower-service v0.3.2
[INFO] [stderr]    Compiling unicode-bidi v0.3.15
[INFO] [stderr]    Compiling ppv-lite86 v0.2.17
[INFO] [stderr]    Compiling linux-raw-sys v0.4.14
[INFO] [stderr]    Compiling utf8parse v0.2.2
[INFO] [stderr]    Compiling thiserror v1.0.61
[INFO] [stderr]    Compiling anstyle-parse v0.2.4
[INFO] [stderr]    Compiling http v0.2.12
[INFO] [stderr]    Compiling quote v1.0.36
[INFO] [stderr]    Compiling tracing v0.1.40
[INFO] [stderr]    Compiling crossbeam-epoch v0.9.18
[INFO] [stderr]    Compiling rustc_version v0.4.0
[INFO] [stderr]    Compiling indexmap v2.2.6
[INFO] [stderr]    Compiling mio v0.8.11
[INFO] [stderr]    Compiling socket2 v0.5.7
[INFO] [stderr]    Compiling syn v2.0.70
[INFO] [stderr]    Compiling num_cpus v1.16.0
[INFO] [stderr]    Compiling getrandom v0.2.15
[INFO] [stderr]    Compiling crossbeam-deque v0.8.5
[INFO] [stderr]    Compiling idna v0.5.0
[INFO] [stderr]    Compiling rand_core v0.6.4
[INFO] [stderr]    Compiling rust_decimal v1.35.0
[INFO] [stderr]    Compiling lock_api v0.4.12
[INFO] [stderr]    Compiling toml_datetime v0.6.6
[INFO] [stderr]    Compiling arrayvec v0.7.4
[INFO] [stderr]    Compiling rand_chacha v0.3.1
[INFO] [stderr]    Compiling anstyle v1.0.7
[INFO] [stderr]    Compiling anstyle-query v1.1.0
[INFO] [stderr]    Compiling is_terminal_polyfill v1.70.0
[INFO] [stderr]    Compiling http-body v0.4.6
[INFO] [stderr]    Compiling base64 v0.21.7
[INFO] [stderr]    Compiling colorchoice v1.0.1
[INFO] [stderr]    Compiling anstream v0.6.14
[INFO] [stderr]    Compiling url v2.5.2
[INFO] [stderr]    Compiling rand v0.8.5
[INFO] [stderr]    Compiling toml_edit v0.21.1
[INFO] [stderr]    Compiling rayon v1.10.0
[INFO] [stderr]    Compiling rustls-pemfile v1.0.4
[INFO] [stderr]    Compiling proc-macro-error-attr2 v2.0.0
[INFO] [stderr]    Compiling rstest_macros v0.21.0
[INFO] [stderr]    Compiling socket2 v0.4.10
[INFO] [stderr]    Compiling encoding_rs v0.8.34
[INFO] [stderr]    Compiling smallvec v1.13.2
[INFO] [stderr]    Compiling clap_lex v0.7.1
[INFO] [stderr]    Compiling ipnet v2.9.0
[INFO] [stderr]    Compiling strsim v0.11.1
[INFO] [stderr]    Compiling utf8-width v0.1.7
[INFO] [stderr]    Compiling sync_wrapper v0.1.2
[INFO] [stderr]    Compiling byte-unit v5.1.4
[INFO] [stderr]    Compiling parking_lot_core v0.9.10
[INFO] [stderr]    Compiling clap_builder v4.5.9
[INFO] [stderr]    Compiling chrono v0.4.38
[INFO] [stderr]    Compiling regex-automata v0.4.7
[INFO] [stderr]    Compiling relative-path v1.9.3
[INFO] [stderr]    Compiling sdd v0.2.0
[INFO] [stderr]    Compiling users v0.11.0
[INFO] [stderr]    Compiling uzers v0.11.3
[INFO] [stderr]    Compiling parking_lot v0.12.3
[INFO] [stderr]    Compiling futures-timer v3.0.3
[INFO] [stderr]    Compiling escape8259 v0.5.3
[INFO] [stderr]    Compiling which v5.0.0
[INFO] [stderr]    Compiling which v6.0.1
[INFO] [stderr]    Compiling scc v2.1.2
[INFO] [stderr]    Compiling proc-macro-crate v3.1.0
[INFO] [stderr]    Compiling sysinfo v0.30.13
[INFO] [stderr]    Compiling serde_urlencoded v0.7.1
[INFO] [stderr]    Compiling regex v1.10.5
[INFO] [stderr]    Compiling proc-macro-error2 v2.0.1
[INFO] [stderr]    Compiling futures-macro v0.3.30
[INFO] [stderr]    Compiling tokio-macros v2.3.0
[INFO] [stderr]    Compiling openssl-macros v0.1.1
[INFO] [stderr]    Compiling thiserror-impl v1.0.61
[INFO] [stderr]    Compiling clap_derive v4.5.8
[INFO] [stderr]    Compiling serial_test_derive v3.1.1
[INFO] [stderr]    Compiling tokio v1.38.0
[INFO] [stderr]    Compiling futures-util v0.3.30
[INFO] [stderr]    Compiling ping v0.5.2
[INFO] [stderr]    Compiling clap v4.5.9
[INFO] [stderr]    Compiling futures-executor v0.3.30
[INFO] [stderr]    Compiling futures v0.3.30
[INFO] [stderr]    Compiling serial_test v3.1.1
[INFO] [stderr]    Compiling rstest v0.21.0
[INFO] [stderr]    Compiling tokio-util v0.7.11
[INFO] [stderr]    Compiling tokio-native-tls v0.3.1
[INFO] [stderr]    Compiling h2 v0.3.26
[INFO] [stderr]    Compiling hyper v0.14.30
[INFO] [stderr]    Compiling hyper-tls v0.5.0
[INFO] [stderr]    Compiling reqwest v0.11.27
[INFO] [stderr]    Compiling libtest-with v0.8.1-0
[INFO] [stderr]    Compiling test-with v0.14.4 (/opt/rustwide/workdir)
[INFO] [stdout] warning: function `fibonacci` is never used
[INFO] [stdout]   --> examples/rstest.rs:16:4
[INFO] [stdout]    |
[INFO] [stdout] 16 | fn fibonacci(input: u32) -> u32 {
[INFO] [stdout]    |    ^^^^^^^^^
[INFO] [stdout]    |
[INFO] [stdout]    = note: `#[warn(dead_code)]` on by default
[INFO] [stdout] 
[INFO] [stdout] 
[INFO] [stderr]     Finished `test` profile [unoptimized + debuginfo] target(s) in 16.72s
[INFO] running `Command { std: "docker" "inspect" "a992adbd0e6cb52bdb0ef45ee3b897758043e95e22ac7f4f8c4628a5242708eb", kill_on_drop: false }`
[INFO] running `Command { std: "docker" "rm" "-f" "a992adbd0e6cb52bdb0ef45ee3b897758043e95e22ac7f4f8c4628a5242708eb", kill_on_drop: false }`
[INFO] [stdout] a992adbd0e6cb52bdb0ef45ee3b897758043e95e22ac7f4f8c4628a5242708eb
[INFO] running `Command { std: "docker" "create" "-v" "/var/lib/crater-agent-workspace/builds/worker-2-tc1/target:/opt/rustwide/target:rw,Z" "-v" "/var/lib/crater-agent-workspace/builds/worker-2-tc1/source:/opt/rustwide/workdir:ro,Z" "-v" "/var/lib/crater-agent-workspace/cargo-home:/opt/rustwide/cargo-home:ro,Z" "-v" "/var/lib/crater-agent-workspace/rustup-home:/opt/rustwide/rustup-home:ro,Z" "-e" "SOURCE_DIR=/opt/rustwide/workdir" "-e" "CARGO_TARGET_DIR=/opt/rustwide/target" "-e" "CARGO_INCREMENTAL=0" "-e" "RUST_BACKTRACE=full" "-e" "RUSTFLAGS=--cap-lints=forbid" "-e" "RUSTDOCFLAGS=--cap-lints=forbid" "-e" "CARGO_HOME=/opt/rustwide/cargo-home" "-e" "RUSTUP_HOME=/opt/rustwide/rustup-home" "-w" "/opt/rustwide/workdir" "-m" "1610612736" "--user" "0:0" "--network" "none" "ghcr.io/rust-lang/crates-build-env/linux@sha256:4a844ea9eb2546a2d2c7022eacef16ef2e8229c7fbb2c7d4d55a9ceca922f72d" "/opt/rustwide/cargo-home/bin/cargo" "+nightly-2024-10-28" "test" "--frozen", kill_on_drop: false }`
[INFO] [stdout] 80ef8ef7936e93f546e0e1a4cc9237220363c383036ac2c83ed26987e4177775
[INFO] running `Command { std: "docker" "start" "-a" "80ef8ef7936e93f546e0e1a4cc9237220363c383036ac2c83ed26987e4177775", kill_on_drop: false }`
[INFO] [stderr] warning: function `fibonacci` is never used
[INFO] [stderr]   --> examples/rstest.rs:16:4
[INFO] [stderr]    |
[INFO] [stderr] 16 | fn fibonacci(input: u32) -> u32 {
[INFO] [stderr]    |    ^^^^^^^^^
[INFO] [stderr]    |
[INFO] [stderr]    = note: `#[warn(dead_code)]` on by default
[INFO] [stderr] 
[INFO] [stderr] warning: `test-with` (example "rstest") generated 1 warning
[INFO] [stderr]     Finished `test` profile [unoptimized + debuginfo] target(s) in 0.17s
[INFO] [stderr]      Running unittests src/lib.rs (/opt/rustwide/target/debug/deps/test_with-55cdf8f6f349aa44)
[INFO] [stdout] 
[INFO] [stdout] running 15 tests
[INFO] [stdout] test tests::env_macro::multiple_env_vars_and_various_not_set ... ok
[INFO] [stdout] test tests::env_macro::multiple_env_vars_but_one_is_not_set ... ok
[INFO] [stdout] test tests::env_macro::multiple_env_vars_should_be_set ... ok
[INFO] [stdout] test tests::env_macro::multiple_env_vars_should_not_be_set ... ok
[INFO] [stdout] test tests::env_macro::single_env_var_should_be_not_set ... ok
[INFO] [stdout] test tests::env_macro::single_env_var_should_be_set ... ok
[INFO] [stdout] test tests::no_env_macro::multiple_env_vars_and_various_are_set ... ok
[INFO] [stdout] test tests::no_env_macro::multiple_env_vars_but_one_is_set ... ok
[INFO] [stdout] test tests::no_env_macro::multiple_env_vars_not_set ... ok
[INFO] [stdout] test tests::no_env_macro::multiple_env_vars_set ... ok
[INFO] [stdout] test tests::no_env_macro::single_env_var_not_set ... ok
[INFO] [stdout] test tests::no_env_macro::single_env_var_set ... ok
[INFO] [stdout] test utils::tests::sanitize_env_vars_with_whitespace ... ok
[INFO] [stdout] test utils::tests::sanitize_multiple_env_vars ... ok
[INFO] [stdout] test utils::tests::sanitize_single_env_var ... ok
[INFO] [stdout] 
[INFO] [stdout] test result: ok. 15 passed; 0 failed; 0 ignored; 0 measured; 0 filtered out; finished in 0.00s
[INFO] [stdout] 
[INFO] [stderr]    Doc-tests test_with
[INFO] [stdout] 
[INFO] [stdout] running 45 tests
[INFO] [stdout] test src/lib.rs - module (line 2289) ... FAILED
[INFO] [stdout] test src/lib.rs - (line 40) ... FAILED
[INFO] [stdout] test src/lib.rs - module (line 2266) ... FAILED
[INFO] [stdout] test src/lib.rs - module (line 2333) ... FAILED
[INFO] [stdout] test src/lib.rs - group (line 1208) ... ok
[INFO] [stdout] test src/lib.rs - cpu_core (line 1866) ... ok
[INFO] [stdout] test src/lib.rs - env (line 74) ... ok
[INFO] [stdout] test src/lib.rs - executable (line 2072) ... ok
[INFO] [stdout] test src/lib.rs - file (line 343) ... ok
[INFO] [stdout] test src/lib.rs - http (line 603) ... ok
[INFO] [stdout] test src/lib.rs - icmp (line 859) ... ok
[INFO] [stdout] test src/lib.rs - env (line 101) ... ok
[INFO] [stdout] test src/lib.rs - lock (line 2827) ... ok
[INFO] [stdout] test src/lib.rs - mem (line 1437) ... ok
[INFO] [stdout] test src/lib.rs - no_env (line 222) ... ok
[INFO] [stdout] test src/lib.rs - https (line 730) ... ok
[INFO] [stdout] test src/lib.rs - runner (line 2211) ... FAILED
[INFO] [stdout] test src/lib.rs - runtime_cpu_core (line 1909) ... FAILED
[INFO] [stdout] test src/lib.rs - runtime_available_mem (line 1618) ... FAILED
[INFO] [stdout] test src/lib.rs - runtime_executable (line 2144) ... FAILED
[INFO] [stdout] test src/lib.rs - runtime_file (line 407) ... FAILED
[INFO] [stdout] test src/lib.rs - runtime_free_swap (line 1800) ... FAILED
[INFO] [stdout] test src/lib.rs - runtime_http (line 663) ... FAILED
[INFO] [stdout] test src/lib.rs - runtime_free_mem (line 1553) ... FAILED
[INFO] [stdout] test src/lib.rs - runtime_env (line 157) ... FAILED
[INFO] [stdout] test src/lib.rs - runtime_group (line 1264) ... FAILED
[INFO] [stdout] test src/lib.rs - root (line 1117) ... ok
[INFO] [stdout] test src/lib.rs - runtime_https (line 790) ... FAILED
[INFO] [stdout] test src/lib.rs - runtime_ignore_if (line 2486) ... FAILED
[INFO] [stdout] test src/lib.rs - path (line 473) ... ok
[INFO] [stdout] test src/lib.rs - runtime_icmp (line 923) ... FAILED
[INFO] [stdout] test src/lib.rs - phy_core (line 1968) ... ok
[INFO] [stdout] test src/lib.rs - runtime_mem (line 1488) ... FAILED
[INFO] [stdout] test src/lib.rs - runtime_phy_cpu_core (line 2014) ... FAILED
[INFO] [stdout] test src/lib.rs - runtime_path (line 537) ... FAILED
[INFO] [stdout] test src/lib.rs - runtime_no_env (line 278) ... FAILED
[INFO] [stdout] test src/lib.rs - runtime_root (line 1158) ... FAILED
[INFO] [stdout] test src/lib.rs - runtime_tcp (line 1049) ... FAILED
[INFO] [stdout] test src/lib.rs - runtime_swap (line 1735) ... FAILED
[INFO] [stdout] test src/lib.rs - runtime_timezone (line 3004) ... FAILED
[INFO] [stdout] test src/lib.rs - runtime_user (line 1378) ... FAILED
[INFO] [stdout] test src/lib.rs - swap (line 1684) ... ok
[INFO] [stdout] test src/lib.rs - timezone (line 2871) ... ok
[INFO] [stdout] test src/lib.rs - tcp (line 992) ... ok
[INFO] [stdout] test src/lib.rs - user (line 1333) ... ok
[INFO] [stdout] 
[INFO] [stdout] failures:
[INFO] [stdout] 
[INFO] [stdout] ---- src/lib.rs - module (line 2289) stdout ----
[INFO] [stdout] error: proc macro panicked
[INFO] [stdout]  --> src/lib.rs:2294:1
[INFO] [stdout]   |
[INFO] [stdout] 8 | test_with::runner!(net);
[INFO] [stdout]   | ^^^^^^^^^^^^^^^^^^^^^^^
[INFO] [stdout]   |
[INFO] [stdout]   = help: message: should be used with runtime feature
[INFO] [stdout] 
[INFO] [stdout] error: custom attribute panicked
[INFO] [stdout]   --> src/lib.rs:2296:1
[INFO] [stdout]    |
[INFO] [stdout] 10 | #[test_with::module]
[INFO] [stdout]    | ^^^^^^^^^^^^^^^^^^^^
[INFO] [stdout]    |
[INFO] [stdout]    = help: message: should be used with runtime feature
[INFO] [stdout] 
[INFO] [stdout] error: aborting due to 2 previous errors
[INFO] [stdout] 
[INFO] [stdout] Couldn't compile the test.
[INFO] [stdout] ---- src/lib.rs - (line 40) stdout ----
[INFO] [stdout] error: proc macro panicked
[INFO] [stdout]  --> src/lib.rs:43:1
[INFO] [stdout]   |
[INFO] [stdout] 6 | test_with::runner!(env);
[INFO] [stdout]   | ^^^^^^^^^^^^^^^^^^^^^^^
[INFO] [stdout]   |
[INFO] [stdout]   = help: message: should be used with runtime feature
[INFO] [stdout] 
[INFO] [stdout] error: custom attribute panicked
[INFO] [stdout]  --> src/lib.rs:44:1
[INFO] [stdout]   |
[INFO] [stdout] 7 | #[test_with::module]
[INFO] [stdout]   | ^^^^^^^^^^^^^^^^^^^^
[INFO] [stdout]   |
[INFO] [stdout]   = help: message: should be used with runtime feature
[INFO] [stdout] 
[INFO] [stdout] error: aborting due to 2 previous errors
[INFO] [stdout] 
[INFO] [stdout] Couldn't compile the test.
[INFO] [stdout] ---- src/lib.rs - module (line 2266) stdout ----
[INFO] [stdout] error: proc macro panicked
[INFO] [stdout]  --> src/lib.rs:2270:1
[INFO] [stdout]   |
[INFO] [stdout] 7 | test_with::runner!(module1, module2);
[INFO] [stdout]   | ^^^^^^^^^^^^^^^^^^^^^^^^^^^^^^^^^^^^
[INFO] [stdout]   |
[INFO] [stdout]   = help: message: should be used with runtime feature
[INFO] [stdout] 
[INFO] [stdout] error: custom attribute panicked
[INFO] [stdout]  --> src/lib.rs:2271:2
[INFO] [stdout]   |
[INFO] [stdout] 8 |  #[test_with::module]
[INFO] [stdout]   |  ^^^^^^^^^^^^^^^^^^^^
[INFO] [stdout]   |
[INFO] [stdout]   = help: message: should be used with runtime feature
[INFO] [stdout] 
[INFO] [stdout] error: custom attribute panicked
[INFO] [stdout]   --> src/lib.rs:2279:2
[INFO] [stdout]    |
[INFO] [stdout] 16 |  #[test_with::module]
[INFO] [stdout]    |  ^^^^^^^^^^^^^^^^^^^^
[INFO] [stdout]    |
[INFO] [stdout]    = help: message: should be used with runtime feature
[INFO] [stdout] 
[INFO] [stdout] error: aborting due to 3 previous errors
[INFO] [stdout] 
[INFO] [stdout] Couldn't compile the test.
[INFO] [stdout] ---- src/lib.rs - module (line 2333) stdout ----
[INFO] [stdout] error: proc macro panicked
[INFO] [stdout]  --> src/lib.rs:2338:1
[INFO] [stdout]   |
[INFO] [stdout] 8 | test_with::runner!(net);
[INFO] [stdout]   | ^^^^^^^^^^^^^^^^^^^^^^^
[INFO] [stdout]   |
[INFO] [stdout]   = help: message: should be used with runtime feature
[INFO] [stdout] 
[INFO] [stdout] error: custom attribute panicked
[INFO] [stdout]   --> src/lib.rs:2368:1
[INFO] [stdout]    |
[INFO] [stdout] 38 | #[test_with::module]
[INFO] [stdout]    | ^^^^^^^^^^^^^^^^^^^^
[INFO] [stdout]    |
[INFO] [stdout]    = help: message: should be used with runtime feature
[INFO] [stdout] 
[INFO] [stdout] error: aborting due to 2 previous errors
[INFO] [stdout] 
[INFO] [stdout] Couldn't compile the test.
[INFO] [stdout] ---- src/lib.rs - runner (line 2211) stdout ----
[INFO] [stdout] error: proc macro panicked
[INFO] [stdout]  --> src/lib.rs:2215:1
[INFO] [stdout]   |
[INFO] [stdout] 7 | test_with::runner!(module1, module2);
[INFO] [stdout]   | ^^^^^^^^^^^^^^^^^^^^^^^^^^^^^^^^^^^^
[INFO] [stdout]   |
[INFO] [stdout]   = help: message: should be used with runtime feature
[INFO] [stdout] 
[INFO] [stdout] error: custom attribute panicked
[INFO] [stdout]  --> src/lib.rs:2216:2
[INFO] [stdout]   |
[INFO] [stdout] 8 |  #[test_with::module]
[INFO] [stdout]   |  ^^^^^^^^^^^^^^^^^^^^
[INFO] [stdout]   |
[INFO] [stdout]   = help: message: should be used with runtime feature
[INFO] [stdout] 
[INFO] [stdout] error: custom attribute panicked
[INFO] [stdout]   --> src/lib.rs:2224:2
[INFO] [stdout]    |
[INFO] [stdout] 16 |  #[test_with::module]
[INFO] [stdout]    |  ^^^^^^^^^^^^^^^^^^^^
[INFO] [stdout]    |
[INFO] [stdout]    = help: message: should be used with runtime feature
[INFO] [stdout] 
[INFO] [stdout] error: aborting due to 3 previous errors
[INFO] [stdout] 
[INFO] [stdout] Couldn't compile the test.
[INFO] [stdout] ---- src/lib.rs - runtime_cpu_core (line 1909) stdout ----
[INFO] [stdout] error: proc macro panicked
[INFO] [stdout]  --> src/lib.rs:1912:1
[INFO] [stdout]   |
[INFO] [stdout] 6 | test_with::runner!(resource);
[INFO] [stdout]   | ^^^^^^^^^^^^^^^^^^^^^^^^^^^^
[INFO] [stdout]   |
[INFO] [stdout]   = help: message: should be used with runtime feature
[INFO] [stdout] 
[INFO] [stdout] error: custom attribute panicked
[INFO] [stdout]  --> src/lib.rs:1913:2
[INFO] [stdout]   |
[INFO] [stdout] 7 |  #[test_with::module]
[INFO] [stdout]   |  ^^^^^^^^^^^^^^^^^^^^
[INFO] [stdout]   |
[INFO] [stdout]   = help: message: should be used with runtime feature
[INFO] [stdout] 
[INFO] [stdout] error: aborting due to 2 previous errors
[INFO] [stdout] 
[INFO] [stdout] Couldn't compile the test.
[INFO] [stdout] ---- src/lib.rs - runtime_available_mem (line 1618) stdout ----
[INFO] [stdout] error: proc macro panicked
[INFO] [stdout]  --> src/lib.rs:1621:1
[INFO] [stdout]   |
[INFO] [stdout] 6 | test_with::runner!(resource);
[INFO] [stdout]   | ^^^^^^^^^^^^^^^^^^^^^^^^^^^^
[INFO] [stdout]   |
[INFO] [stdout]   = help: message: should be used with runtime feature
[INFO] [stdout] 
[INFO] [stdout] error: custom attribute panicked
[INFO] [stdout]  --> src/lib.rs:1622:2
[INFO] [stdout]   |
[INFO] [stdout] 7 |  #[test_with::module]
[INFO] [stdout]   |  ^^^^^^^^^^^^^^^^^^^^
[INFO] [stdout]   |
[INFO] [stdout]   = help: message: should be used with runtime feature
[INFO] [stdout] 
[INFO] [stdout] error: aborting due to 2 previous errors
[INFO] [stdout] 
[INFO] [stdout] Couldn't compile the test.
[INFO] [stdout] ---- src/lib.rs - runtime_executable (line 2144) stdout ----
[INFO] [stdout] error: proc macro panicked
[INFO] [stdout]  --> src/lib.rs:2147:1
[INFO] [stdout]   |
[INFO] [stdout] 6 | test_with::runner!(exe);
[INFO] [stdout]   | ^^^^^^^^^^^^^^^^^^^^^^^
[INFO] [stdout]   |
[INFO] [stdout]   = help: message: should be used with runtime feature
[INFO] [stdout] 
[INFO] [stdout] error: custom attribute panicked
[INFO] [stdout]  --> src/lib.rs:2148:2
[INFO] [stdout]   |
[INFO] [stdout] 7 |  #[test_with::module]
[INFO] [stdout]   |  ^^^^^^^^^^^^^^^^^^^^
[INFO] [stdout]   |
[INFO] [stdout]   = help: message: should be used with runtime feature
[INFO] [stdout] 
[INFO] [stdout] error: aborting due to 2 previous errors
[INFO] [stdout] 
[INFO] [stdout] Couldn't compile the test.
[INFO] [stdout] ---- src/lib.rs - runtime_file (line 407) stdout ----
[INFO] [stdout] error: proc macro panicked
[INFO] [stdout]  --> src/lib.rs:410:1
[INFO] [stdout]   |
[INFO] [stdout] 6 | test_with::runner!(file);
[INFO] [stdout]   | ^^^^^^^^^^^^^^^^^^^^^^^^
[INFO] [stdout]   |
[INFO] [stdout]   = help: message: should be used with runtime feature
[INFO] [stdout] 
[INFO] [stdout] error: custom attribute panicked
[INFO] [stdout]  --> src/lib.rs:411:2
[INFO] [stdout]   |
[INFO] [stdout] 7 |  #[test_with::module]
[INFO] [stdout]   |  ^^^^^^^^^^^^^^^^^^^^
[INFO] [stdout]   |
[INFO] [stdout]   = help: message: should be used with runtime feature
[INFO] [stdout] 
[INFO] [stdout] error: aborting due to 2 previous errors
[INFO] [stdout] 
[INFO] [stdout] Couldn't compile the test.
[INFO] [stdout] ---- src/lib.rs - runtime_free_swap (line 1800) stdout ----
[INFO] [stdout] error: proc macro panicked
[INFO] [stdout]  --> src/lib.rs:1803:1
[INFO] [stdout]   |
[INFO] [stdout] 6 | test_with::runner!(resource);
[INFO] [stdout]   | ^^^^^^^^^^^^^^^^^^^^^^^^^^^^
[INFO] [stdout]   |
[INFO] [stdout]   = help: message: should be used with runtime feature
[INFO] [stdout] 
[INFO] [stdout] error: custom attribute panicked
[INFO] [stdout]  --> src/lib.rs:1804:2
[INFO] [stdout]   |
[INFO] [stdout] 7 |  #[test_with::module]
[INFO] [stdout]   |  ^^^^^^^^^^^^^^^^^^^^
[INFO] [stdout]   |
[INFO] [stdout]   = help: message: should be used with runtime feature
[INFO] [stdout] 
[INFO] [stdout] error: aborting due to 2 previous errors
[INFO] [stdout] 
[INFO] [stdout] Couldn't compile the test.
[INFO] [stdout] ---- src/lib.rs - runtime_http (line 663) stdout ----
[INFO] [stdout] error: proc macro panicked
[INFO] [stdout]  --> src/lib.rs:666:1
[INFO] [stdout]   |
[INFO] [stdout] 6 | test_with::runner!(http);
[INFO] [stdout]   | ^^^^^^^^^^^^^^^^^^^^^^^^
[INFO] [stdout]   |
[INFO] [stdout]   = help: message: should be used with runtime feature
[INFO] [stdout] 
[INFO] [stdout] error: custom attribute panicked
[INFO] [stdout]  --> src/lib.rs:667:2
[INFO] [stdout]   |
[INFO] [stdout] 7 |  #[test_with::module]
[INFO] [stdout]   |  ^^^^^^^^^^^^^^^^^^^^
[INFO] [stdout]   |
[INFO] [stdout]   = help: message: should be used with runtime feature
[INFO] [stdout] 
[INFO] [stdout] error: aborting due to 2 previous errors
[INFO] [stdout] 
[INFO] [stdout] Couldn't compile the test.
[INFO] [stdout] ---- src/lib.rs - runtime_free_mem (line 1553) stdout ----
[INFO] [stdout] error: proc macro panicked
[INFO] [stdout]  --> src/lib.rs:1556:1
[INFO] [stdout]   |
[INFO] [stdout] 6 | test_with::runner!(resource);
[INFO] [stdout]   | ^^^^^^^^^^^^^^^^^^^^^^^^^^^^
[INFO] [stdout]   |
[INFO] [stdout]   = help: message: should be used with runtime feature
[INFO] [stdout] 
[INFO] [stdout] error: custom attribute panicked
[INFO] [stdout]  --> src/lib.rs:1557:2
[INFO] [stdout]   |
[INFO] [stdout] 7 |  #[test_with::module]
[INFO] [stdout]   |  ^^^^^^^^^^^^^^^^^^^^
[INFO] [stdout]   |
[INFO] [stdout]   = help: message: should be used with runtime feature
[INFO] [stdout] 
[INFO] [stdout] error: aborting due to 2 previous errors
[INFO] [stdout] 
[INFO] [stdout] Couldn't compile the test.
[INFO] [stdout] ---- src/lib.rs - runtime_env (line 157) stdout ----
[INFO] [stdout] error: proc macro panicked
[INFO] [stdout]  --> src/lib.rs:160:1
[INFO] [stdout]   |
[INFO] [stdout] 6 | test_with::runner!(env);
[INFO] [stdout]   | ^^^^^^^^^^^^^^^^^^^^^^^
[INFO] [stdout]   |
[INFO] [stdout]   = help: message: should be used with runtime feature
[INFO] [stdout] 
[INFO] [stdout] error: custom attribute panicked
[INFO] [stdout]  --> src/lib.rs:161:2
[INFO] [stdout]   |
[INFO] [stdout] 7 |  #[test_with::module]
[INFO] [stdout]   |  ^^^^^^^^^^^^^^^^^^^^
[INFO] [stdout]   |
[INFO] [stdout]   = help: message: should be used with runtime feature
[INFO] [stdout] 
[INFO] [stdout] error: aborting due to 2 previous errors
[INFO] [stdout] 
[INFO] [stdout] Couldn't compile the test.
[INFO] [stdout] ---- src/lib.rs - runtime_group (line 1264) stdout ----
[INFO] [stdout] error: proc macro panicked
[INFO] [stdout]  --> src/lib.rs:1267:1
[INFO] [stdout]   |
[INFO] [stdout] 6 | test_with::runner!(user);
[INFO] [stdout]   | ^^^^^^^^^^^^^^^^^^^^^^^^
[INFO] [stdout]   |
[INFO] [stdout]   = help: message: should be used with runtime feature
[INFO] [stdout] 
[INFO] [stdout] error: custom attribute panicked
[INFO] [stdout]  --> src/lib.rs:1268:2
[INFO] [stdout]   |
[INFO] [stdout] 7 |  #[test_with::module]
[INFO] [stdout]   |  ^^^^^^^^^^^^^^^^^^^^
[INFO] [stdout]   |
[INFO] [stdout]   = help: message: should be used with runtime feature
[INFO] [stdout] 
[INFO] [stdout] error: aborting due to 2 previous errors
[INFO] [stdout] 
[INFO] [stdout] Couldn't compile the test.
[INFO] [stdout] ---- src/lib.rs - runtime_https (line 790) stdout ----
[INFO] [stdout] error: proc macro panicked
[INFO] [stdout]  --> src/lib.rs:793:1
[INFO] [stdout]   |
[INFO] [stdout] 6 | test_with::runner!(http);
[INFO] [stdout]   | ^^^^^^^^^^^^^^^^^^^^^^^^
[INFO] [stdout]   |
[INFO] [stdout]   = help: message: should be used with runtime feature
[INFO] [stdout] 
[INFO] [stdout] error: custom attribute panicked
[INFO] [stdout]  --> src/lib.rs:794:2
[INFO] [stdout]   |
[INFO] [stdout] 7 |  #[test_with::module]
[INFO] [stdout]   |  ^^^^^^^^^^^^^^^^^^^^
[INFO] [stdout]   |
[INFO] [stdout]   = help: message: should be used with runtime feature
[INFO] [stdout] 
[INFO] [stdout] error: aborting due to 2 previous errors
[INFO] [stdout] 
[INFO] [stdout] Couldn't compile the test.
[INFO] [stdout] ---- src/lib.rs - runtime_ignore_if (line 2486) stdout ----
[INFO] [stdout] error: proc macro panicked
[INFO] [stdout]  --> src/lib.rs:2488:1
[INFO] [stdout]   |
[INFO] [stdout] 5 | test_with::runner!(custom_mod);
[INFO] [stdout]   | ^^^^^^^^^^^^^^^^^^^^^^^^^^^^^^
[INFO] [stdout]   |
[INFO] [stdout]   = help: message: should be used with runtime feature
[INFO] [stdout] 
[INFO] [stdout] error: custom attribute panicked
[INFO] [stdout]   --> src/lib.rs:2494:1
[INFO] [stdout]    |
[INFO] [stdout] 11 | #[test_with::module]
[INFO] [stdout]    | ^^^^^^^^^^^^^^^^^^^^
[INFO] [stdout]    |
[INFO] [stdout]    = help: message: should be used with runtime feature
[INFO] [stdout] 
[INFO] [stdout] error: aborting due to 2 previous errors
[INFO] [stdout] 
[INFO] [stdout] Couldn't compile the test.
[INFO] [stdout] ---- src/lib.rs - runtime_icmp (line 923) stdout ----
[INFO] [stdout] error: proc macro panicked
[INFO] [stdout]  --> src/lib.rs:926:1
[INFO] [stdout]   |
[INFO] [stdout] 6 | test_with::runner!(icmp);
[INFO] [stdout]   | ^^^^^^^^^^^^^^^^^^^^^^^^
[INFO] [stdout]   |
[INFO] [stdout]   = help: message: should be used with runtime feature
[INFO] [stdout] 
[INFO] [stdout] error: custom attribute panicked
[INFO] [stdout]  --> src/lib.rs:927:2
[INFO] [stdout]   |
[INFO] [stdout] 7 |  #[test_with::module]
[INFO] [stdout]   |  ^^^^^^^^^^^^^^^^^^^^
[INFO] [stdout]   |
[INFO] [stdout]   = help: message: should be used with runtime feature
[INFO] [stdout] 
[INFO] [stdout] error: aborting due to 2 previous errors
[INFO] [stdout] 
[INFO] [stdout] Couldn't compile the test.
[INFO] [stdout] ---- src/lib.rs - runtime_mem (line 1488) stdout ----
[INFO] [stdout] error: proc macro panicked
[INFO] [stdout]  --> src/lib.rs:1491:1
[INFO] [stdout]   |
[INFO] [stdout] 6 | test_with::runner!(resource);
[INFO] [stdout]   | ^^^^^^^^^^^^^^^^^^^^^^^^^^^^
[INFO] [stdout]   |
[INFO] [stdout]   = help: message: should be used with runtime feature
[INFO] [stdout] 
[INFO] [stdout] error: custom attribute panicked
[INFO] [stdout]  --> src/lib.rs:1492:2
[INFO] [stdout]   |
[INFO] [stdout] 7 |  #[test_with::module]
[INFO] [stdout]   |  ^^^^^^^^^^^^^^^^^^^^
[INFO] [stdout]   |
[INFO] [stdout]   = help: message: should be used with runtime feature
[INFO] [stdout] 
[INFO] [stdout] error: aborting due to 2 previous errors
[INFO] [stdout] 
[INFO] [stdout] Couldn't compile the test.
[INFO] [stdout] ---- src/lib.rs - runtime_phy_cpu_core (line 2014) stdout ----
[INFO] [stdout] error: proc macro panicked
[INFO] [stdout]  --> src/lib.rs:2017:1
[INFO] [stdout]   |
[INFO] [stdout] 6 | test_with::runner!(resource);
[INFO] [stdout]   | ^^^^^^^^^^^^^^^^^^^^^^^^^^^^
[INFO] [stdout]   |
[INFO] [stdout]   = help: message: should be used with runtime feature
[INFO] [stdout] 
[INFO] [stdout] error: custom attribute panicked
[INFO] [stdout]  --> src/lib.rs:2018:2
[INFO] [stdout]   |
[INFO] [stdout] 7 |  #[test_with::module]
[INFO] [stdout]   |  ^^^^^^^^^^^^^^^^^^^^
[INFO] [stdout]   |
[INFO] [stdout]   = help: message: should be used with runtime feature
[INFO] [stdout] 
[INFO] [stdout] error: aborting due to 2 previous errors
[INFO] [stdout] 
[INFO] [stdout] Couldn't compile the test.
[INFO] [stdout] ---- src/lib.rs - runtime_path (line 537) stdout ----
[INFO] [stdout] error: proc macro panicked
[INFO] [stdout]  --> src/lib.rs:540:1
[INFO] [stdout]   |
[INFO] [stdout] 6 | test_with::runner!(path);
[INFO] [stdout]   | ^^^^^^^^^^^^^^^^^^^^^^^^
[INFO] [stdout]   |
[INFO] [stdout]   = help: message: should be used with runtime feature
[INFO] [stdout] 
[INFO] [stdout] error: custom attribute panicked
[INFO] [stdout]  --> src/lib.rs:541:2
[INFO] [stdout]   |
[INFO] [stdout] 7 |  #[test_with::module]
[INFO] [stdout]   |  ^^^^^^^^^^^^^^^^^^^^
[INFO] [stdout]   |
[INFO] [stdout]   = help: message: should be used with runtime feature
[INFO] [stdout] 
[INFO] [stdout] error: aborting due to 2 previous errors
[INFO] [stdout] 
[INFO] [stdout] Couldn't compile the test.
[INFO] [stdout] ---- src/lib.rs - runtime_no_env (line 278) stdout ----
[INFO] [stdout] error: proc macro panicked
[INFO] [stdout]  --> src/lib.rs:281:1
[INFO] [stdout]   |
[INFO] [stdout] 6 | test_with::runner!(env);
[INFO] [stdout]   | ^^^^^^^^^^^^^^^^^^^^^^^
[INFO] [stdout]   |
[INFO] [stdout]   = help: message: should be used with runtime feature
[INFO] [stdout] 
[INFO] [stdout] error: custom attribute panicked
[INFO] [stdout]  --> src/lib.rs:282:2
[INFO] [stdout]   |
[INFO] [stdout] 7 |  #[test_with::module]
[INFO] [stdout]   |  ^^^^^^^^^^^^^^^^^^^^
[INFO] [stdout]   |
[INFO] [stdout]   = help: message: should be used with runtime feature
[INFO] [stdout] 
[INFO] [stdout] error: aborting due to 2 previous errors
[INFO] [stdout] 
[INFO] [stdout] Couldn't compile the test.
[INFO] [stdout] ---- src/lib.rs - runtime_root (line 1158) stdout ----
[INFO] [stdout] error: proc macro panicked
[INFO] [stdout]  --> src/lib.rs:1161:1
[INFO] [stdout]   |
[INFO] [stdout] 6 | test_with::runner!(user);
[INFO] [stdout]   | ^^^^^^^^^^^^^^^^^^^^^^^^
[INFO] [stdout]   |
[INFO] [stdout]   = help: message: should be used with runtime feature
[INFO] [stdout] 
[INFO] [stdout] error: custom attribute panicked
[INFO] [stdout]  --> src/lib.rs:1162:2
[INFO] [stdout]   |
[INFO] [stdout] 7 |  #[test_with::module]
[INFO] [stdout]   |  ^^^^^^^^^^^^^^^^^^^^
[INFO] [stdout]   |
[INFO] [stdout]   = help: message: should be used with runtime feature
[INFO] [stdout] 
[INFO] [stdout] error: aborting due to 2 previous errors
[INFO] [stdout] 
[INFO] [stdout] Couldn't compile the test.
[INFO] [stdout] ---- src/lib.rs - runtime_tcp (line 1049) stdout ----
[INFO] [stdout] error: proc macro panicked
[INFO] [stdout]  --> src/lib.rs:1052:1
[INFO] [stdout]   |
[INFO] [stdout] 6 | test_with::runner!(tcp);
[INFO] [stdout]   | ^^^^^^^^^^^^^^^^^^^^^^^
[INFO] [stdout]   |
[INFO] [stdout]   = help: message: should be used with runtime feature
[INFO] [stdout] 
[INFO] [stdout] error: custom attribute panicked
[INFO] [stdout]  --> src/lib.rs:1053:2
[INFO] [stdout]   |
[INFO] [stdout] 7 |  #[test_with::module]
[INFO] [stdout]   |  ^^^^^^^^^^^^^^^^^^^^
[INFO] [stdout]   |
[INFO] [stdout]   = help: message: should be used with runtime feature
[INFO] [stdout] 
[INFO] [stdout] error: aborting due to 2 previous errors
[INFO] [stdout] 
[INFO] [stdout] Couldn't compile the test.
[INFO] [stdout] ---- src/lib.rs - runtime_swap (line 1735) stdout ----
[INFO] [stdout] error: proc macro panicked
[INFO] [stdout]  --> src/lib.rs:1738:1
[INFO] [stdout]   |
[INFO] [stdout] 6 | test_with::runner!(resource);
[INFO] [stdout]   | ^^^^^^^^^^^^^^^^^^^^^^^^^^^^
[INFO] [stdout]   |
[INFO] [stdout]   = help: message: should be used with runtime feature
[INFO] [stdout] 
[INFO] [stdout] error: custom attribute panicked
[INFO] [stdout]  --> src/lib.rs:1739:2
[INFO] [stdout]   |
[INFO] [stdout] 7 |  #[test_with::module]
[INFO] [stdout]   |  ^^^^^^^^^^^^^^^^^^^^
[INFO] [stdout]   |
[INFO] [stdout]   = help: message: should be used with runtime feature
[INFO] [stdout] 
[INFO] [stdout] error: aborting due to 2 previous errors
[INFO] [stdout] 
[INFO] [stdout] Couldn't compile the test.
[INFO] [stdout] ---- src/lib.rs - runtime_timezone (line 3004) stdout ----
[INFO] [stdout] error: proc macro panicked
[INFO] [stdout]  --> src/lib.rs:3007:1
[INFO] [stdout]   |
[INFO] [stdout] 6 | test_with::runner!(timezone);
[INFO] [stdout]   | ^^^^^^^^^^^^^^^^^^^^^^^^^^^^
[INFO] [stdout]   |
[INFO] [stdout]   = help: message: should be used with runtime feature
[INFO] [stdout] 
[INFO] [stdout] error: custom attribute panicked
[INFO] [stdout]  --> src/lib.rs:3008:2
[INFO] [stdout]   |
[INFO] [stdout] 7 |  #[test_with::module]
[INFO] [stdout]   |  ^^^^^^^^^^^^^^^^^^^^
[INFO] [stdout]   |
[INFO] [stdout]   = help: message: should be used with runtime feature
[INFO] [stdout] 
[INFO] [stdout] error: aborting due to 2 previous errors
[INFO] [stdout] 
[INFO] [stdout] Couldn't compile the test.
[INFO] [stdout] ---- src/lib.rs - runtime_user (line 1378) stdout ----
[INFO] [stdout] error: proc macro panicked
[INFO] [stdout]  --> src/lib.rs:1381:1
[INFO] [stdout]   |
[INFO] [stdout] 6 | test_with::runner!(user);
[INFO] [stdout]   | ^^^^^^^^^^^^^^^^^^^^^^^^
[INFO] [stdout]   |
[INFO] [stdout]   = help: message: should be used with runtime feature
[INFO] [stdout] 
[INFO] [stdout] error: custom attribute panicked
[INFO] [stdout]  --> src/lib.rs:1382:2
[INFO] [stdout]   |
[INFO] [stdout] 7 |  #[test_with::module]
[INFO] [stdout]   |  ^^^^^^^^^^^^^^^^^^^^
[INFO] [stdout]   |
[INFO] [stdout]   = help: message: should be used with runtime feature
[INFO] [stdout] 
[INFO] [stdout] error: aborting due to 2 previous errors
[INFO] [stdout] 
[INFO] [stdout] Couldn't compile the test.
[INFO] [stdout] 
[INFO] [stdout] failures:
[INFO] [stdout]     src/lib.rs - (line 40)
[INFO] [stdout]     src/lib.rs - module (line 2266)
[INFO] [stdout]     src/lib.rs - module (line 2289)
[INFO] [stdout]     src/lib.rs - module (line 2333)
[INFO] [stdout]     src/lib.rs - runner (line 2211)
[INFO] [stdout]     src/lib.rs - runtime_available_mem (line 1618)
[INFO] [stdout]     src/lib.rs - runtime_cpu_core (line 1909)
[INFO] [stdout]     src/lib.rs - runtime_env (line 157)
[INFO] [stdout]     src/lib.rs - runtime_executable (line 2144)
[INFO] [stdout]     src/lib.rs - runtime_file (line 407)
[INFO] [stdout]     src/lib.rs - runtime_free_mem (line 1553)
[INFO] [stdout]     src/lib.rs - runtime_free_swap (line 1800)
[INFO] [stdout]     src/lib.rs - runtime_group (line 1264)
[INFO] [stdout]     src/lib.rs - runtime_http (line 663)
[INFO] [stdout]     src/lib.rs - runtime_https (line 790)
[INFO] [stdout]     src/lib.rs - runtime_icmp (line 923)
[INFO] [stdout]     src/lib.rs - runtime_ignore_if (line 2486)
[INFO] [stdout]     src/lib.rs - runtime_mem (line 1488)
[INFO] [stdout]     src/lib.rs - runtime_no_env (line 278)
[INFO] [stdout]     src/lib.rs - runtime_path (line 537)
[INFO] [stdout]     src/lib.rs - runtime_phy_cpu_core (line 2014)
[INFO] [stdout]     src/lib.rs - runtime_root (line 1158)
[INFO] [stdout]     src/lib.rs - runtime_swap (line 1735)
[INFO] [stdout]     src/lib.rs - runtime_tcp (line 1049)
[INFO] [stdout]     src/lib.rs - runtime_timezone (line 3004)
[INFO] [stdout]     src/lib.rs - runtime_user (line 1378)
[INFO] [stdout] 
[INFO] [stdout] test result: FAILED. 19 passed; 26 failed; 0 ignored; 0 measured; 0 filtered out; finished in 0.28s
[INFO] [stdout] 
[INFO] [stderr] error: doctest failed, to rerun pass `--doc`
[INFO] running `Command { std: "docker" "inspect" "80ef8ef7936e93f546e0e1a4cc9237220363c383036ac2c83ed26987e4177775", kill_on_drop: false }`
[INFO] running `Command { std: "docker" "rm" "-f" "80ef8ef7936e93f546e0e1a4cc9237220363c383036ac2c83ed26987e4177775", kill_on_drop: false }`
[INFO] [stdout] 80ef8ef7936e93f546e0e1a4cc9237220363c383036ac2c83ed26987e4177775
