[INFO] fetching crate test-with-tokio 0.3.3...
[INFO] testing test-with-tokio-0.3.3 against nightly-2024-10-28 for randomize-layout
[INFO] extracting crate test-with-tokio 0.3.3 into /workspace/builds/worker-3-tc1/source
[INFO] validating manifest of crates.io crate test-with-tokio 0.3.3 on toolchain nightly-2024-10-28
[INFO] running `Command { std: CARGO_HOME="/workspace/cargo-home" RUSTUP_HOME="/workspace/rustup-home" "/workspace/cargo-home/bin/cargo" "+nightly-2024-10-28" "metadata" "--manifest-path" "Cargo.toml" "--no-deps", kill_on_drop: false }`
[INFO] started tweaking crates.io crate test-with-tokio 0.3.3
[INFO] finished tweaking crates.io crate test-with-tokio 0.3.3
[INFO] tweaked toml for crates.io crate test-with-tokio 0.3.3 written to /workspace/builds/worker-3-tc1/source/Cargo.toml
[INFO] running `Command { std: CARGO_HOME="/workspace/cargo-home" RUSTUP_HOME="/workspace/rustup-home" "/workspace/cargo-home/bin/cargo" "+nightly-2024-10-28" "generate-lockfile" "--manifest-path" "Cargo.toml", kill_on_drop: false }`
[INFO] [stderr]     Updating crates.io index
[INFO] [stderr]      Locking 77 packages to latest compatible versions
[INFO] running `Command { std: CARGO_HOME="/workspace/cargo-home" RUSTUP_HOME="/workspace/rustup-home" "/workspace/cargo-home/bin/cargo" "+nightly-2024-10-28" "fetch" "--manifest-path" "Cargo.toml", kill_on_drop: false }`
[INFO] [stderr]  Downloading crates ...
[INFO] [stderr]   Downloaded test-with-tokio-macros v0.3.3
[INFO] running `Command { std: "docker" "create" "-v" "/var/lib/crater-agent-workspace/builds/worker-3-tc1/target:/opt/rustwide/target:rw,Z" "-v" "/var/lib/crater-agent-workspace/builds/worker-3-tc1/source:/opt/rustwide/workdir:ro,Z" "-v" "/var/lib/crater-agent-workspace/cargo-home:/opt/rustwide/cargo-home:ro,Z" "-v" "/var/lib/crater-agent-workspace/rustup-home:/opt/rustwide/rustup-home:ro,Z" "-e" "SOURCE_DIR=/opt/rustwide/workdir" "-e" "CARGO_TARGET_DIR=/opt/rustwide/target" "-e" "CARGO_HOME=/opt/rustwide/cargo-home" "-e" "RUSTUP_HOME=/opt/rustwide/rustup-home" "-w" "/opt/rustwide/workdir" "-m" "1610612736" "--user" "0:0" "--network" "none" "ghcr.io/rust-lang/crates-build-env/linux@sha256:4a844ea9eb2546a2d2c7022eacef16ef2e8229c7fbb2c7d4d55a9ceca922f72d" "/opt/rustwide/cargo-home/bin/cargo" "+nightly-2024-10-28" "metadata" "--no-deps" "--format-version=1", kill_on_drop: false }`
[INFO] [stdout] c8d62ec539dba302a7222e8caeaf978f85f1fc444c9d3ce37b46187fc38df80f
[INFO] running `Command { std: "docker" "start" "-a" "c8d62ec539dba302a7222e8caeaf978f85f1fc444c9d3ce37b46187fc38df80f", kill_on_drop: false }`
[INFO] running `Command { std: "docker" "inspect" "c8d62ec539dba302a7222e8caeaf978f85f1fc444c9d3ce37b46187fc38df80f", kill_on_drop: false }`
[INFO] running `Command { std: "docker" "rm" "-f" "c8d62ec539dba302a7222e8caeaf978f85f1fc444c9d3ce37b46187fc38df80f", kill_on_drop: false }`
[INFO] [stdout] c8d62ec539dba302a7222e8caeaf978f85f1fc444c9d3ce37b46187fc38df80f
[INFO] running `Command { std: "docker" "create" "-v" "/var/lib/crater-agent-workspace/builds/worker-3-tc1/target:/opt/rustwide/target:rw,Z" "-v" "/var/lib/crater-agent-workspace/builds/worker-3-tc1/source:/opt/rustwide/workdir:ro,Z" "-v" "/var/lib/crater-agent-workspace/cargo-home:/opt/rustwide/cargo-home:ro,Z" "-v" "/var/lib/crater-agent-workspace/rustup-home:/opt/rustwide/rustup-home:ro,Z" "-e" "SOURCE_DIR=/opt/rustwide/workdir" "-e" "CARGO_TARGET_DIR=/opt/rustwide/target" "-e" "CARGO_INCREMENTAL=0" "-e" "RUST_BACKTRACE=full" "-e" "RUSTFLAGS=--cap-lints=forbid" "-e" "RUSTDOCFLAGS=--cap-lints=forbid" "-e" "CARGO_HOME=/opt/rustwide/cargo-home" "-e" "RUSTUP_HOME=/opt/rustwide/rustup-home" "-w" "/opt/rustwide/workdir" "-m" "1610612736" "--user" "0:0" "--network" "none" "ghcr.io/rust-lang/crates-build-env/linux@sha256:4a844ea9eb2546a2d2c7022eacef16ef2e8229c7fbb2c7d4d55a9ceca922f72d" "/opt/rustwide/cargo-home/bin/cargo" "+nightly-2024-10-28" "build" "--frozen" "--message-format=json", kill_on_drop: false }`
[INFO] [stdout] 59dbd7b3ec3b604c73362d0c7a5a49574e0813d8744a24d3a6d91a2cd4945b82
[INFO] running `Command { std: "docker" "start" "-a" "59dbd7b3ec3b604c73362d0c7a5a49574e0813d8744a24d3a6d91a2cd4945b82", kill_on_drop: false }`
[INFO] [stderr]    Compiling syn v1.0.109
[INFO] [stderr]    Compiling test-with-tokio-macros v0.3.3
[INFO] [stderr]    Compiling test-with-tokio v0.3.3 (/opt/rustwide/workdir)
[INFO] [stderr]     Finished `dev` profile [unoptimized + debuginfo] target(s) in 2.14s
[INFO] running `Command { std: "docker" "inspect" "59dbd7b3ec3b604c73362d0c7a5a49574e0813d8744a24d3a6d91a2cd4945b82", kill_on_drop: false }`
[INFO] running `Command { std: "docker" "rm" "-f" "59dbd7b3ec3b604c73362d0c7a5a49574e0813d8744a24d3a6d91a2cd4945b82", kill_on_drop: false }`
[INFO] [stdout] 59dbd7b3ec3b604c73362d0c7a5a49574e0813d8744a24d3a6d91a2cd4945b82
[INFO] running `Command { std: "docker" "create" "-v" "/var/lib/crater-agent-workspace/builds/worker-3-tc1/target:/opt/rustwide/target:rw,Z" "-v" "/var/lib/crater-agent-workspace/builds/worker-3-tc1/source:/opt/rustwide/workdir:ro,Z" "-v" "/var/lib/crater-agent-workspace/cargo-home:/opt/rustwide/cargo-home:ro,Z" "-v" "/var/lib/crater-agent-workspace/rustup-home:/opt/rustwide/rustup-home:ro,Z" "-e" "SOURCE_DIR=/opt/rustwide/workdir" "-e" "CARGO_TARGET_DIR=/opt/rustwide/target" "-e" "CARGO_INCREMENTAL=0" "-e" "RUST_BACKTRACE=full" "-e" "RUSTFLAGS=--cap-lints=forbid" "-e" "RUSTDOCFLAGS=--cap-lints=forbid" "-e" "CARGO_HOME=/opt/rustwide/cargo-home" "-e" "RUSTUP_HOME=/opt/rustwide/rustup-home" "-w" "/opt/rustwide/workdir" "-m" "1610612736" "--user" "0:0" "--network" "none" "ghcr.io/rust-lang/crates-build-env/linux@sha256:4a844ea9eb2546a2d2c7022eacef16ef2e8229c7fbb2c7d4d55a9ceca922f72d" "/opt/rustwide/cargo-home/bin/cargo" "+nightly-2024-10-28" "test" "--frozen" "--no-run" "--message-format=json", kill_on_drop: false }`
[INFO] [stdout] ff3ab72da460a3818328c70f86044a761a8dcad2e2f330b480ee2d9acfd0166e
[INFO] running `Command { std: "docker" "start" "-a" "ff3ab72da460a3818328c70f86044a761a8dcad2e2f330b480ee2d9acfd0166e", kill_on_drop: false }`
[INFO] [stderr]    Compiling tracing-core v0.1.32
[INFO] [stderr]    Compiling log v0.4.22
[INFO] [stderr]    Compiling tokio v1.41.0
[INFO] [stderr]    Compiling kv-log-macro v1.0.7
[INFO] [stderr]    Compiling tracing v0.1.40
[INFO] [stderr]    Compiling polling v3.7.3
[INFO] [stderr]    Compiling async-io v2.3.4
[INFO] [stderr]    Compiling async-global-executor v2.4.1
[INFO] [stderr]    Compiling async-std v1.13.0
[INFO] [stderr]    Compiling test-with-tokio v0.3.3 (/opt/rustwide/workdir)
[INFO] [stderr]     Finished `test` profile [unoptimized + debuginfo] target(s) in 2.68s
[INFO] running `Command { std: "docker" "inspect" "ff3ab72da460a3818328c70f86044a761a8dcad2e2f330b480ee2d9acfd0166e", kill_on_drop: false }`
[INFO] running `Command { std: "docker" "rm" "-f" "ff3ab72da460a3818328c70f86044a761a8dcad2e2f330b480ee2d9acfd0166e", kill_on_drop: false }`
[INFO] [stdout] ff3ab72da460a3818328c70f86044a761a8dcad2e2f330b480ee2d9acfd0166e
[INFO] running `Command { std: "docker" "create" "-v" "/var/lib/crater-agent-workspace/builds/worker-3-tc1/target:/opt/rustwide/target:rw,Z" "-v" "/var/lib/crater-agent-workspace/builds/worker-3-tc1/source:/opt/rustwide/workdir:ro,Z" "-v" "/var/lib/crater-agent-workspace/cargo-home:/opt/rustwide/cargo-home:ro,Z" "-v" "/var/lib/crater-agent-workspace/rustup-home:/opt/rustwide/rustup-home:ro,Z" "-e" "SOURCE_DIR=/opt/rustwide/workdir" "-e" "CARGO_TARGET_DIR=/opt/rustwide/target" "-e" "CARGO_INCREMENTAL=0" "-e" "RUST_BACKTRACE=full" "-e" "RUSTFLAGS=--cap-lints=forbid" "-e" "RUSTDOCFLAGS=--cap-lints=forbid" "-e" "CARGO_HOME=/opt/rustwide/cargo-home" "-e" "RUSTUP_HOME=/opt/rustwide/rustup-home" "-w" "/opt/rustwide/workdir" "-m" "1610612736" "--user" "0:0" "--network" "none" "ghcr.io/rust-lang/crates-build-env/linux@sha256:4a844ea9eb2546a2d2c7022eacef16ef2e8229c7fbb2c7d4d55a9ceca922f72d" "/opt/rustwide/cargo-home/bin/cargo" "+nightly-2024-10-28" "test" "--frozen", kill_on_drop: false }`
[INFO] [stdout] 1dea4eabd58c1f1683def3a2f8a07a40402236f9d89bf4781c2d72dca419e0e6
[INFO] running `Command { std: "docker" "start" "-a" "1dea4eabd58c1f1683def3a2f8a07a40402236f9d89bf4781c2d72dca419e0e6", kill_on_drop: false }`
[INFO] [stderr]     Finished `test` profile [unoptimized + debuginfo] target(s) in 0.04s
[INFO] [stderr]      Running unittests src/lib.rs (/opt/rustwide/target/debug/deps/test_with_tokio-d54148cc37075542)
[INFO] [stdout] 
[INFO] [stdout] running 0 tests
[INFO] [stdout] 
[INFO] [stdout] test result: ok. 0 passed; 0 failed; 0 ignored; 0 measured; 0 filtered out; finished in 0.00s
[INFO] [stdout] 
[INFO] [stderr]      Running tests/test.rs (/opt/rustwide/target/debug/deps/test-e8aaa624597806de)
[INFO] [stdout] 
[INFO] [stdout] running 9 tests
[INFO] [stdout] test empty_string ... ok
[INFO] [stdout] test with_write_lock ... ok
[INFO] [stdout] test async_test_pill_blue ... FAILED
[INFO] [stdout] test async_test_pill_red ... FAILED
[INFO] [stdout] test test_pill_blue ... FAILED
[INFO] [stdout] test test_pill_red ... FAILED
[INFO] [stdout] test with_read_lock ... ok
[INFO] [stdout] test with_color_green ... ok
[INFO] [stdout] test with_color_red ... ok
[INFO] [stdout] 
[INFO] [stdout] failures:
[INFO] [stdout] 
[INFO] [stdout] ---- async_test_pill_blue stdout ----
[INFO] [stdout] Error: Os { code: 30, kind: ReadOnlyFilesystem, message: "Read-only file system" }
[INFO] [stdout] 
[INFO] [stdout] ---- async_test_pill_red stdout ----
[INFO] [stdout] Error: Os { code: 30, kind: ReadOnlyFilesystem, message: "Read-only file system" }
[INFO] [stdout] 
[INFO] [stdout] ---- test_pill_blue stdout ----
[INFO] [stdout] Error: Os { code: 30, kind: ReadOnlyFilesystem, message: "Read-only file system" }
[INFO] [stdout] 
[INFO] [stdout] ---- test_pill_red stdout ----
[INFO] [stdout] Error: Os { code: 30, kind: ReadOnlyFilesystem, message: "Read-only file system" }
[INFO] [stdout] 
[INFO] [stdout] 
[INFO] [stdout] failures:
[INFO] [stdout]     async_test_pill_blue
[INFO] [stdout]     async_test_pill_red
[INFO] [stdout]     test_pill_blue
[INFO] [stdout]     test_pill_red
[INFO] [stdout] 
[INFO] [stdout] test result: FAILED. 5 passed; 4 failed; 0 ignored; 0 measured; 0 filtered out; finished in 1.00s
[INFO] [stdout] 
[INFO] [stderr] error: test failed, to rerun pass `--test test`
[INFO] running `Command { std: "docker" "inspect" "1dea4eabd58c1f1683def3a2f8a07a40402236f9d89bf4781c2d72dca419e0e6", kill_on_drop: false }`
[INFO] running `Command { std: "docker" "rm" "-f" "1dea4eabd58c1f1683def3a2f8a07a40402236f9d89bf4781c2d72dca419e0e6", kill_on_drop: false }`
[INFO] [stdout] 1dea4eabd58c1f1683def3a2f8a07a40402236f9d89bf4781c2d72dca419e0e6
