[INFO] fetching crate test-notifier 0.1.1...
[INFO] testing test-notifier-0.1.1 against nightly-2024-10-28+rustflags=-Zrandomize-layout for randomize-layout
[INFO] extracting crate test-notifier 0.1.1 into /workspace/builds/worker-0-tc2/source
[INFO] validating manifest of crates.io crate test-notifier 0.1.1 on toolchain nightly-2024-10-28
[INFO] running `Command { std: CARGO_HOME="/workspace/cargo-home" RUSTUP_HOME="/workspace/rustup-home" "/workspace/cargo-home/bin/cargo" "+nightly-2024-10-28" "metadata" "--manifest-path" "Cargo.toml" "--no-deps", kill_on_drop: false }`
[INFO] started tweaking crates.io crate test-notifier 0.1.1
[INFO] finished tweaking crates.io crate test-notifier 0.1.1
[INFO] tweaked toml for crates.io crate test-notifier 0.1.1 written to /workspace/builds/worker-0-tc2/source/Cargo.toml
[INFO] running `Command { std: CARGO_HOME="/workspace/cargo-home" RUSTUP_HOME="/workspace/rustup-home" "/workspace/cargo-home/bin/cargo" "+nightly-2024-10-28" "generate-lockfile" "--manifest-path" "Cargo.toml", kill_on_drop: false }`
[INFO] [stderr]     Updating crates.io index
[INFO] [stderr]      Locking 134 packages to latest compatible versions
[INFO] running `Command { std: CARGO_HOME="/workspace/cargo-home" RUSTUP_HOME="/workspace/rustup-home" "/workspace/cargo-home/bin/cargo" "+nightly-2024-10-28" "fetch" "--manifest-path" "Cargo.toml", kill_on_drop: false }`
[INFO] running `Command { std: "docker" "create" "-v" "/var/lib/crater-agent-workspace/builds/worker-0-tc2/target:/opt/rustwide/target:rw,Z" "-v" "/var/lib/crater-agent-workspace/builds/worker-0-tc2/source:/opt/rustwide/workdir:ro,Z" "-v" "/var/lib/crater-agent-workspace/cargo-home:/opt/rustwide/cargo-home:ro,Z" "-v" "/var/lib/crater-agent-workspace/rustup-home:/opt/rustwide/rustup-home:ro,Z" "-e" "SOURCE_DIR=/opt/rustwide/workdir" "-e" "CARGO_TARGET_DIR=/opt/rustwide/target" "-e" "CARGO_HOME=/opt/rustwide/cargo-home" "-e" "RUSTUP_HOME=/opt/rustwide/rustup-home" "-w" "/opt/rustwide/workdir" "-m" "1610612736" "--user" "0:0" "--network" "none" "ghcr.io/rust-lang/crates-build-env/linux@sha256:4a844ea9eb2546a2d2c7022eacef16ef2e8229c7fbb2c7d4d55a9ceca922f72d" "/opt/rustwide/cargo-home/bin/cargo" "+nightly-2024-10-28" "metadata" "--no-deps" "--format-version=1", kill_on_drop: false }`
[INFO] [stdout] 231754a7390af940690d3e4fbac1a8e37c8159423f70233d6f511018fb77ddf1
[INFO] running `Command { std: "docker" "start" "-a" "231754a7390af940690d3e4fbac1a8e37c8159423f70233d6f511018fb77ddf1", kill_on_drop: false }`
[INFO] running `Command { std: "docker" "inspect" "231754a7390af940690d3e4fbac1a8e37c8159423f70233d6f511018fb77ddf1", kill_on_drop: false }`
[INFO] running `Command { std: "docker" "rm" "-f" "231754a7390af940690d3e4fbac1a8e37c8159423f70233d6f511018fb77ddf1", kill_on_drop: false }`
[INFO] [stdout] 231754a7390af940690d3e4fbac1a8e37c8159423f70233d6f511018fb77ddf1
[INFO] running `Command { std: "docker" "create" "-v" "/var/lib/crater-agent-workspace/builds/worker-0-tc2/target:/opt/rustwide/target:rw,Z" "-v" "/var/lib/crater-agent-workspace/builds/worker-0-tc2/source:/opt/rustwide/workdir:ro,Z" "-v" "/var/lib/crater-agent-workspace/cargo-home:/opt/rustwide/cargo-home:ro,Z" "-v" "/var/lib/crater-agent-workspace/rustup-home:/opt/rustwide/rustup-home:ro,Z" "-e" "SOURCE_DIR=/opt/rustwide/workdir" "-e" "CARGO_TARGET_DIR=/opt/rustwide/target" "-e" "CARGO_INCREMENTAL=0" "-e" "RUST_BACKTRACE=full" "-e" "RUSTFLAGS=--cap-lints=forbid -Zrandomize-layout" "-e" "RUSTDOCFLAGS=--cap-lints=forbid" "-e" "CARGO_HOME=/opt/rustwide/cargo-home" "-e" "RUSTUP_HOME=/opt/rustwide/rustup-home" "-w" "/opt/rustwide/workdir" "-m" "1610612736" "--user" "0:0" "--network" "none" "ghcr.io/rust-lang/crates-build-env/linux@sha256:4a844ea9eb2546a2d2c7022eacef16ef2e8229c7fbb2c7d4d55a9ceca922f72d" "/opt/rustwide/cargo-home/bin/cargo" "+nightly-2024-10-28" "build" "--frozen" "--message-format=json", kill_on_drop: false }`
[INFO] [stdout] eb5b9897f0270eb5d2f54a3a384293d89d5c9e808cc285d2c1de18b803c1495e
[INFO] running `Command { std: "docker" "start" "-a" "eb5b9897f0270eb5d2f54a3a384293d89d5c9e808cc285d2c1de18b803c1495e", kill_on_drop: false }`
[INFO] [stderr]    Compiling bytes v1.8.0
[INFO] [stderr]    Compiling futures-io v0.3.31
[INFO] [stderr]    Compiling bitflags v2.6.0
[INFO] [stderr]    Compiling socket2 v0.5.7
[INFO] [stderr]    Compiling mio v1.0.2
[INFO] [stderr]    Compiling httpdate v1.0.3
[INFO] [stderr]    Compiling tokio-macros v2.4.0
[INFO] [stderr]    Compiling futures-macro v0.3.31
[INFO] [stderr]    Compiling openssl-macros v0.1.1
[INFO] [stderr]    Compiling openssl-sys v0.9.104
[INFO] [stderr]    Compiling base64 v0.21.7
[INFO] [stderr]    Compiling serde_urlencoded v0.7.1
[INFO] [stderr]    Compiling url v2.5.2
[INFO] [stderr]    Compiling thiserror-impl v1.0.66
[INFO] [stderr]    Compiling serde_json v1.0.132
[INFO] [stderr]    Compiling encoding_rs v0.8.35
[INFO] [stderr]    Compiling mime v0.3.17
[INFO] [stderr]    Compiling sync_wrapper v0.1.2
[INFO] [stderr]    Compiling ipnet v2.10.1
[INFO] [stderr]    Compiling addr2line v0.24.2
[INFO] [stderr]    Compiling rustls-pemfile v1.0.4
[INFO] [stderr]    Compiling http v0.2.12
[INFO] [stderr]    Compiling tokio v1.41.0
[INFO] [stderr]    Compiling backtrace v0.3.74
[INFO] [stderr]    Compiling futures-util v0.3.31
[INFO] [stderr]    Compiling thiserror v1.0.66
[INFO] [stderr]    Compiling openssl v0.10.68
[INFO] [stderr]    Compiling http-body v0.4.6
[INFO] [stderr]    Compiling futures-executor v0.3.31
[INFO] [stderr]    Compiling futures v0.3.31
[INFO] [stderr]    Compiling native-tls v0.2.12
[INFO] [stderr]    Compiling tokio-util v0.7.12
[INFO] [stderr]    Compiling tokio-native-tls v0.3.1
[INFO] [stderr]    Compiling h2 v0.3.26
[INFO] [stderr]    Compiling hyper v0.14.31
[INFO] [stderr]    Compiling hyper-tls v0.5.0
[INFO] [stderr]    Compiling reqwest v0.11.27
[INFO] [stderr]    Compiling nustify v0.2.2
[INFO] [stderr]    Compiling test-notifier v0.1.1 (/opt/rustwide/workdir)
[INFO] [stderr]     Finished `dev` profile [unoptimized + debuginfo] target(s) in 13.73s
[INFO] running `Command { std: "docker" "inspect" "eb5b9897f0270eb5d2f54a3a384293d89d5c9e808cc285d2c1de18b803c1495e", kill_on_drop: false }`
[INFO] running `Command { std: "docker" "rm" "-f" "eb5b9897f0270eb5d2f54a3a384293d89d5c9e808cc285d2c1de18b803c1495e", kill_on_drop: false }`
[INFO] [stdout] eb5b9897f0270eb5d2f54a3a384293d89d5c9e808cc285d2c1de18b803c1495e
[INFO] running `Command { std: "docker" "create" "-v" "/var/lib/crater-agent-workspace/builds/worker-0-tc2/target:/opt/rustwide/target:rw,Z" "-v" "/var/lib/crater-agent-workspace/builds/worker-0-tc2/source:/opt/rustwide/workdir:ro,Z" "-v" "/var/lib/crater-agent-workspace/cargo-home:/opt/rustwide/cargo-home:ro,Z" "-v" "/var/lib/crater-agent-workspace/rustup-home:/opt/rustwide/rustup-home:ro,Z" "-e" "SOURCE_DIR=/opt/rustwide/workdir" "-e" "CARGO_TARGET_DIR=/opt/rustwide/target" "-e" "CARGO_INCREMENTAL=0" "-e" "RUST_BACKTRACE=full" "-e" "RUSTFLAGS=--cap-lints=forbid -Zrandomize-layout" "-e" "RUSTDOCFLAGS=--cap-lints=forbid" "-e" "CARGO_HOME=/opt/rustwide/cargo-home" "-e" "RUSTUP_HOME=/opt/rustwide/rustup-home" "-w" "/opt/rustwide/workdir" "-m" "1610612736" "--user" "0:0" "--network" "none" "ghcr.io/rust-lang/crates-build-env/linux@sha256:4a844ea9eb2546a2d2c7022eacef16ef2e8229c7fbb2c7d4d55a9ceca922f72d" "/opt/rustwide/cargo-home/bin/cargo" "+nightly-2024-10-28" "test" "--frozen" "--no-run" "--message-format=json", kill_on_drop: false }`
[INFO] [stdout] 3498cc9fae0f70cb2d2732b36f4edd856d75d5bbbb6726d09aa2cc149c445afb
[INFO] running `Command { std: "docker" "start" "-a" "3498cc9fae0f70cb2d2732b36f4edd856d75d5bbbb6726d09aa2cc149c445afb", kill_on_drop: false }`
[INFO] [stderr]    Compiling test-notifier v0.1.1 (/opt/rustwide/workdir)
[INFO] [stderr]     Finished `test` profile [unoptimized + debuginfo] target(s) in 1.10s
[INFO] running `Command { std: "docker" "inspect" "3498cc9fae0f70cb2d2732b36f4edd856d75d5bbbb6726d09aa2cc149c445afb", kill_on_drop: false }`
[INFO] running `Command { std: "docker" "rm" "-f" "3498cc9fae0f70cb2d2732b36f4edd856d75d5bbbb6726d09aa2cc149c445afb", kill_on_drop: false }`
[INFO] [stdout] 3498cc9fae0f70cb2d2732b36f4edd856d75d5bbbb6726d09aa2cc149c445afb
[INFO] running `Command { std: "docker" "create" "-v" "/var/lib/crater-agent-workspace/builds/worker-0-tc2/target:/opt/rustwide/target:rw,Z" "-v" "/var/lib/crater-agent-workspace/builds/worker-0-tc2/source:/opt/rustwide/workdir:ro,Z" "-v" "/var/lib/crater-agent-workspace/cargo-home:/opt/rustwide/cargo-home:ro,Z" "-v" "/var/lib/crater-agent-workspace/rustup-home:/opt/rustwide/rustup-home:ro,Z" "-e" "SOURCE_DIR=/opt/rustwide/workdir" "-e" "CARGO_TARGET_DIR=/opt/rustwide/target" "-e" "CARGO_INCREMENTAL=0" "-e" "RUST_BACKTRACE=full" "-e" "RUSTFLAGS=--cap-lints=forbid -Zrandomize-layout" "-e" "RUSTDOCFLAGS=--cap-lints=forbid" "-e" "CARGO_HOME=/opt/rustwide/cargo-home" "-e" "RUSTUP_HOME=/opt/rustwide/rustup-home" "-w" "/opt/rustwide/workdir" "-m" "1610612736" "--user" "0:0" "--network" "none" "ghcr.io/rust-lang/crates-build-env/linux@sha256:4a844ea9eb2546a2d2c7022eacef16ef2e8229c7fbb2c7d4d55a9ceca922f72d" "/opt/rustwide/cargo-home/bin/cargo" "+nightly-2024-10-28" "test" "--frozen", kill_on_drop: false }`
[INFO] [stdout] a76d9db9bb64f5b83779f7e292ddebf7a0483a13261f6402cf988ff1ffad0c2a
[INFO] running `Command { std: "docker" "start" "-a" "a76d9db9bb64f5b83779f7e292ddebf7a0483a13261f6402cf988ff1ffad0c2a", kill_on_drop: false }`
[INFO] [stderr]     Finished `test` profile [unoptimized + debuginfo] target(s) in 0.07s
[INFO] [stderr]      Running unittests src/lib.rs (/opt/rustwide/target/debug/deps/test_notifier-16cfadcd50632601)
[INFO] [stdout] 
[INFO] [stdout] running 2 tests
[INFO] [stderr] thread 'tests::test_passing' panicked at core/src/panicking.rs:235:5:
[INFO] [stderr] panic in a destructor during cleanup
[INFO] [stderr] thread caused non-unwinding panic. aborting.
[INFO] [stdout] test_name: test_notifier::tests::test_passing::h6391f10c01e41b04
[INFO] [stdout] message: Some("about to pass")
[INFO] [stdout] thread 'tests::test_passing' panicked at src/lib.rs:11:65:
[INFO] [stdout] called `Result::unwrap()` on an `Err` value: NotPresent
[INFO] [stdout] stack backtrace:
[INFO] [stdout]    0:     0x61d9dd71254a - std::backtrace_rs::backtrace::libunwind::trace::h207520d6e9873551
[INFO] [stdout]                                at /rustc/df4ca44d3fbc9301ee17f30f4d474e6ae4b05252/library/std/src/../../backtrace/src/backtrace/libunwind.rs:116:5
[INFO] [stdout]    1:     0x61d9dd71254a - std::backtrace_rs::backtrace::trace_unsynchronized::h2ed7433f370e3eca
[INFO] [stdout]                                at /rustc/df4ca44d3fbc9301ee17f30f4d474e6ae4b05252/library/std/src/../../backtrace/src/backtrace/mod.rs:66:5
[INFO] [stdout]    2:     0x61d9dd71254a - std::sys::backtrace::_print_fmt::h916fac51166b18d7
[INFO] [stdout]                                at /rustc/df4ca44d3fbc9301ee17f30f4d474e6ae4b05252/library/std/src/sys/backtrace.rs:66:9
[INFO] [stdout]    3:     0x61d9dd71254a - <std::sys::backtrace::BacktraceLock::print::DisplayBacktrace as core::fmt::Display>::fmt::ha0a4c9b8ce3802e6
[INFO] [stdout]                                at /rustc/df4ca44d3fbc9301ee17f30f4d474e6ae4b05252/library/std/src/sys/backtrace.rs:39:26
[INFO] [stdout]    4:     0x61d9dd73c173 - core::fmt::rt::Argument::fmt::h4cfc8587d52b3eb5
[INFO] [stdout]                                at /rustc/df4ca44d3fbc9301ee17f30f4d474e6ae4b05252/library/core/src/fmt/rt.rs:177:76
[INFO] [stdout]    5:     0x61d9dd73c173 - core::fmt::write::h522cc39e5b36ae9f
[INFO] [stdout]                                at /rustc/df4ca44d3fbc9301ee17f30f4d474e6ae4b05252/library/core/src/fmt/mod.rs:1190:21
[INFO] [stdout]    6:     0x61d9dd70e3c3 - std::io::Write::write_fmt::h7d3c26752da97734
[INFO] [stdout]                                at /rustc/df4ca44d3fbc9301ee17f30f4d474e6ae4b05252/library/std/src/io/mod.rs:1839:15
[INFO] [stdout]    7:     0x61d9dd712392 - std::sys::backtrace::BacktraceLock::print::h4b9e00b29e9c0942
[INFO] [stdout]                                at /rustc/df4ca44d3fbc9301ee17f30f4d474e6ae4b05252/library/std/src/sys/backtrace.rs:42:9
[INFO] [stdout]    8:     0x61d9dd7139da - std::panicking::default_hook::{{closure}}::hb59b88280d0324d9
[INFO] [stdout]                                at /rustc/df4ca44d3fbc9301ee17f30f4d474e6ae4b05252/library/std/src/panicking.rs:268:22
[INFO] [stdout]    9:     0x61d9dd7137e4 - std::panicking::default_hook::he1dd496665be4a29
[INFO] [stdout]                                at /rustc/df4ca44d3fbc9301ee17f30f4d474e6ae4b05252/library/std/src/panicking.rs:292:9
[INFO] [stdout]   10:     0x61d9dd3199d9 - <alloc::boxed::Box<F,A> as core::ops::function::Fn<Args>>::call::h4ff71de18744e1dc
[INFO] [stdout]                                at /rustc/df4ca44d3fbc9301ee17f30f4d474e6ae4b05252/library/alloc/src/boxed.rs:2468:9
[INFO] [stdout]   11:     0x61d9dd3199d9 - test::test_main::{{closure}}::hcf7c055ce117aa81
[INFO] [stdout]                                at /rustc/df4ca44d3fbc9301ee17f30f4d474e6ae4b05252/library/test/src/lib.rs:133:21
[INFO] [stdout]   12:     0x61d9dd7140d8 - <alloc::boxed::Box<F,A> as core::ops::function::Fn<Args>>::call::h1d66c6bbd60c9692
[INFO] [stdout]                                at /rustc/df4ca44d3fbc9301ee17f30f4d474e6ae4b05252/library/alloc/src/boxed.rs:2468:9
[INFO] [stdout]   13:     0x61d9dd7140d8 - std::panicking::rust_panic_with_hook::h2ff17fe8f26dfcf8
[INFO] [stdout]                                at /rustc/df4ca44d3fbc9301ee17f30f4d474e6ae4b05252/library/std/src/panicking.rs:809:13
[INFO] [stdout]   14:     0x61d9dd713e9a - std::panicking::begin_panic_handler::{{closure}}::h4fad77951c07e101
[INFO] [stdout]                                at /rustc/df4ca44d3fbc9301ee17f30f4d474e6ae4b05252/library/std/src/panicking.rs:674:13
[INFO] [stdout]   15:     0x61d9dd712a29 - std::sys::backtrace::__rust_end_short_backtrace::hb1a25b3da5d0ea08
[INFO] [stdout]                                at /rustc/df4ca44d3fbc9301ee17f30f4d474e6ae4b05252/library/std/src/sys/backtrace.rs:170:18
[INFO] [stdout]   16:     0x61d9dd713b2c - rust_begin_unwind
[INFO] [stdout]                                at /rustc/df4ca44d3fbc9301ee17f30f4d474e6ae4b05252/library/std/src/panicking.rs:665:5
[INFO] [stdout]   17:     0x61d9dd73a670 - core::panicking::panic_fmt::ha9db07b529f9b256
[INFO] [stdout]                                at /rustc/df4ca44d3fbc9301ee17f30f4d474e6ae4b05252/library/core/src/panicking.rs:75:14
[INFO] [stdout]   18:     0x61d9dd73ab56 - core::result::unwrap_failed::h5e8218e4d4338b8a
[INFO] [stdout]                                at /rustc/df4ca44d3fbc9301ee17f30f4d474e6ae4b05252/library/core/src/result.rs:1698:5
[INFO] [stdout]   19:     0x61d9dd1eebf9 - core::result::Result<T,E>::unwrap::hf14671d53b1b9ba1
[INFO] [stdout]                                at /rustc/df4ca44d3fbc9301ee17f30f4d474e6ae4b05252/library/core/src/result.rs:1103:23
[INFO] [stdout]   20:     0x61d9dd1eebf9 - <test_notifier::KEY as core::ops::deref::Deref>::deref::__static_ref_initialize::h8820ef3adf99fbfe
[INFO] [stdout]                                at /opt/rustwide/workdir/src/lib.rs:11:30
[INFO] [stdout]   21:     0x61d9dd1eebf9 - core::ops::function::FnOnce::call_once::hd8df0c496d92659e
[INFO] [stdout]                                at /rustc/df4ca44d3fbc9301ee17f30f4d474e6ae4b05252/library/core/src/ops/function.rs:250:5
[INFO] [stdout]   22:     0x61d9dd1ee1e3 - lazy_static::lazy::Lazy<T>::get::{{closure}}::h1fd48245f710716a
[INFO] [stdout]                                at /opt/rustwide/cargo-home/registry/src/index.crates.io-6f17d22bba15001f/lazy_static-1.5.0/src/inline_lazy.rs:31:41
[INFO] [stdout]   23:     0x61d9dd2096d8 - std::sync::once::Once::call_once::{{closure}}::he5ea918ad7310d52
[INFO] [stdout]                                at /rustc/df4ca44d3fbc9301ee17f30f4d474e6ae4b05252/library/std/src/sync/once.rs:158:41
[INFO] [stdout]   24:     0x61d9dd71c663 - std::sys::sync::once::futex::Once::call::h71269da0f72c5b8f
[INFO] [stdout]                                at /rustc/df4ca44d3fbc9301ee17f30f4d474e6ae4b05252/library/std/src/sys/sync/once/futex.rs:176:21
[INFO] [stdout]   25:     0x61d9dd209644 - std::sync::once::Once::call_once::h3ccdb4da0bdeeb1f
[INFO] [stdout]                                at /rustc/df4ca44d3fbc9301ee17f30f4d474e6ae4b05252/library/std/src/sync/once.rs:158:9
[INFO] [stdout]   26:     0x61d9dd1fd96a - lazy_static::lazy::Lazy<T>::get::haab5078a01937979
[INFO] [stdout]                                at /opt/rustwide/cargo-home/registry/src/index.crates.io-6f17d22bba15001f/lazy_static-1.5.0/src/inline_lazy.rs:30:9
[INFO] [stdout]   27:     0x61d9dd1fd96a - <test_notifier::KEY as core::ops::deref::Deref>::deref::__stability::h235bea106b1938f5
[INFO] [stdout]                                at /opt/rustwide/cargo-home/registry/src/index.crates.io-6f17d22bba15001f/lazy_static-1.5.0/src/lib.rs:135:21
[INFO] [stdout]   28:     0x61d9dd1fd96a - <test_notifier::KEY as core::ops::deref::Deref>::deref::h36a77dbc1111f4ba
[INFO] [stdout]                                at /opt/rustwide/cargo-home/registry/src/index.crates.io-6f17d22bba15001f/lazy_static-1.5.0/src/lib.rs:137:17
[INFO] [stdout]   29:     0x61d9dd1fc8ec - test_notifier::do_notify::{{closure}}::h5e62169306e05e32
[INFO] [stdout]                                at /opt/rustwide/workdir/src/lib.rs:50:45
[INFO] [stdout]   30:     0x61d9dd1fd86a - <test_notifier::TestNotifier as core::ops::drop::Drop>::drop::{{closure}}::{{closure}}::{{closure}}::{{closure}}::h4bc728852a26bcef
[INFO] [stdout]                                at /opt/rustwide/workdir/src/lib.rs:75:38
[INFO] [stdout]   31:     0x61d9dd207d6f - tokio::runtime::task::core::Core<T,S>::poll::{{closure}}::h506203ddc3a1eecf
[INFO] [stdout]                                at /opt/rustwide/cargo-home/registry/src/index.crates.io-6f17d22bba15001f/tokio-1.41.0/src/runtime/task/core.rs:331:17
[INFO] [stdout]   32:     0x61d9dd20775d - tokio::loom::std::unsafe_cell::UnsafeCell<T>::with_mut::h3807fd14cac76ecd
[INFO] [stdout]                                at /opt/rustwide/cargo-home/registry/src/index.crates.io-6f17d22bba15001f/tokio-1.41.0/src/loom/std/unsafe_cell.rs:16:9
[INFO] [stdout]   33:     0x61d9dd20775d - tokio::runtime::task::core::Core<T,S>::poll::h0621bcc3b1ae3205
[INFO] [stdout]                                at /opt/rustwide/cargo-home/registry/src/index.crates.io-6f17d22bba15001f/tokio-1.41.0/src/runtime/task/core.rs:320:13
[INFO] [stdout]   34:     0x61d9dd21192a - tokio::runtime::task::harness::poll_future::{{closure}}::he850b8efc1d5158c
[INFO] [stdout]                                at /opt/rustwide/cargo-home/registry/src/index.crates.io-6f17d22bba15001f/tokio-1.41.0/src/runtime/task/harness.rs:499:19
[INFO] [stdout]   35:     0x61d9dd1f7870 - <core::panic::unwind_safe::AssertUnwindSafe<F> as core::ops::function::FnOnce<()>>::call_once::h48aa96ef9de519c2
[INFO] [stdout]                                at /rustc/df4ca44d3fbc9301ee17f30f4d474e6ae4b05252/library/core/src/panic/unwind_safe.rs:272:9
[INFO] [stdout]   36:     0x61d9dd1ff048 - std::panicking::try::do_call::h216a1ea03231ca28
[INFO] [stdout]                                at /rustc/df4ca44d3fbc9301ee17f30f4d474e6ae4b05252/library/std/src/panicking.rs:557:40
[INFO] [stdout]   37:     0x61d9dd20382b - __rust_try
[INFO] [stdout]   38:     0x61d9dd1fe816 - std::panicking::try::h86996e85580696da
[INFO] [stdout]                                at /rustc/df4ca44d3fbc9301ee17f30f4d474e6ae4b05252/library/std/src/panicking.rs:520:19
[INFO] [stdout]   39:     0x61d9dd1fe816 - std::panic::catch_unwind::hbcd3722e6b312f7b
[INFO] [stdout]                                at /rustc/df4ca44d3fbc9301ee17f30f4d474e6ae4b05252/library/std/src/panic.rs:358:14
[INFO] [stdout]   40:     0x61d9dd2109df - tokio::runtime::task::harness::poll_future::h693c07b51ad802d3
[INFO] [stdout]                                at /opt/rustwide/cargo-home/registry/src/index.crates.io-6f17d22bba15001f/tokio-1.41.0/src/runtime/task/harness.rs:487:18
[INFO] [stdout]   41:     0x61d9dd212045 - tokio::runtime::task::harness::Harness<T,S>::poll_inner::hf5b36637f9872837
[INFO] [stdout]                                at /opt/rustwide/cargo-home/registry/src/index.crates.io-6f17d22bba15001f/tokio-1.41.0/src/runtime/task/harness.rs:209:27
[INFO] [stdout]   42:     0x61d9dd213063 - tokio::runtime::task::harness::Harness<T,S>::poll::hfce4da2d520b31a2
[INFO] [stdout]                                at /opt/rustwide/cargo-home/registry/src/index.crates.io-6f17d22bba15001f/tokio-1.41.0/src/runtime/task/harness.rs:154:15
[INFO] [stdout]   43:     0x61d9dd1f172b - tokio::runtime::task::raw::poll::hb6186f8912239d88
[INFO] [stdout]                                at /opt/rustwide/cargo-home/registry/src/index.crates.io-6f17d22bba15001f/tokio-1.41.0/src/runtime/task/raw.rs:271:5
[INFO] [stdout]   44:     0x61d9dd643878 - tokio::runtime::task::raw::RawTask::poll::h3246c822bda2d51f
[INFO] [stdout]                                at /opt/rustwide/cargo-home/registry/src/index.crates.io-6f17d22bba15001f/tokio-1.41.0/src/runtime/task/raw.rs:201:18
[INFO] [stdout]   45:     0x61d9dd5e4862 - tokio::runtime::task::LocalNotified<S>::run::h2c4f593103b89487
[INFO] [stdout]                                at /opt/rustwide/cargo-home/registry/src/index.crates.io-6f17d22bba15001f/tokio-1.41.0/src/runtime/task/mod.rs:435:9
[INFO] [stdout]   46:     0x61d9dd63168b - tokio::task::local::LocalSet::tick::{{closure}}::he5ad205b06fa6f24
[INFO] [stdout]                                at /opt/rustwide/cargo-home/registry/src/index.crates.io-6f17d22bba15001f/tokio-1.41.0/src/task/local.rs:739:63
[INFO] [stdout]   47:     0x61d9dd6315d0 - tokio::runtime::coop::with_budget::h56aa67b8a7209d3a
[INFO] [stdout]                                at /opt/rustwide/cargo-home/registry/src/index.crates.io-6f17d22bba15001f/tokio-1.41.0/src/runtime/coop.rs:107:5
[INFO] [stdout]   48:     0x61d9dd6315d0 - tokio::runtime::coop::budget::h17b19253ad1d9c58
[INFO] [stdout]                                at /opt/rustwide/cargo-home/registry/src/index.crates.io-6f17d22bba15001f/tokio-1.41.0/src/runtime/coop.rs:73:5
[INFO] [stdout]   49:     0x61d9dd6315d0 - tokio::task::local::LocalSet::tick::h6122890fb8c8d517
[INFO] [stdout]                                at /opt/rustwide/cargo-home/registry/src/index.crates.io-6f17d22bba15001f/tokio-1.41.0/src/task/local.rs:739:31
[INFO] [stdout]   50:     0x61d9dd210073 - <tokio::task::local::RunUntil<T> as core::future::future::Future>::poll::{{closure}}::h9d685100e7517008
[INFO] [stdout]                                at /opt/rustwide/cargo-home/registry/src/index.crates.io-6f17d22bba15001f/tokio-1.41.0/src/task/local.rs:1045:16
[INFO] [stdout]   51:     0x61d9dd20b474 - tokio::task::local::LocalSet::with::{{closure}}::hee00877a2895ee1e
[INFO] [stdout]                                at /opt/rustwide/cargo-home/registry/src/index.crates.io-6f17d22bba15001f/tokio-1.41.0/src/task/local.rs:793:13
[INFO] [stdout]   52:     0x61d9dd204b50 - std::thread::local::LocalKey<T>::try_with::ha79ada17502c1291
[INFO] [stdout]                                at /rustc/df4ca44d3fbc9301ee17f30f4d474e6ae4b05252/library/std/src/thread/local.rs:283:12
[INFO] [stdout]   53:     0x61d9dd20391a - std::thread::local::LocalKey<T>::with::h3fb77c15894ccb2d
[INFO] [stdout]                                at /rustc/df4ca44d3fbc9301ee17f30f4d474e6ae4b05252/library/std/src/thread/local.rs:260:9
[INFO] [stdout]   54:     0x61d9dd20b3d6 - tokio::task::local::LocalSet::with::hbc488438b0a641e6
[INFO] [stdout]                                at /opt/rustwide/cargo-home/registry/src/index.crates.io-6f17d22bba15001f/tokio-1.41.0/src/task/local.rs:791:9
[INFO] [stdout]   55:     0x61d9dd20ff75 - <tokio::task::local::RunUntil<T> as core::future::future::Future>::poll::h8dd9cc7eddf084a2
[INFO] [stdout]                                at /opt/rustwide/cargo-home/registry/src/index.crates.io-6f17d22bba15001f/tokio-1.41.0/src/task/local.rs:1031:9
[INFO] [stdout]   56:     0x61d9dd20b723 - tokio::task::local::LocalSet::run_until::{{closure}}::h80ef266516285ab3
[INFO] [stdout]                                at /opt/rustwide/cargo-home/registry/src/index.crates.io-6f17d22bba15001f/tokio-1.41.0/src/task/local.rs:689:19
[INFO] [stdout]   57:     0x61d9dd201ebf - tokio::runtime::park::CachedParkThread::block_on::{{closure}}::hc5471536473fd88c
[INFO] [stdout]                                at /opt/rustwide/cargo-home/registry/src/index.crates.io-6f17d22bba15001f/tokio-1.41.0/src/runtime/park.rs:281:63
[INFO] [stdout]   58:     0x61d9dd20100c - tokio::runtime::coop::with_budget::hdf574b071f8fb636
[INFO] [stdout]                                at /opt/rustwide/cargo-home/registry/src/index.crates.io-6f17d22bba15001f/tokio-1.41.0/src/runtime/coop.rs:107:5
[INFO] [stdout]   59:     0x61d9dd20100c - tokio::runtime::coop::budget::h4dd8bb28ffed680e
[INFO] [stdout]                                at /opt/rustwide/cargo-home/registry/src/index.crates.io-6f17d22bba15001f/tokio-1.41.0/src/runtime/coop.rs:73:5
[INFO] [stdout]   60:     0x61d9dd20100c - tokio::runtime::park::CachedParkThread::block_on::h5b1b4110e8c2e84c
[INFO] [stdout]                                at /opt/rustwide/cargo-home/registry/src/index.crates.io-6f17d22bba15001f/tokio-1.41.0/src/runtime/park.rs:281:31
[INFO] [stdout]   61:     0x61d9dd1fa8f5 - tokio::runtime::context::blocking::BlockingRegionGuard::block_on::h134de97c5383b34b
[INFO] [stdout]                                at /opt/rustwide/cargo-home/registry/src/index.crates.io-6f17d22bba15001f/tokio-1.41.0/src/runtime/context/blocking.rs:66:9
[INFO] [stdout]   62:     0x61d9dd202cb6 - tokio::runtime::scheduler::multi_thread::MultiThread::block_on::{{closure}}::h991c445cd781eea8
[INFO] [stdout]                                at /opt/rustwide/cargo-home/registry/src/index.crates.io-6f17d22bba15001f/tokio-1.41.0/src/runtime/scheduler/multi_thread/mod.rs:87:13
[INFO] [stdout]   63:     0x61d9dd1f427b - tokio::runtime::context::runtime::enter_runtime::hf4a38037fd1dc32b
[INFO] [stdout]                                at /opt/rustwide/cargo-home/registry/src/index.crates.io-6f17d22bba15001f/tokio-1.41.0/src/runtime/context/runtime.rs:65:16
[INFO] [stdout]   64:     0x61d9dd202c71 - tokio::runtime::scheduler::multi_thread::MultiThread::block_on::he7166482300ba54b
[INFO] [stdout]                                at /opt/rustwide/cargo-home/registry/src/index.crates.io-6f17d22bba15001f/tokio-1.41.0/src/runtime/scheduler/multi_thread/mod.rs:86:9
[INFO] [stdout]   65:     0x61d9dd20b97c - tokio::runtime::runtime::Runtime::block_on_inner::h95ffe77a4634f4b2
[INFO] [stdout]                                at /opt/rustwide/cargo-home/registry/src/index.crates.io-6f17d22bba15001f/tokio-1.41.0/src/runtime/runtime.rs:370:45
[INFO] [stdout]   66:     0x61d9dd20bcbf - tokio::runtime::runtime::Runtime::block_on::h1ec06ed2c1444a44
[INFO] [stdout]                                at /opt/rustwide/cargo-home/registry/src/index.crates.io-6f17d22bba15001f/tokio-1.41.0/src/runtime/runtime.rs:342:13
[INFO] [stdout]   67:     0x61d9dd20b513 - tokio::task::local::LocalSet::block_on::h618c0addea9e61b4
[INFO] [stdout]                                at /opt/rustwide/cargo-home/registry/src/index.crates.io-6f17d22bba15001f/tokio-1.41.0/src/task/local.rs:646:9
[INFO] [stdout]   68:     0x61d9dd1fd012 - <test_notifier::TestNotifier as core::ops::drop::Drop>::drop::{{closure}}::{{closure}}::h38efa6affc9e72d8
[INFO] [stdout]                                at /opt/rustwide/workdir/src/lib.rs:70:25
[INFO] [stdout]   69:     0x61d9dd291ffb - backtrace::symbolize::gimli::resolve::{{closure}}::h8391f44890fe8a33
[INFO] [stdout]                                at /opt/rustwide/cargo-home/registry/src/index.crates.io-6f17d22bba15001f/backtrace-0.3.74/src/symbolize/gimli.rs:419:9
[INFO] [stdout]   70:     0x61d9dd29239f - backtrace::symbolize::gimli::resolve::{{closure}}::hf27398cd25bcdc1d
[INFO] [stdout]                                at /opt/rustwide/cargo-home/registry/src/index.crates.io-6f17d22bba15001f/backtrace-0.3.74/src/symbolize/gimli.rs:442:17
[INFO] [stdout]   71:     0x61d9dd2919bb - backtrace::symbolize::gimli::Cache::with_global::h7c3017c62e5ae22f
[INFO] [stdout]                                at /opt/rustwide/cargo-home/registry/src/index.crates.io-6f17d22bba15001f/backtrace-0.3.74/src/symbolize/gimli.rs:338:9
[INFO] [stdout]   72:     0x61d9dd291fb2 - backtrace::symbolize::gimli::resolve::he150375dea595a10
[INFO] [stdout]                                at /opt/rustwide/cargo-home/registry/src/index.crates.io-6f17d22bba15001f/backtrace-0.3.74/src/symbolize/gimli.rs:422:5
[INFO] [stdout]   73:     0x61d9dd1f69e2 - backtrace::symbolize::resolve_frame_unsynchronized::hc6e49743e45aa9d3
[INFO] [stdout]                                at /opt/rustwide/cargo-home/registry/src/index.crates.io-6f17d22bba15001f/backtrace-0.3.74/src/symbolize/mod.rs:178:5
[INFO] [stdout]   74:     0x61d9dd1f695b - backtrace::symbolize::resolve_frame::h2f513c2461aad857
[INFO] [stdout]                                at /opt/rustwide/cargo-home/registry/src/index.crates.io-6f17d22bba15001f/backtrace-0.3.74/src/symbolize/mod.rs:105:14
[INFO] [stdout]   75:     0x61d9dd1fccef - <test_notifier::TestNotifier as core::ops::drop::Drop>::drop::{{closure}}::ha25ac2c33f2806a2
[INFO] [stdout]                                at /opt/rustwide/workdir/src/lib.rs:58:13
[INFO] [stdout]   76:     0x61d9dd2683a3 - core::ops::function::impls::<impl core::ops::function::FnMut<A> for &mut F>::call_mut::h5914a04cf9533936
[INFO] [stdout]                                at /rustc/df4ca44d3fbc9301ee17f30f4d474e6ae4b05252/library/core/src/ops/function.rs:294:13
[INFO] [stdout]   77:     0x61d9dd266eaa - backtrace::backtrace::libunwind::trace::trace_fn::h170aa66df4ab6411
[INFO] [stdout]                                at /opt/rustwide/cargo-home/registry/src/index.crates.io-6f17d22bba15001f/backtrace-0.3.74/src/backtrace/libunwind.rs:128:26
[INFO] [stdout]   78:     0x7ba78ad675b4 - _Unwind_Backtrace
[INFO] [stdout]   79:     0x61d9dd1f67f1 - backtrace::backtrace::libunwind::trace::h4e0bb1c4d5679f0f
[INFO] [stdout]                                at /opt/rustwide/cargo-home/registry/src/index.crates.io-6f17d22bba15001f/backtrace-0.3.74/src/backtrace/libunwind.rs:116:5
[INFO] [stdout]   80:     0x61d9dd1f67f1 - backtrace::backtrace::trace_unsynchronized::hd6b8714063b979d0
[INFO] [stdout]                                at /opt/rustwide/cargo-home/registry/src/index.crates.io-6f17d22bba15001f/backtrace-0.3.74/src/backtrace/mod.rs:66:5
[INFO] [stdout]   81:     0x61d9dd1f687e - backtrace::backtrace::trace::he27a2a78b0ef4230
[INFO] [stdout]                                at /opt/rustwide/cargo-home/registry/src/index.crates.io-6f17d22bba15001f/backtrace-0.3.74/src/backtrace/mod.rs:53:14
[INFO] [stdout]   82:     0x61d9dd1fcca6 - <test_notifier::TestNotifier as core::ops::drop::Drop>::drop::h011909efe83664d3
[INFO] [stdout]                                at /opt/rustwide/workdir/src/lib.rs:57:9
[INFO] [stdout]   83:     0x61d9dd1eff53 - core::ptr::drop_in_place<test_notifier::TestNotifier>::h56c297b201ab0a6e
[INFO] [stdout]                                at /rustc/df4ca44d3fbc9301ee17f30f4d474e6ae4b05252/library/core/src/ptr/mod.rs:521:1
[INFO] [stdout]   84:     0x61d9dd2037ed - test_notifier::tests::test_passing::h6391f10c01e41b04
[INFO] [stdout]                                at /opt/rustwide/workdir/src/lib.rs:103:5
[INFO] [stdout]   85:     0x61d9dd203777 - test_notifier::tests::test_passing::{{closure}}::h388d7feb02ec3a4c
[INFO] [stdout]                                at /opt/rustwide/workdir/src/lib.rs:99:22
[INFO] [stdout]   86:     0x61d9dd1eecf6 - core::ops::function::FnOnce::call_once::he20f241a190c251c
[INFO] [stdout]                                at /rustc/df4ca44d3fbc9301ee17f30f4d474e6ae4b05252/library/core/src/ops/function.rs:250:5
[INFO] [stdout]   87:     0x61d9dd31e2ab - core::ops::function::FnOnce::call_once::h22c3ba5715e93f05
[INFO] [stdout]                                at /rustc/df4ca44d3fbc9301ee17f30f4d474e6ae4b05252/library/core/src/ops/function.rs:250:5
[INFO] [stdout]   88:     0x61d9dd31e2ab - test::__rust_begin_short_backtrace::h8e82d8113d0da17f
[INFO] [stdout]                                at /rustc/df4ca44d3fbc9301ee17f30f4d474e6ae4b05252/library/test/src/lib.rs:621:18
[INFO] [stdout]   89:     0x61d9dd31dc27 - test::run_test_in_process::{{closure}}::h33235f4f20b7b7c7
[INFO] [stdout]                                at /rustc/df4ca44d3fbc9301ee17f30f4d474e6ae4b05252/library/test/src/lib.rs:644:60
[INFO] [stdout]   90:     0x61d9dd31dc27 - <core::panic::unwind_safe::AssertUnwindSafe<F> as core::ops::function::FnOnce<()>>::call_once::hb5043206310c586f
[INFO] [stdout]                                at /rustc/df4ca44d3fbc9301ee17f30f4d474e6ae4b05252/library/core/src/panic/unwind_safe.rs:272:9
[INFO] [stdout]   91:     0x61d9dd31dc27 - std::panicking::try::do_call::h9ad4731a60ab23e2
[INFO] [stdout]                                at /rustc/df4ca44d3fbc9301ee17f30f4d474e6ae4b05252/library/std/src/panicking.rs:557:40
[INFO] [stdout]   92:     0x61d9dd31dc27 - std::panicking::try::h3824d23db772a716
[INFO] [stdout]                                at /rustc/df4ca44d3fbc9301ee17f30f4d474e6ae4b05252/library/std/src/panicking.rs:520:19
[INFO] [stdout]   93:     0x61d9dd31dc27 - std::panic::catch_unwind::h5afd514605fde46b
[INFO] [stdout]                                at /rustc/df4ca44d3fbc9301ee17f30f4d474e6ae4b05252/library/std/src/panic.rs:358:14
[INFO] [stdout]   94:     0x61d9dd31dc27 - test::run_test_in_process::h0d5cbfa7067d1720
[INFO] [stdout]                                at /rustc/df4ca44d3fbc9301ee17f30f4d474e6ae4b05252/library/test/src/lib.rs:644:27
[INFO] [stdout]   95:     0x61d9dd31dc27 - test::run_test::{{closure}}::h708eb8872708115d
[INFO] [stdout]                                at /rustc/df4ca44d3fbc9301ee17f30f4d474e6ae4b05252/library/test/src/lib.rs:565:43
[INFO] [stdout]   96:     0x61d9dd2e1344 - test::run_test::{{closure}}::h392c51cee94713ab
[INFO] [stdout]                                at /rustc/df4ca44d3fbc9301ee17f30f4d474e6ae4b05252/library/test/src/lib.rs:595:41
[INFO] [stdout]   97:     0x61d9dd2e1344 - std::sys::backtrace::__rust_begin_short_backtrace::h2f40290710935a8b
[INFO] [stdout]                                at /rustc/df4ca44d3fbc9301ee17f30f4d474e6ae4b05252/library/std/src/sys/backtrace.rs:154:18
[INFO] [stdout]   98:     0x61d9dd2e4aee - std::thread::Builder::spawn_unchecked_::{{closure}}::{{closure}}::h3fd968d89053a903
[INFO] [stdout]                                at /rustc/df4ca44d3fbc9301ee17f30f4d474e6ae4b05252/library/std/src/thread/mod.rs:541:17
[INFO] [stdout]   99:     0x61d9dd2e4aee - <core::panic::unwind_safe::AssertUnwindSafe<F> as core::ops::function::FnOnce<()>>::call_once::h743f637ba4229880
[INFO] [stdout]                                at /rustc/df4ca44d3fbc9301ee17f30f4d474e6ae4b05252/library/core/src/panic/unwind_safe.rs:272:9
[INFO] [stdout]  100:     0x61d9dd2e4aee - std::panicking::try::do_call::h07440897322525a6
[INFO] [stdout]                                at /rustc/df4ca44d3fbc9301ee17f30f4d474e6ae4b05252/library/std/src/panicking.rs:557:40
[INFO] [stdout]  101:     0x61d9dd2e4aee - std::panicking::try::he5a2e00188156637
[INFO] [stdout]                                at /rustc/df4ca44d3fbc9301ee17f30f4d474e6ae4b05252/library/std/src/panicking.rs:520:19
[INFO] [stdout]  102:     0x61d9dd2e4aee - std::panic::catch_unwind::hbaf3cae49b3c6433
[INFO] [stdout]                                at /rustc/df4ca44d3fbc9301ee17f30f4d474e6ae4b05252/library/std/src/panic.rs:358:14
[INFO] [stdout]  103:     0x61d9dd2e4aee - std::thread::Builder::spawn_unchecked_::{{closure}}::h8e141ea224820bce
[INFO] [stdout]                                at /rustc/df4ca44d3fbc9301ee17f30f4d474e6ae4b05252/library/std/src/thread/mod.rs:540:30
[INFO] [stdout]  104:     0x61d9dd2e4aee - core::ops::function::FnOnce::call_once{{vtable.shim}}::h90d312fedd7b8ea8
[INFO] [stdout]                                at /rustc/df4ca44d3fbc9301ee17f30f4d474e6ae4b05252/library/core/src/ops/function.rs:250:5
[INFO] [stdout]  105:     0x61d9dd71839b - <alloc::boxed::Box<F,A> as core::ops::function::FnOnce<Args>>::call_once::h69aa08ddb6adb8b6
[INFO] [stdout]                                at /rustc/df4ca44d3fbc9301ee17f30f4d474e6ae4b05252/library/alloc/src/boxed.rs:2454:9
[INFO] [stdout]  106:     0x61d9dd71839b - <alloc::boxed::Box<F,A> as core::ops::function::FnOnce<Args>>::call_once::h5aa36efdb79c806f
[INFO] [stdout]                                at /rustc/df4ca44d3fbc9301ee17f30f4d474e6ae4b05252/library/alloc/src/boxed.rs:2454:9
[INFO] [stdout]  107:     0x61d9dd71839b - std::sys::pal::unix::thread::Thread::new::thread_start::h6cd80a1b4be5158d
[INFO] [stdout]                                at /rustc/df4ca44d3fbc9301ee17f30f4d474e6ae4b05252/library/std/src/sys/pal/unix/thread.rs:105:17
[INFO] [stdout]  108:     0x7ba78aad4ac3 - <unknown>
[INFO] [stdout]  109:     0x7ba78ab65a04 - clone
[INFO] [stdout]  110:                0x0 - <unknown>
[INFO] [stdout] thread 'tests::test_passing' panicked at src/lib.rs:77:40:
[INFO] [stdout] called `Result::unwrap()` on an `Err` value: JoinError::Panic(Id(17), "called `Result::unwrap()` on an `Err` value: NotPresent", ...)
[INFO] [stdout] stack backtrace:
[INFO] [stdout]    0:     0x61d9dd71254a - std::backtrace_rs::backtrace::libunwind::trace::h207520d6e9873551
[INFO] [stdout]                                at /rustc/df4ca44d3fbc9301ee17f30f4d474e6ae4b05252/library/std/src/../../backtrace/src/backtrace/libunwind.rs:116:5
[INFO] [stdout]    1:     0x61d9dd71254a - std::backtrace_rs::backtrace::trace_unsynchronized::h2ed7433f370e3eca
[INFO] [stdout]                                at /rustc/df4ca44d3fbc9301ee17f30f4d474e6ae4b05252/library/std/src/../../backtrace/src/backtrace/mod.rs:66:5
[INFO] [stdout]    2:     0x61d9dd71254a - std::sys::backtrace::_print_fmt::h916fac51166b18d7
[INFO] [stdout]                                at /rustc/df4ca44d3fbc9301ee17f30f4d474e6ae4b05252/library/std/src/sys/backtrace.rs:66:9
[INFO] [stdout]    3:     0x61d9dd71254a - <std::sys::backtrace::BacktraceLock::print::DisplayBacktrace as core::fmt::Display>::fmt::ha0a4c9b8ce3802e6
[INFO] [stdout]                                at /rustc/df4ca44d3fbc9301ee17f30f4d474e6ae4b05252/library/std/src/sys/backtrace.rs:39:26
[INFO] [stdout]    4:     0x61d9dd73c173 - core::fmt::rt::Argument::fmt::h4cfc8587d52b3eb5
[INFO] [stdout]                                at /rustc/df4ca44d3fbc9301ee17f30f4d474e6ae4b05252/library/core/src/fmt/rt.rs:177:76
[INFO] [stdout]    5:     0x61d9dd73c173 - core::fmt::write::h522cc39e5b36ae9f
[INFO] [stdout]                                at /rustc/df4ca44d3fbc9301ee17f30f4d474e6ae4b05252/library/core/src/fmt/mod.rs:1190:21
[INFO] [stdout]    6:     0x61d9dd70e3c3 - std::io::Write::write_fmt::h7d3c26752da97734
[INFO] [stdout]                                at /rustc/df4ca44d3fbc9301ee17f30f4d474e6ae4b05252/library/std/src/io/mod.rs:1839:15
[INFO] [stdout]    7:     0x61d9dd712392 - std::sys::backtrace::BacktraceLock::print::h4b9e00b29e9c0942
[INFO] [stdout]                                at /rustc/df4ca44d3fbc9301ee17f30f4d474e6ae4b05252/library/std/src/sys/backtrace.rs:42:9
[INFO] [stdout]    8:     0x61d9dd7139da - std::panicking::default_hook::{{closure}}::hb59b88280d0324d9
[INFO] [stdout]                                at /rustc/df4ca44d3fbc9301ee17f30f4d474e6ae4b05252/library/std/src/panicking.rs:268:22
[INFO] [stdout]    9:     0x61d9dd7137e4 - std::panicking::default_hook::he1dd496665be4a29
[INFO] [stdout]                                at /rustc/df4ca44d3fbc9301ee17f30f4d474e6ae4b05252/library/std/src/panicking.rs:292:9
[INFO] [stdout]   10:     0x61d9dd3199d9 - <alloc::boxed::Box<F,A> as core::ops::function::Fn<Args>>::call::h4ff71de18744e1dc
[INFO] [stdout]                                at /rustc/df4ca44d3fbc9301ee17f30f4d474e6ae4b05252/library/alloc/src/boxed.rs:2468:9
[INFO] [stdout]   11:     0x61d9dd3199d9 - test::test_main::{{closure}}::hcf7c055ce117aa81
[INFO] [stdout]                                at /rustc/df4ca44d3fbc9301ee17f30f4d474e6ae4b05252/library/test/src/lib.rs:133:21
[INFO] [stdout]   12:     0x61d9dd7140d8 - <alloc::boxed::Box<F,A> as core::ops::function::Fn<Args>>::call::h1d66c6bbd60c9692
[INFO] [stdout]                                at /rustc/df4ca44d3fbc9301ee17f30f4d474e6ae4b05252/library/alloc/src/boxed.rs:2468:9
[INFO] [stdout]   13:     0x61d9dd7140d8 - std::panicking::rust_panic_with_hook::h2ff17fe8f26dfcf8
[INFO] [stdout]                                at /rustc/df4ca44d3fbc9301ee17f30f4d474e6ae4b05252/library/std/src/panicking.rs:809:13
[INFO] [stdout]   14:     0x61d9dd713e9a - std::panicking::begin_panic_handler::{{closure}}::h4fad77951c07e101
[INFO] [stdout]                                at /rustc/df4ca44d3fbc9301ee17f30f4d474e6ae4b05252/library/std/src/panicking.rs:674:13
[INFO] [stdout]   15:     0x61d9dd712a29 - std::sys::backtrace::__rust_end_short_backtrace::hb1a25b3da5d0ea08
[INFO] [stdout]                                at /rustc/df4ca44d3fbc9301ee17f30f4d474e6ae4b05252/library/std/src/sys/backtrace.rs:170:18
[INFO] [stdout]   16:     0x61d9dd713b2c - rust_begin_unwind
[INFO] [stdout]                                at /rustc/df4ca44d3fbc9301ee17f30f4d474e6ae4b05252/library/std/src/panicking.rs:665:5
[INFO] [stdout]   17:     0x61d9dd73a670 - core::panicking::panic_fmt::ha9db07b529f9b256
[INFO] [stdout]                                at /rustc/df4ca44d3fbc9301ee17f30f4d474e6ae4b05252/library/core/src/panicking.rs:75:14
[INFO] [stdout]   18:     0x61d9dd73ab56 - core::result::unwrap_failed::h5e8218e4d4338b8a
[INFO] [stdout]                                at /rustc/df4ca44d3fbc9301ee17f30f4d474e6ae4b05252/library/core/src/result.rs:1698:5
[INFO] [stdout]   19:     0x61d9dd1fd42a - core::result::Result<T,E>::unwrap::h7a80285bf2feabf3
[INFO] [stdout]                                at /rustc/df4ca44d3fbc9301ee17f30f4d474e6ae4b05252/library/core/src/result.rs:1103:23
[INFO] [stdout]   20:     0x61d9dd1fd42a - <test_notifier::TestNotifier as core::ops::drop::Drop>::drop::{{closure}}::{{closure}}::{{closure}}::h832aedb7ddb51581
[INFO] [stdout]                                at /opt/rustwide/workdir/src/lib.rs:77:29
[INFO] [stdout]   21:     0x61d9dd210006 - <tokio::task::local::RunUntil<T> as core::future::future::Future>::poll::{{closure}}::h9d685100e7517008
[INFO] [stdout]                                at /opt/rustwide/cargo-home/registry/src/index.crates.io-6f17d22bba15001f/tokio-1.41.0/src/task/local.rs:1041:42
[INFO] [stdout]   22:     0x61d9dd20b474 - tokio::task::local::LocalSet::with::{{closure}}::hee00877a2895ee1e
[INFO] [stdout]                                at /opt/rustwide/cargo-home/registry/src/index.crates.io-6f17d22bba15001f/tokio-1.41.0/src/task/local.rs:793:13
[INFO] [stdout]   23:     0x61d9dd204b50 - std::thread::local::LocalKey<T>::try_with::ha79ada17502c1291
[INFO] [stdout]                                at /rustc/df4ca44d3fbc9301ee17f30f4d474e6ae4b05252/library/std/src/thread/local.rs:283:12
[INFO] [stdout]   24:     0x61d9dd20391a - std::thread::local::LocalKey<T>::with::h3fb77c15894ccb2d
[INFO] [stdout]                                at /rustc/df4ca44d3fbc9301ee17f30f4d474e6ae4b05252/library/std/src/thread/local.rs:260:9
[INFO] [stdout]   25:     0x61d9dd20b3d6 - tokio::task::local::LocalSet::with::hbc488438b0a641e6
[INFO] [stdout]                                at /opt/rustwide/cargo-home/registry/src/index.crates.io-6f17d22bba15001f/tokio-1.41.0/src/task/local.rs:791:9
[INFO] [stdout]   26:     0x61d9dd20ff75 - <tokio::task::local::RunUntil<T> as core::future::future::Future>::poll::h8dd9cc7eddf084a2
[INFO] [stdout]                                at /opt/rustwide/cargo-home/registry/src/index.crates.io-6f17d22bba15001f/tokio-1.41.0/src/task/local.rs:1031:9
[INFO] [stdout]   27:     0x61d9dd20b723 - tokio::task::local::LocalSet::run_until::{{closure}}::h80ef266516285ab3
[INFO] [stdout]                                at /opt/rustwide/cargo-home/registry/src/index.crates.io-6f17d22bba15001f/tokio-1.41.0/src/task/local.rs:689:19
[INFO] [stdout]   28:     0x61d9dd201ebf - tokio::runtime::park::CachedParkThread::block_on::{{closure}}::hc5471536473fd88c
[INFO] [stdout]                                at /opt/rustwide/cargo-home/registry/src/index.crates.io-6f17d22bba15001f/tokio-1.41.0/src/runtime/park.rs:281:63
[INFO] [stdout]   29:     0x61d9dd20100c - tokio::runtime::coop::with_budget::hdf574b071f8fb636
[INFO] [stdout]                                at /opt/rustwide/cargo-home/registry/src/index.crates.io-6f17d22bba15001f/tokio-1.41.0/src/runtime/coop.rs:107:5
[INFO] [stdout]   30:     0x61d9dd20100c - tokio::runtime::coop::budget::h4dd8bb28ffed680e
[INFO] [stdout]                                at /opt/rustwide/cargo-home/registry/src/index.crates.io-6f17d22bba15001f/tokio-1.41.0/src/runtime/coop.rs:73:5
[INFO] [stdout]   31:     0x61d9dd20100c - tokio::runtime::park::CachedParkThread::block_on::h5b1b4110e8c2e84c
[INFO] [stdout]                                at /opt/rustwide/cargo-home/registry/src/index.crates.io-6f17d22bba15001f/tokio-1.41.0/src/runtime/park.rs:281:31
[INFO] [stdout]   32:     0x61d9dd1fa8f5 - tokio::runtime::context::blocking::BlockingRegionGuard::block_on::h134de97c5383b34b
[INFO] [stdout]                                at /opt/rustwide/cargo-home/registry/src/index.crates.io-6f17d22bba15001f/tokio-1.41.0/src/runtime/context/blocking.rs:66:9
[INFO] [stdout]   33:     0x61d9dd202cb6 - tokio::runtime::scheduler::multi_thread::MultiThread::block_on::{{closure}}::h991c445cd781eea8
[INFO] [stdout]                                at /opt/rustwide/cargo-home/registry/src/index.crates.io-6f17d22bba15001f/tokio-1.41.0/src/runtime/scheduler/multi_thread/mod.rs:87:13
[INFO] [stdout]   34:     0x61d9dd1f427b - tokio::runtime::context::runtime::enter_runtime::hf4a38037fd1dc32b
[INFO] [stdout]                                at /opt/rustwide/cargo-home/registry/src/index.crates.io-6f17d22bba15001f/tokio-1.41.0/src/runtime/context/runtime.rs:65:16
[INFO] [stdout]   35:     0x61d9dd202c71 - tokio::runtime::scheduler::multi_thread::MultiThread::block_on::he7166482300ba54b
[INFO] [stdout]                                at /opt/rustwide/cargo-home/registry/src/index.crates.io-6f17d22bba15001f/tokio-1.41.0/src/runtime/scheduler/multi_thread/mod.rs:86:9
[INFO] [stdout]   36:     0x61d9dd20b97c - tokio::runtime::runtime::Runtime::block_on_inner::h95ffe77a4634f4b2
[INFO] [stdout]                                at /opt/rustwide/cargo-home/registry/src/index.crates.io-6f17d22bba15001f/tokio-1.41.0/src/runtime/runtime.rs:370:45
[INFO] [stdout]   37:     0x61d9dd20bcbf - tokio::runtime::runtime::Runtime::block_on::h1ec06ed2c1444a44
[INFO] [stdout]                                at /opt/rustwide/cargo-home/registry/src/index.crates.io-6f17d22bba15001f/tokio-1.41.0/src/runtime/runtime.rs:342:13
[INFO] [stdout]   38:     0x61d9dd20b513 - tokio::task::local::LocalSet::block_on::h618c0addea9e61b4
[INFO] [stdout]                                at /opt/rustwide/cargo-home/registry/src/index.crates.io-6f17d22bba15001f/tokio-1.41.0/src/task/local.rs:646:9
[INFO] [stdout]   39:     0x61d9dd1fd012 - <test_notifier::TestNotifier as core::ops::drop::Drop>::drop::{{closure}}::{{closure}}::h38efa6affc9e72d8
[INFO] [stdout]                                at /opt/rustwide/workdir/src/lib.rs:70:25
[INFO] [stdout]   40:     0x61d9dd291ffb - backtrace::symbolize::gimli::resolve::{{closure}}::h8391f44890fe8a33
[INFO] [stdout]                                at /opt/rustwide/cargo-home/registry/src/index.crates.io-6f17d22bba15001f/backtrace-0.3.74/src/symbolize/gimli.rs:419:9
[INFO] [stdout]   41:     0x61d9dd29239f - backtrace::symbolize::gimli::resolve::{{closure}}::hf27398cd25bcdc1d
[INFO] [stdout]                                at /opt/rustwide/cargo-home/registry/src/index.crates.io-6f17d22bba15001f/backtrace-0.3.74/src/symbolize/gimli.rs:442:17
[INFO] [stdout]   42:     0x61d9dd2919bb - backtrace::symbolize::gimli::Cache::with_global::h7c3017c62e5ae22f
[INFO] [stdout]                                at /opt/rustwide/cargo-home/registry/src/index.crates.io-6f17d22bba15001f/backtrace-0.3.74/src/symbolize/gimli.rs:338:9
[INFO] [stdout]   43:     0x61d9dd291fb2 - backtrace::symbolize::gimli::resolve::he150375dea595a10
[INFO] [stdout]                                at /opt/rustwide/cargo-home/registry/src/index.crates.io-6f17d22bba15001f/backtrace-0.3.74/src/symbolize/gimli.rs:422:5
[INFO] [stdout]   44:     0x61d9dd1f69e2 - backtrace::symbolize::resolve_frame_unsynchronized::hc6e49743e45aa9d3
[INFO] [stdout]                                at /opt/rustwide/cargo-home/registry/src/index.crates.io-6f17d22bba15001f/backtrace-0.3.74/src/symbolize/mod.rs:178:5
[INFO] [stdout]   45:     0x61d9dd1f695b - backtrace::symbolize::resolve_frame::h2f513c2461aad857
[INFO] [stdout]                                at /opt/rustwide/cargo-home/registry/src/index.crates.io-6f17d22bba15001f/backtrace-0.3.74/src/symbolize/mod.rs:105:14
[INFO] [stdout]   46:     0x61d9dd1fccef - <test_notifier::TestNotifier as core::ops::drop::Drop>::drop::{{closure}}::ha25ac2c33f2806a2
[INFO] [stdout]                                at /opt/rustwide/workdir/src/lib.rs:58:13
[INFO] [stdout]   47:     0x61d9dd2683a3 - core::ops::function::impls::<impl core::ops::function::FnMut<A> for &mut F>::call_mut::h5914a04cf9533936
[INFO] [stdout]                                at /rustc/df4ca44d3fbc9301ee17f30f4d474e6ae4b05252/library/core/src/ops/function.rs:294:13
[INFO] [stdout]   48:     0x61d9dd266eaa - backtrace::backtrace::libunwind::trace::trace_fn::h170aa66df4ab6411
[INFO] [stdout]                                at /opt/rustwide/cargo-home/registry/src/index.crates.io-6f17d22bba15001f/backtrace-0.3.74/src/backtrace/libunwind.rs:128:26
[INFO] [stdout]   49:     0x7ba78ad675b4 - _Unwind_Backtrace
[INFO] [stdout]   50:     0x61d9dd1f67f1 - backtrace::backtrace::libunwind::trace::h4e0bb1c4d5679f0f
[INFO] [stdout]                                at /opt/rustwide/cargo-home/registry/src/index.crates.io-6f17d22bba15001f/backtrace-0.3.74/src/backtrace/libunwind.rs:116:5
[INFO] [stdout]   51:     0x61d9dd1f67f1 - backtrace::backtrace::trace_unsynchronized::hd6b8714063b979d0
[INFO] [stdout]                                at /opt/rustwide/cargo-home/registry/src/index.crates.io-6f17d22bba15001f/backtrace-0.3.74/src/backtrace/mod.rs:66:5
[INFO] [stdout]   52:     0x61d9dd1f687e - backtrace::backtrace::trace::he27a2a78b0ef4230
[INFO] [stdout]                                at /opt/rustwide/cargo-home/registry/src/index.crates.io-6f17d22bba15001f/backtrace-0.3.74/src/backtrace/mod.rs:53:14
[INFO] [stdout]   53:     0x61d9dd1fcca6 - <test_notifier::TestNotifier as core::ops::drop::Drop>::drop::h011909efe83664d3
[INFO] [stdout]                                at /opt/rustwide/workdir/src/lib.rs:57:9
[INFO] [stdout]   54:     0x61d9dd1eff53 - core::ptr::drop_in_place<test_notifier::TestNotifier>::h56c297b201ab0a6e
[INFO] [stdout]                                at /rustc/df4ca44d3fbc9301ee17f30f4d474e6ae4b05252/library/core/src/ptr/mod.rs:521:1
[INFO] [stdout]   55:     0x61d9dd2037ed - test_notifier::tests::test_passing::h6391f10c01e41b04
[INFO] [stdout]                                at /opt/rustwide/workdir/src/lib.rs:103:5
[INFO] [stdout]   56:     0x61d9dd203777 - test_notifier::tests::test_passing::{{closure}}::h388d7feb02ec3a4c
[INFO] [stdout]                                at /opt/rustwide/workdir/src/lib.rs:99:22
[INFO] [stdout]   57:     0x61d9dd1eecf6 - core::ops::function::FnOnce::call_once::he20f241a190c251c
[INFO] [stdout]                                at /rustc/df4ca44d3fbc9301ee17f30f4d474e6ae4b05252/library/core/src/ops/function.rs:250:5
[INFO] [stdout]   58:     0x61d9dd31e2ab - core::ops::function::FnOnce::call_once::h22c3ba5715e93f05
[INFO] [stdout]                                at /rustc/df4ca44d3fbc9301ee17f30f4d474e6ae4b05252/library/core/src/ops/function.rs:250:5
[INFO] [stdout]   59:     0x61d9dd31e2ab - test::__rust_begin_short_backtrace::h8e82d8113d0da17f
[INFO] [stdout]                                at /rustc/df4ca44d3fbc9301ee17f30f4d474e6ae4b05252/library/test/src/lib.rs:621:18
[INFO] [stdout]   60:     0x61d9dd31dc27 - test::run_test_in_process::{{closure}}::h33235f4f20b7b7c7
[INFO] [stdout]                                at /rustc/df4ca44d3fbc9301ee17f30f4d474e6ae4b05252/library/test/src/lib.rs:644:60
[INFO] [stdout]   61:     0x61d9dd31dc27 - <core::panic::unwind_safe::AssertUnwindSafe<F> as core::ops::function::FnOnce<()>>::call_once::hb5043206310c586f
[INFO] [stdout]                                at /rustc/df4ca44d3fbc9301ee17f30f4d474e6ae4b05252/library/core/src/panic/unwind_safe.rs:272:9
[INFO] [stdout]   62:     0x61d9dd31dc27 - std::panicking::try::do_call::h9ad4731a60ab23e2
[INFO] [stdout]                                at /rustc/df4ca44d3fbc9301ee17f30f4d474e6ae4b05252/library/std/src/panicking.rs:557:40
[INFO] [stdout]   63:     0x61d9dd31dc27 - std::panicking::try::h3824d23db772a716
[INFO] [stdout]                                at /rustc/df4ca44d3fbc9301ee17f30f4d474e6ae4b05252/library/std/src/panicking.rs:520:19
[INFO] [stdout]   64:     0x61d9dd31dc27 - std::panic::catch_unwind::h5afd514605fde46b
[INFO] [stdout]                                at /rustc/df4ca44d3fbc9301ee17f30f4d474e6ae4b05252/library/std/src/panic.rs:358:14
[INFO] [stdout]   65:     0x61d9dd31dc27 - test::run_test_in_process::h0d5cbfa7067d1720
[INFO] [stdout]                                at /rustc/df4ca44d3fbc9301ee17f30f4d474e6ae4b05252/library/test/src/lib.rs:644:27
[INFO] [stdout]   66:     0x61d9dd31dc27 - test::run_test::{{closure}}::h708eb8872708115d
[INFO] [stdout]                                at /rustc/df4ca44d3fbc9301ee17f30f4d474e6ae4b05252/library/test/src/lib.rs:565:43
[INFO] [stdout]   67:     0x61d9dd2e1344 - test::run_test::{{closure}}::h392c51cee94713ab
[INFO] [stdout]                                at /rustc/df4ca44d3fbc9301ee17f30f4d474e6ae4b05252/library/test/src/lib.rs:595:41
[INFO] [stdout]   68:     0x61d9dd2e1344 - std::sys::backtrace::__rust_begin_short_backtrace::h2f40290710935a8b
[INFO] [stdout]                                at /rustc/df4ca44d3fbc9301ee17f30f4d474e6ae4b05252/library/std/src/sys/backtrace.rs:154:18
[INFO] [stdout]   69:     0x61d9dd2e4aee - std::thread::Builder::spawn_unchecked_::{{closure}}::{{closure}}::h3fd968d89053a903
[INFO] [stdout]                                at /rustc/df4ca44d3fbc9301ee17f30f4d474e6ae4b05252/library/std/src/thread/mod.rs:541:17
[INFO] [stdout]   70:     0x61d9dd2e4aee - <core::panic::unwind_safe::AssertUnwindSafe<F> as core::ops::function::FnOnce<()>>::call_once::h743f637ba4229880
[INFO] [stdout]                                at /rustc/df4ca44d3fbc9301ee17f30f4d474e6ae4b05252/library/core/src/panic/unwind_safe.rs:272:9
[INFO] [stdout]   71:     0x61d9dd2e4aee - std::panicking::try::do_call::h07440897322525a6
[INFO] [stdout]                                at /rustc/df4ca44d3fbc9301ee17f30f4d474e6ae4b05252/library/std/src/panicking.rs:557:40
[INFO] [stdout]   72:     0x61d9dd2e4aee - std::panicking::try::he5a2e00188156637
[INFO] [stdout]                                at /rustc/df4ca44d3fbc9301ee17f30f4d474e6ae4b05252/library/std/src/panicking.rs:520:19
[INFO] [stdout]   73:     0x61d9dd2e4aee - std::panic::catch_unwind::hbaf3cae49b3c6433
[INFO] [stdout]                                at /rustc/df4ca44d3fbc9301ee17f30f4d474e6ae4b05252/library/std/src/panic.rs:358:14
[INFO] [stdout]   74:     0x61d9dd2e4aee - std::thread::Builder::spawn_unchecked_::{{closure}}::h8e141ea224820bce
[INFO] [stdout]                                at /rustc/df4ca44d3fbc9301ee17f30f4d474e6ae4b05252/library/std/src/thread/mod.rs:540:30
[INFO] [stdout]   75:     0x61d9dd2e4aee - core::ops::function::FnOnce::call_once{{vtable.shim}}::h90d312fedd7b8ea8
[INFO] [stdout]                                at /rustc/df4ca44d3fbc9301ee17f30f4d474e6ae4b05252/library/core/src/ops/function.rs:250:5
[INFO] [stdout]   76:     0x61d9dd71839b - <alloc::boxed::Box<F,A> as core::ops::function::FnOnce<Args>>::call_once::h69aa08ddb6adb8b6
[INFO] [stdout]                                at /rustc/df4ca44d3fbc9301ee17f30f4d474e6ae4b05252/library/alloc/src/boxed.rs:2454:9
[INFO] [stdout]   77:     0x61d9dd71839b - <alloc::boxed::Box<F,A> as core::ops::function::FnOnce<Args>>::call_once::h5aa36efdb79c806f
[INFO] [stdout]                                at /rustc/df4ca44d3fbc9301ee17f30f4d474e6ae4b05252/library/alloc/src/boxed.rs:2454:9
[INFO] [stdout]   78:     0x61d9dd71839b - std::sys::pal::unix::thread::Thread::new::thread_start::h6cd80a1b4be5158d
[INFO] [stdout]                                at /rustc/df4ca44d3fbc9301ee17f30f4d474e6ae4b05252/library/std/src/sys/pal/unix/thread.rs:105:17
[INFO] [stdout]   79:     0x7ba78aad4ac3 - <unknown>
[INFO] [stdout]   80:     0x7ba78ab65a04 - clone
[INFO] [stdout]   81:                0x0 - <unknown>
[INFO] [stdout] thread 'tests::test_passing' panicked at /opt/rustwide/cargo-home/registry/src/index.crates.io-6f17d22bba15001f/backtrace-0.3.74/src/backtrace/libunwind.rs:109:13:
[INFO] [stdout] cannot panic during the backtrace function
[INFO] [stdout] stack backtrace:
[INFO] [stdout]    0:     0x61d9dd71254a - std::backtrace_rs::backtrace::libunwind::trace::h207520d6e9873551
[INFO] [stdout]                                at /rustc/df4ca44d3fbc9301ee17f30f4d474e6ae4b05252/library/std/src/../../backtrace/src/backtrace/libunwind.rs:116:5
[INFO] [stdout]    1:     0x61d9dd71254a - std::backtrace_rs::backtrace::trace_unsynchronized::h2ed7433f370e3eca
[INFO] [stdout]                                at /rustc/df4ca44d3fbc9301ee17f30f4d474e6ae4b05252/library/std/src/../../backtrace/src/backtrace/mod.rs:66:5
[INFO] [stdout]    2:     0x61d9dd71254a - std::sys::backtrace::_print_fmt::h916fac51166b18d7
[INFO] [stdout]                                at /rustc/df4ca44d3fbc9301ee17f30f4d474e6ae4b05252/library/std/src/sys/backtrace.rs:66:9
[INFO] [stdout]    3:     0x61d9dd71254a - <std::sys::backtrace::BacktraceLock::print::DisplayBacktrace as core::fmt::Display>::fmt::ha0a4c9b8ce3802e6
[INFO] [stdout]                                at /rustc/df4ca44d3fbc9301ee17f30f4d474e6ae4b05252/library/std/src/sys/backtrace.rs:39:26
[INFO] [stdout]    4:     0x61d9dd73c173 - core::fmt::rt::Argument::fmt::h4cfc8587d52b3eb5
[INFO] [stdout]                                at /rustc/df4ca44d3fbc9301ee17f30f4d474e6ae4b05252/library/core/src/fmt/rt.rs:177:76
[INFO] [stdout]    5:     0x61d9dd73c173 - core::fmt::write::h522cc39e5b36ae9f
[INFO] [stdout]                                at /rustc/df4ca44d3fbc9301ee17f30f4d474e6ae4b05252/library/core/src/fmt/mod.rs:1190:21
[INFO] [stdout]    6:     0x61d9dd70e3c3 - std::io::Write::write_fmt::h7d3c26752da97734
[INFO] [stdout]                                at /rustc/df4ca44d3fbc9301ee17f30f4d474e6ae4b05252/library/std/src/io/mod.rs:1839:15
[INFO] [stdout]    7:     0x61d9dd712392 - std::sys::backtrace::BacktraceLock::print::h4b9e00b29e9c0942
[INFO] [stdout]                                at /rustc/df4ca44d3fbc9301ee17f30f4d474e6ae4b05252/library/std/src/sys/backtrace.rs:42:9
[INFO] [stdout]    8:     0x61d9dd7139da - std::panicking::default_hook::{{closure}}::hb59b88280d0324d9
[INFO] [stdout]                                at /rustc/df4ca44d3fbc9301ee17f30f4d474e6ae4b05252/library/std/src/panicking.rs:268:22
[INFO] [stdout]    9:     0x61d9dd7137e4 - std::panicking::default_hook::he1dd496665be4a29
[INFO] [stdout]                                at /rustc/df4ca44d3fbc9301ee17f30f4d474e6ae4b05252/library/std/src/panicking.rs:292:9
[INFO] [stdout]   10:     0x61d9dd3199d9 - <alloc::boxed::Box<F,A> as core::ops::function::Fn<Args>>::call::h4ff71de18744e1dc
[INFO] [stdout]                                at /rustc/df4ca44d3fbc9301ee17f30f4d474e6ae4b05252/library/alloc/src/boxed.rs:2468:9
[INFO] [stdout]   11:     0x61d9dd3199d9 - test::test_main::{{closure}}::hcf7c055ce117aa81
[INFO] [stdout]                                at /rustc/df4ca44d3fbc9301ee17f30f4d474e6ae4b05252/library/test/src/lib.rs:133:21
[INFO] [stdout]   12:     0x61d9dd7140d8 - <alloc::boxed::Box<F,A> as core::ops::function::Fn<Args>>::call::h1d66c6bbd60c9692
[INFO] [stdout]                                at /rustc/df4ca44d3fbc9301ee17f30f4d474e6ae4b05252/library/alloc/src/boxed.rs:2468:9
[INFO] [stdout]   13:     0x61d9dd7140d8 - std::panicking::rust_panic_with_hook::h2ff17fe8f26dfcf8
[INFO] [stdout]                                at /rustc/df4ca44d3fbc9301ee17f30f4d474e6ae4b05252/library/std/src/panicking.rs:809:13
[INFO] [stdout]   14:     0x61d9dd713e66 - std::panicking::begin_panic_handler::{{closure}}::h4fad77951c07e101
[INFO] [stdout]                                at /rustc/df4ca44d3fbc9301ee17f30f4d474e6ae4b05252/library/std/src/panicking.rs:667:13
[INFO] [stdout]   15:     0x61d9dd712a29 - std::sys::backtrace::__rust_end_short_backtrace::hb1a25b3da5d0ea08
[INFO] [stdout]                                at /rustc/df4ca44d3fbc9301ee17f30f4d474e6ae4b05252/library/std/src/sys/backtrace.rs:170:18
[INFO] [stdout]   16:     0x61d9dd713b2c - rust_begin_unwind
[INFO] [stdout]                                at /rustc/df4ca44d3fbc9301ee17f30f4d474e6ae4b05252/library/std/src/panicking.rs:665:5
[INFO] [stdout]   17:     0x61d9dd73a670 - core::panicking::panic_fmt::ha9db07b529f9b256
[INFO] [stdout]                                at /rustc/df4ca44d3fbc9301ee17f30f4d474e6ae4b05252/library/core/src/panicking.rs:75:14
[INFO] [stdout]   18:     0x61d9dd266e32 - <backtrace::backtrace::libunwind::Bomb as core::ops::drop::Drop>::drop::h83307a5c19a1dcd5
[INFO] [stdout]                                at /opt/rustwide/cargo-home/registry/src/index.crates.io-6f17d22bba15001f/backtrace-0.3.74/src/backtrace/libunwind.rs:109:13
[INFO] [stdout]   19:     0x61d9dd26a6ab - core::ptr::drop_in_place<backtrace::backtrace::libunwind::Bomb>::h98bb05a9d6633530
[INFO] [stdout]                                at /rustc/df4ca44d3fbc9301ee17f30f4d474e6ae4b05252/library/core/src/ptr/mod.rs:521:1
[INFO] [stdout]   20:     0x61d9dd266ebe - backtrace::backtrace::libunwind::trace::trace_fn::h170aa66df4ab6411
[INFO] [stdout]                                at /opt/rustwide/cargo-home/registry/src/index.crates.io-6f17d22bba15001f/backtrace-0.3.74/src/backtrace/libunwind.rs:136:5
[INFO] [stdout]   21:     0x7ba78ad675b4 - _Unwind_Backtrace
[INFO] [stdout]   22:     0x61d9dd1f67f1 - backtrace::backtrace::libunwind::trace::h4e0bb1c4d5679f0f
[INFO] [stdout]                                at /opt/rustwide/cargo-home/registry/src/index.crates.io-6f17d22bba15001f/backtrace-0.3.74/src/backtrace/libunwind.rs:116:5
[INFO] [stdout]   23:     0x61d9dd1f67f1 - backtrace::backtrace::trace_unsynchronized::hd6b8714063b979d0
[INFO] [stdout]                                at /opt/rustwide/cargo-home/registry/src/index.crates.io-6f17d22bba15001f/backtrace-0.3.74/src/backtrace/mod.rs:66:5
[INFO] [stdout]   24:     0x61d9dd1f687e - backtrace::backtrace::trace::he27a2a78b0ef4230
[INFO] [stdout]                                at /opt/rustwide/cargo-home/registry/src/index.crates.io-6f17d22bba15001f/backtrace-0.3.74/src/backtrace/mod.rs:53:14
[INFO] [stdout]   25:     0x61d9dd1fcca6 - <test_notifier::TestNotifier as core::ops::drop::Drop>::drop::h011909efe83664d3
[INFO] [stdout]                                at /opt/rustwide/workdir/src/lib.rs:57:9
[INFO] [stdout]   26:     0x61d9dd1eff53 - core::ptr::drop_in_place<test_notifier::TestNotifier>::h56c297b201ab0a6e
[INFO] [stdout]                                at /rustc/df4ca44d3fbc9301ee17f30f4d474e6ae4b05252/library/core/src/ptr/mod.rs:521:1
[INFO] [stdout]   27:     0x61d9dd2037ed - test_notifier::tests::test_passing::h6391f10c01e41b04
[INFO] [stdout]                                at /opt/rustwide/workdir/src/lib.rs:103:5
[INFO] [stdout]   28:     0x61d9dd203777 - test_notifier::tests::test_passing::{{closure}}::h388d7feb02ec3a4c
[INFO] [stdout]                                at /opt/rustwide/workdir/src/lib.rs:99:22
[INFO] [stdout]   29:     0x61d9dd1eecf6 - core::ops::function::FnOnce::call_once::he20f241a190c251c
[INFO] [stdout]                                at /rustc/df4ca44d3fbc9301ee17f30f4d474e6ae4b05252/library/core/src/ops/function.rs:250:5
[INFO] [stdout]   30:     0x61d9dd31e2ab - core::ops::function::FnOnce::call_once::h22c3ba5715e93f05
[INFO] [stdout]                                at /rustc/df4ca44d3fbc9301ee17f30f4d474e6ae4b05252/library/core/src/ops/function.rs:250:5
[INFO] [stdout]   31:     0x61d9dd31e2ab - test::__rust_begin_short_backtrace::h8e82d8113d0da17f
[INFO] [stdout]                                at /rustc/df4ca44d3fbc9301ee17f30f4d474e6ae4b05252/library/test/src/lib.rs:621:18
[INFO] [stdout]   32:     0x61d9dd31dc27 - test::run_test_in_process::{{closure}}::h33235f4f20b7b7c7
[INFO] [stdout]                                at /rustc/df4ca44d3fbc9301ee17f30f4d474e6ae4b05252/library/test/src/lib.rs:644:60
[INFO] [stdout]   33:     0x61d9dd31dc27 - <core::panic::unwind_safe::AssertUnwindSafe<F> as core::ops::function::FnOnce<()>>::call_once::hb5043206310c586f
[INFO] [stdout]                                at /rustc/df4ca44d3fbc9301ee17f30f4d474e6ae4b05252/library/core/src/panic/unwind_safe.rs:272:9
[INFO] [stdout]   34:     0x61d9dd31dc27 - std::panicking::try::do_call::h9ad4731a60ab23e2
[INFO] [stdout]                                at /rustc/df4ca44d3fbc9301ee17f30f4d474e6ae4b05252/library/std/src/panicking.rs:557:40
[INFO] [stdout]   35:     0x61d9dd31dc27 - std::panicking::try::h3824d23db772a716
[INFO] [stdout]                                at /rustc/df4ca44d3fbc9301ee17f30f4d474e6ae4b05252/library/std/src/panicking.rs:520:19
[INFO] [stdout]   36:     0x61d9dd31dc27 - std::panic::catch_unwind::h5afd514605fde46b
[INFO] [stdout]                                at /rustc/df4ca44d3fbc9301ee17f30f4d474e6ae4b05252/library/std/src/panic.rs:358:14
[INFO] [stdout]   37:     0x61d9dd31dc27 - test::run_test_in_process::h0d5cbfa7067d1720
[INFO] [stdout]                                at /rustc/df4ca44d3fbc9301ee17f30f4d474e6ae4b05252/library/test/src/lib.rs:644:27
[INFO] [stdout]   38:     0x61d9dd31dc27 - test::run_test::{{closure}}::h708eb8872708115d
[INFO] [stdout]                                at /rustc/df4ca44d3fbc9301ee17f30f4d474e6ae4b05252/library/test/src/lib.rs:565:43
[INFO] [stdout]   39:     0x61d9dd2e1344 - test::run_test::{{closure}}::h392c51cee94713ab
[INFO] [stdout]                                at /rustc/df4ca44d3fbc9301ee17f30f4d474e6ae4b05252/library/test/src/lib.rs:595:41
[INFO] [stdout]   40:     0x61d9dd2e1344 - std::sys::backtrace::__rust_begin_short_backtrace::h2f40290710935a8b
[INFO] [stdout]                                at /rustc/df4ca44d3fbc9301ee17f30f4d474e6ae4b05252/library/std/src/sys/backtrace.rs:154:18
[INFO] [stdout]   41:     0x61d9dd2e4aee - std::thread::Builder::spawn_unchecked_::{{closure}}::{{closure}}::h3fd968d89053a903
[INFO] [stdout]                                at /rustc/df4ca44d3fbc9301ee17f30f4d474e6ae4b05252/library/std/src/thread/mod.rs:541:17
[INFO] [stdout]   42:     0x61d9dd2e4aee - <core::panic::unwind_safe::AssertUnwindSafe<F> as core::ops::function::FnOnce<()>>::call_once::h743f637ba4229880
[INFO] [stdout]                                at /rustc/df4ca44d3fbc9301ee17f30f4d474e6ae4b05252/library/core/src/panic/unwind_safe.rs:272:9
[INFO] [stdout]   43:     0x61d9dd2e4aee - std::panicking::try::do_call::h07440897322525a6
[INFO] [stdout]                                at /rustc/df4ca44d3fbc9301ee17f30f4d474e6ae4b05252/library/std/src/panicking.rs:557:40
[INFO] [stdout]   44:     0x61d9dd2e4aee - std::panicking::try::he5a2e00188156637
[INFO] [stdout]                                at /rustc/df4ca44d3fbc9301ee17f30f4d474e6ae4b05252/library/std/src/panicking.rs:520:19
[INFO] [stdout]   45:     0x61d9dd2e4aee - std::panic::catch_unwind::hbaf3cae49b3c6433
[INFO] [stdout]                                at /rustc/df4ca44d3fbc9301ee17f30f4d474e6ae4b05252/library/std/src/panic.rs:358:14
[INFO] [stdout]   46:     0x61d9dd2e4aee - std::thread::Builder::spawn_unchecked_::{{closure}}::h8e141ea224820bce
[INFO] [stdout]                                at /rustc/df4ca44d3fbc9301ee17f30f4d474e6ae4b05252/library/std/src/thread/mod.rs:540:30
[INFO] [stdout]   47:     0x61d9dd2e4aee - core::ops::function::FnOnce::call_once{{vtable.shim}}::h90d312fedd7b8ea8
[INFO] [stdout]                                at /rustc/df4ca44d3fbc9301ee17f30f4d474e6ae4b05252/library/core/src/ops/function.rs:250:5
[INFO] [stdout]   48:     0x61d9dd71839b - <alloc::boxed::Box<F,A> as core::ops::function::FnOnce<Args>>::call_once::h69aa08ddb6adb8b6
[INFO] [stdout]                                at /rustc/df4ca44d3fbc9301ee17f30f4d474e6ae4b05252/library/alloc/src/boxed.rs:2454:9
[INFO] [stdout]   49:     0x61d9dd71839b - <alloc::boxed::Box<F,A> as core::ops::function::FnOnce<Args>>::call_once::h5aa36efdb79c806f
[INFO] [stdout]                                at /rustc/df4ca44d3fbc9301ee17f30f4d474e6ae4b05252/library/alloc/src/boxed.rs:2454:9
[INFO] [stdout]   50:     0x61d9dd71839b - std::sys::pal::unix::thread::Thread::new::thread_start::h6cd80a1b4be5158d
[INFO] [stdout]                                at /rustc/df4ca44d3fbc9301ee17f30f4d474e6ae4b05252/library/std/src/sys/pal/unix/thread.rs:105:17
[INFO] [stdout]   51:     0x7ba78aad4ac3 - <unknown>
[INFO] [stdout]   52:     0x7ba78ab65a04 - clone
[INFO] [stdout]   53:                0x0 - <unknown>
[INFO] [stderr] error: test failed, to rerun pass `--lib`
[INFO] [stderr] 
[INFO] [stderr] Caused by:
[INFO] [stderr]   process didn't exit successfully: `/opt/rustwide/target/debug/deps/test_notifier-16cfadcd50632601` (signal: 6, SIGABRT: process abort signal)
[INFO] running `Command { std: "docker" "inspect" "a76d9db9bb64f5b83779f7e292ddebf7a0483a13261f6402cf988ff1ffad0c2a", kill_on_drop: false }`
[INFO] running `Command { std: "docker" "rm" "-f" "a76d9db9bb64f5b83779f7e292ddebf7a0483a13261f6402cf988ff1ffad0c2a", kill_on_drop: false }`
[INFO] [stdout] a76d9db9bb64f5b83779f7e292ddebf7a0483a13261f6402cf988ff1ffad0c2a
