[INFO] fetching crate termcap 0.1.0...
[INFO] testing termcap-0.1.0 against nightly-2024-10-28 for randomize-layout
[INFO] extracting crate termcap 0.1.0 into /workspace/builds/worker-4-tc1/source
[INFO] validating manifest of crates.io crate termcap 0.1.0 on toolchain nightly-2024-10-28
[INFO] running `Command { std: CARGO_HOME="/workspace/cargo-home" RUSTUP_HOME="/workspace/rustup-home" "/workspace/cargo-home/bin/cargo" "+nightly-2024-10-28" "metadata" "--manifest-path" "Cargo.toml" "--no-deps", kill_on_drop: false }`
[INFO] started tweaking crates.io crate termcap 0.1.0
[INFO] finished tweaking crates.io crate termcap 0.1.0
[INFO] tweaked toml for crates.io crate termcap 0.1.0 written to /workspace/builds/worker-4-tc1/source/Cargo.toml
[INFO] running `Command { std: CARGO_HOME="/workspace/cargo-home" RUSTUP_HOME="/workspace/rustup-home" "/workspace/cargo-home/bin/cargo" "+nightly-2024-10-28" "generate-lockfile" "--manifest-path" "Cargo.toml", kill_on_drop: false }`
[INFO] running `Command { std: CARGO_HOME="/workspace/cargo-home" RUSTUP_HOME="/workspace/rustup-home" "/workspace/cargo-home/bin/cargo" "+nightly-2024-10-28" "fetch" "--manifest-path" "Cargo.toml", kill_on_drop: false }`
[INFO] running `Command { std: "docker" "create" "-v" "/var/lib/crater-agent-workspace/builds/worker-4-tc1/target:/opt/rustwide/target:rw,Z" "-v" "/var/lib/crater-agent-workspace/builds/worker-4-tc1/source:/opt/rustwide/workdir:ro,Z" "-v" "/var/lib/crater-agent-workspace/cargo-home:/opt/rustwide/cargo-home:ro,Z" "-v" "/var/lib/crater-agent-workspace/rustup-home:/opt/rustwide/rustup-home:ro,Z" "-e" "SOURCE_DIR=/opt/rustwide/workdir" "-e" "CARGO_TARGET_DIR=/opt/rustwide/target" "-e" "CARGO_HOME=/opt/rustwide/cargo-home" "-e" "RUSTUP_HOME=/opt/rustwide/rustup-home" "-w" "/opt/rustwide/workdir" "-m" "1610612736" "--user" "0:0" "--network" "none" "ghcr.io/rust-lang/crates-build-env/linux@sha256:4a844ea9eb2546a2d2c7022eacef16ef2e8229c7fbb2c7d4d55a9ceca922f72d" "/opt/rustwide/cargo-home/bin/cargo" "+nightly-2024-10-28" "metadata" "--no-deps" "--format-version=1", kill_on_drop: false }`
[INFO] [stdout] bc39466fc9662b2dc1e6ee0163d801239ecb46066074c13091343a81fbd7063d
[INFO] running `Command { std: "docker" "start" "-a" "bc39466fc9662b2dc1e6ee0163d801239ecb46066074c13091343a81fbd7063d", kill_on_drop: false }`
[INFO] running `Command { std: "docker" "inspect" "bc39466fc9662b2dc1e6ee0163d801239ecb46066074c13091343a81fbd7063d", kill_on_drop: false }`
[INFO] running `Command { std: "docker" "rm" "-f" "bc39466fc9662b2dc1e6ee0163d801239ecb46066074c13091343a81fbd7063d", kill_on_drop: false }`
[INFO] [stdout] bc39466fc9662b2dc1e6ee0163d801239ecb46066074c13091343a81fbd7063d
[INFO] running `Command { std: "docker" "create" "-v" "/var/lib/crater-agent-workspace/builds/worker-4-tc1/target:/opt/rustwide/target:rw,Z" "-v" "/var/lib/crater-agent-workspace/builds/worker-4-tc1/source:/opt/rustwide/workdir:ro,Z" "-v" "/var/lib/crater-agent-workspace/cargo-home:/opt/rustwide/cargo-home:ro,Z" "-v" "/var/lib/crater-agent-workspace/rustup-home:/opt/rustwide/rustup-home:ro,Z" "-e" "SOURCE_DIR=/opt/rustwide/workdir" "-e" "CARGO_TARGET_DIR=/opt/rustwide/target" "-e" "CARGO_INCREMENTAL=0" "-e" "RUST_BACKTRACE=full" "-e" "RUSTFLAGS=--cap-lints=forbid" "-e" "RUSTDOCFLAGS=--cap-lints=forbid" "-e" "CARGO_HOME=/opt/rustwide/cargo-home" "-e" "RUSTUP_HOME=/opt/rustwide/rustup-home" "-w" "/opt/rustwide/workdir" "-m" "1610612736" "--user" "0:0" "--network" "none" "ghcr.io/rust-lang/crates-build-env/linux@sha256:4a844ea9eb2546a2d2c7022eacef16ef2e8229c7fbb2c7d4d55a9ceca922f72d" "/opt/rustwide/cargo-home/bin/cargo" "+nightly-2024-10-28" "build" "--frozen" "--message-format=json", kill_on_drop: false }`
[INFO] [stdout] a8c66caf154f3ca08f0877602f65e8a38dc65bdb4849de4ed4be537f45ee3877
[INFO] running `Command { std: "docker" "start" "-a" "a8c66caf154f3ca08f0877602f65e8a38dc65bdb4849de4ed4be537f45ee3877", kill_on_drop: false }`
[INFO] [stderr]    Compiling termcap v0.1.0 (/opt/rustwide/workdir)
[INFO] [stderr]     Finished `dev` profile [unoptimized + debuginfo] target(s) in 0.26s
[INFO] running `Command { std: "docker" "inspect" "a8c66caf154f3ca08f0877602f65e8a38dc65bdb4849de4ed4be537f45ee3877", kill_on_drop: false }`
[INFO] running `Command { std: "docker" "rm" "-f" "a8c66caf154f3ca08f0877602f65e8a38dc65bdb4849de4ed4be537f45ee3877", kill_on_drop: false }`
[INFO] [stdout] a8c66caf154f3ca08f0877602f65e8a38dc65bdb4849de4ed4be537f45ee3877
[INFO] running `Command { std: "docker" "create" "-v" "/var/lib/crater-agent-workspace/builds/worker-4-tc1/target:/opt/rustwide/target:rw,Z" "-v" "/var/lib/crater-agent-workspace/builds/worker-4-tc1/source:/opt/rustwide/workdir:ro,Z" "-v" "/var/lib/crater-agent-workspace/cargo-home:/opt/rustwide/cargo-home:ro,Z" "-v" "/var/lib/crater-agent-workspace/rustup-home:/opt/rustwide/rustup-home:ro,Z" "-e" "SOURCE_DIR=/opt/rustwide/workdir" "-e" "CARGO_TARGET_DIR=/opt/rustwide/target" "-e" "CARGO_INCREMENTAL=0" "-e" "RUST_BACKTRACE=full" "-e" "RUSTFLAGS=--cap-lints=forbid" "-e" "RUSTDOCFLAGS=--cap-lints=forbid" "-e" "CARGO_HOME=/opt/rustwide/cargo-home" "-e" "RUSTUP_HOME=/opt/rustwide/rustup-home" "-w" "/opt/rustwide/workdir" "-m" "1610612736" "--user" "0:0" "--network" "none" "ghcr.io/rust-lang/crates-build-env/linux@sha256:4a844ea9eb2546a2d2c7022eacef16ef2e8229c7fbb2c7d4d55a9ceca922f72d" "/opt/rustwide/cargo-home/bin/cargo" "+nightly-2024-10-28" "test" "--frozen" "--no-run" "--message-format=json", kill_on_drop: false }`
[INFO] [stdout] 897726f61d880cebc80213f3d5a94a96a4bbdfe7f86dd24f25629c04577591f6
[INFO] running `Command { std: "docker" "start" "-a" "897726f61d880cebc80213f3d5a94a96a4bbdfe7f86dd24f25629c04577591f6", kill_on_drop: false }`
[INFO] [stderr]    Compiling termcap v0.1.0 (/opt/rustwide/workdir)
[INFO] [stderr]     Finished `test` profile [unoptimized + debuginfo] target(s) in 0.40s
[INFO] running `Command { std: "docker" "inspect" "897726f61d880cebc80213f3d5a94a96a4bbdfe7f86dd24f25629c04577591f6", kill_on_drop: false }`
[INFO] running `Command { std: "docker" "rm" "-f" "897726f61d880cebc80213f3d5a94a96a4bbdfe7f86dd24f25629c04577591f6", kill_on_drop: false }`
[INFO] [stdout] 897726f61d880cebc80213f3d5a94a96a4bbdfe7f86dd24f25629c04577591f6
[INFO] running `Command { std: "docker" "create" "-v" "/var/lib/crater-agent-workspace/builds/worker-4-tc1/target:/opt/rustwide/target:rw,Z" "-v" "/var/lib/crater-agent-workspace/builds/worker-4-tc1/source:/opt/rustwide/workdir:ro,Z" "-v" "/var/lib/crater-agent-workspace/cargo-home:/opt/rustwide/cargo-home:ro,Z" "-v" "/var/lib/crater-agent-workspace/rustup-home:/opt/rustwide/rustup-home:ro,Z" "-e" "SOURCE_DIR=/opt/rustwide/workdir" "-e" "CARGO_TARGET_DIR=/opt/rustwide/target" "-e" "CARGO_INCREMENTAL=0" "-e" "RUST_BACKTRACE=full" "-e" "RUSTFLAGS=--cap-lints=forbid" "-e" "RUSTDOCFLAGS=--cap-lints=forbid" "-e" "CARGO_HOME=/opt/rustwide/cargo-home" "-e" "RUSTUP_HOME=/opt/rustwide/rustup-home" "-w" "/opt/rustwide/workdir" "-m" "1610612736" "--user" "0:0" "--network" "none" "ghcr.io/rust-lang/crates-build-env/linux@sha256:4a844ea9eb2546a2d2c7022eacef16ef2e8229c7fbb2c7d4d55a9ceca922f72d" "/opt/rustwide/cargo-home/bin/cargo" "+nightly-2024-10-28" "test" "--frozen", kill_on_drop: false }`
[INFO] [stdout] a60e67041117d113b291fd3abbf3cd89f18c380f8497ab5b1bf241ba839309cb
[INFO] running `Command { std: "docker" "start" "-a" "a60e67041117d113b291fd3abbf3cd89f18c380f8497ab5b1bf241ba839309cb", kill_on_drop: false }`
[INFO] [stderr]     Finished `test` profile [unoptimized + debuginfo] target(s) in 0.00s
[INFO] [stderr]      Running unittests src/lib.rs (/opt/rustwide/target/debug/deps/termcap-4b28d285cecbe7a8)
[INFO] [stdout] 
[INFO] [stdout] running 2 tests
[INFO] [stdout] test caps_dump ... FAILED
[INFO] [stdout] test db_load ... FAILED
[INFO] [stdout] 
[INFO] [stdout] failures:
[INFO] [stdout] 
[INFO] [stdout] ---- caps_dump stdout ----
[INFO] [stdout] Error: Kind(NotFound)
[INFO] [stdout] 
[INFO] [stdout] ---- db_load stdout ----
[INFO] [stdout] Error: Kind(NotFound)
[INFO] [stdout] 
[INFO] [stdout] 
[INFO] [stdout] failures:
[INFO] [stdout]     caps_dump
[INFO] [stdout]     db_load
[INFO] [stdout] 
[INFO] [stdout] test result: FAILED. 0 passed; 2 failed; 0 ignored; 0 measured; 0 filtered out; finished in 0.00s
[INFO] [stdout] 
[INFO] [stderr] error: test failed, to rerun pass `--lib`
[INFO] running `Command { std: "docker" "inspect" "a60e67041117d113b291fd3abbf3cd89f18c380f8497ab5b1bf241ba839309cb", kill_on_drop: false }`
[INFO] running `Command { std: "docker" "rm" "-f" "a60e67041117d113b291fd3abbf3cd89f18c380f8497ab5b1bf241ba839309cb", kill_on_drop: false }`
[INFO] [stdout] a60e67041117d113b291fd3abbf3cd89f18c380f8497ab5b1bf241ba839309cb
