[INFO] fetching crate tensorism 0.1.2...
[INFO] testing tensorism-0.1.2 against nightly-2024-10-28+rustflags=-Zrandomize-layout for randomize-layout
[INFO] extracting crate tensorism 0.1.2 into /workspace/builds/worker-6-tc2/source
[INFO] validating manifest of crates.io crate tensorism 0.1.2 on toolchain nightly-2024-10-28
[INFO] running `Command { std: CARGO_HOME="/workspace/cargo-home" RUSTUP_HOME="/workspace/rustup-home" "/workspace/cargo-home/bin/cargo" "+nightly-2024-10-28" "metadata" "--manifest-path" "Cargo.toml" "--no-deps", kill_on_drop: false }`
[INFO] started tweaking crates.io crate tensorism 0.1.2
[INFO] finished tweaking crates.io crate tensorism 0.1.2
[INFO] tweaked toml for crates.io crate tensorism 0.1.2 written to /workspace/builds/worker-6-tc2/source/Cargo.toml
[INFO] running `Command { std: CARGO_HOME="/workspace/cargo-home" RUSTUP_HOME="/workspace/rustup-home" "/workspace/cargo-home/bin/cargo" "+nightly-2024-10-28" "generate-lockfile" "--manifest-path" "Cargo.toml", kill_on_drop: false }`
[INFO] [stderr]     Updating crates.io index
[INFO] [stderr]      Locking 1 package to latest compatible version
[INFO] running `Command { std: CARGO_HOME="/workspace/cargo-home" RUSTUP_HOME="/workspace/rustup-home" "/workspace/cargo-home/bin/cargo" "+nightly-2024-10-28" "fetch" "--manifest-path" "Cargo.toml", kill_on_drop: false }`
[INFO] running `Command { std: "docker" "create" "-v" "/var/lib/crater-agent-workspace/builds/worker-6-tc2/target:/opt/rustwide/target:rw,Z" "-v" "/var/lib/crater-agent-workspace/builds/worker-6-tc2/source:/opt/rustwide/workdir:ro,Z" "-v" "/var/lib/crater-agent-workspace/cargo-home:/opt/rustwide/cargo-home:ro,Z" "-v" "/var/lib/crater-agent-workspace/rustup-home:/opt/rustwide/rustup-home:ro,Z" "-e" "SOURCE_DIR=/opt/rustwide/workdir" "-e" "CARGO_TARGET_DIR=/opt/rustwide/target" "-e" "CARGO_HOME=/opt/rustwide/cargo-home" "-e" "RUSTUP_HOME=/opt/rustwide/rustup-home" "-w" "/opt/rustwide/workdir" "-m" "1610612736" "--user" "0:0" "--network" "none" "ghcr.io/rust-lang/crates-build-env/linux@sha256:4a844ea9eb2546a2d2c7022eacef16ef2e8229c7fbb2c7d4d55a9ceca922f72d" "/opt/rustwide/cargo-home/bin/cargo" "+nightly-2024-10-28" "metadata" "--no-deps" "--format-version=1", kill_on_drop: false }`
[INFO] [stdout] 3fdaf9d5c52ac032bc9cfa1f4f611f844a9660f132f1385dc919274d2c54aaad
[INFO] running `Command { std: "docker" "start" "-a" "3fdaf9d5c52ac032bc9cfa1f4f611f844a9660f132f1385dc919274d2c54aaad", kill_on_drop: false }`
[INFO] running `Command { std: "docker" "inspect" "3fdaf9d5c52ac032bc9cfa1f4f611f844a9660f132f1385dc919274d2c54aaad", kill_on_drop: false }`
[INFO] running `Command { std: "docker" "rm" "-f" "3fdaf9d5c52ac032bc9cfa1f4f611f844a9660f132f1385dc919274d2c54aaad", kill_on_drop: false }`
[INFO] [stdout] 3fdaf9d5c52ac032bc9cfa1f4f611f844a9660f132f1385dc919274d2c54aaad
[INFO] running `Command { std: "docker" "create" "-v" "/var/lib/crater-agent-workspace/builds/worker-6-tc2/target:/opt/rustwide/target:rw,Z" "-v" "/var/lib/crater-agent-workspace/builds/worker-6-tc2/source:/opt/rustwide/workdir:ro,Z" "-v" "/var/lib/crater-agent-workspace/cargo-home:/opt/rustwide/cargo-home:ro,Z" "-v" "/var/lib/crater-agent-workspace/rustup-home:/opt/rustwide/rustup-home:ro,Z" "-e" "SOURCE_DIR=/opt/rustwide/workdir" "-e" "CARGO_TARGET_DIR=/opt/rustwide/target" "-e" "CARGO_INCREMENTAL=0" "-e" "RUST_BACKTRACE=full" "-e" "RUSTFLAGS=--cap-lints=forbid -Zrandomize-layout" "-e" "RUSTDOCFLAGS=--cap-lints=forbid" "-e" "CARGO_HOME=/opt/rustwide/cargo-home" "-e" "RUSTUP_HOME=/opt/rustwide/rustup-home" "-w" "/opt/rustwide/workdir" "-m" "1610612736" "--user" "0:0" "--network" "none" "ghcr.io/rust-lang/crates-build-env/linux@sha256:4a844ea9eb2546a2d2c7022eacef16ef2e8229c7fbb2c7d4d55a9ceca922f72d" "/opt/rustwide/cargo-home/bin/cargo" "+nightly-2024-10-28" "build" "--frozen" "--message-format=json", kill_on_drop: false }`
[INFO] [stdout] d01d5c6d60ad40008bb063255e8b9bc4acf91d03253a8382800ad992e8555733
[INFO] running `Command { std: "docker" "start" "-a" "d01d5c6d60ad40008bb063255e8b9bc4acf91d03253a8382800ad992e8555733", kill_on_drop: false }`
[INFO] [stderr]    Compiling lazy_static v1.5.0
[INFO] [stderr]    Compiling tensorism v0.1.2 (/opt/rustwide/workdir)
[INFO] [stderr]     Finished `dev` profile [unoptimized + debuginfo] target(s) in 0.23s
[INFO] running `Command { std: "docker" "inspect" "d01d5c6d60ad40008bb063255e8b9bc4acf91d03253a8382800ad992e8555733", kill_on_drop: false }`
[INFO] running `Command { std: "docker" "rm" "-f" "d01d5c6d60ad40008bb063255e8b9bc4acf91d03253a8382800ad992e8555733", kill_on_drop: false }`
[INFO] [stdout] d01d5c6d60ad40008bb063255e8b9bc4acf91d03253a8382800ad992e8555733
[INFO] running `Command { std: "docker" "create" "-v" "/var/lib/crater-agent-workspace/builds/worker-6-tc2/target:/opt/rustwide/target:rw,Z" "-v" "/var/lib/crater-agent-workspace/builds/worker-6-tc2/source:/opt/rustwide/workdir:ro,Z" "-v" "/var/lib/crater-agent-workspace/cargo-home:/opt/rustwide/cargo-home:ro,Z" "-v" "/var/lib/crater-agent-workspace/rustup-home:/opt/rustwide/rustup-home:ro,Z" "-e" "SOURCE_DIR=/opt/rustwide/workdir" "-e" "CARGO_TARGET_DIR=/opt/rustwide/target" "-e" "CARGO_INCREMENTAL=0" "-e" "RUST_BACKTRACE=full" "-e" "RUSTFLAGS=--cap-lints=forbid -Zrandomize-layout" "-e" "RUSTDOCFLAGS=--cap-lints=forbid" "-e" "CARGO_HOME=/opt/rustwide/cargo-home" "-e" "RUSTUP_HOME=/opt/rustwide/rustup-home" "-w" "/opt/rustwide/workdir" "-m" "1610612736" "--user" "0:0" "--network" "none" "ghcr.io/rust-lang/crates-build-env/linux@sha256:4a844ea9eb2546a2d2c7022eacef16ef2e8229c7fbb2c7d4d55a9ceca922f72d" "/opt/rustwide/cargo-home/bin/cargo" "+nightly-2024-10-28" "test" "--frozen" "--no-run" "--message-format=json", kill_on_drop: false }`
[INFO] [stdout] 4668d3900ff8766bd4cc7de31aac419173997951c752ebf1d901114ede2a8343
[INFO] running `Command { std: "docker" "start" "-a" "4668d3900ff8766bd4cc7de31aac419173997951c752ebf1d901114ede2a8343", kill_on_drop: false }`
[INFO] [stderr]    Compiling tensorism v0.1.2 (/opt/rustwide/workdir)
[INFO] [stderr]     Finished `test` profile [unoptimized + debuginfo] target(s) in 0.24s
[INFO] running `Command { std: "docker" "inspect" "4668d3900ff8766bd4cc7de31aac419173997951c752ebf1d901114ede2a8343", kill_on_drop: false }`
[INFO] running `Command { std: "docker" "rm" "-f" "4668d3900ff8766bd4cc7de31aac419173997951c752ebf1d901114ede2a8343", kill_on_drop: false }`
[INFO] [stdout] 4668d3900ff8766bd4cc7de31aac419173997951c752ebf1d901114ede2a8343
[INFO] running `Command { std: "docker" "create" "-v" "/var/lib/crater-agent-workspace/builds/worker-6-tc2/target:/opt/rustwide/target:rw,Z" "-v" "/var/lib/crater-agent-workspace/builds/worker-6-tc2/source:/opt/rustwide/workdir:ro,Z" "-v" "/var/lib/crater-agent-workspace/cargo-home:/opt/rustwide/cargo-home:ro,Z" "-v" "/var/lib/crater-agent-workspace/rustup-home:/opt/rustwide/rustup-home:ro,Z" "-e" "SOURCE_DIR=/opt/rustwide/workdir" "-e" "CARGO_TARGET_DIR=/opt/rustwide/target" "-e" "CARGO_INCREMENTAL=0" "-e" "RUST_BACKTRACE=full" "-e" "RUSTFLAGS=--cap-lints=forbid -Zrandomize-layout" "-e" "RUSTDOCFLAGS=--cap-lints=forbid" "-e" "CARGO_HOME=/opt/rustwide/cargo-home" "-e" "RUSTUP_HOME=/opt/rustwide/rustup-home" "-w" "/opt/rustwide/workdir" "-m" "1610612736" "--user" "0:0" "--network" "none" "ghcr.io/rust-lang/crates-build-env/linux@sha256:4a844ea9eb2546a2d2c7022eacef16ef2e8229c7fbb2c7d4d55a9ceca922f72d" "/opt/rustwide/cargo-home/bin/cargo" "+nightly-2024-10-28" "test" "--frozen", kill_on_drop: false }`
[INFO] [stdout] 4cd3e934799f899d9bb8af18c14c66fc2d56603bbcfe2626ae7168d12cddeee9
[INFO] running `Command { std: "docker" "start" "-a" "4cd3e934799f899d9bb8af18c14c66fc2d56603bbcfe2626ae7168d12cddeee9", kill_on_drop: false }`
[INFO] [stderr]     Finished `test` profile [unoptimized + debuginfo] target(s) in 0.00s
[INFO] [stderr]      Running unittests src/lib.rs (/opt/rustwide/target/debug/deps/tensorism-775cf44659e138c2)
[INFO] [stdout] 
[INFO] [stdout] running 0 tests
[INFO] [stdout] 
[INFO] [stdout] test result: ok. 0 passed; 0 failed; 0 ignored; 0 measured; 0 filtered out; finished in 0.00s
[INFO] [stdout] 
[INFO] [stderr]      Running tests/integration_test.rs (/opt/rustwide/target/debug/deps/integration_test-b3597d9e51116d19)
[INFO] [stdout] 
[INFO] [stdout] running 6 tests
[INFO] [stdout] test building_shape ... ok
[INFO] [stdout] test comparing_shapes ... ok
[INFO] [stdout] test dimension_types_are_distinct ... ok
[INFO] [stdout] test dimensions_are_ok ... ok
[INFO] [stdout] test generate_tensor ... ok
[INFO] [stdout] test tensor_equality ... ok
[INFO] [stdout] 
[INFO] [stdout] test result: ok. 6 passed; 0 failed; 0 ignored; 0 measured; 0 filtered out; finished in 0.00s
[INFO] [stdout] 
[INFO] [stderr]    Doc-tests tensorism
[INFO] [stdout] 
[INFO] [stdout] running 2 tests
[INFO] [stdout] test src/lib.rs - (line 31) ... FAILED
[INFO] [stdout] test src/lib.rs - (line 14) ... FAILED
[INFO] [stdout] 
[INFO] [stdout] failures:
[INFO] [stdout] 
[INFO] [stdout] ---- src/lib.rs - (line 31) stdout ----
[INFO] [stdout] error: unknown start of token: \u{2026}
[INFO] [stdout]  --> src/lib.rs:32:16
[INFO] [stdout]   |
[INFO] [stdout] 3 | let n: usize = …;
[INFO] [stdout]   |                ^
[INFO] [stdout] 
[INFO] [stdout] error: unknown start of token: \u{2026}
[INFO] [stdout]  --> src/lib.rs:33:16
[INFO] [stdout]   |
[INFO] [stdout] 4 | let m: usize = …;
[INFO] [stdout]   |                ^
[INFO] [stdout] 
[INFO] [stdout] error: unknown start of token: \u{2026}
[INFO] [stdout]   --> src/lib.rs:41:28
[INFO] [stdout]    |
[INFO] [stdout] 12 |     .define(|(i, j, k, l)| … as f64);
[INFO] [stdout]    |                            ^
[INFO] [stdout] 
[INFO] [stdout] error: unknown start of token: \u{2026}
[INFO] [stdout]   --> src/lib.rs:48:22
[INFO] [stdout]    |
[INFO] [stdout] 19 |     .define(|(i, j)| … as bool);
[INFO] [stdout]    |                      ^
[INFO] [stdout] 
[INFO] [stdout] error: expected expression, found `;`
[INFO] [stdout]  --> src/lib.rs:32:17
[INFO] [stdout]   |
[INFO] [stdout] 3 | let n: usize = …;
[INFO] [stdout]   |                 ^ expected expression
[INFO] [stdout] 
[INFO] [stdout] error: aborting due to 5 previous errors
[INFO] [stdout] 
[INFO] [stdout] Couldn't compile the test.
[INFO] [stdout] ---- src/lib.rs - (line 14) stdout ----
[INFO] [stdout] error[E0412]: cannot find type `Tensor3` in this scope
[INFO] [stdout]  --> src/lib.rs:16:15
[INFO] [stdout]   |
[INFO] [stdout] 4 | let tensor_a: Tensor3<StaticDimTag<3>, StaticDimTag<2>, StaticDimTag<5>, usize> =
[INFO] [stdout]   |               ^^^^^^^ not found in this scope
[INFO] [stdout]   |
[INFO] [stdout] help: consider importing this struct
[INFO] [stdout]   |
[INFO] [stdout] 3 + use tensorism::tensors::Tensor3;
[INFO] [stdout]   |
[INFO] [stdout] 
[INFO] [stdout] error[E0412]: cannot find type `StaticDimTag` in this scope
[INFO] [stdout]  --> src/lib.rs:16:23
[INFO] [stdout]   |
[INFO] [stdout] 4 | let tensor_a: Tensor3<StaticDimTag<3>, StaticDimTag<2>, StaticDimTag<5>, usize> =
[INFO] [stdout]   |                       ^^^^^^^^^^^^ not found in this scope
[INFO] [stdout]   |
[INFO] [stdout] help: consider importing this enum
[INFO] [stdout]   |
[INFO] [stdout] 3 + use tensorism::dimensions::StaticDimTag;
[INFO] [stdout]   |
[INFO] [stdout] 
[INFO] [stdout] error[E0412]: cannot find type `StaticDimTag` in this scope
[INFO] [stdout]  --> src/lib.rs:16:40
[INFO] [stdout]   |
[INFO] [stdout] 4 | let tensor_a: Tensor3<StaticDimTag<3>, StaticDimTag<2>, StaticDimTag<5>, usize> =
[INFO] [stdout]   |                                        ^^^^^^^^^^^^ not found in this scope
[INFO] [stdout]   |
[INFO] [stdout] help: consider importing this enum
[INFO] [stdout]   |
[INFO] [stdout] 3 + use tensorism::dimensions::StaticDimTag;
[INFO] [stdout]   |
[INFO] [stdout] 
[INFO] [stdout] error[E0412]: cannot find type `StaticDimTag` in this scope
[INFO] [stdout]  --> src/lib.rs:16:57
[INFO] [stdout]   |
[INFO] [stdout] 4 | let tensor_a: Tensor3<StaticDimTag<3>, StaticDimTag<2>, StaticDimTag<5>, usize> =
[INFO] [stdout]   |                                                         ^^^^^^^^^^^^ not found in this scope
[INFO] [stdout]   |
[INFO] [stdout] help: consider importing this enum
[INFO] [stdout]   |
[INFO] [stdout] 3 + use tensorism::dimensions::StaticDimTag;
[INFO] [stdout]   |
[INFO] [stdout] 
[INFO] [stdout] error[E0433]: failed to resolve: use of undeclared type `TensorBuilding`
[INFO] [stdout]  --> src/lib.rs:17:3
[INFO] [stdout]   |
[INFO] [stdout] 5 |   TensorBuilding::with_static::<3>()
[INFO] [stdout]   |   ^^^^^^^^^^^^^^ use of undeclared type `TensorBuilding`
[INFO] [stdout]   |
[INFO] [stdout] help: consider importing this enum
[INFO] [stdout]   |
[INFO] [stdout] 3 + use tensorism::building::TensorBuilding;
[INFO] [stdout]   |
[INFO] [stdout] 
[INFO] [stdout] error[E0412]: cannot find type `Tensor1` in this scope
[INFO] [stdout]   --> src/lib.rs:22:15
[INFO] [stdout]    |
[INFO] [stdout] 10 | let tensor_b: Tensor1<StaticDimTag<130>, String> =
[INFO] [stdout]    |               ^^^^^^^ not found in this scope
[INFO] [stdout]    |
[INFO] [stdout] help: consider importing this struct
[INFO] [stdout]    |
[INFO] [stdout] 3  + use tensorism::tensors::Tensor1;
[INFO] [stdout]    |
[INFO] [stdout] 
[INFO] [stdout] error[E0412]: cannot find type `StaticDimTag` in this scope
[INFO] [stdout]   --> src/lib.rs:22:23
[INFO] [stdout]    |
[INFO] [stdout] 10 | let tensor_b: Tensor1<StaticDimTag<130>, String> =
[INFO] [stdout]    |                       ^^^^^^^^^^^^ not found in this scope
[INFO] [stdout]    |
[INFO] [stdout] help: consider importing this enum
[INFO] [stdout]    |
[INFO] [stdout] 3  + use tensorism::dimensions::StaticDimTag;
[INFO] [stdout]    |
[INFO] [stdout] 
[INFO] [stdout] error[E0433]: failed to resolve: use of undeclared type `TensorBuilding`
[INFO] [stdout]   --> src/lib.rs:23:3
[INFO] [stdout]    |
[INFO] [stdout] 11 |   TensorBuilding::with_static::<130>()
[INFO] [stdout]    |   ^^^^^^^^^^^^^^ use of undeclared type `TensorBuilding`
[INFO] [stdout]    |
[INFO] [stdout] help: consider importing this enum
[INFO] [stdout]    |
[INFO] [stdout] 3  + use tensorism::building::TensorBuilding;
[INFO] [stdout]    |
[INFO] [stdout] 
[INFO] [stdout] error[E0425]: cannot find value `string_vector` in this scope
[INFO] [stdout]   --> src/lib.rs:25:22
[INFO] [stdout]    |
[INFO] [stdout] 13 |     .append_vec(&mut string_vector)
[INFO] [stdout]    |                      ^^^^^^^^^^^^^ not found in this scope
[INFO] [stdout] 
[INFO] [stdout] error: aborting due to 9 previous errors
[INFO] [stdout] 
[INFO] [stdout] Some errors have detailed explanations: E0412, E0425, E0433.
[INFO] [stdout] For more information about an error, try `rustc --explain E0412`.
[INFO] [stdout] Couldn't compile the test.
[INFO] [stdout] 
[INFO] [stdout] failures:
[INFO] [stdout]     src/lib.rs - (line 14)
[INFO] [stdout]     src/lib.rs - (line 31)
[INFO] [stdout] 
[INFO] [stdout] test result: FAILED. 0 passed; 2 failed; 0 ignored; 0 measured; 0 filtered out; finished in 0.04s
[INFO] [stdout] 
[INFO] [stderr] error: doctest failed, to rerun pass `--doc`
[INFO] running `Command { std: "docker" "inspect" "4cd3e934799f899d9bb8af18c14c66fc2d56603bbcfe2626ae7168d12cddeee9", kill_on_drop: false }`
[INFO] running `Command { std: "docker" "rm" "-f" "4cd3e934799f899d9bb8af18c14c66fc2d56603bbcfe2626ae7168d12cddeee9", kill_on_drop: false }`
[INFO] [stdout] 4cd3e934799f899d9bb8af18c14c66fc2d56603bbcfe2626ae7168d12cddeee9
