[INFO] fetching crate tensor_compute 0.1.0...
[INFO] testing tensor_compute-0.1.0 against nightly-2024-10-28+rustflags=-Zrandomize-layout for randomize-layout
[INFO] extracting crate tensor_compute 0.1.0 into /workspace/builds/worker-7-tc2/source
[INFO] validating manifest of crates.io crate tensor_compute 0.1.0 on toolchain nightly-2024-10-28
[INFO] running `Command { std: CARGO_HOME="/workspace/cargo-home" RUSTUP_HOME="/workspace/rustup-home" "/workspace/cargo-home/bin/cargo" "+nightly-2024-10-28" "metadata" "--manifest-path" "Cargo.toml" "--no-deps", kill_on_drop: false }`
[INFO] started tweaking crates.io crate tensor_compute 0.1.0
[INFO] finished tweaking crates.io crate tensor_compute 0.1.0
[INFO] tweaked toml for crates.io crate tensor_compute 0.1.0 written to /workspace/builds/worker-7-tc2/source/Cargo.toml
[INFO] crate crates.io crate tensor_compute 0.1.0 already has a lockfile, it will not be regenerated
[INFO] running `Command { std: CARGO_HOME="/workspace/cargo-home" RUSTUP_HOME="/workspace/rustup-home" "/workspace/cargo-home/bin/cargo" "+nightly-2024-10-28" "fetch" "--manifest-path" "Cargo.toml", kill_on_drop: false }`
[INFO] running `Command { std: "docker" "create" "-v" "/var/lib/crater-agent-workspace/builds/worker-7-tc2/target:/opt/rustwide/target:rw,Z" "-v" "/var/lib/crater-agent-workspace/builds/worker-7-tc2/source:/opt/rustwide/workdir:ro,Z" "-v" "/var/lib/crater-agent-workspace/cargo-home:/opt/rustwide/cargo-home:ro,Z" "-v" "/var/lib/crater-agent-workspace/rustup-home:/opt/rustwide/rustup-home:ro,Z" "-e" "SOURCE_DIR=/opt/rustwide/workdir" "-e" "CARGO_TARGET_DIR=/opt/rustwide/target" "-e" "CARGO_HOME=/opt/rustwide/cargo-home" "-e" "RUSTUP_HOME=/opt/rustwide/rustup-home" "-w" "/opt/rustwide/workdir" "-m" "1610612736" "--user" "0:0" "--network" "none" "ghcr.io/rust-lang/crates-build-env/linux@sha256:4a844ea9eb2546a2d2c7022eacef16ef2e8229c7fbb2c7d4d55a9ceca922f72d" "/opt/rustwide/cargo-home/bin/cargo" "+nightly-2024-10-28" "metadata" "--no-deps" "--format-version=1", kill_on_drop: false }`
[INFO] [stdout] 3ae99b2d18d0bfc2ea24e5c951d41d801af6cfc181a6e26e62fb2156dba1aa5a
[INFO] running `Command { std: "docker" "start" "-a" "3ae99b2d18d0bfc2ea24e5c951d41d801af6cfc181a6e26e62fb2156dba1aa5a", kill_on_drop: false }`
[INFO] running `Command { std: "docker" "inspect" "3ae99b2d18d0bfc2ea24e5c951d41d801af6cfc181a6e26e62fb2156dba1aa5a", kill_on_drop: false }`
[INFO] running `Command { std: "docker" "rm" "-f" "3ae99b2d18d0bfc2ea24e5c951d41d801af6cfc181a6e26e62fb2156dba1aa5a", kill_on_drop: false }`
[INFO] [stdout] 3ae99b2d18d0bfc2ea24e5c951d41d801af6cfc181a6e26e62fb2156dba1aa5a
[INFO] running `Command { std: "docker" "create" "-v" "/var/lib/crater-agent-workspace/builds/worker-7-tc2/target:/opt/rustwide/target:rw,Z" "-v" "/var/lib/crater-agent-workspace/builds/worker-7-tc2/source:/opt/rustwide/workdir:ro,Z" "-v" "/var/lib/crater-agent-workspace/cargo-home:/opt/rustwide/cargo-home:ro,Z" "-v" "/var/lib/crater-agent-workspace/rustup-home:/opt/rustwide/rustup-home:ro,Z" "-e" "SOURCE_DIR=/opt/rustwide/workdir" "-e" "CARGO_TARGET_DIR=/opt/rustwide/target" "-e" "CARGO_INCREMENTAL=0" "-e" "RUST_BACKTRACE=full" "-e" "RUSTFLAGS=--cap-lints=forbid -Zrandomize-layout" "-e" "RUSTDOCFLAGS=--cap-lints=forbid" "-e" "CARGO_HOME=/opt/rustwide/cargo-home" "-e" "RUSTUP_HOME=/opt/rustwide/rustup-home" "-w" "/opt/rustwide/workdir" "-m" "1610612736" "--user" "0:0" "--network" "none" "ghcr.io/rust-lang/crates-build-env/linux@sha256:4a844ea9eb2546a2d2c7022eacef16ef2e8229c7fbb2c7d4d55a9ceca922f72d" "/opt/rustwide/cargo-home/bin/cargo" "+nightly-2024-10-28" "build" "--frozen" "--message-format=json", kill_on_drop: false }`
[INFO] [stdout] 2a760abaec35c7a571b3d9afd552c056c3a5d3a3dd578792df3b3e40d3d15862
[INFO] running `Command { std: "docker" "start" "-a" "2a760abaec35c7a571b3d9afd552c056c3a5d3a3dd578792df3b3e40d3d15862", kill_on_drop: false }`
[INFO] [stderr]    Compiling libc v0.2.74
[INFO] [stderr]    Compiling proc-macro2 v1.0.19
[INFO] [stderr]    Compiling syn v1.0.38
[INFO] [stderr]    Compiling log v0.4.11
[INFO] [stderr]    Compiling byteorder v1.3.4
[INFO] [stderr]    Compiling autocfg v1.0.0
[INFO] [stderr]    Compiling bitflags v1.2.1
[INFO] [stderr]    Compiling libloading v0.6.2
[INFO] [stderr]    Compiling proc-macro2 v0.4.30
[INFO] [stderr]    Compiling unicode-xid v0.1.0
[INFO] [stderr]    Compiling memchr v2.3.3
[INFO] [stderr]    Compiling num-traits v0.2.12
[INFO] [stderr]    Compiling pkg-config v0.3.18
[INFO] [stderr]    Compiling xml-rs v0.8.3
[INFO] [stderr]    Compiling futures-core v0.3.5
[INFO] [stderr]    Compiling quote v1.0.7
[INFO] [stderr]    Compiling quote v0.6.13
[INFO] [stderr]    Compiling raw-window-handle v0.3.3
[INFO] [stderr]    Compiling wayland-scanner v0.23.6
[INFO] [stderr]    Compiling nix v0.14.1
[INFO] [stderr]    Compiling smallvec v1.4.1
[INFO] [stderr]    Compiling iovec v0.1.4
[INFO] [stderr]    Compiling net2 v0.2.34
[INFO] [stderr]    Compiling void v1.0.2
[INFO] [stderr]    Compiling scopeguard v1.1.0
[INFO] [stderr]    Compiling pin-project-internal v0.4.23
[INFO] [stderr]    Compiling gfx-hal v0.6.0
[INFO] [stderr]    Compiling mio v0.6.22
[INFO] [stderr]    Compiling dlib v0.4.2
[INFO] [stderr]    Compiling once_cell v1.4.0
[INFO] [stderr]    Compiling proc-macro-nested v0.1.6
[INFO] [stderr]    Compiling futures-io v0.3.5
[INFO] [stderr]    Compiling lazycell v1.2.1
[INFO] [stderr]    Compiling approx v0.3.2
[INFO] [stderr]    Compiling ordered-float v1.1.0
[INFO] [stderr]    Compiling wayland-sys v0.23.6
[INFO] [stderr]    Compiling x11 v2.18.2
[INFO] [stderr]    Compiling stb_truetype v0.3.1
[INFO] [stderr]    Compiling mio-extras v2.0.6
[INFO] [stderr]    Compiling fxhash v0.2.1
[INFO] [stderr]    Compiling futures-sink v0.3.5
[INFO] [stderr]    Compiling instant v0.1.6
[INFO] [stderr]    Compiling proc-macro-hack v0.5.18
[INFO] [stderr]    Compiling getrandom v0.1.14
[INFO] [stderr]    Compiling futures-channel v0.3.5
[INFO] [stderr]    Compiling rusttype v0.8.3
[INFO] [stderr]    Compiling futures-task v0.3.5
[INFO] [stderr]    Compiling same-file v1.0.6
[INFO] [stderr]    Compiling arrayvec v0.5.1
[INFO] [stderr]    Compiling downcast-rs v1.2.0
[INFO] [stderr]    Compiling atom v0.3.5
[INFO] [stderr]    Compiling pin-utils v0.1.0
[INFO] [stderr]    Compiling maybe-uninit v2.0.0
[INFO] [stderr]    Compiling wayland-client v0.23.6
[INFO] [stderr]    Compiling wayland-protocols v0.23.6
[INFO] [stderr]    Compiling hibitset v0.6.3
[INFO] [stderr]    Compiling rusttype v0.7.9
[INFO] [stderr]    Compiling walkdir v2.3.1
[INFO] [stderr]    Compiling parking_lot_core v0.8.0
[INFO] [stderr]    Compiling spirv_headers v1.4.2
[INFO] [stderr]    Compiling line_drawing v0.7.0
[INFO] [stderr]    Compiling lock_api v0.4.1
[INFO] [stderr]    Compiling x11-dl v2.18.5
[INFO] [stderr]    Compiling ash v0.31.0
[INFO] [stderr]    Compiling tracing-core v0.1.14
[INFO] [stderr]    Compiling inplace_it v0.3.2
[INFO] [stderr]    Compiling cache-padded v1.1.1
[INFO] [stderr]    Compiling xdg v2.2.0
[INFO] [stderr]    Compiling calloop v0.4.4
[INFO] [stderr]    Compiling wayland-commons v0.23.6
[INFO] [stderr]    Compiling tracing v0.1.19
[INFO] [stderr]    Compiling andrew v0.2.1
[INFO] [stderr]    Compiling concurrent-queue v1.2.2
[INFO] [stderr]    Compiling parking_lot v0.11.0
[INFO] [stderr]    Compiling gfx-memory v0.2.0
[INFO] [stderr]    Compiling gfx-descriptor v0.2.0
[INFO] [stderr]    Compiling synstructure v0.12.4
[INFO] [stderr]    Compiling gfx-backend-empty v0.6.0
[INFO] [stderr]    Compiling rand_core v0.5.1
[INFO] [stderr]    Compiling lock_api v0.3.4
[INFO] [stderr]    Compiling parking_lot_core v0.7.2
[INFO] [stderr]    Compiling memmap v0.7.0
[INFO] [stderr]    Compiling aho-corasick v0.7.13
[INFO] [stderr]    Compiling wgpu-types v0.6.0
[INFO] [stderr]    Compiling thread_local v1.0.1
[INFO] [stderr]    Compiling ppv-lite86 v0.2.8
[INFO] [stderr]    Compiling pin-project-lite v0.1.7
[INFO] [stderr]    Compiling regex-syntax v0.6.18
[INFO] [stderr]    Compiling parking v1.0.6
[INFO] [stderr]    Compiling event-listener v2.3.3
[INFO] [stderr]    Compiling fastrand v1.3.4
[INFO] [stderr]    Compiling quick-error v1.2.3
[INFO] [stderr]    Compiling waker-fn v1.0.0
[INFO] [stderr]    Compiling copyless v0.1.5
[INFO] [stderr]    Compiling futures-lite v0.1.10
[INFO] [stderr]    Compiling humantime v1.3.0
[INFO] [stderr]    Compiling async-channel v1.4.0
[INFO] [stderr]    Compiling rand_chacha v0.2.2
[INFO] [stderr]    Compiling parking_lot v0.10.2
[INFO] [stderr]    Compiling futures-macro v0.3.5
[INFO] [stderr]    Compiling thiserror-impl v1.0.20
[INFO] [stderr]    Compiling zerocopy-derive v0.2.0
[INFO] [stderr]    Compiling regex v1.3.9
[INFO] [stderr]    Compiling atty v0.2.14
[INFO] [stderr]    Compiling atomic-waker v1.0.0
[INFO] [stderr]    Compiling thiserror v1.0.20
[INFO] [stderr]    Compiling naga v0.2.0
[INFO] [stderr]    Compiling termcolor v1.1.0
[INFO] [stderr]    Compiling typed-arena v2.0.1
[INFO] [stderr]    Compiling percent-encoding v2.1.0
[INFO] [stderr]    Compiling blocking v0.4.7
[INFO] [stderr]    Compiling zerocopy v0.3.0
[INFO] [stderr]    Compiling pin-project v0.4.23
[INFO] [stderr]    Compiling futures-util v0.3.5
[INFO] [stderr]    Compiling env_logger v0.7.1
[INFO] [stderr]    Compiling async-trait v0.1.36
[INFO] [stderr]    Compiling rand v0.7.3
[INFO] [stderr]    Compiling bytemuck v1.3.1
[INFO] [stderr]    Compiling gfx-backend-vulkan v0.6.1
[INFO] [stderr]    Compiling wgpu-core v0.6.0
[INFO] [stderr]    Compiling futures-executor v0.3.5
[INFO] [stderr]    Compiling futures v0.3.5
[INFO] [stderr]    Compiling wgpu v0.6.0
[INFO] [stderr]    Compiling smithay-client-toolkit v0.6.6
[INFO] [stderr]    Compiling winit v0.22.2
[INFO] [stderr]    Compiling tensor_compute v0.1.0 (/opt/rustwide/workdir)
[INFO] [stdout] warning: unused import: `crate::prelude::CpuTransferable`
[INFO] [stdout]  --> src/tensors/gpu_tensor/gpu_ops/bmm/tests.rs:1:5
[INFO] [stdout]   |
[INFO] [stdout] 1 | use crate::prelude::CpuTransferable;
[INFO] [stdout]   |     ^^^^^^^^^^^^^^^^^^^^^^^^^^^^^^^
[INFO] [stdout]   |
[INFO] [stdout]   = note: `#[warn(unused_imports)]` on by default
[INFO] [stdout] 
[INFO] [stdout] 
[INFO] [stdout] warning: unused import: `crate::GpuTensor`
[INFO] [stdout]  --> src/tensors/gpu_tensor/gpu_ops/bmm/tests.rs:2:5
[INFO] [stdout]   |
[INFO] [stdout] 2 | use crate::GpuTensor;
[INFO] [stdout]   |     ^^^^^^^^^^^^^^^^
[INFO] [stdout] 
[INFO] [stdout] 
[INFO] [stdout] warning: unused import: `s`
[INFO] [stdout]  --> src/tensors/gpu_tensor/indexing/index_to_dim_stride.rs:2:13
[INFO] [stdout]   |
[INFO] [stdout] 2 | use crate::{s, ShapeStrides};
[INFO] [stdout]   |             ^
[INFO] [stdout] 
[INFO] [stdout] 
[INFO] [stdout] warning: unused import: `super::broadcast_shape_and_stride`
[INFO] [stdout]  --> src/tensors/gpu_tensor/shape_changing/broadcast_tests.rs:1:5
[INFO] [stdout]   |
[INFO] [stdout] 1 | use super::broadcast_shape_and_stride;
[INFO] [stdout]   |     ^^^^^^^^^^^^^^^^^^^^^^^^^^^^^^^^^
[INFO] [stdout]   |
[INFO] [stdout] help: if this is a test module, consider adding a `#[cfg(test)]` to the containing module
[INFO] [stdout]  --> src/tensors/gpu_tensor/shape_changing/mod.rs:2:1
[INFO] [stdout]   |
[INFO] [stdout] 2 | mod broadcast_tests;
[INFO] [stdout]   | ^^^^^^^^^^^^^^^^^^^^
[INFO] [stdout] 
[INFO] [stdout] 
[INFO] [stdout] warning: unused import: `crate::ShapeStrides`
[INFO] [stdout]  --> src/tensors/gpu_tensor/shape_changing/broadcast_tests.rs:2:5
[INFO] [stdout]   |
[INFO] [stdout] 2 | use crate::ShapeStrides;
[INFO] [stdout]   |     ^^^^^^^^^^^^^^^^^^^
[INFO] [stdout]   |
[INFO] [stdout] help: if this is a test module, consider adding a `#[cfg(test)]` to the containing module
[INFO] [stdout]  --> src/tensors/gpu_tensor/shape_changing/mod.rs:2:1
[INFO] [stdout]   |
[INFO] [stdout] 2 | mod broadcast_tests;
[INFO] [stdout]   | ^^^^^^^^^^^^^^^^^^^^
[INFO] [stdout] 
[INFO] [stdout] 
[INFO] [stdout] warning: unused imports: `GpuTensor` and `s`
[INFO] [stdout]  --> src/tensors/gpu_tensor/shape_changing/slicing_tests.rs:1:13
[INFO] [stdout]   |
[INFO] [stdout] 1 | use crate::{s, GpuTensor};
[INFO] [stdout]   |             ^  ^^^^^^^^^
[INFO] [stdout]   |
[INFO] [stdout] help: if this is a test module, consider adding a `#[cfg(test)]` to the containing module
[INFO] [stdout]  --> src/tensors/gpu_tensor/shape_changing/mod.rs:3:1
[INFO] [stdout]   |
[INFO] [stdout] 3 | mod slicing_tests;
[INFO] [stdout]   | ^^^^^^^^^^^^^^^^^^
[INFO] [stdout] 
[INFO] [stdout] 
[INFO] [stdout] warning: panic message is not a string literal
[INFO] [stdout]    --> src/tensors/cpu_tensor.rs:171:17
[INFO] [stdout]     |
[INFO] [stdout] 171 | /                 format!(
[INFO] [stdout] 172 | |                     "tried indexing element {} when dimension length was: {}",
[INFO] [stdout] 173 | |                     *idx + 1,
[INFO] [stdout] 174 | |                     shape
[INFO] [stdout] 175 | |                 )
[INFO] [stdout]     | |_________________^
[INFO] [stdout]     |
[INFO] [stdout]     = note: this usage of `assert!()` is deprecated; it will be a hard error in Rust 2021
[INFO] [stdout]     = note: for more information, see <https://doc.rust-lang.org/nightly/edition-guide/rust-2021/panic-macro-consistency.html>
[INFO] [stdout]     = note: the `assert!()` macro supports formatting, so there's no need for the `format!()` macro here
[INFO] [stdout]     = note: `#[warn(non_fmt_panics)]` on by default
[INFO] [stdout] help: remove the `format!(..)` macro call
[INFO] [stdout]     |
[INFO] [stdout] 171 ~                 
[INFO] [stdout] 172 |                     "tried indexing element {} when dimension length was: {}",
[INFO] [stdout] 173 |                     *idx + 1,
[INFO] [stdout] 174 |                     shape
[INFO] [stdout] 175 ~                 
[INFO] [stdout]     |
[INFO] [stdout] 
[INFO] [stdout] 
[INFO] [stdout] warning: panic message is not a string literal
[INFO] [stdout]   --> src/tensors/gpu_tensor/indexing/mod.rs:19:17
[INFO] [stdout]    |
[INFO] [stdout] 19 | /                 format!(
[INFO] [stdout] 20 | |                     "Start ({:?}) needs to be smaller than end ({:?}).",
[INFO] [stdout] 21 | |                     start,
[INFO] [stdout] 22 | |                     isize_end - 1
[INFO] [stdout] 23 | |                 )
[INFO] [stdout]    | |_________________^
[INFO] [stdout]    |
[INFO] [stdout]    = note: this usage of `assert!()` is deprecated; it will be a hard error in Rust 2021
[INFO] [stdout]    = note: for more information, see <https://doc.rust-lang.org/nightly/edition-guide/rust-2021/panic-macro-consistency.html>
[INFO] [stdout]    = note: the `assert!()` macro supports formatting, so there's no need for the `format!()` macro here
[INFO] [stdout] help: remove the `format!(..)` macro call
[INFO] [stdout]    |
[INFO] [stdout] 19 ~                 
[INFO] [stdout] 20 |                     "Start ({:?}) needs to be smaller than end ({:?}).",
[INFO] [stdout] 21 |                     start,
[INFO] [stdout] 22 |                     isize_end - 1
[INFO] [stdout] 23 ~                 
[INFO] [stdout]    |
[INFO] [stdout] 
[INFO] [stdout] 
[INFO] [stdout] warning: panic message is not a string literal
[INFO] [stdout]   --> src/tensors/gpu_tensor/indexing/index_to_dim_stride.rs:24:13
[INFO] [stdout]    |
[INFO] [stdout] 24 | /             format!(
[INFO] [stdout] 25 | |                 "Indexing out of range! Tried to get the element \
[INFO] [stdout] 26 | |                         {:?} (zero indexed) of a dimension of size: {:?}",
[INFO] [stdout] 27 | |                 start, *shape
[INFO] [stdout] 28 | |             )
[INFO] [stdout]    | |_____________^
[INFO] [stdout]    |
[INFO] [stdout]    = note: this usage of `assert!()` is deprecated; it will be a hard error in Rust 2021
[INFO] [stdout]    = note: for more information, see <https://doc.rust-lang.org/nightly/edition-guide/rust-2021/panic-macro-consistency.html>
[INFO] [stdout]    = note: the `assert!()` macro supports formatting, so there's no need for the `format!()` macro here
[INFO] [stdout] help: remove the `format!(..)` macro call
[INFO] [stdout]    |
[INFO] [stdout] 24 ~             
[INFO] [stdout] 25 |                 "Indexing out of range! Tried to get the element \
[INFO] [stdout] 26 |                         {:?} (zero indexed) of a dimension of size: {:?}",
[INFO] [stdout] 27 |                 start, *shape
[INFO] [stdout] 28 ~             
[INFO] [stdout]    |
[INFO] [stdout] 
[INFO] [stdout] 
[INFO] [stdout] warning: panic message is not a string literal
[INFO] [stdout]   --> src/tensors/gpu_tensor/indexing/index_to_dim_stride.rs:39:17
[INFO] [stdout]    |
[INFO] [stdout] 39 | /                 format!(
[INFO] [stdout] 40 | |                     "Indexing out of range! Tried to get the element \
[INFO] [stdout] 41 | |                         {:?} (zero indexed) of a dimension of size: {:?}",
[INFO] [stdout] 42 | |                     inclusive_end, *shape
[INFO] [stdout] 43 | |                 )
[INFO] [stdout]    | |_________________^
[INFO] [stdout]    |
[INFO] [stdout]    = note: this usage of `assert!()` is deprecated; it will be a hard error in Rust 2021
[INFO] [stdout]    = note: for more information, see <https://doc.rust-lang.org/nightly/edition-guide/rust-2021/panic-macro-consistency.html>
[INFO] [stdout]    = note: the `assert!()` macro supports formatting, so there's no need for the `format!()` macro here
[INFO] [stdout] help: remove the `format!(..)` macro call
[INFO] [stdout]    |
[INFO] [stdout] 39 ~                 
[INFO] [stdout] 40 |                     "Indexing out of range! Tried to get the element \
[INFO] [stdout] 41 |                         {:?} (zero indexed) of a dimension of size: {:?}",
[INFO] [stdout] 42 |                     inclusive_end, *shape
[INFO] [stdout] 43 ~                 
[INFO] [stdout]    |
[INFO] [stdout] 
[INFO] [stdout] 
[INFO] [stderr]     Finished `dev` profile [unoptimized + debuginfo] target(s) in 1m 39s
[INFO] running `Command { std: "docker" "inspect" "2a760abaec35c7a571b3d9afd552c056c3a5d3a3dd578792df3b3e40d3d15862", kill_on_drop: false }`
[INFO] running `Command { std: "docker" "rm" "-f" "2a760abaec35c7a571b3d9afd552c056c3a5d3a3dd578792df3b3e40d3d15862", kill_on_drop: false }`
[INFO] [stdout] 2a760abaec35c7a571b3d9afd552c056c3a5d3a3dd578792df3b3e40d3d15862
[INFO] running `Command { std: "docker" "create" "-v" "/var/lib/crater-agent-workspace/builds/worker-7-tc2/target:/opt/rustwide/target:rw,Z" "-v" "/var/lib/crater-agent-workspace/builds/worker-7-tc2/source:/opt/rustwide/workdir:ro,Z" "-v" "/var/lib/crater-agent-workspace/cargo-home:/opt/rustwide/cargo-home:ro,Z" "-v" "/var/lib/crater-agent-workspace/rustup-home:/opt/rustwide/rustup-home:ro,Z" "-e" "SOURCE_DIR=/opt/rustwide/workdir" "-e" "CARGO_TARGET_DIR=/opt/rustwide/target" "-e" "CARGO_INCREMENTAL=0" "-e" "RUST_BACKTRACE=full" "-e" "RUSTFLAGS=--cap-lints=forbid -Zrandomize-layout" "-e" "RUSTDOCFLAGS=--cap-lints=forbid" "-e" "CARGO_HOME=/opt/rustwide/cargo-home" "-e" "RUSTUP_HOME=/opt/rustwide/rustup-home" "-w" "/opt/rustwide/workdir" "-m" "1610612736" "--user" "0:0" "--network" "none" "ghcr.io/rust-lang/crates-build-env/linux@sha256:4a844ea9eb2546a2d2c7022eacef16ef2e8229c7fbb2c7d4d55a9ceca922f72d" "/opt/rustwide/cargo-home/bin/cargo" "+nightly-2024-10-28" "test" "--frozen" "--no-run" "--message-format=json", kill_on_drop: false }`
[INFO] [stdout] 32793b618e5811413faf1ca91f10f0db7173d6ba27a01e12e2b8214aa820cf3a
[INFO] running `Command { std: "docker" "start" "-a" "32793b618e5811413faf1ca91f10f0db7173d6ba27a01e12e2b8214aa820cf3a", kill_on_drop: false }`
[INFO] [stdout] warning: unused import: `crate::prelude::CpuTransferable`
[INFO] [stdout]  --> src/tensors/gpu_tensor/gpu_ops/bmm/tests.rs:1:5
[INFO] [stdout]   |
[INFO] [stdout] 1 | use crate::prelude::CpuTransferable;
[INFO] [stdout]   |     ^^^^^^^^^^^^^^^^^^^^^^^^^^^^^^^
[INFO] [stdout]   |
[INFO] [stdout]   = note: `#[warn(unused_imports)]` on by default
[INFO] [stdout] 
[INFO] [stdout] 
[INFO] [stdout] warning: unused import: `crate::GpuTensor`
[INFO] [stdout]  --> src/tensors/gpu_tensor/gpu_ops/bmm/tests.rs:2:5
[INFO] [stdout]   |
[INFO] [stdout] 2 | use crate::GpuTensor;
[INFO] [stdout]   |     ^^^^^^^^^^^^^^^^
[INFO] [stdout] 
[INFO] [stdout] 
[INFO] [stdout] warning: unused import: `s`
[INFO] [stdout]  --> src/tensors/gpu_tensor/indexing/index_to_dim_stride.rs:2:13
[INFO] [stdout]   |
[INFO] [stdout] 2 | use crate::{s, ShapeStrides};
[INFO] [stdout]   |             ^
[INFO] [stdout] 
[INFO] [stdout] 
[INFO] [stdout] warning: unused import: `super::broadcast_shape_and_stride`
[INFO] [stdout]  --> src/tensors/gpu_tensor/shape_changing/broadcast_tests.rs:1:5
[INFO] [stdout]   |
[INFO] [stdout] 1 | use super::broadcast_shape_and_stride;
[INFO] [stdout]   |     ^^^^^^^^^^^^^^^^^^^^^^^^^^^^^^^^^
[INFO] [stdout]   |
[INFO] [stdout] help: if this is a test module, consider adding a `#[cfg(test)]` to the containing module
[INFO] [stdout]  --> src/tensors/gpu_tensor/shape_changing/mod.rs:2:1
[INFO] [stdout]   |
[INFO] [stdout] 2 | mod broadcast_tests;
[INFO] [stdout]   | ^^^^^^^^^^^^^^^^^^^^
[INFO] [stdout] 
[INFO] [stdout] 
[INFO] [stdout] warning: unused import: `crate::ShapeStrides`
[INFO] [stdout]  --> src/tensors/gpu_tensor/shape_changing/broadcast_tests.rs:2:5
[INFO] [stdout]   |
[INFO] [stdout] 2 | use crate::ShapeStrides;
[INFO] [stdout]   |     ^^^^^^^^^^^^^^^^^^^
[INFO] [stdout]   |
[INFO] [stdout] help: if this is a test module, consider adding a `#[cfg(test)]` to the containing module
[INFO] [stdout]  --> src/tensors/gpu_tensor/shape_changing/mod.rs:2:1
[INFO] [stdout]   |
[INFO] [stdout] 2 | mod broadcast_tests;
[INFO] [stdout]   | ^^^^^^^^^^^^^^^^^^^^
[INFO] [stdout] 
[INFO] [stdout] 
[INFO] [stdout] warning: unused imports: `GpuTensor` and `s`
[INFO] [stdout]  --> src/tensors/gpu_tensor/shape_changing/slicing_tests.rs:1:13
[INFO] [stdout]   |
[INFO] [stdout] 1 | use crate::{s, GpuTensor};
[INFO] [stdout]   |             ^  ^^^^^^^^^
[INFO] [stdout]   |
[INFO] [stdout] help: if this is a test module, consider adding a `#[cfg(test)]` to the containing module
[INFO] [stdout]  --> src/tensors/gpu_tensor/shape_changing/mod.rs:3:1
[INFO] [stdout]   |
[INFO] [stdout] 3 | mod slicing_tests;
[INFO] [stdout]   | ^^^^^^^^^^^^^^^^^^
[INFO] [stdout] 
[INFO] [stdout] 
[INFO] [stdout] warning: panic message is not a string literal
[INFO] [stdout]    --> src/tensors/cpu_tensor.rs:171:17
[INFO] [stdout]     |
[INFO] [stdout] 171 | /                 format!(
[INFO] [stdout] 172 | |                     "tried indexing element {} when dimension length was: {}",
[INFO] [stdout] 173 | |                     *idx + 1,
[INFO] [stdout] 174 | |                     shape
[INFO] [stdout] 175 | |                 )
[INFO] [stdout]     | |_________________^
[INFO] [stdout]     |
[INFO] [stdout]     = note: this usage of `assert!()` is deprecated; it will be a hard error in Rust 2021
[INFO] [stdout]     = note: for more information, see <https://doc.rust-lang.org/nightly/edition-guide/rust-2021/panic-macro-consistency.html>
[INFO] [stdout]     = note: the `assert!()` macro supports formatting, so there's no need for the `format!()` macro here
[INFO] [stdout]     = note: `#[warn(non_fmt_panics)]` on by default
[INFO] [stdout] help: remove the `format!(..)` macro call
[INFO] [stdout]     |
[INFO] [stdout] 171 ~                 
[INFO] [stdout] 172 |                     "tried indexing element {} when dimension length was: {}",
[INFO] [stdout] 173 |                     *idx + 1,
[INFO] [stdout] 174 |                     shape
[INFO] [stdout] 175 ~                 
[INFO] [stdout]     |
[INFO] [stdout] 
[INFO] [stdout] 
[INFO] [stderr]    Compiling tensor_compute v0.1.0 (/opt/rustwide/workdir)
[INFO] [stdout] warning: panic message is not a string literal
[INFO] [stdout]   --> src/tensors/gpu_tensor/indexing/mod.rs:19:17
[INFO] [stdout]    |
[INFO] [stdout] 19 | /                 format!(
[INFO] [stdout] 20 | |                     "Start ({:?}) needs to be smaller than end ({:?}).",
[INFO] [stdout] 21 | |                     start,
[INFO] [stdout] 22 | |                     isize_end - 1
[INFO] [stdout] 23 | |                 )
[INFO] [stdout]    | |_________________^
[INFO] [stdout]    |
[INFO] [stdout]    = note: this usage of `assert!()` is deprecated; it will be a hard error in Rust 2021
[INFO] [stdout]    = note: for more information, see <https://doc.rust-lang.org/nightly/edition-guide/rust-2021/panic-macro-consistency.html>
[INFO] [stdout]    = note: the `assert!()` macro supports formatting, so there's no need for the `format!()` macro here
[INFO] [stdout] help: remove the `format!(..)` macro call
[INFO] [stdout]    |
[INFO] [stdout] 19 ~                 
[INFO] [stdout] 20 |                     "Start ({:?}) needs to be smaller than end ({:?}).",
[INFO] [stdout] 21 |                     start,
[INFO] [stdout] 22 |                     isize_end - 1
[INFO] [stdout] 23 ~                 
[INFO] [stdout]    |
[INFO] [stdout] 
[INFO] [stdout] 
[INFO] [stdout] warning: panic message is not a string literal
[INFO] [stdout]   --> src/tensors/gpu_tensor/indexing/index_to_dim_stride.rs:24:13
[INFO] [stdout]    |
[INFO] [stdout] 24 | /             format!(
[INFO] [stdout] 25 | |                 "Indexing out of range! Tried to get the element \
[INFO] [stdout] 26 | |                         {:?} (zero indexed) of a dimension of size: {:?}",
[INFO] [stdout] 27 | |                 start, *shape
[INFO] [stdout] 28 | |             )
[INFO] [stdout]    | |_____________^
[INFO] [stdout]    |
[INFO] [stdout]    = note: this usage of `assert!()` is deprecated; it will be a hard error in Rust 2021
[INFO] [stdout]    = note: for more information, see <https://doc.rust-lang.org/nightly/edition-guide/rust-2021/panic-macro-consistency.html>
[INFO] [stdout]    = note: the `assert!()` macro supports formatting, so there's no need for the `format!()` macro here
[INFO] [stdout] help: remove the `format!(..)` macro call
[INFO] [stdout]    |
[INFO] [stdout] 24 ~             
[INFO] [stdout] 25 |                 "Indexing out of range! Tried to get the element \
[INFO] [stdout] 26 |                         {:?} (zero indexed) of a dimension of size: {:?}",
[INFO] [stdout] 27 |                 start, *shape
[INFO] [stdout] 28 ~             
[INFO] [stdout]    |
[INFO] [stdout] 
[INFO] [stdout] 
[INFO] [stdout] warning: panic message is not a string literal
[INFO] [stdout]   --> src/tensors/gpu_tensor/indexing/index_to_dim_stride.rs:39:17
[INFO] [stdout]    |
[INFO] [stdout] 39 | /                 format!(
[INFO] [stdout] 40 | |                     "Indexing out of range! Tried to get the element \
[INFO] [stdout] 41 | |                         {:?} (zero indexed) of a dimension of size: {:?}",
[INFO] [stdout] 42 | |                     inclusive_end, *shape
[INFO] [stdout] 43 | |                 )
[INFO] [stdout]    | |_________________^
[INFO] [stdout]    |
[INFO] [stdout]    = note: this usage of `assert!()` is deprecated; it will be a hard error in Rust 2021
[INFO] [stdout]    = note: for more information, see <https://doc.rust-lang.org/nightly/edition-guide/rust-2021/panic-macro-consistency.html>
[INFO] [stdout]    = note: the `assert!()` macro supports formatting, so there's no need for the `format!()` macro here
[INFO] [stdout] help: remove the `format!(..)` macro call
[INFO] [stdout]    |
[INFO] [stdout] 39 ~                 
[INFO] [stdout] 40 |                     "Indexing out of range! Tried to get the element \
[INFO] [stdout] 41 |                         {:?} (zero indexed) of a dimension of size: {:?}",
[INFO] [stdout] 42 |                     inclusive_end, *shape
[INFO] [stdout] 43 ~                 
[INFO] [stdout]    |
[INFO] [stdout] 
[INFO] [stdout] 
[INFO] [stdout] warning: panic message is not a string literal
[INFO] [stdout]    --> src/tensors/cpu_tensor.rs:171:17
[INFO] [stdout]     |
[INFO] [stdout] 171 | /                 format!(
[INFO] [stdout] 172 | |                     "tried indexing element {} when dimension length was: {}",
[INFO] [stdout] 173 | |                     *idx + 1,
[INFO] [stdout] 174 | |                     shape
[INFO] [stdout] 175 | |                 )
[INFO] [stdout]     | |_________________^
[INFO] [stdout]     |
[INFO] [stdout]     = note: this usage of `assert!()` is deprecated; it will be a hard error in Rust 2021
[INFO] [stdout]     = note: for more information, see <https://doc.rust-lang.org/nightly/edition-guide/rust-2021/panic-macro-consistency.html>
[INFO] [stdout]     = note: the `assert!()` macro supports formatting, so there's no need for the `format!()` macro here
[INFO] [stdout]     = note: `#[warn(non_fmt_panics)]` on by default
[INFO] [stdout] help: remove the `format!(..)` macro call
[INFO] [stdout]     |
[INFO] [stdout] 171 ~                 
[INFO] [stdout] 172 |                     "tried indexing element {} when dimension length was: {}",
[INFO] [stdout] 173 |                     *idx + 1,
[INFO] [stdout] 174 |                     shape
[INFO] [stdout] 175 ~                 
[INFO] [stdout]     |
[INFO] [stdout] 
[INFO] [stdout] 
[INFO] [stdout] warning: panic message is not a string literal
[INFO] [stdout]   --> src/tensors/gpu_tensor/indexing/mod.rs:19:17
[INFO] [stdout]    |
[INFO] [stdout] 19 | /                 format!(
[INFO] [stdout] 20 | |                     "Start ({:?}) needs to be smaller than end ({:?}).",
[INFO] [stdout] 21 | |                     start,
[INFO] [stdout] 22 | |                     isize_end - 1
[INFO] [stdout] 23 | |                 )
[INFO] [stdout]    | |_________________^
[INFO] [stdout]    |
[INFO] [stdout]    = note: this usage of `assert!()` is deprecated; it will be a hard error in Rust 2021
[INFO] [stdout]    = note: for more information, see <https://doc.rust-lang.org/nightly/edition-guide/rust-2021/panic-macro-consistency.html>
[INFO] [stdout]    = note: the `assert!()` macro supports formatting, so there's no need for the `format!()` macro here
[INFO] [stdout] help: remove the `format!(..)` macro call
[INFO] [stdout]    |
[INFO] [stdout] 19 ~                 
[INFO] [stdout] 20 |                     "Start ({:?}) needs to be smaller than end ({:?}).",
[INFO] [stdout] 21 |                     start,
[INFO] [stdout] 22 |                     isize_end - 1
[INFO] [stdout] 23 ~                 
[INFO] [stdout]    |
[INFO] [stdout] 
[INFO] [stdout] 
[INFO] [stdout] warning: panic message is not a string literal
[INFO] [stdout]   --> src/tensors/gpu_tensor/indexing/index_to_dim_stride.rs:24:13
[INFO] [stdout]    |
[INFO] [stdout] 24 | /             format!(
[INFO] [stdout] 25 | |                 "Indexing out of range! Tried to get the element \
[INFO] [stdout] 26 | |                         {:?} (zero indexed) of a dimension of size: {:?}",
[INFO] [stdout] 27 | |                 start, *shape
[INFO] [stdout] 28 | |             )
[INFO] [stdout]    | |_____________^
[INFO] [stdout]    |
[INFO] [stdout]    = note: this usage of `assert!()` is deprecated; it will be a hard error in Rust 2021
[INFO] [stdout]    = note: for more information, see <https://doc.rust-lang.org/nightly/edition-guide/rust-2021/panic-macro-consistency.html>
[INFO] [stdout]    = note: the `assert!()` macro supports formatting, so there's no need for the `format!()` macro here
[INFO] [stdout] help: remove the `format!(..)` macro call
[INFO] [stdout]    |
[INFO] [stdout] 24 ~             
[INFO] [stdout] 25 |                 "Indexing out of range! Tried to get the element \
[INFO] [stdout] 26 |                         {:?} (zero indexed) of a dimension of size: {:?}",
[INFO] [stdout] 27 |                 start, *shape
[INFO] [stdout] 28 ~             
[INFO] [stdout]    |
[INFO] [stdout] 
[INFO] [stdout] 
[INFO] [stdout] warning: panic message is not a string literal
[INFO] [stdout]   --> src/tensors/gpu_tensor/indexing/index_to_dim_stride.rs:39:17
[INFO] [stdout]    |
[INFO] [stdout] 39 | /                 format!(
[INFO] [stdout] 40 | |                     "Indexing out of range! Tried to get the element \
[INFO] [stdout] 41 | |                         {:?} (zero indexed) of a dimension of size: {:?}",
[INFO] [stdout] 42 | |                     inclusive_end, *shape
[INFO] [stdout] 43 | |                 )
[INFO] [stdout]    | |_________________^
[INFO] [stdout]    |
[INFO] [stdout]    = note: this usage of `assert!()` is deprecated; it will be a hard error in Rust 2021
[INFO] [stdout]    = note: for more information, see <https://doc.rust-lang.org/nightly/edition-guide/rust-2021/panic-macro-consistency.html>
[INFO] [stdout]    = note: the `assert!()` macro supports formatting, so there's no need for the `format!()` macro here
[INFO] [stdout] help: remove the `format!(..)` macro call
[INFO] [stdout]    |
[INFO] [stdout] 39 ~                 
[INFO] [stdout] 40 |                     "Indexing out of range! Tried to get the element \
[INFO] [stdout] 41 |                         {:?} (zero indexed) of a dimension of size: {:?}",
[INFO] [stdout] 42 |                     inclusive_end, *shape
[INFO] [stdout] 43 ~                 
[INFO] [stdout]    |
[INFO] [stdout] 
[INFO] [stdout] 
[INFO] [stderr]     Finished `test` profile [unoptimized + debuginfo] target(s) in 3.66s
[INFO] running `Command { std: "docker" "inspect" "32793b618e5811413faf1ca91f10f0db7173d6ba27a01e12e2b8214aa820cf3a", kill_on_drop: false }`
[INFO] running `Command { std: "docker" "rm" "-f" "32793b618e5811413faf1ca91f10f0db7173d6ba27a01e12e2b8214aa820cf3a", kill_on_drop: false }`
[INFO] [stdout] 32793b618e5811413faf1ca91f10f0db7173d6ba27a01e12e2b8214aa820cf3a
[INFO] running `Command { std: "docker" "create" "-v" "/var/lib/crater-agent-workspace/builds/worker-7-tc2/target:/opt/rustwide/target:rw,Z" "-v" "/var/lib/crater-agent-workspace/builds/worker-7-tc2/source:/opt/rustwide/workdir:ro,Z" "-v" "/var/lib/crater-agent-workspace/cargo-home:/opt/rustwide/cargo-home:ro,Z" "-v" "/var/lib/crater-agent-workspace/rustup-home:/opt/rustwide/rustup-home:ro,Z" "-e" "SOURCE_DIR=/opt/rustwide/workdir" "-e" "CARGO_TARGET_DIR=/opt/rustwide/target" "-e" "CARGO_INCREMENTAL=0" "-e" "RUST_BACKTRACE=full" "-e" "RUSTFLAGS=--cap-lints=forbid -Zrandomize-layout" "-e" "RUSTDOCFLAGS=--cap-lints=forbid" "-e" "CARGO_HOME=/opt/rustwide/cargo-home" "-e" "RUSTUP_HOME=/opt/rustwide/rustup-home" "-w" "/opt/rustwide/workdir" "-m" "1610612736" "--user" "0:0" "--network" "none" "ghcr.io/rust-lang/crates-build-env/linux@sha256:4a844ea9eb2546a2d2c7022eacef16ef2e8229c7fbb2c7d4d55a9ceca922f72d" "/opt/rustwide/cargo-home/bin/cargo" "+nightly-2024-10-28" "test" "--frozen", kill_on_drop: false }`
[INFO] [stdout] 0a741482daf07b36c93694383f29a1fa9ce2af9b8482eff0c6c249d6c4c4c339
[INFO] running `Command { std: "docker" "start" "-a" "0a741482daf07b36c93694383f29a1fa9ce2af9b8482eff0c6c249d6c4c4c339", kill_on_drop: false }`
[INFO] [stderr] warning: unused import: `crate::prelude::CpuTransferable`
[INFO] [stderr]  --> src/tensors/gpu_tensor/gpu_ops/bmm/tests.rs:1:5
[INFO] [stderr]   |
[INFO] [stderr] 1 | use crate::prelude::CpuTransferable;
[INFO] [stderr]   |     ^^^^^^^^^^^^^^^^^^^^^^^^^^^^^^^
[INFO] [stderr]   |
[INFO] [stderr]   = note: `#[warn(unused_imports)]` on by default
[INFO] [stderr] 
[INFO] [stderr] warning: unused import: `crate::GpuTensor`
[INFO] [stderr]  --> src/tensors/gpu_tensor/gpu_ops/bmm/tests.rs:2:5
[INFO] [stderr]   |
[INFO] [stderr] 2 | use crate::GpuTensor;
[INFO] [stderr]   |     ^^^^^^^^^^^^^^^^
[INFO] [stderr] 
[INFO] [stderr] warning: unused import: `s`
[INFO] [stderr]  --> src/tensors/gpu_tensor/indexing/index_to_dim_stride.rs:2:13
[INFO] [stderr]   |
[INFO] [stderr] 2 | use crate::{s, ShapeStrides};
[INFO] [stderr]   |             ^
[INFO] [stderr] 
[INFO] [stderr] warning: unused import: `super::broadcast_shape_and_stride`
[INFO] [stderr]  --> src/tensors/gpu_tensor/shape_changing/broadcast_tests.rs:1:5
[INFO] [stderr]   |
[INFO] [stderr] 1 | use super::broadcast_shape_and_stride;
[INFO] [stderr]   |     ^^^^^^^^^^^^^^^^^^^^^^^^^^^^^^^^^
[INFO] [stderr]   |
[INFO] [stderr] help: if this is a test module, consider adding a `#[cfg(test)]` to the containing module
[INFO] [stderr]  --> src/tensors/gpu_tensor/shape_changing/mod.rs:2:1
[INFO] [stderr]   |
[INFO] [stderr] 2 | mod broadcast_tests;
[INFO] [stderr]   | ^^^^^^^^^^^^^^^^^^^^
[INFO] [stderr] 
[INFO] [stderr] warning: unused import: `crate::ShapeStrides`
[INFO] [stderr]  --> src/tensors/gpu_tensor/shape_changing/broadcast_tests.rs:2:5
[INFO] [stderr]   |
[INFO] [stderr] 2 | use crate::ShapeStrides;
[INFO] [stderr]   |     ^^^^^^^^^^^^^^^^^^^
[INFO] [stderr]   |
[INFO] [stderr] help: if this is a test module, consider adding a `#[cfg(test)]` to the containing module
[INFO] [stderr]  --> src/tensors/gpu_tensor/shape_changing/mod.rs:2:1
[INFO] [stderr]   |
[INFO] [stderr] 2 | mod broadcast_tests;
[INFO] [stderr]   | ^^^^^^^^^^^^^^^^^^^^
[INFO] [stderr] 
[INFO] [stderr] warning: unused imports: `GpuTensor` and `s`
[INFO] [stderr]  --> src/tensors/gpu_tensor/shape_changing/slicing_tests.rs:1:13
[INFO] [stderr]   |
[INFO] [stderr] 1 | use crate::{s, GpuTensor};
[INFO] [stderr]   |             ^  ^^^^^^^^^
[INFO] [stderr]   |
[INFO] [stderr] help: if this is a test module, consider adding a `#[cfg(test)]` to the containing module
[INFO] [stderr]  --> src/tensors/gpu_tensor/shape_changing/mod.rs:3:1
[INFO] [stderr]   |
[INFO] [stderr] 3 | mod slicing_tests;
[INFO] [stderr]   | ^^^^^^^^^^^^^^^^^^
[INFO] [stderr] 
[INFO] [stderr] warning: panic message is not a string literal
[INFO] [stderr]    --> src/tensors/cpu_tensor.rs:171:17
[INFO] [stderr]     |
[INFO] [stderr] 171 | /                 format!(
[INFO] [stderr] 172 | |                     "tried indexing element {} when dimension length was: {}",
[INFO] [stderr] 173 | |                     *idx + 1,
[INFO] [stderr] 174 | |                     shape
[INFO] [stderr] 175 | |                 )
[INFO] [stderr]     | |_________________^
[INFO] [stderr]     |
[INFO] [stderr]     = note: this usage of `assert!()` is deprecated; it will be a hard error in Rust 2021
[INFO] [stderr]     = note: for more information, see <https://doc.rust-lang.org/nightly/edition-guide/rust-2021/panic-macro-consistency.html>
[INFO] [stderr]     = note: the `assert!()` macro supports formatting, so there's no need for the `format!()` macro here
[INFO] [stderr]     = note: `#[warn(non_fmt_panics)]` on by default
[INFO] [stderr] help: remove the `format!(..)` macro call
[INFO] [stderr]     |
[INFO] [stderr] 171 ~                 
[INFO] [stderr] 172 |                     "tried indexing element {} when dimension length was: {}",
[INFO] [stderr] 173 |                     *idx + 1,
[INFO] [stderr] 174 |                     shape
[INFO] [stderr] 175 ~                 
[INFO] [stderr]     |
[INFO] [stderr] 
[INFO] [stderr] warning: panic message is not a string literal
[INFO] [stderr]   --> src/tensors/gpu_tensor/indexing/mod.rs:19:17
[INFO] [stderr]    |
[INFO] [stderr] 19 | /                 format!(
[INFO] [stderr] 20 | |                     "Start ({:?}) needs to be smaller than end ({:?}).",
[INFO] [stderr] 21 | |                     start,
[INFO] [stderr] 22 | |                     isize_end - 1
[INFO] [stderr] 23 | |                 )
[INFO] [stderr]    | |_________________^
[INFO] [stderr]    |
[INFO] [stderr]    = note: this usage of `assert!()` is deprecated; it will be a hard error in Rust 2021
[INFO] [stderr]    = note: for more information, see <https://doc.rust-lang.org/nightly/edition-guide/rust-2021/panic-macro-consistency.html>
[INFO] [stderr]    = note: the `assert!()` macro supports formatting, so there's no need for the `format!()` macro here
[INFO] [stderr] help: remove the `format!(..)` macro call
[INFO] [stderr]    |
[INFO] [stderr] 19 ~                 
[INFO] [stderr] 20 |                     "Start ({:?}) needs to be smaller than end ({:?}).",
[INFO] [stderr] 21 |                     start,
[INFO] [stderr] 22 |                     isize_end - 1
[INFO] [stderr] 23 ~                 
[INFO] [stderr]    |
[INFO] [stderr] 
[INFO] [stderr] warning: panic message is not a string literal
[INFO] [stderr]   --> src/tensors/gpu_tensor/indexing/index_to_dim_stride.rs:24:13
[INFO] [stderr]    |
[INFO] [stderr] 24 | /             format!(
[INFO] [stderr] 25 | |                 "Indexing out of range! Tried to get the element \
[INFO] [stderr] 26 | |                         {:?} (zero indexed) of a dimension of size: {:?}",
[INFO] [stderr] 27 | |                 start, *shape
[INFO] [stderr] 28 | |             )
[INFO] [stderr]    | |_____________^
[INFO] [stderr]    |
[INFO] [stderr]    = note: this usage of `assert!()` is deprecated; it will be a hard error in Rust 2021
[INFO] [stderr]    = note: for more information, see <https://doc.rust-lang.org/nightly/edition-guide/rust-2021/panic-macro-consistency.html>
[INFO] [stderr]    = note: the `assert!()` macro supports formatting, so there's no need for the `format!()` macro here
[INFO] [stderr] help: remove the `format!(..)` macro call
[INFO] [stderr]    |
[INFO] [stderr] 24 ~             
[INFO] [stderr] 25 |                 "Indexing out of range! Tried to get the element \
[INFO] [stderr] 26 |                         {:?} (zero indexed) of a dimension of size: {:?}",
[INFO] [stderr] 27 |                 start, *shape
[INFO] [stderr] 28 ~             
[INFO] [stderr]    |
[INFO] [stderr] 
[INFO] [stderr] warning: panic message is not a string literal
[INFO] [stderr]   --> src/tensors/gpu_tensor/indexing/index_to_dim_stride.rs:39:17
[INFO] [stderr]    |
[INFO] [stderr] 39 | /                 format!(
[INFO] [stderr] 40 | |                     "Indexing out of range! Tried to get the element \
[INFO] [stderr] 41 | |                         {:?} (zero indexed) of a dimension of size: {:?}",
[INFO] [stderr] 42 | |                     inclusive_end, *shape
[INFO] [stderr] 43 | |                 )
[INFO] [stderr]    | |_________________^
[INFO] [stderr]    |
[INFO] [stderr]    = note: this usage of `assert!()` is deprecated; it will be a hard error in Rust 2021
[INFO] [stderr]    = note: for more information, see <https://doc.rust-lang.org/nightly/edition-guide/rust-2021/panic-macro-consistency.html>
[INFO] [stderr]    = note: the `assert!()` macro supports formatting, so there's no need for the `format!()` macro here
[INFO] [stderr] help: remove the `format!(..)` macro call
[INFO] [stderr]    |
[INFO] [stderr] 39 ~                 
[INFO] [stderr] 40 |                     "Indexing out of range! Tried to get the element \
[INFO] [stderr] 41 |                         {:?} (zero indexed) of a dimension of size: {:?}",
[INFO] [stderr] 42 |                     inclusive_end, *shape
[INFO] [stderr] 43 ~                 
[INFO] [stderr]    |
[INFO] [stderr] 
[INFO] [stderr] warning: `tensor_compute` (lib) generated 10 warnings (run `cargo fix --lib -p tensor_compute` to apply 10 suggestions)
[INFO] [stderr] warning: `tensor_compute` (lib test) generated 4 warnings (4 duplicates)
[INFO] [stderr]     Finished `test` profile [unoptimized + debuginfo] target(s) in 0.15s
[INFO] [stderr]      Running unittests src/lib.rs (/opt/rustwide/target/debug/deps/tensor_compute-dc0de743e33a3599)
[INFO] [stdout] 
[INFO] [stdout] running 24 tests
[INFO] [stderr] error: XDG_RUNTIME_DIR not set in the environment.
[INFO] [stderr] error: XDG_RUNTIME_DIR not set in the environment.
[INFO] [stderr] error: XDG_RUNTIME_DIR not set in the environment.
[INFO] [stderr] error: XDG_RUNTIME_DIR not set in the environment.
[INFO] [stdout] test tensors::gpu_tensor::gpu_ops::bmm::tests::simple_rank_2_mm_different_dims ... ok
[INFO] [stdout] test tensors::gpu_tensor::gpu_ops::bmm::tests::simple_rank_2_mm ... ok
[INFO] [stdout] test tensors::gpu_tensor::gpu_ops::assign::tests::simple_assign ... FAILED
[INFO] [stdout] test tensors::gpu_tensor::gpu_ops::bmm::tests::mm_with_broadcasting ... ok
[INFO] [stdout] test tensors::gpu_tensor::indexing::index_to_dim_stride::allows_start_equals_end ... ok
[INFO] [stdout] test tensors::gpu_tensor::indexing::index_to_dim_stride::can_index ... ok
[INFO] [stdout] test tensors::gpu_tensor::indexing::index_to_dim_stride::can_index_edge_cases ... ok
[INFO] [stdout] test tensors::gpu_tensor::gpu_ops::fill_with::tests::fill_with ... ok
[INFO] [stdout] test tensors::gpu_tensor::gpu_ops::clone::tests::can_clone_non_uniform_shape ... ok
[INFO] [stdout] test tensors::gpu_tensor::indexing::index_to_dim_stride::cant_index_more_elements_than_dimension_has - should panic ... ok
[INFO] [stdout] test tensors::gpu_tensor::gpu_ops::clone::tests::can_clone ... ok
[INFO] [stdout] test tensors::gpu_tensor::shape_changing::broadcast_tests::broadcast_works_with_additional_unit_dim ... ok
[INFO] [stdout] test tensors::gpu_tensor::shape_changing::broadcast_tests::broadcast_works_from_scalar ... ok
[INFO] [stdout] test tensors::gpu_tensor::shape_changing::broadcast_tests::simple_broadcast_with_skipping_works ... ok
[INFO] [stdout] test tensors::gpu_tensor::gpu_ops::make_contiguous::tests::can_create_contiguous_from_view ... FAILED
[INFO] [stdout] test tensors::gpu_tensor::indexing::index_to_dim_stride::doesnt_allow_end_smaller_than_start - should panic ... ok
[INFO] [stdout] test tensors::gpu_tensor::utils::can_calc_strides_from_shape ... ok
[INFO] [stdout] test tensors::gpu_tensor::shape_changing::broadcast_tests::simple_broadcast_works ... ok
[INFO] [stdout] test tensors::gpu_tensor::tests::strides_work ... ok
[INFO] [stdout] test tensors::gpu_tensor::gpu_ops::relu::tests::leaky_relu ... ok
[INFO] [stdout] test tensors::gpu_tensor::gpu_ops::transpose::tests::can_transpose ... FAILED
[INFO] [stdout] test tensors::gpu_tensor::tests::broadcast_work ... ok
[INFO] [stdout] test tensors::gpu_tensor::shape_changing::slicing_tests::slice_works ... ok
[INFO] [stdout] test tensors::gpu_tensor::gpu_ops::compare::tests::compare_test ... ok
[INFO] [stdout] 
[INFO] [stdout] failures:
[INFO] [stdout] 
[INFO] [stdout] ---- tensors::gpu_tensor::gpu_ops::assign::tests::simple_assign stdout ----
[INFO] [stdout] thread 'tensors::gpu_tensor::gpu_ops::assign::tests::simple_assign' panicked at src/tensors/gpu_tensor/gpu_ops/assign/tests.rs:12:9:
[INFO] [stdout] assertion `left == right` failed
[INFO] [stdout]   left: [10.0, 10.0, 2.0, 3.0, 4.0, 5.0, 6.0, 7.0]
[INFO] [stdout]  right: [0.0, 1.0, 10.0, 10.0, 4.0, 5.0, 6.0, 7.0]
[INFO] [stdout] stack backtrace:
[INFO] [stdout]    0:     0x6258e67750ba - std::backtrace_rs::backtrace::libunwind::trace::h207520d6e9873551
[INFO] [stdout]                                at /rustc/df4ca44d3fbc9301ee17f30f4d474e6ae4b05252/library/std/src/../../backtrace/src/backtrace/libunwind.rs:116:5
[INFO] [stdout]    1:     0x6258e67750ba - std::backtrace_rs::backtrace::trace_unsynchronized::h2ed7433f370e3eca
[INFO] [stdout]                                at /rustc/df4ca44d3fbc9301ee17f30f4d474e6ae4b05252/library/std/src/../../backtrace/src/backtrace/mod.rs:66:5
[INFO] [stdout]    2:     0x6258e67750ba - std::sys::backtrace::_print_fmt::h916fac51166b18d7
[INFO] [stdout]                                at /rustc/df4ca44d3fbc9301ee17f30f4d474e6ae4b05252/library/std/src/sys/backtrace.rs:66:9
[INFO] [stdout]    3:     0x6258e67750ba - <std::sys::backtrace::BacktraceLock::print::DisplayBacktrace as core::fmt::Display>::fmt::ha0a4c9b8ce3802e6
[INFO] [stdout]                                at /rustc/df4ca44d3fbc9301ee17f30f4d474e6ae4b05252/library/std/src/sys/backtrace.rs:39:26
[INFO] [stdout]    4:     0x6258e679dd33 - core::fmt::rt::Argument::fmt::h4cfc8587d52b3eb5
[INFO] [stdout]                                at /rustc/df4ca44d3fbc9301ee17f30f4d474e6ae4b05252/library/core/src/fmt/rt.rs:177:76
[INFO] [stdout]    5:     0x6258e679dd33 - core::fmt::write::h522cc39e5b36ae9f
[INFO] [stdout]                                at /rustc/df4ca44d3fbc9301ee17f30f4d474e6ae4b05252/library/core/src/fmt/mod.rs:1190:21
[INFO] [stdout]    6:     0x6258e6771cf3 - std::io::Write::write_fmt::h7d3c26752da97734
[INFO] [stdout]                                at /rustc/df4ca44d3fbc9301ee17f30f4d474e6ae4b05252/library/std/src/io/mod.rs:1839:15
[INFO] [stdout]    7:     0x6258e6774f02 - std::sys::backtrace::BacktraceLock::print::h4b9e00b29e9c0942
[INFO] [stdout]                                at /rustc/df4ca44d3fbc9301ee17f30f4d474e6ae4b05252/library/std/src/sys/backtrace.rs:42:9
[INFO] [stdout]    8:     0x6258e677654a - std::panicking::default_hook::{{closure}}::hb59b88280d0324d9
[INFO] [stdout]                                at /rustc/df4ca44d3fbc9301ee17f30f4d474e6ae4b05252/library/std/src/panicking.rs:268:22
[INFO] [stdout]    9:     0x6258e6776354 - std::panicking::default_hook::he1dd496665be4a29
[INFO] [stdout]                                at /rustc/df4ca44d3fbc9301ee17f30f4d474e6ae4b05252/library/std/src/panicking.rs:292:9
[INFO] [stdout]   10:     0x6258e63b4c59 - <alloc::boxed::Box<F,A> as core::ops::function::Fn<Args>>::call::h4ff71de18744e1dc
[INFO] [stdout]                                at /rustc/df4ca44d3fbc9301ee17f30f4d474e6ae4b05252/library/alloc/src/boxed.rs:2468:9
[INFO] [stdout]   11:     0x6258e63b4c59 - test::test_main::{{closure}}::hcf7c055ce117aa81
[INFO] [stdout]                                at /rustc/df4ca44d3fbc9301ee17f30f4d474e6ae4b05252/library/test/src/lib.rs:133:21
[INFO] [stdout]   12:     0x6258e6776c48 - <alloc::boxed::Box<F,A> as core::ops::function::Fn<Args>>::call::h1d66c6bbd60c9692
[INFO] [stdout]                                at /rustc/df4ca44d3fbc9301ee17f30f4d474e6ae4b05252/library/alloc/src/boxed.rs:2468:9
[INFO] [stdout]   13:     0x6258e6776c48 - std::panicking::rust_panic_with_hook::h2ff17fe8f26dfcf8
[INFO] [stdout]                                at /rustc/df4ca44d3fbc9301ee17f30f4d474e6ae4b05252/library/std/src/panicking.rs:809:13
[INFO] [stdout]   14:     0x6258e6776a0a - std::panicking::begin_panic_handler::{{closure}}::h4fad77951c07e101
[INFO] [stdout]                                at /rustc/df4ca44d3fbc9301ee17f30f4d474e6ae4b05252/library/std/src/panicking.rs:674:13
[INFO] [stdout]   15:     0x6258e6775599 - std::sys::backtrace::__rust_end_short_backtrace::hb1a25b3da5d0ea08
[INFO] [stdout]                                at /rustc/df4ca44d3fbc9301ee17f30f4d474e6ae4b05252/library/std/src/sys/backtrace.rs:170:18
[INFO] [stdout]   16:     0x6258e677669c - rust_begin_unwind
[INFO] [stdout]                                at /rustc/df4ca44d3fbc9301ee17f30f4d474e6ae4b05252/library/std/src/panicking.rs:665:5
[INFO] [stdout]   17:     0x6258e679b710 - core::panicking::panic_fmt::ha9db07b529f9b256
[INFO] [stdout]                                at /rustc/df4ca44d3fbc9301ee17f30f4d474e6ae4b05252/library/core/src/panicking.rs:75:14
[INFO] [stdout]   18:     0x6258e679bb14 - core::panicking::assert_failed_inner::h04f38944d74a80a8
[INFO] [stdout]   19:     0x6258e635d70c - core::panicking::assert_failed::he9cee6949fb391fe
[INFO] [stdout]                                at /rustc/df4ca44d3fbc9301ee17f30f4d474e6ae4b05252/library/core/src/panicking.rs:377:5
[INFO] [stdout]   20:     0x6258e634f37d - tensor_compute::tensors::gpu_tensor::gpu_ops::assign::tests::simple_assign::{{closure}}::hc3f5e5d0151b3382
[INFO] [stdout]                                at /opt/rustwide/workdir/src/tensors/gpu_tensor/gpu_ops/assign/tests.rs:12:9
[INFO] [stdout]   21:     0x6258e633af70 - futures_executor::local_pool::block_on::{{closure}}::hfbb5b8d4e803bb81
[INFO] [stdout]                                at /opt/rustwide/cargo-home/registry/src/index.crates.io-6f17d22bba15001f/futures-executor-0.3.5/src/local_pool.rs:317:23
[INFO] [stdout]   22:     0x6258e6339be7 - futures_executor::local_pool::run_executor::{{closure}}::h017b51d6ed4d286e
[INFO] [stdout]                                at /opt/rustwide/cargo-home/registry/src/index.crates.io-6f17d22bba15001f/futures-executor-0.3.5/src/local_pool.rs:87:37
[INFO] [stdout]   23:     0x6258e63645cb - std::thread::local::LocalKey<T>::try_with::hc72c347ff33b4721
[INFO] [stdout]                                at /rustc/df4ca44d3fbc9301ee17f30f4d474e6ae4b05252/library/std/src/thread/local.rs:283:12
[INFO] [stdout]   24:     0x6258e63638e3 - std::thread::local::LocalKey<T>::with::hde7bca841a77e413
[INFO] [stdout]                                at /rustc/df4ca44d3fbc9301ee17f30f4d474e6ae4b05252/library/std/src/thread/local.rs:260:9
[INFO] [stdout]   25:     0x6258e633950b - futures_executor::local_pool::run_executor::h28949d1f7ce03557
[INFO] [stdout]                                at /opt/rustwide/cargo-home/registry/src/index.crates.io-6f17d22bba15001f/futures-executor-0.3.5/src/local_pool.rs:83:5
[INFO] [stdout]   26:     0x6258e633a9fc - futures_executor::local_pool::block_on::h9103dda8b3020b45
[INFO] [stdout]                                at /opt/rustwide/cargo-home/registry/src/index.crates.io-6f17d22bba15001f/futures-executor-0.3.5/src/local_pool.rs:317:5
[INFO] [stdout]   27:     0x6258e634ec87 - tensor_compute::tensors::gpu_tensor::gpu_ops::assign::tests::simple_assign::hf8cb5ca98149811c
[INFO] [stdout]                                at /opt/rustwide/workdir/src/tensors/gpu_tensor/gpu_ops/assign/tests.rs:18:5
[INFO] [stdout]   28:     0x6258e634ec57 - tensor_compute::tensors::gpu_tensor::gpu_ops::assign::tests::simple_assign::{{closure}}::he6d192e554b0836c
[INFO] [stdout]                                at /opt/rustwide/workdir/src/tensors/gpu_tensor/gpu_ops/assign/tests.rs:5:19
[INFO] [stdout]   29:     0x6258e6376546 - core::ops::function::FnOnce::call_once::h962a8c1d258d554c
[INFO] [stdout]                                at /rustc/df4ca44d3fbc9301ee17f30f4d474e6ae4b05252/library/core/src/ops/function.rs:250:5
[INFO] [stdout]   30:     0x6258e63b952b - core::ops::function::FnOnce::call_once::h22c3ba5715e93f05
[INFO] [stdout]                                at /rustc/df4ca44d3fbc9301ee17f30f4d474e6ae4b05252/library/core/src/ops/function.rs:250:5
[INFO] [stdout]   31:     0x6258e63b952b - test::__rust_begin_short_backtrace::h8e82d8113d0da17f
[INFO] [stdout]                                at /rustc/df4ca44d3fbc9301ee17f30f4d474e6ae4b05252/library/test/src/lib.rs:621:18
[INFO] [stdout]   32:     0x6258e63b8ea7 - test::run_test_in_process::{{closure}}::h33235f4f20b7b7c7
[INFO] [stdout]                                at /rustc/df4ca44d3fbc9301ee17f30f4d474e6ae4b05252/library/test/src/lib.rs:644:60
[INFO] [stdout]   33:     0x6258e63b8ea7 - <core::panic::unwind_safe::AssertUnwindSafe<F> as core::ops::function::FnOnce<()>>::call_once::hb5043206310c586f
[INFO] [stdout]                                at /rustc/df4ca44d3fbc9301ee17f30f4d474e6ae4b05252/library/core/src/panic/unwind_safe.rs:272:9
[INFO] [stdout]   34:     0x6258e63b8ea7 - std::panicking::try::do_call::h9ad4731a60ab23e2
[INFO] [stdout]                                at /rustc/df4ca44d3fbc9301ee17f30f4d474e6ae4b05252/library/std/src/panicking.rs:557:40
[INFO] [stdout]   35:     0x6258e63b8ea7 - std::panicking::try::h3824d23db772a716
[INFO] [stdout]                                at /rustc/df4ca44d3fbc9301ee17f30f4d474e6ae4b05252/library/std/src/panicking.rs:520:19
[INFO] [stdout]   36:     0x6258e63b8ea7 - std::panic::catch_unwind::h5afd514605fde46b
[INFO] [stdout]                                at /rustc/df4ca44d3fbc9301ee17f30f4d474e6ae4b05252/library/std/src/panic.rs:358:14
[INFO] [stdout]   37:     0x6258e63b8ea7 - test::run_test_in_process::h0d5cbfa7067d1720
[INFO] [stdout]                                at /rustc/df4ca44d3fbc9301ee17f30f4d474e6ae4b05252/library/test/src/lib.rs:644:27
[INFO] [stdout]   38:     0x6258e63b8ea7 - test::run_test::{{closure}}::h708eb8872708115d
[INFO] [stdout]                                at /rustc/df4ca44d3fbc9301ee17f30f4d474e6ae4b05252/library/test/src/lib.rs:565:43
[INFO] [stdout]   39:     0x6258e637c5c4 - test::run_test::{{closure}}::h392c51cee94713ab
[INFO] [stdout]                                at /rustc/df4ca44d3fbc9301ee17f30f4d474e6ae4b05252/library/test/src/lib.rs:595:41
[INFO] [stdout]   40:     0x6258e637c5c4 - std::sys::backtrace::__rust_begin_short_backtrace::h2f40290710935a8b
[INFO] [stdout]                                at /rustc/df4ca44d3fbc9301ee17f30f4d474e6ae4b05252/library/std/src/sys/backtrace.rs:154:18
[INFO] [stdout]   41:     0x6258e637fd6e - std::thread::Builder::spawn_unchecked_::{{closure}}::{{closure}}::h3fd968d89053a903
[INFO] [stdout]                                at /rustc/df4ca44d3fbc9301ee17f30f4d474e6ae4b05252/library/std/src/thread/mod.rs:541:17
[INFO] [stdout]   42:     0x6258e637fd6e - <core::panic::unwind_safe::AssertUnwindSafe<F> as core::ops::function::FnOnce<()>>::call_once::h743f637ba4229880
[INFO] [stdout]                                at /rustc/df4ca44d3fbc9301ee17f30f4d474e6ae4b05252/library/core/src/panic/unwind_safe.rs:272:9
[INFO] [stdout]   43:     0x6258e637fd6e - std::panicking::try::do_call::h07440897322525a6
[INFO] [stdout]                                at /rustc/df4ca44d3fbc9301ee17f30f4d474e6ae4b05252/library/std/src/panicking.rs:557:40
[INFO] [stdout]   44:     0x6258e637fd6e - std::panicking::try::he5a2e00188156637
[INFO] [stdout]                                at /rustc/df4ca44d3fbc9301ee17f30f4d474e6ae4b05252/library/std/src/panicking.rs:520:19
[INFO] [stdout]   45:     0x6258e637fd6e - std::panic::catch_unwind::hbaf3cae49b3c6433
[INFO] [stdout]                                at /rustc/df4ca44d3fbc9301ee17f30f4d474e6ae4b05252/library/std/src/panic.rs:358:14
[INFO] [stdout]   46:     0x6258e637fd6e - std::thread::Builder::spawn_unchecked_::{{closure}}::h8e141ea224820bce
[INFO] [stdout]                                at /rustc/df4ca44d3fbc9301ee17f30f4d474e6ae4b05252/library/std/src/thread/mod.rs:540:30
[INFO] [stdout]   47:     0x6258e637fd6e - core::ops::function::FnOnce::call_once{{vtable.shim}}::h90d312fedd7b8ea8
[INFO] [stdout]                                at /rustc/df4ca44d3fbc9301ee17f30f4d474e6ae4b05252/library/core/src/ops/function.rs:250:5
[INFO] [stdout]   48:     0x6258e677aa3b - <alloc::boxed::Box<F,A> as core::ops::function::FnOnce<Args>>::call_once::h69aa08ddb6adb8b6
[INFO] [stdout]                                at /rustc/df4ca44d3fbc9301ee17f30f4d474e6ae4b05252/library/alloc/src/boxed.rs:2454:9
[INFO] [stdout]   49:     0x6258e677aa3b - <alloc::boxed::Box<F,A> as core::ops::function::FnOnce<Args>>::call_once::h5aa36efdb79c806f
[INFO] [stdout]                                at /rustc/df4ca44d3fbc9301ee17f30f4d474e6ae4b05252/library/alloc/src/boxed.rs:2454:9
[INFO] [stdout]   50:     0x6258e677aa3b - std::sys::pal::unix::thread::Thread::new::thread_start::h6cd80a1b4be5158d
[INFO] [stdout]                                at /rustc/df4ca44d3fbc9301ee17f30f4d474e6ae4b05252/library/std/src/sys/pal/unix/thread.rs:105:17
[INFO] [stdout]   51:     0x77360a01eac3 - <unknown>
[INFO] [stdout]   52:     0x77360a0afa04 - clone
[INFO] [stdout]   53:                0x0 - <unknown>
[INFO] [stdout] 
[INFO] [stdout] ---- tensors::gpu_tensor::gpu_ops::make_contiguous::tests::can_create_contiguous_from_view stdout ----
[INFO] [stdout] thread 'tensors::gpu_tensor::gpu_ops::make_contiguous::tests::can_create_contiguous_from_view' panicked at src/tensors/gpu_tensor/gpu_ops/make_contiguous/tests.rs:9:9:
[INFO] [stdout] assertion `left == right` failed
[INFO] [stdout]   left: CpuTensor { data: [2.0, 3.0], shape: [2, 1, 1], strides: [1, 1, 1], offset: 0 }
[INFO] [stdout]  right: CpuTensor { data: [2.0, 3.0, 4.0, 5.0, 6.0, 7.0, 8.0, 9.0], shape: [2, 1, 1], strides: [4, 2, 1], offset: 1 }
[INFO] [stdout] stack backtrace:
[INFO] [stdout]    0:     0x6258e67750ba - std::backtrace_rs::backtrace::libunwind::trace::h207520d6e9873551
[INFO] [stdout]                                at /rustc/df4ca44d3fbc9301ee17f30f4d474e6ae4b05252/library/std/src/../../backtrace/src/backtrace/libunwind.rs:116:5
[INFO] [stdout]    1:     0x6258e67750ba - std::backtrace_rs::backtrace::trace_unsynchronized::h2ed7433f370e3eca
[INFO] [stdout]                                at /rustc/df4ca44d3fbc9301ee17f30f4d474e6ae4b05252/library/std/src/../../backtrace/src/backtrace/mod.rs:66:5
[INFO] [stdout]    2:     0x6258e67750ba - std::sys::backtrace::_print_fmt::h916fac51166b18d7
[INFO] [stdout]                                at /rustc/df4ca44d3fbc9301ee17f30f4d474e6ae4b05252/library/std/src/sys/backtrace.rs:66:9
[INFO] [stdout]    3:     0x6258e67750ba - <std::sys::backtrace::BacktraceLock::print::DisplayBacktrace as core::fmt::Display>::fmt::ha0a4c9b8ce3802e6
[INFO] [stdout]                                at /rustc/df4ca44d3fbc9301ee17f30f4d474e6ae4b05252/library/std/src/sys/backtrace.rs:39:26
[INFO] [stdout]    4:     0x6258e679dd33 - core::fmt::rt::Argument::fmt::h4cfc8587d52b3eb5
[INFO] [stdout]                                at /rustc/df4ca44d3fbc9301ee17f30f4d474e6ae4b05252/library/core/src/fmt/rt.rs:177:76
[INFO] [stdout]    5:     0x6258e679dd33 - core::fmt::write::h522cc39e5b36ae9f
[INFO] [stdout]                                at /rustc/df4ca44d3fbc9301ee17f30f4d474e6ae4b05252/library/core/src/fmt/mod.rs:1190:21
[INFO] [stdout]    6:     0x6258e6771cf3 - std::io::Write::write_fmt::h7d3c26752da97734
[INFO] [stdout]                                at /rustc/df4ca44d3fbc9301ee17f30f4d474e6ae4b05252/library/std/src/io/mod.rs:1839:15
[INFO] [stdout]    7:     0x6258e6774f02 - std::sys::backtrace::BacktraceLock::print::h4b9e00b29e9c0942
[INFO] [stdout]                                at /rustc/df4ca44d3fbc9301ee17f30f4d474e6ae4b05252/library/std/src/sys/backtrace.rs:42:9
[INFO] [stdout]    8:     0x6258e677654a - std::panicking::default_hook::{{closure}}::hb59b88280d0324d9
[INFO] [stdout]                                at /rustc/df4ca44d3fbc9301ee17f30f4d474e6ae4b05252/library/std/src/panicking.rs:268:22
[INFO] [stdout]    9:     0x6258e6776354 - std::panicking::default_hook::he1dd496665be4a29
[INFO] [stdout]                                at /rustc/df4ca44d3fbc9301ee17f30f4d474e6ae4b05252/library/std/src/panicking.rs:292:9
[INFO] [stdout]   10:     0x6258e63b4c59 - <alloc::boxed::Box<F,A> as core::ops::function::Fn<Args>>::call::h4ff71de18744e1dc
[INFO] [stdout]                                at /rustc/df4ca44d3fbc9301ee17f30f4d474e6ae4b05252/library/alloc/src/boxed.rs:2468:9
[INFO] [stdout]   11:     0x6258e63b4c59 - test::test_main::{{closure}}::hcf7c055ce117aa81
[INFO] [stdout]                                at /rustc/df4ca44d3fbc9301ee17f30f4d474e6ae4b05252/library/test/src/lib.rs:133:21
[INFO] [stdout]   12:     0x6258e6776c48 - <alloc::boxed::Box<F,A> as core::ops::function::Fn<Args>>::call::h1d66c6bbd60c9692
[INFO] [stdout]                                at /rustc/df4ca44d3fbc9301ee17f30f4d474e6ae4b05252/library/alloc/src/boxed.rs:2468:9
[INFO] [stdout]   13:     0x6258e6776c48 - std::panicking::rust_panic_with_hook::h2ff17fe8f26dfcf8
[INFO] [stdout]                                at /rustc/df4ca44d3fbc9301ee17f30f4d474e6ae4b05252/library/std/src/panicking.rs:809:13
[INFO] [stdout]   14:     0x6258e6776a0a - std::panicking::begin_panic_handler::{{closure}}::h4fad77951c07e101
[INFO] [stdout]                                at /rustc/df4ca44d3fbc9301ee17f30f4d474e6ae4b05252/library/std/src/panicking.rs:674:13
[INFO] [stdout]   15:     0x6258e6775599 - std::sys::backtrace::__rust_end_short_backtrace::hb1a25b3da5d0ea08
[INFO] [stdout]                                at /rustc/df4ca44d3fbc9301ee17f30f4d474e6ae4b05252/library/std/src/sys/backtrace.rs:170:18
[INFO] [stdout]   16:     0x6258e677669c - rust_begin_unwind
[INFO] [stdout]                                at /rustc/df4ca44d3fbc9301ee17f30f4d474e6ae4b05252/library/std/src/panicking.rs:665:5
[INFO] [stdout]   17:     0x6258e679b710 - core::panicking::panic_fmt::ha9db07b529f9b256
[INFO] [stdout]                                at /rustc/df4ca44d3fbc9301ee17f30f4d474e6ae4b05252/library/core/src/panicking.rs:75:14
[INFO] [stdout]   18:     0x6258e679bb14 - core::panicking::assert_failed_inner::h04f38944d74a80a8
[INFO] [stdout]   19:     0x6258e635d478 - core::panicking::assert_failed::h4734af816faff2c4
[INFO] [stdout]                                at /rustc/df4ca44d3fbc9301ee17f30f4d474e6ae4b05252/library/core/src/panicking.rs:377:5
[INFO] [stdout]   20:     0x6258e6360ff7 - tensor_compute::tensors::gpu_tensor::gpu_ops::make_contiguous::tests::can_create_contiguous_from_view::{{closure}}::h9f8d2aa59f763460
[INFO] [stdout]                                at /opt/rustwide/workdir/src/tensors/gpu_tensor/gpu_ops/make_contiguous/tests.rs:9:9
[INFO] [stdout]   21:     0x6258e633ad20 - futures_executor::local_pool::block_on::{{closure}}::h3b7b798bfdfc6f30
[INFO] [stdout]                                at /opt/rustwide/cargo-home/registry/src/index.crates.io-6f17d22bba15001f/futures-executor-0.3.5/src/local_pool.rs:317:23
[INFO] [stdout]   22:     0x6258e633a457 - futures_executor::local_pool::run_executor::{{closure}}::hee04b26f108d3d35
[INFO] [stdout]                                at /opt/rustwide/cargo-home/registry/src/index.crates.io-6f17d22bba15001f/futures-executor-0.3.5/src/local_pool.rs:87:37
[INFO] [stdout]   23:     0x6258e6363afb - std::thread::local::LocalKey<T>::try_with::h2767194e70f886fb
[INFO] [stdout]                                at /rustc/df4ca44d3fbc9301ee17f30f4d474e6ae4b05252/library/std/src/thread/local.rs:283:12
[INFO] [stdout]   24:     0x6258e6363743 - std::thread::local::LocalKey<T>::with::h461008d2d55a7c82
[INFO] [stdout]                                at /rustc/df4ca44d3fbc9301ee17f30f4d474e6ae4b05252/library/std/src/thread/local.rs:260:9
[INFO] [stdout]   25:     0x6258e63393ab - futures_executor::local_pool::run_executor::h062600d62597298f
[INFO] [stdout]                                at /opt/rustwide/cargo-home/registry/src/index.crates.io-6f17d22bba15001f/futures-executor-0.3.5/src/local_pool.rs:83:5
[INFO] [stdout]   26:     0x6258e633a7c4 - futures_executor::local_pool::block_on::h17d27d67e4e0e650
[INFO] [stdout]                                at /opt/rustwide/cargo-home/registry/src/index.crates.io-6f17d22bba15001f/futures-executor-0.3.5/src/local_pool.rs:317:5
[INFO] [stdout]   27:     0x6258e6360549 - tensor_compute::tensors::gpu_tensor::gpu_ops::make_contiguous::tests::can_create_contiguous_from_view::hf758db9a6e95212d
[INFO] [stdout]                                at /opt/rustwide/workdir/src/tensors/gpu_tensor/gpu_ops/make_contiguous/tests.rs:11:5
[INFO] [stdout]   28:     0x6258e6360517 - tensor_compute::tensors::gpu_tensor::gpu_ops::make_contiguous::tests::can_create_contiguous_from_view::{{closure}}::h5e868d04dedb064a
[INFO] [stdout]                                at /opt/rustwide/workdir/src/tensors/gpu_tensor/gpu_ops/make_contiguous/tests.rs:4:37
[INFO] [stdout]   29:     0x6258e6376a46 - core::ops::function::FnOnce::call_once::hf7d40f10b5d2bc18
[INFO] [stdout]                                at /rustc/df4ca44d3fbc9301ee17f30f4d474e6ae4b05252/library/core/src/ops/function.rs:250:5
[INFO] [stdout]   30:     0x6258e63b952b - core::ops::function::FnOnce::call_once::h22c3ba5715e93f05
[INFO] [stdout]                                at /rustc/df4ca44d3fbc9301ee17f30f4d474e6ae4b05252/library/core/src/ops/function.rs:250:5
[INFO] [stdout]   31:     0x6258e63b952b - test::__rust_begin_short_backtrace::h8e82d8113d0da17f
[INFO] [stdout]                                at /rustc/df4ca44d3fbc9301ee17f30f4d474e6ae4b05252/library/test/src/lib.rs:621:18
[INFO] [stdout]   32:     0x6258e63b8ea7 - test::run_test_in_process::{{closure}}::h33235f4f20b7b7c7
[INFO] [stdout]                                at /rustc/df4ca44d3fbc9301ee17f30f4d474e6ae4b05252/library/test/src/lib.rs:644:60
[INFO] [stdout]   33:     0x6258e63b8ea7 - <core::panic::unwind_safe::AssertUnwindSafe<F> as core::ops::function::FnOnce<()>>::call_once::hb5043206310c586f
[INFO] [stdout]                                at /rustc/df4ca44d3fbc9301ee17f30f4d474e6ae4b05252/library/core/src/panic/unwind_safe.rs:272:9
[INFO] [stdout]   34:     0x6258e63b8ea7 - std::panicking::try::do_call::h9ad4731a60ab23e2
[INFO] [stdout]                                at /rustc/df4ca44d3fbc9301ee17f30f4d474e6ae4b05252/library/std/src/panicking.rs:557:40
[INFO] [stdout]   35:     0x6258e63b8ea7 - std::panicking::try::h3824d23db772a716
[INFO] [stdout]                                at /rustc/df4ca44d3fbc9301ee17f30f4d474e6ae4b05252/library/std/src/panicking.rs:520:19
[INFO] [stdout]   36:     0x6258e63b8ea7 - std::panic::catch_unwind::h5afd514605fde46b
[INFO] [stdout]                                at /rustc/df4ca44d3fbc9301ee17f30f4d474e6ae4b05252/library/std/src/panic.rs:358:14
[INFO] [stdout]   37:     0x6258e63b8ea7 - test::run_test_in_process::h0d5cbfa7067d1720
[INFO] [stdout]                                at /rustc/df4ca44d3fbc9301ee17f30f4d474e6ae4b05252/library/test/src/lib.rs:644:27
[INFO] [stdout]   38:     0x6258e63b8ea7 - test::run_test::{{closure}}::h708eb8872708115d
[INFO] [stdout]                                at /rustc/df4ca44d3fbc9301ee17f30f4d474e6ae4b05252/library/test/src/lib.rs:565:43
[INFO] [stdout]   39:     0x6258e637c5c4 - test::run_test::{{closure}}::h392c51cee94713ab
[INFO] [stdout]                                at /rustc/df4ca44d3fbc9301ee17f30f4d474e6ae4b05252/library/test/src/lib.rs:595:41
[INFO] [stdout]   40:     0x6258e637c5c4 - std::sys::backtrace::__rust_begin_short_backtrace::h2f40290710935a8b
[INFO] [stdout]                                at /rustc/df4ca44d3fbc9301ee17f30f4d474e6ae4b05252/library/std/src/sys/backtrace.rs:154:18
[INFO] [stdout]   41:     0x6258e637fd6e - std::thread::Builder::spawn_unchecked_::{{closure}}::{{closure}}::h3fd968d89053a903
[INFO] [stdout]                                at /rustc/df4ca44d3fbc9301ee17f30f4d474e6ae4b05252/library/std/src/thread/mod.rs:541:17
[INFO] [stdout]   42:     0x6258e637fd6e - <core::panic::unwind_safe::AssertUnwindSafe<F> as core::ops::function::FnOnce<()>>::call_once::h743f637ba4229880
[INFO] [stdout]                                at /rustc/df4ca44d3fbc9301ee17f30f4d474e6ae4b05252/library/core/src/panic/unwind_safe.rs:272:9
[INFO] [stdout]   43:     0x6258e637fd6e - std::panicking::try::do_call::h07440897322525a6
[INFO] [stdout]                                at /rustc/df4ca44d3fbc9301ee17f30f4d474e6ae4b05252/library/std/src/panicking.rs:557:40
[INFO] [stdout]   44:     0x6258e637fd6e - std::panicking::try::he5a2e00188156637
[INFO] [stdout]                                at /rustc/df4ca44d3fbc9301ee17f30f4d474e6ae4b05252/library/std/src/panicking.rs:520:19
[INFO] [stdout]   45:     0x6258e637fd6e - std::panic::catch_unwind::hbaf3cae49b3c6433
[INFO] [stdout]                                at /rustc/df4ca44d3fbc9301ee17f30f4d474e6ae4b05252/library/std/src/panic.rs:358:14
[INFO] [stdout]   46:     0x6258e637fd6e - std::thread::Builder::spawn_unchecked_::{{closure}}::h8e141ea224820bce
[INFO] [stdout]                                at /rustc/df4ca44d3fbc9301ee17f30f4d474e6ae4b05252/library/std/src/thread/mod.rs:540:30
[INFO] [stdout]   47:     0x6258e637fd6e - core::ops::function::FnOnce::call_once{{vtable.shim}}::h90d312fedd7b8ea8
[INFO] [stdout]                                at /rustc/df4ca44d3fbc9301ee17f30f4d474e6ae4b05252/library/core/src/ops/function.rs:250:5
[INFO] [stdout]   48:     0x6258e677aa3b - <alloc::boxed::Box<F,A> as core::ops::function::FnOnce<Args>>::call_once::h69aa08ddb6adb8b6
[INFO] [stdout]                                at /rustc/df4ca44d3fbc9301ee17f30f4d474e6ae4b05252/library/alloc/src/boxed.rs:2454:9
[INFO] [stdout]   49:     0x6258e677aa3b - <alloc::boxed::Box<F,A> as core::ops::function::FnOnce<Args>>::call_once::h5aa36efdb79c806f
[INFO] [stdout]                                at /rustc/df4ca44d3fbc9301ee17f30f4d474e6ae4b05252/library/alloc/src/boxed.rs:2454:9
[INFO] [stdout]   50:     0x6258e677aa3b - std::sys::pal::unix::thread::Thread::new::thread_start::h6cd80a1b4be5158d
[INFO] [stdout]                                at /rustc/df4ca44d3fbc9301ee17f30f4d474e6ae4b05252/library/std/src/sys/pal/unix/thread.rs:105:17
[INFO] [stdout]   51:     0x77360a01eac3 - <unknown>
[INFO] [stdout]   52:     0x77360a0afa04 - clone
[INFO] [stdout]   53:                0x0 - <unknown>
[INFO] [stdout] 
[INFO] [stdout] ---- tensors::gpu_tensor::gpu_ops::transpose::tests::can_transpose stdout ----
[INFO] [stdout] thread 'tensors::gpu_tensor::gpu_ops::transpose::tests::can_transpose' panicked at src/tensors/gpu_tensor/gpu_ops/transpose/tests.rs:12:9:
[INFO] [stdout] assertion `left == right` failed
[INFO] [stdout]   left: [3.0, 6.0, 4.0, 5.0, 6.0, 7.0, 9.0, 12.0, 3e-45, 3e-45, 1e-45, 0.0]
[INFO] [stdout]  right: [1.0, 4.0, 2.0, 5.0, 3.0, 6.0, 7.0, 10.0, 8.0, 11.0, 9.0, 12.0]
[INFO] [stdout] stack backtrace:
[INFO] [stdout]    0:     0x6258e67750ba - std::backtrace_rs::backtrace::libunwind::trace::h207520d6e9873551
[INFO] [stdout]                                at /rustc/df4ca44d3fbc9301ee17f30f4d474e6ae4b05252/library/std/src/../../backtrace/src/backtrace/libunwind.rs:116:5
[INFO] [stdout]    1:     0x6258e67750ba - std::backtrace_rs::backtrace::trace_unsynchronized::h2ed7433f370e3eca
[INFO] [stdout]                                at /rustc/df4ca44d3fbc9301ee17f30f4d474e6ae4b05252/library/std/src/../../backtrace/src/backtrace/mod.rs:66:5
[INFO] [stdout]    2:     0x6258e67750ba - std::sys::backtrace::_print_fmt::h916fac51166b18d7
[INFO] [stdout]                                at /rustc/df4ca44d3fbc9301ee17f30f4d474e6ae4b05252/library/std/src/sys/backtrace.rs:66:9
[INFO] [stdout]    3:     0x6258e67750ba - <std::sys::backtrace::BacktraceLock::print::DisplayBacktrace as core::fmt::Display>::fmt::ha0a4c9b8ce3802e6
[INFO] [stdout]                                at /rustc/df4ca44d3fbc9301ee17f30f4d474e6ae4b05252/library/std/src/sys/backtrace.rs:39:26
[INFO] [stdout]    4:     0x6258e679dd33 - core::fmt::rt::Argument::fmt::h4cfc8587d52b3eb5
[INFO] [stdout]                                at /rustc/df4ca44d3fbc9301ee17f30f4d474e6ae4b05252/library/core/src/fmt/rt.rs:177:76
[INFO] [stdout]    5:     0x6258e679dd33 - core::fmt::write::h522cc39e5b36ae9f
[INFO] [stdout]                                at /rustc/df4ca44d3fbc9301ee17f30f4d474e6ae4b05252/library/core/src/fmt/mod.rs:1190:21
[INFO] [stdout]    6:     0x6258e6771cf3 - std::io::Write::write_fmt::h7d3c26752da97734
[INFO] [stdout]                                at /rustc/df4ca44d3fbc9301ee17f30f4d474e6ae4b05252/library/std/src/io/mod.rs:1839:15
[INFO] [stdout]    7:     0x6258e6774f02 - std::sys::backtrace::BacktraceLock::print::h4b9e00b29e9c0942
[INFO] [stdout]                                at /rustc/df4ca44d3fbc9301ee17f30f4d474e6ae4b05252/library/std/src/sys/backtrace.rs:42:9
[INFO] [stdout]    8:     0x6258e677654a - std::panicking::default_hook::{{closure}}::hb59b88280d0324d9
[INFO] [stdout]                                at /rustc/df4ca44d3fbc9301ee17f30f4d474e6ae4b05252/library/std/src/panicking.rs:268:22
[INFO] [stdout]    9:     0x6258e6776354 - std::panicking::default_hook::he1dd496665be4a29
[INFO] [stdout]                                at /rustc/df4ca44d3fbc9301ee17f30f4d474e6ae4b05252/library/std/src/panicking.rs:292:9
[INFO] [stdout]   10:     0x6258e63b4c59 - <alloc::boxed::Box<F,A> as core::ops::function::Fn<Args>>::call::h4ff71de18744e1dc
[INFO] [stdout]                                at /rustc/df4ca44d3fbc9301ee17f30f4d474e6ae4b05252/library/alloc/src/boxed.rs:2468:9
[INFO] [stdout]   11:     0x6258e63b4c59 - test::test_main::{{closure}}::hcf7c055ce117aa81
[INFO] [stdout]                                at /rustc/df4ca44d3fbc9301ee17f30f4d474e6ae4b05252/library/test/src/lib.rs:133:21
[INFO] [stdout]   12:     0x6258e6776c48 - <alloc::boxed::Box<F,A> as core::ops::function::Fn<Args>>::call::h1d66c6bbd60c9692
[INFO] [stdout]                                at /rustc/df4ca44d3fbc9301ee17f30f4d474e6ae4b05252/library/alloc/src/boxed.rs:2468:9
[INFO] [stdout]   13:     0x6258e6776c48 - std::panicking::rust_panic_with_hook::h2ff17fe8f26dfcf8
[INFO] [stdout]                                at /rustc/df4ca44d3fbc9301ee17f30f4d474e6ae4b05252/library/std/src/panicking.rs:809:13
[INFO] [stdout]   14:     0x6258e6776a0a - std::panicking::begin_panic_handler::{{closure}}::h4fad77951c07e101
[INFO] [stdout]                                at /rustc/df4ca44d3fbc9301ee17f30f4d474e6ae4b05252/library/std/src/panicking.rs:674:13
[INFO] [stdout]   15:     0x6258e6775599 - std::sys::backtrace::__rust_end_short_backtrace::hb1a25b3da5d0ea08
[INFO] [stdout]                                at /rustc/df4ca44d3fbc9301ee17f30f4d474e6ae4b05252/library/std/src/sys/backtrace.rs:170:18
[INFO] [stdout]   16:     0x6258e677669c - rust_begin_unwind
[INFO] [stdout]                                at /rustc/df4ca44d3fbc9301ee17f30f4d474e6ae4b05252/library/std/src/panicking.rs:665:5
[INFO] [stdout]   17:     0x6258e679b710 - core::panicking::panic_fmt::ha9db07b529f9b256
[INFO] [stdout]                                at /rustc/df4ca44d3fbc9301ee17f30f4d474e6ae4b05252/library/core/src/panicking.rs:75:14
[INFO] [stdout]   18:     0x6258e679bb14 - core::panicking::assert_failed_inner::h04f38944d74a80a8
[INFO] [stdout]   19:     0x6258e635d604 - core::panicking::assert_failed::h7eea9b6d406ed06b
[INFO] [stdout]                                at /rustc/df4ca44d3fbc9301ee17f30f4d474e6ae4b05252/library/core/src/panicking.rs:377:5
[INFO] [stdout]   20:     0x6258e636181f - tensor_compute::tensors::gpu_tensor::gpu_ops::transpose::tests::can_transpose::{{closure}}::h0c7334a46e8d8f81
[INFO] [stdout]                                at /opt/rustwide/workdir/src/tensors/gpu_tensor/gpu_ops/transpose/tests.rs:12:9
[INFO] [stdout]   21:     0x6258e633af30 - futures_executor::local_pool::block_on::{{closure}}::hdfbca864217a39cc
[INFO] [stdout]                                at /opt/rustwide/cargo-home/registry/src/index.crates.io-6f17d22bba15001f/futures-executor-0.3.5/src/local_pool.rs:317:23
[INFO] [stdout]   22:     0x6258e6339f27 - futures_executor::local_pool::run_executor::{{closure}}::h4098bde90f7e4026
[INFO] [stdout]                                at /opt/rustwide/cargo-home/registry/src/index.crates.io-6f17d22bba15001f/futures-executor-0.3.5/src/local_pool.rs:87:37
[INFO] [stdout]   23:     0x6258e6364b1b - std::thread::local::LocalKey<T>::try_with::hf45e62accd75b3b1
[INFO] [stdout]                                at /rustc/df4ca44d3fbc9301ee17f30f4d474e6ae4b05252/library/std/src/thread/local.rs:283:12
[INFO] [stdout]   24:     0x6258e63635c3 - std::thread::local::LocalKey<T>::with::h068923465bfbac65
[INFO] [stdout]                                at /rustc/df4ca44d3fbc9301ee17f30f4d474e6ae4b05252/library/std/src/thread/local.rs:260:9
[INFO] [stdout]   25:     0x6258e633987b - futures_executor::local_pool::run_executor::haec28c6164b41ade
[INFO] [stdout]                                at /opt/rustwide/cargo-home/registry/src/index.crates.io-6f17d22bba15001f/futures-executor-0.3.5/src/local_pool.rs:83:5
[INFO] [stdout]   26:     0x6258e633a8dc - futures_executor::local_pool::block_on::h591e9e8c427da8a4
[INFO] [stdout]                                at /opt/rustwide/cargo-home/registry/src/index.crates.io-6f17d22bba15001f/futures-executor-0.3.5/src/local_pool.rs:317:5
[INFO] [stdout]   27:     0x6258e63610e7 - tensor_compute::tensors::gpu_tensor::gpu_ops::transpose::tests::can_transpose::h81df5b4e0cabc27c
[INFO] [stdout]                                at /opt/rustwide/workdir/src/tensors/gpu_tensor/gpu_ops/transpose/tests.rs:21:5
[INFO] [stdout]   28:     0x6258e63610b7 - tensor_compute::tensors::gpu_tensor::gpu_ops::transpose::tests::can_transpose::{{closure}}::hf03fc61de0d27dbb
[INFO] [stdout]                                at /opt/rustwide/workdir/src/tensors/gpu_tensor/gpu_ops/transpose/tests.rs:5:23
[INFO] [stdout]   29:     0x6258e6376626 - core::ops::function::FnOnce::call_once::hb85ec7c1d9057b47
[INFO] [stdout]                                at /rustc/df4ca44d3fbc9301ee17f30f4d474e6ae4b05252/library/core/src/ops/function.rs:250:5
[INFO] [stdout]   30:     0x6258e63b952b - core::ops::function::FnOnce::call_once::h22c3ba5715e93f05
[INFO] [stdout]                                at /rustc/df4ca44d3fbc9301ee17f30f4d474e6ae4b05252/library/core/src/ops/function.rs:250:5
[INFO] [stdout]   31:     0x6258e63b952b - test::__rust_begin_short_backtrace::h8e82d8113d0da17f
[INFO] [stdout]                                at /rustc/df4ca44d3fbc9301ee17f30f4d474e6ae4b05252/library/test/src/lib.rs:621:18
[INFO] [stdout]   32:     0x6258e63b8ea7 - test::run_test_in_process::{{closure}}::h33235f4f20b7b7c7
[INFO] [stdout]                                at /rustc/df4ca44d3fbc9301ee17f30f4d474e6ae4b05252/library/test/src/lib.rs:644:60
[INFO] [stdout]   33:     0x6258e63b8ea7 - <core::panic::unwind_safe::AssertUnwindSafe<F> as core::ops::function::FnOnce<()>>::call_once::hb5043206310c586f
[INFO] [stdout]                                at /rustc/df4ca44d3fbc9301ee17f30f4d474e6ae4b05252/library/core/src/panic/unwind_safe.rs:272:9
[INFO] [stdout]   34:     0x6258e63b8ea7 - std::panicking::try::do_call::h9ad4731a60ab23e2
[INFO] [stdout]                                at /rustc/df4ca44d3fbc9301ee17f30f4d474e6ae4b05252/library/std/src/panicking.rs:557:40
[INFO] [stdout]   35:     0x6258e63b8ea7 - std::panicking::try::h3824d23db772a716
[INFO] [stdout]                                at /rustc/df4ca44d3fbc9301ee17f30f4d474e6ae4b05252/library/std/src/panicking.rs:520:19
[INFO] [stdout]   36:     0x6258e63b8ea7 - std::panic::catch_unwind::h5afd514605fde46b
[INFO] [stdout]                                at /rustc/df4ca44d3fbc9301ee17f30f4d474e6ae4b05252/library/std/src/panic.rs:358:14
[INFO] [stdout]   37:     0x6258e63b8ea7 - test::run_test_in_process::h0d5cbfa7067d1720
[INFO] [stdout]                                at /rustc/df4ca44d3fbc9301ee17f30f4d474e6ae4b05252/library/test/src/lib.rs:644:27
[INFO] [stdout]   38:     0x6258e63b8ea7 - test::run_test::{{closure}}::h708eb8872708115d
[INFO] [stdout]                                at /rustc/df4ca44d3fbc9301ee17f30f4d474e6ae4b05252/library/test/src/lib.rs:565:43
[INFO] [stdout]   39:     0x6258e637c5c4 - test::run_test::{{closure}}::h392c51cee94713ab
[INFO] [stdout]                                at /rustc/df4ca44d3fbc9301ee17f30f4d474e6ae4b05252/library/test/src/lib.rs:595:41
[INFO] [stdout]   40:     0x6258e637c5c4 - std::sys::backtrace::__rust_begin_short_backtrace::h2f40290710935a8b
[INFO] [stdout]                                at /rustc/df4ca44d3fbc9301ee17f30f4d474e6ae4b05252/library/std/src/sys/backtrace.rs:154:18
[INFO] [stdout]   41:     0x6258e637fd6e - std::thread::Builder::spawn_unchecked_::{{closure}}::{{closure}}::h3fd968d89053a903
[INFO] [stdout]                                at /rustc/df4ca44d3fbc9301ee17f30f4d474e6ae4b05252/library/std/src/thread/mod.rs:541:17
[INFO] [stdout]   42:     0x6258e637fd6e - <core::panic::unwind_safe::AssertUnwindSafe<F> as core::ops::function::FnOnce<()>>::call_once::h743f637ba4229880
[INFO] [stdout]                                at /rustc/df4ca44d3fbc9301ee17f30f4d474e6ae4b05252/library/core/src/panic/unwind_safe.rs:272:9
[INFO] [stdout]   43:     0x6258e637fd6e - std::panicking::try::do_call::h07440897322525a6
[INFO] [stdout]                                at /rustc/df4ca44d3fbc9301ee17f30f4d474e6ae4b05252/library/std/src/panicking.rs:557:40
[INFO] [stdout]   44:     0x6258e637fd6e - std::panicking::try::he5a2e00188156637
[INFO] [stdout]                                at /rustc/df4ca44d3fbc9301ee17f30f4d474e6ae4b05252/library/std/src/panicking.rs:520:19
[INFO] [stdout]   45:     0x6258e637fd6e - std::panic::catch_unwind::hbaf3cae49b3c6433
[INFO] [stdout]                                at /rustc/df4ca44d3fbc9301ee17f30f4d474e6ae4b05252/library/std/src/panic.rs:358:14
[INFO] [stdout]   46:     0x6258e637fd6e - std::thread::Builder::spawn_unchecked_::{{closure}}::h8e141ea224820bce
[INFO] [stdout]                                at /rustc/df4ca44d3fbc9301ee17f30f4d474e6ae4b05252/library/std/src/thread/mod.rs:540:30
[INFO] [stdout]   47:     0x6258e637fd6e - core::ops::function::FnOnce::call_once{{vtable.shim}}::h90d312fedd7b8ea8
[INFO] [stdout]                                at /rustc/df4ca44d3fbc9301ee17f30f4d474e6ae4b05252/library/core/src/ops/function.rs:250:5
[INFO] [stdout]   48:     0x6258e677aa3b - <alloc::boxed::Box<F,A> as core::ops::function::FnOnce<Args>>::call_once::h69aa08ddb6adb8b6
[INFO] [stdout]                                at /rustc/df4ca44d3fbc9301ee17f30f4d474e6ae4b05252/library/alloc/src/boxed.rs:2454:9
[INFO] [stdout]   49:     0x6258e677aa3b - <alloc::boxed::Box<F,A> as core::ops::function::FnOnce<Args>>::call_once::h5aa36efdb79c806f
[INFO] [stdout]                                at /rustc/df4ca44d3fbc9301ee17f30f4d474e6ae4b05252/library/alloc/src/boxed.rs:2454:9
[INFO] [stdout]   50:     0x6258e677aa3b - std::sys::pal::unix::thread::Thread::new::thread_start::h6cd80a1b4be5158d
[INFO] [stdout]                                at /rustc/df4ca44d3fbc9301ee17f30f4d474e6ae4b05252/library/std/src/sys/pal/unix/thread.rs:105:17
[INFO] [stdout]   51:     0x77360a01eac3 - <unknown>
[INFO] [stdout]   52:     0x77360a0afa04 - clone
[INFO] [stdout]   53:                0x0 - <unknown>
[INFO] [stdout] 
[INFO] [stdout] 
[INFO] [stdout] failures:
[INFO] [stdout]     tensors::gpu_tensor::gpu_ops::assign::tests::simple_assign
[INFO] [stdout]     tensors::gpu_tensor::gpu_ops::make_contiguous::tests::can_create_contiguous_from_view
[INFO] [stdout]     tensors::gpu_tensor::gpu_ops::transpose::tests::can_transpose
[INFO] [stdout] 
[INFO] [stdout] test result: FAILED. 21 passed; 3 failed; 0 ignored; 0 measured; 0 filtered out; finished in 0.69s
[INFO] [stdout] 
[INFO] [stderr] error: test failed, to rerun pass `--lib`
[INFO] running `Command { std: "docker" "inspect" "0a741482daf07b36c93694383f29a1fa9ce2af9b8482eff0c6c249d6c4c4c339", kill_on_drop: false }`
[INFO] running `Command { std: "docker" "rm" "-f" "0a741482daf07b36c93694383f29a1fa9ce2af9b8482eff0c6c249d6c4c4c339", kill_on_drop: false }`
[INFO] [stdout] 0a741482daf07b36c93694383f29a1fa9ce2af9b8482eff0c6c249d6c4c4c339
