[INFO] fetching crate tenorite 0.1.2...
[INFO] testing tenorite-0.1.2 against nightly-2024-10-28 for randomize-layout
[INFO] extracting crate tenorite 0.1.2 into /workspace/builds/worker-5-tc1/source
[INFO] validating manifest of crates.io crate tenorite 0.1.2 on toolchain nightly-2024-10-28
[INFO] running `Command { std: CARGO_HOME="/workspace/cargo-home" RUSTUP_HOME="/workspace/rustup-home" "/workspace/cargo-home/bin/cargo" "+nightly-2024-10-28" "metadata" "--manifest-path" "Cargo.toml" "--no-deps", kill_on_drop: false }`
[INFO] started tweaking crates.io crate tenorite 0.1.2
[INFO] finished tweaking crates.io crate tenorite 0.1.2
[INFO] tweaked toml for crates.io crate tenorite 0.1.2 written to /workspace/builds/worker-5-tc1/source/Cargo.toml
[INFO] running `Command { std: CARGO_HOME="/workspace/cargo-home" RUSTUP_HOME="/workspace/rustup-home" "/workspace/cargo-home/bin/cargo" "+nightly-2024-10-28" "generate-lockfile" "--manifest-path" "Cargo.toml", kill_on_drop: false }`
[INFO] [stderr]     Updating crates.io index
[INFO] [stderr]      Locking 28 packages to latest compatible versions
[INFO] running `Command { std: CARGO_HOME="/workspace/cargo-home" RUSTUP_HOME="/workspace/rustup-home" "/workspace/cargo-home/bin/cargo" "+nightly-2024-10-28" "fetch" "--manifest-path" "Cargo.toml", kill_on_drop: false }`
[INFO] running `Command { std: "docker" "create" "-v" "/var/lib/crater-agent-workspace/builds/worker-5-tc1/target:/opt/rustwide/target:rw,Z" "-v" "/var/lib/crater-agent-workspace/builds/worker-5-tc1/source:/opt/rustwide/workdir:ro,Z" "-v" "/var/lib/crater-agent-workspace/cargo-home:/opt/rustwide/cargo-home:ro,Z" "-v" "/var/lib/crater-agent-workspace/rustup-home:/opt/rustwide/rustup-home:ro,Z" "-e" "SOURCE_DIR=/opt/rustwide/workdir" "-e" "CARGO_TARGET_DIR=/opt/rustwide/target" "-e" "CARGO_HOME=/opt/rustwide/cargo-home" "-e" "RUSTUP_HOME=/opt/rustwide/rustup-home" "-w" "/opt/rustwide/workdir" "-m" "1610612736" "--user" "0:0" "--network" "none" "ghcr.io/rust-lang/crates-build-env/linux@sha256:4a844ea9eb2546a2d2c7022eacef16ef2e8229c7fbb2c7d4d55a9ceca922f72d" "/opt/rustwide/cargo-home/bin/cargo" "+nightly-2024-10-28" "metadata" "--no-deps" "--format-version=1", kill_on_drop: false }`
[INFO] [stdout] 39fda76c986dc64a038a5cf583144cd8ad5064dc5261a2fd4f2859f29224da0c
[INFO] running `Command { std: "docker" "start" "-a" "39fda76c986dc64a038a5cf583144cd8ad5064dc5261a2fd4f2859f29224da0c", kill_on_drop: false }`
[INFO] running `Command { std: "docker" "inspect" "39fda76c986dc64a038a5cf583144cd8ad5064dc5261a2fd4f2859f29224da0c", kill_on_drop: false }`
[INFO] running `Command { std: "docker" "rm" "-f" "39fda76c986dc64a038a5cf583144cd8ad5064dc5261a2fd4f2859f29224da0c", kill_on_drop: false }`
[INFO] [stdout] 39fda76c986dc64a038a5cf583144cd8ad5064dc5261a2fd4f2859f29224da0c
[INFO] running `Command { std: "docker" "create" "-v" "/var/lib/crater-agent-workspace/builds/worker-5-tc1/target:/opt/rustwide/target:rw,Z" "-v" "/var/lib/crater-agent-workspace/builds/worker-5-tc1/source:/opt/rustwide/workdir:ro,Z" "-v" "/var/lib/crater-agent-workspace/cargo-home:/opt/rustwide/cargo-home:ro,Z" "-v" "/var/lib/crater-agent-workspace/rustup-home:/opt/rustwide/rustup-home:ro,Z" "-e" "SOURCE_DIR=/opt/rustwide/workdir" "-e" "CARGO_TARGET_DIR=/opt/rustwide/target" "-e" "CARGO_INCREMENTAL=0" "-e" "RUST_BACKTRACE=full" "-e" "RUSTFLAGS=--cap-lints=forbid" "-e" "RUSTDOCFLAGS=--cap-lints=forbid" "-e" "CARGO_HOME=/opt/rustwide/cargo-home" "-e" "RUSTUP_HOME=/opt/rustwide/rustup-home" "-w" "/opt/rustwide/workdir" "-m" "1610612736" "--user" "0:0" "--network" "none" "ghcr.io/rust-lang/crates-build-env/linux@sha256:4a844ea9eb2546a2d2c7022eacef16ef2e8229c7fbb2c7d4d55a9ceca922f72d" "/opt/rustwide/cargo-home/bin/cargo" "+nightly-2024-10-28" "build" "--frozen" "--message-format=json", kill_on_drop: false }`
[INFO] [stdout] 7d57a5d17e9b6d86da789d9eb0a783637592875444bd6cf59fef1f76dbe54b84
[INFO] running `Command { std: "docker" "start" "-a" "7d57a5d17e9b6d86da789d9eb0a783637592875444bd6cf59fef1f76dbe54b84", kill_on_drop: false }`
[INFO] [stderr]    Compiling proc-macro2 v1.0.89
[INFO] [stderr]    Compiling tokio v1.41.0
[INFO] [stderr]    Compiling quote v1.0.37
[INFO] [stderr]    Compiling syn v2.0.86
[INFO] [stderr]    Compiling thiserror-impl v1.0.66
[INFO] [stderr]    Compiling async-trait v0.1.83
[INFO] [stderr]    Compiling thiserror v1.0.66
[INFO] [stderr]    Compiling tenorite v0.1.2 (/opt/rustwide/workdir)
[INFO] [stderr]     Finished `dev` profile [unoptimized + debuginfo] target(s) in 4.23s
[INFO] running `Command { std: "docker" "inspect" "7d57a5d17e9b6d86da789d9eb0a783637592875444bd6cf59fef1f76dbe54b84", kill_on_drop: false }`
[INFO] running `Command { std: "docker" "rm" "-f" "7d57a5d17e9b6d86da789d9eb0a783637592875444bd6cf59fef1f76dbe54b84", kill_on_drop: false }`
[INFO] [stdout] 7d57a5d17e9b6d86da789d9eb0a783637592875444bd6cf59fef1f76dbe54b84
[INFO] running `Command { std: "docker" "create" "-v" "/var/lib/crater-agent-workspace/builds/worker-5-tc1/target:/opt/rustwide/target:rw,Z" "-v" "/var/lib/crater-agent-workspace/builds/worker-5-tc1/source:/opt/rustwide/workdir:ro,Z" "-v" "/var/lib/crater-agent-workspace/cargo-home:/opt/rustwide/cargo-home:ro,Z" "-v" "/var/lib/crater-agent-workspace/rustup-home:/opt/rustwide/rustup-home:ro,Z" "-e" "SOURCE_DIR=/opt/rustwide/workdir" "-e" "CARGO_TARGET_DIR=/opt/rustwide/target" "-e" "CARGO_INCREMENTAL=0" "-e" "RUST_BACKTRACE=full" "-e" "RUSTFLAGS=--cap-lints=forbid" "-e" "RUSTDOCFLAGS=--cap-lints=forbid" "-e" "CARGO_HOME=/opt/rustwide/cargo-home" "-e" "RUSTUP_HOME=/opt/rustwide/rustup-home" "-w" "/opt/rustwide/workdir" "-m" "1610612736" "--user" "0:0" "--network" "none" "ghcr.io/rust-lang/crates-build-env/linux@sha256:4a844ea9eb2546a2d2c7022eacef16ef2e8229c7fbb2c7d4d55a9ceca922f72d" "/opt/rustwide/cargo-home/bin/cargo" "+nightly-2024-10-28" "test" "--frozen" "--no-run" "--message-format=json", kill_on_drop: false }`
[INFO] [stdout] a46258c55509b41aa6971b4d8030113b81a0ab0a2cedfb1400941a93c051a95c
[INFO] running `Command { std: "docker" "start" "-a" "a46258c55509b41aa6971b4d8030113b81a0ab0a2cedfb1400941a93c051a95c", kill_on_drop: false }`
[INFO] [stderr]    Compiling tenorite v0.1.2 (/opt/rustwide/workdir)
[INFO] [stderr]     Finished `test` profile [unoptimized + debuginfo] target(s) in 0.15s
[INFO] running `Command { std: "docker" "inspect" "a46258c55509b41aa6971b4d8030113b81a0ab0a2cedfb1400941a93c051a95c", kill_on_drop: false }`
[INFO] running `Command { std: "docker" "rm" "-f" "a46258c55509b41aa6971b4d8030113b81a0ab0a2cedfb1400941a93c051a95c", kill_on_drop: false }`
[INFO] [stdout] a46258c55509b41aa6971b4d8030113b81a0ab0a2cedfb1400941a93c051a95c
[INFO] running `Command { std: "docker" "create" "-v" "/var/lib/crater-agent-workspace/builds/worker-5-tc1/target:/opt/rustwide/target:rw,Z" "-v" "/var/lib/crater-agent-workspace/builds/worker-5-tc1/source:/opt/rustwide/workdir:ro,Z" "-v" "/var/lib/crater-agent-workspace/cargo-home:/opt/rustwide/cargo-home:ro,Z" "-v" "/var/lib/crater-agent-workspace/rustup-home:/opt/rustwide/rustup-home:ro,Z" "-e" "SOURCE_DIR=/opt/rustwide/workdir" "-e" "CARGO_TARGET_DIR=/opt/rustwide/target" "-e" "CARGO_INCREMENTAL=0" "-e" "RUST_BACKTRACE=full" "-e" "RUSTFLAGS=--cap-lints=forbid" "-e" "RUSTDOCFLAGS=--cap-lints=forbid" "-e" "CARGO_HOME=/opt/rustwide/cargo-home" "-e" "RUSTUP_HOME=/opt/rustwide/rustup-home" "-w" "/opt/rustwide/workdir" "-m" "1610612736" "--user" "0:0" "--network" "none" "ghcr.io/rust-lang/crates-build-env/linux@sha256:4a844ea9eb2546a2d2c7022eacef16ef2e8229c7fbb2c7d4d55a9ceca922f72d" "/opt/rustwide/cargo-home/bin/cargo" "+nightly-2024-10-28" "test" "--frozen", kill_on_drop: false }`
[INFO] [stdout] fd544d1214bb44ba4b2bd153d3dc63e319cbbc44e25a1f5962a4755e274381e5
[INFO] running `Command { std: "docker" "start" "-a" "fd544d1214bb44ba4b2bd153d3dc63e319cbbc44e25a1f5962a4755e274381e5", kill_on_drop: false }`
[INFO] [stderr]     Finished `test` profile [unoptimized + debuginfo] target(s) in 0.01s
[INFO] [stderr]      Running unittests src/lib.rs (/opt/rustwide/target/debug/deps/tenorite-086175c5d4e143e8)
[INFO] [stdout] 
[INFO] [stdout] running 0 tests
[INFO] [stdout] 
[INFO] [stdout] test result: ok. 0 passed; 0 failed; 0 ignored; 0 measured; 0 filtered out; finished in 0.00s
[INFO] [stdout] 
[INFO] [stderr]    Doc-tests tenorite
[INFO] [stdout] 
[INFO] [stdout] running 7 tests
[INFO] [stdout] test src/../README.md - (line 20) ... FAILED
[INFO] [stdout] test src/../README.md - (line 167) ... FAILED
[INFO] [stdout] test src/../README.md - (line 157) ... FAILED
[INFO] [stdout] test src/../README.md - (line 122) ... FAILED
[INFO] [stdout] test src/../README.md - (line 143) ... FAILED
[INFO] [stdout] test src/../README.md - (line 71) ... FAILED
[INFO] [stdout] test src/../README.md - (line 38) ... ok
[INFO] [stdout] 
[INFO] [stdout] failures:
[INFO] [stdout] 
[INFO] [stdout] ---- src/../README.md - (line 20) stdout ----
[INFO] [stdout] error[E0425]: cannot find value `Service` in this scope
[INFO] [stdout]  --> src/../README.md:21:1
[INFO] [stdout]   |
[INFO] [stdout] 3 | Service
[INFO] [stdout]   | ^^^^^^^ not found in this scope
[INFO] [stdout] 
[INFO] [stdout] error[E0425]: cannot find value `Request` in this scope
[INFO] [stdout]  --> src/../README.md:22:5
[INFO] [stdout]   |
[INFO] [stdout] 4 |   - Request
[INFO] [stdout]   |     ^^^^^^^ not found in this scope
[INFO] [stdout] 
[INFO] [stdout] error[E0425]: cannot find value `Response` in this scope
[INFO] [stdout]  --> src/../README.md:23:5
[INFO] [stdout]   |
[INFO] [stdout] 5 |   - Response
[INFO] [stdout]   |     ^^^^^^^^ not found in this scope
[INFO] [stdout] 
[INFO] [stdout] error[E0425]: cannot find value `Error` in this scope
[INFO] [stdout]  --> src/../README.md:24:5
[INFO] [stdout]   |
[INFO] [stdout] 6 |   - Error
[INFO] [stdout]   |     ^^^^^ not found in this scope
[INFO] [stdout]   |
[INFO] [stdout] help: consider importing this unit struct
[INFO] [stdout]   |
[INFO] [stdout] 2 + use std::fmt::Error;
[INFO] [stdout]   |
[INFO] [stdout] 
[INFO] [stdout] error[E0425]: cannot find value `Worker` in this scope
[INFO] [stdout]  --> src/../README.md:25:5
[INFO] [stdout]   |
[INFO] [stdout] 7 |   - Worker
[INFO] [stdout]   |     ^^^^^^ not found in this scope
[INFO] [stdout] 
[INFO] [stdout] error[E0425]: cannot find value `Config` in this scope
[INFO] [stdout]  --> src/../README.md:26:5
[INFO] [stdout]   |
[INFO] [stdout] 8 |   - Config
[INFO] [stdout]   |     ^^^^^^ not found in this scope
[INFO] [stdout] 
[INFO] [stdout] error: aborting due to 6 previous errors
[INFO] [stdout] 
[INFO] [stdout] For more information about this error, try `rustc --explain E0425`.
[INFO] [stdout] Couldn't compile the test.
[INFO] [stdout] ---- src/../README.md - (line 167) stdout ----
[INFO] [stdout] error[E0425]: cannot find value `task` in this scope
[INFO] [stdout]  --> src/../README.md:168:1
[INFO] [stdout]   |
[INFO] [stdout] 3 | task.await;
[INFO] [stdout]   | ^^^^ not found in this scope
[INFO] [stdout] 
[INFO] [stdout] error[E0728]: `await` is only allowed inside `async` functions and blocks
[INFO] [stdout]  --> src/../README.md:168:6
[INFO] [stdout]   |
[INFO] [stdout] 2 | fn main() { #[allow(non_snake_case)] fn _doctest_main_src____README_md_167_0() {
[INFO] [stdout]   |                                      ----------------------------------------- this is not `async`
[INFO] [stdout] 3 | task.await;
[INFO] [stdout]   |      ^^^^^ only allowed inside `async` functions and blocks
[INFO] [stdout] 
[INFO] [stdout] error: aborting due to 2 previous errors
[INFO] [stdout] 
[INFO] [stdout] Some errors have detailed explanations: E0425, E0728.
[INFO] [stdout] For more information about an error, try `rustc --explain E0425`.
[INFO] [stdout] Couldn't compile the test.
[INFO] [stdout] ---- src/../README.md - (line 157) stdout ----
[INFO] [stdout] error[E0425]: cannot find value `caller` in this scope
[INFO] [stdout]  --> src/../README.md:161:16
[INFO] [stdout]   |
[INFO] [stdout] 6 | let response = caller.send_request(request).await;
[INFO] [stdout]   |                ^^^^^^ not found in this scope
[INFO] [stdout] 
[INFO] [stdout] error[E0728]: `await` is only allowed inside `async` functions and blocks
[INFO] [stdout]  --> src/../README.md:161:45
[INFO] [stdout]   |
[INFO] [stdout] 2 | fn main() { #[allow(non_snake_case)] fn _doctest_main_src____README_md_157_0() {
[INFO] [stdout]   |                                      ----------------------------------------- this is not `async`
[INFO] [stdout] ...
[INFO] [stdout] 6 | let response = caller.send_request(request).await;
[INFO] [stdout]   |                                             ^^^^^ only allowed inside `async` functions and blocks
[INFO] [stdout] 
[INFO] [stdout] error[E0433]: failed to resolve: use of undeclared type `ExampleRequest`
[INFO] [stdout]  --> src/../README.md:160:15
[INFO] [stdout]   |
[INFO] [stdout] 5 | let request = ExampleRequest::Set { key, value };
[INFO] [stdout]   |               ^^^^^^^^^^^^^^ use of undeclared type `ExampleRequest`
[INFO] [stdout] 
[INFO] [stdout] error: aborting due to 3 previous errors
[INFO] [stdout] 
[INFO] [stdout] Some errors have detailed explanations: E0425, E0433, E0728.
[INFO] [stdout] For more information about an error, try `rustc --explain E0425`.
[INFO] [stdout] Couldn't compile the test.
[INFO] [stdout] ---- src/../README.md - (line 122) stdout ----
[INFO] [stdout] error[E0405]: cannot find trait `TenoriteService` in this scope
[INFO] [stdout]  --> src/../README.md:125:6
[INFO] [stdout]   |
[INFO] [stdout] 5 | impl TenoriteService<ExampleRequest, ExampleResponse, ExampleError,
[INFO] [stdout]   |      ^^^^^^^^^^^^^^^ not found in this scope
[INFO] [stdout]   |
[INFO] [stdout] help: consider importing this trait
[INFO] [stdout]   |
[INFO] [stdout] 2 + use tenorite::TenoriteService;
[INFO] [stdout]   |
[INFO] [stdout] 
[INFO] [stdout] error[E0412]: cannot find type `ExampleRequest` in this scope
[INFO] [stdout]  --> src/../README.md:125:22
[INFO] [stdout]   |
[INFO] [stdout] 5 | impl TenoriteService<ExampleRequest, ExampleResponse, ExampleError,
[INFO] [stdout]   |                      ^^^^^^^^^^^^^^ not found in this scope
[INFO] [stdout]   |
[INFO] [stdout] help: you might be missing a type parameter
[INFO] [stdout]   |
[INFO] [stdout] 5 | impl<ExampleRequest> TenoriteService<ExampleRequest, ExampleResponse, ExampleError,
[INFO] [stdout]   |     ++++++++++++++++
[INFO] [stdout] 
[INFO] [stdout] error[E0412]: cannot find type `ExampleResponse` in this scope
[INFO] [stdout]  --> src/../README.md:125:38
[INFO] [stdout]   |
[INFO] [stdout] 5 | impl TenoriteService<ExampleRequest, ExampleResponse, ExampleError,
[INFO] [stdout]   |                                      ^^^^^^^^^^^^^^^ not found in this scope
[INFO] [stdout]   |
[INFO] [stdout] help: you might be missing a type parameter
[INFO] [stdout]   |
[INFO] [stdout] 5 | impl<ExampleResponse> TenoriteService<ExampleRequest, ExampleResponse, ExampleError,
[INFO] [stdout]   |     +++++++++++++++++
[INFO] [stdout] 
[INFO] [stdout] error[E0412]: cannot find type `ExampleError` in this scope
[INFO] [stdout]  --> src/../README.md:125:55
[INFO] [stdout]   |
[INFO] [stdout] 5 | impl TenoriteService<ExampleRequest, ExampleResponse, ExampleError,
[INFO] [stdout]   |                                                       ^^^^^^^^^^^^ not found in this scope
[INFO] [stdout]   |
[INFO] [stdout] help: you might be missing a type parameter
[INFO] [stdout]   |
[INFO] [stdout] 5 | impl<ExampleError> TenoriteService<ExampleRequest, ExampleResponse, ExampleError,
[INFO] [stdout]   |     ++++++++++++++
[INFO] [stdout] 
[INFO] [stdout] error[E0412]: cannot find type `ExampleWorker` in this scope
[INFO] [stdout]  --> src/../README.md:126:22
[INFO] [stdout]   |
[INFO] [stdout] 6 |                      ExampleWorker, ExampleConfig>
[INFO] [stdout]   |                      ^^^^^^^^^^^^^ not found in this scope
[INFO] [stdout]   |
[INFO] [stdout] help: you might be missing a type parameter
[INFO] [stdout]   |
[INFO] [stdout] 5 | impl<ExampleWorker> TenoriteService<ExampleRequest, ExampleResponse, ExampleError,
[INFO] [stdout]   |     +++++++++++++++
[INFO] [stdout] 
[INFO] [stdout] error[E0412]: cannot find type `ExampleConfig` in this scope
[INFO] [stdout]  --> src/../README.md:126:37
[INFO] [stdout]   |
[INFO] [stdout] 6 |                      ExampleWorker, ExampleConfig>
[INFO] [stdout]   |                                     ^^^^^^^^^^^^^ not found in this scope
[INFO] [stdout]   |
[INFO] [stdout] help: you might be missing a type parameter
[INFO] [stdout]   |
[INFO] [stdout] 5 | impl<ExampleConfig> TenoriteService<ExampleRequest, ExampleResponse, ExampleError,
[INFO] [stdout]   |     +++++++++++++++
[INFO] [stdout] 
[INFO] [stdout] error: aborting due to 6 previous errors
[INFO] [stdout] 
[INFO] [stdout] Some errors have detailed explanations: E0405, E0412.
[INFO] [stdout] For more information about an error, try `rustc --explain E0405`.
[INFO] [stdout] Couldn't compile the test.
[INFO] [stdout] ---- src/../README.md - (line 143) stdout ----
[INFO] [stdout] error[E0422]: cannot find struct, variant or union type `ExampleService` in this scope
[INFO] [stdout]  --> src/../README.md:144:15
[INFO] [stdout]   |
[INFO] [stdout] 3 | let service = ExampleService {};
[INFO] [stdout]   |               ^^^^^^^^^^^^^^ not found in this scope
[INFO] [stdout] 
[INFO] [stdout] error[E0422]: cannot find struct, variant or union type `ExampleConfig` in this scope
[INFO] [stdout]  --> src/../README.md:145:14
[INFO] [stdout]   |
[INFO] [stdout] 4 | let config = ExampleConfig {
[INFO] [stdout]   |              ^^^^^^^^^^^^^ not found in this scope
[INFO] [stdout] 
[INFO] [stdout] error[E0433]: failed to resolve: use of undeclared type `HashMap`
[INFO] [stdout]  --> src/../README.md:146:11
[INFO] [stdout]   |
[INFO] [stdout] 5 |     data: HashMap::new(),
[INFO] [stdout]   |           ^^^^^^^ use of undeclared type `HashMap`
[INFO] [stdout]   |
[INFO] [stdout] help: consider importing this struct
[INFO] [stdout]   |
[INFO] [stdout] 2 + use std::collections::HashMap;
[INFO] [stdout]   |
[INFO] [stdout] 
[INFO] [stdout] error: aborting due to 3 previous errors
[INFO] [stdout] 
[INFO] [stdout] Some errors have detailed explanations: E0422, E0433.
[INFO] [stdout] For more information about an error, try `rustc --explain E0422`.
[INFO] [stdout] Couldn't compile the test.
[INFO] [stdout] ---- src/../README.md - (line 71) stdout ----
[INFO] [stdout] error[E0432]: unresolved import `ExampleRequest`
[INFO] [stdout]   --> src/../README.md:90:17
[INFO] [stdout]    |
[INFO] [stdout] 22 |             use ExampleRequest::*;
[INFO] [stdout]    |                 ^^^^^^^^^^^^^^ use of undeclared type `ExampleRequest`
[INFO] [stdout] 
[INFO] [stdout] error[E0432]: unresolved import `ExampleResponse`
[INFO] [stdout]   --> src/../README.md:91:17
[INFO] [stdout]    |
[INFO] [stdout] 23 |             use ExampleResponse::*;
[INFO] [stdout]    |                 ^^^^^^^^^^^^^^^ use of undeclared type `ExampleResponse`
[INFO] [stdout] 
[INFO] [stdout] error: cannot find attribute `async_trait` in this scope
[INFO] [stdout]  --> src/../README.md:75:3
[INFO] [stdout]   |
[INFO] [stdout] 7 | #[async_trait]
[INFO] [stdout]   |   ^^^^^^^^^^^
[INFO] [stdout]   |
[INFO] [stdout]   = note: `async_trait` is in scope, but it is a crate, not an attribute
[INFO] [stdout] help: consider importing one of these attribute macros
[INFO] [stdout]   |
[INFO] [stdout] 2 + use async_trait::async_trait;
[INFO] [stdout]   |
[INFO] [stdout] 2 + use tenorite::async_trait;
[INFO] [stdout]   |
[INFO] [stdout] 
[INFO] [stdout] error: aborting due to 3 previous errors
[INFO] [stdout] 
[INFO] [stdout] For more information about this error, try `rustc --explain E0432`.
[INFO] [stdout] Couldn't compile the test.
[INFO] [stdout] 
[INFO] [stdout] failures:
[INFO] [stdout]     src/../README.md - (line 122)
[INFO] [stdout]     src/../README.md - (line 143)
[INFO] [stdout]     src/../README.md - (line 157)
[INFO] [stdout]     src/../README.md - (line 167)
[INFO] [stdout]     src/../README.md - (line 20)
[INFO] [stdout]     src/../README.md - (line 71)
[INFO] [stdout] 
[INFO] [stdout] test result: FAILED. 1 passed; 6 failed; 0 ignored; 0 measured; 0 filtered out; finished in 0.10s
[INFO] [stdout] 
[INFO] [stderr] error: doctest failed, to rerun pass `--doc`
[INFO] running `Command { std: "docker" "inspect" "fd544d1214bb44ba4b2bd153d3dc63e319cbbc44e25a1f5962a4755e274381e5", kill_on_drop: false }`
[INFO] running `Command { std: "docker" "rm" "-f" "fd544d1214bb44ba4b2bd153d3dc63e319cbbc44e25a1f5962a4755e274381e5", kill_on_drop: false }`
[INFO] [stdout] fd544d1214bb44ba4b2bd153d3dc63e319cbbc44e25a1f5962a4755e274381e5
