[INFO] fetching crate teloxide-core 0.10.1...
[INFO] testing teloxide-core-0.10.1 against nightly-2024-10-28 for randomize-layout
[INFO] extracting crate teloxide-core 0.10.1 into /workspace/builds/worker-4-tc1/source
[INFO] validating manifest of crates.io crate teloxide-core 0.10.1 on toolchain nightly-2024-10-28
[INFO] running `Command { std: CARGO_HOME="/workspace/cargo-home" RUSTUP_HOME="/workspace/rustup-home" "/workspace/cargo-home/bin/cargo" "+nightly-2024-10-28" "metadata" "--manifest-path" "Cargo.toml" "--no-deps", kill_on_drop: false }`
[INFO] started tweaking crates.io crate teloxide-core 0.10.1
[INFO] removed 0 missing examples
[INFO] finished tweaking crates.io crate teloxide-core 0.10.1
[INFO] tweaked toml for crates.io crate teloxide-core 0.10.1 written to /workspace/builds/worker-4-tc1/source/Cargo.toml
[INFO] crate crates.io crate teloxide-core 0.10.1 already has a lockfile, it will not be regenerated
[INFO] running `Command { std: CARGO_HOME="/workspace/cargo-home" RUSTUP_HOME="/workspace/rustup-home" "/workspace/cargo-home/bin/cargo" "+nightly-2024-10-28" "fetch" "--manifest-path" "Cargo.toml", kill_on_drop: false }`
[INFO] [stderr]     Updating crates.io index
[INFO] [stderr]  Downloading crates ...
[INFO] [stderr]   Downloaded rc-box v1.2.0
[INFO] [stderr]   Downloaded vecrem v0.1.0
[INFO] [stderr]   Downloaded xshell-macros v0.2.6
[INFO] [stderr]   Downloaded xshell v0.2.6
[INFO] [stderr]   Downloaded cool_asserts v2.0.3
[INFO] running `Command { std: "docker" "create" "-v" "/var/lib/crater-agent-workspace/builds/worker-4-tc1/target:/opt/rustwide/target:rw,Z" "-v" "/var/lib/crater-agent-workspace/builds/worker-4-tc1/source:/opt/rustwide/workdir:ro,Z" "-v" "/var/lib/crater-agent-workspace/cargo-home:/opt/rustwide/cargo-home:ro,Z" "-v" "/var/lib/crater-agent-workspace/rustup-home:/opt/rustwide/rustup-home:ro,Z" "-e" "SOURCE_DIR=/opt/rustwide/workdir" "-e" "CARGO_TARGET_DIR=/opt/rustwide/target" "-e" "CARGO_HOME=/opt/rustwide/cargo-home" "-e" "RUSTUP_HOME=/opt/rustwide/rustup-home" "-w" "/opt/rustwide/workdir" "-m" "1610612736" "--user" "0:0" "--network" "none" "ghcr.io/rust-lang/crates-build-env/linux@sha256:4a844ea9eb2546a2d2c7022eacef16ef2e8229c7fbb2c7d4d55a9ceca922f72d" "/opt/rustwide/cargo-home/bin/cargo" "+nightly-2024-10-28" "metadata" "--no-deps" "--format-version=1", kill_on_drop: false }`
[INFO] [stdout] be125032f2de677aa8402ccc62e400fb1ae62e12159c1c5e817c0f08f3e36539
[INFO] running `Command { std: "docker" "start" "-a" "be125032f2de677aa8402ccc62e400fb1ae62e12159c1c5e817c0f08f3e36539", kill_on_drop: false }`
[INFO] running `Command { std: "docker" "inspect" "be125032f2de677aa8402ccc62e400fb1ae62e12159c1c5e817c0f08f3e36539", kill_on_drop: false }`
[INFO] running `Command { std: "docker" "rm" "-f" "be125032f2de677aa8402ccc62e400fb1ae62e12159c1c5e817c0f08f3e36539", kill_on_drop: false }`
[INFO] [stdout] be125032f2de677aa8402ccc62e400fb1ae62e12159c1c5e817c0f08f3e36539
[INFO] running `Command { std: "docker" "create" "-v" "/var/lib/crater-agent-workspace/builds/worker-4-tc1/target:/opt/rustwide/target:rw,Z" "-v" "/var/lib/crater-agent-workspace/builds/worker-4-tc1/source:/opt/rustwide/workdir:ro,Z" "-v" "/var/lib/crater-agent-workspace/cargo-home:/opt/rustwide/cargo-home:ro,Z" "-v" "/var/lib/crater-agent-workspace/rustup-home:/opt/rustwide/rustup-home:ro,Z" "-e" "SOURCE_DIR=/opt/rustwide/workdir" "-e" "CARGO_TARGET_DIR=/opt/rustwide/target" "-e" "CARGO_INCREMENTAL=0" "-e" "RUST_BACKTRACE=full" "-e" "RUSTFLAGS=--cap-lints=forbid" "-e" "RUSTDOCFLAGS=--cap-lints=forbid" "-e" "CARGO_HOME=/opt/rustwide/cargo-home" "-e" "RUSTUP_HOME=/opt/rustwide/rustup-home" "-w" "/opt/rustwide/workdir" "-m" "1610612736" "--user" "0:0" "--network" "none" "ghcr.io/rust-lang/crates-build-env/linux@sha256:4a844ea9eb2546a2d2c7022eacef16ef2e8229c7fbb2c7d4d55a9ceca922f72d" "/opt/rustwide/cargo-home/bin/cargo" "+nightly-2024-10-28" "build" "--frozen" "--message-format=json", kill_on_drop: false }`
[INFO] [stdout] f87bb70832aef85a560f38f42fe14a1e1d6effc231abb296a81d78b9cf101c62
[INFO] running `Command { std: "docker" "start" "-a" "f87bb70832aef85a560f38f42fe14a1e1d6effc231abb296a81d78b9cf101c62", kill_on_drop: false }`
[INFO] [stderr]    Compiling proc-macro2 v1.0.86
[INFO] [stderr]    Compiling unicode-ident v1.0.12
[INFO] [stderr]    Compiling autocfg v1.3.0
[INFO] [stderr]    Compiling libc v0.2.155
[INFO] [stderr]    Compiling pin-project-lite v0.2.14
[INFO] [stderr]    Compiling vcpkg v0.2.15
[INFO] [stderr]    Compiling cc v1.1.10
[INFO] [stderr]    Compiling pkg-config v0.3.30
[INFO] [stderr]    Compiling futures-core v0.3.30
[INFO] [stderr]    Compiling bytes v1.7.1
[INFO] [stderr]    Compiling once_cell v1.19.0
[INFO] [stderr]    Compiling slab v0.4.9
[INFO] [stderr]    Compiling futures-sink v0.3.30
[INFO] [stderr]    Compiling futures-channel v0.3.30
[INFO] [stderr]    Compiling futures-io v0.3.30
[INFO] [stderr]    Compiling quote v1.0.36
[INFO] [stderr]    Compiling syn v1.0.109
[INFO] [stderr]    Compiling serde v1.0.206
[INFO] [stderr]    Compiling futures-task v0.3.30
[INFO] [stderr]    Compiling unicase v2.7.0
[INFO] [stderr]    Compiling syn v2.0.52
[INFO] [stderr]    Compiling socket2 v0.5.7
[INFO] [stderr]    Compiling mio v1.0.2
[INFO] [stderr]    Compiling foreign-types-shared v0.1.1
[INFO] [stderr]    Compiling openssl v0.10.66
[INFO] [stderr]    Compiling foreign-types v0.3.2
[INFO] [stderr]    Compiling http v0.2.12
[INFO] [stderr]    Compiling tracing-core v0.1.32
[INFO] [stderr]    Compiling native-tls v0.2.12
[INFO] [stderr]    Compiling tokio v1.39.2
[INFO] [stderr]    Compiling bitflags v2.4.2
[INFO] [stderr]    Compiling openssl-sys v0.9.103
[INFO] [stderr]    Compiling httparse v1.9.4
[INFO] [stderr]    Compiling strsim v0.10.0
[INFO] [stderr]    Compiling hashbrown v0.14.3
[INFO] [stderr]    Compiling tracing v0.1.40
[INFO] [stderr]    Compiling openssl-probe v0.1.5
[INFO] [stderr]    Compiling try-lock v0.2.5
[INFO] [stderr]    Compiling mime_guess v2.0.5
[INFO] [stderr]    Compiling want v0.3.1
[INFO] [stderr]    Compiling unicode-normalization v0.1.23
[INFO] [stderr]    Compiling indexmap v2.2.5
[INFO] [stderr]    Compiling http-body v0.4.6
[INFO] [stderr]    Compiling erasable v1.2.1
[INFO] [stderr]    Compiling num-traits v0.2.19
[INFO] [stderr]    Compiling unicode-bidi v0.3.15
[INFO] [stderr]    Compiling httpdate v1.0.3
[INFO] [stderr]    Compiling tower-service v0.3.2
[INFO] [stderr]    Compiling serde_json v1.0.124
[INFO] [stderr]    Compiling mime v0.3.17
[INFO] [stderr]    Compiling thiserror v1.0.63
[INFO] [stderr]    Compiling base64 v0.21.7
[INFO] [stderr]    Compiling idna v0.5.0
[INFO] [stderr]    Compiling rustls-pemfile v1.0.4
[INFO] [stderr]    Compiling getrandom v0.2.15
[INFO] [stderr]    Compiling encoding_rs v0.8.34
[INFO] [stderr]    Compiling sync_wrapper v0.1.2
[INFO] [stderr]    Compiling ipnet v2.9.0
[INFO] [stderr]    Compiling darling_core v0.13.4
[INFO] [stderr]    Compiling chrono v0.4.38
[INFO] [stderr]    Compiling uuid v1.10.0
[INFO] [stderr]    Compiling rc-box v1.2.0
[INFO] [stderr]    Compiling takecell v0.1.1
[INFO] [stderr]    Compiling take_mut v0.2.2
[INFO] [stderr]    Compiling either v1.13.0
[INFO] [stderr]    Compiling tokio-util v0.7.11
[INFO] [stderr]    Compiling futures-macro v0.3.30
[INFO] [stderr]    Compiling serde_derive v1.0.206
[INFO] [stderr]    Compiling openssl-macros v0.1.1
[INFO] [stderr]    Compiling pin-project-internal v1.1.5
[INFO] [stderr]    Compiling thiserror-impl v1.0.63
[INFO] [stderr]    Compiling darling_macro v0.13.4
[INFO] [stderr]    Compiling derive_more v0.99.18
[INFO] [stderr]    Compiling darling v0.13.4
[INFO] [stderr]    Compiling serde_with_macros v1.5.2
[INFO] [stderr]    Compiling futures-util v0.3.30
[INFO] [stderr]    Compiling pin-project v1.1.5
[INFO] [stderr]    Compiling h2 v0.3.26
[INFO] [stderr]    Compiling tokio-native-tls v0.3.1
[INFO] [stderr]    Compiling futures-executor v0.3.30
[INFO] [stderr]    Compiling futures v0.3.30
[INFO] [stderr]    Compiling url v2.5.2
[INFO] [stderr]    Compiling serde_urlencoded v0.7.1
[INFO] [stderr]    Compiling serde_with v1.14.0
[INFO] [stderr]    Compiling hyper v0.14.30
[INFO] [stderr]    Compiling hyper-tls v0.5.0
[INFO] [stderr]    Compiling reqwest v0.11.27
[INFO] [stderr]    Compiling teloxide-core v0.10.1 (/opt/rustwide/workdir)
[INFO] [stderr]     Finished `dev` profile [unoptimized + debuginfo] target(s) in 21.57s
[INFO] running `Command { std: "docker" "inspect" "f87bb70832aef85a560f38f42fe14a1e1d6effc231abb296a81d78b9cf101c62", kill_on_drop: false }`
[INFO] running `Command { std: "docker" "rm" "-f" "f87bb70832aef85a560f38f42fe14a1e1d6effc231abb296a81d78b9cf101c62", kill_on_drop: false }`
[INFO] [stdout] f87bb70832aef85a560f38f42fe14a1e1d6effc231abb296a81d78b9cf101c62
[INFO] running `Command { std: "docker" "create" "-v" "/var/lib/crater-agent-workspace/builds/worker-4-tc1/target:/opt/rustwide/target:rw,Z" "-v" "/var/lib/crater-agent-workspace/builds/worker-4-tc1/source:/opt/rustwide/workdir:ro,Z" "-v" "/var/lib/crater-agent-workspace/cargo-home:/opt/rustwide/cargo-home:ro,Z" "-v" "/var/lib/crater-agent-workspace/rustup-home:/opt/rustwide/rustup-home:ro,Z" "-e" "SOURCE_DIR=/opt/rustwide/workdir" "-e" "CARGO_TARGET_DIR=/opt/rustwide/target" "-e" "CARGO_INCREMENTAL=0" "-e" "RUST_BACKTRACE=full" "-e" "RUSTFLAGS=--cap-lints=forbid" "-e" "RUSTDOCFLAGS=--cap-lints=forbid" "-e" "CARGO_HOME=/opt/rustwide/cargo-home" "-e" "RUSTUP_HOME=/opt/rustwide/rustup-home" "-w" "/opt/rustwide/workdir" "-m" "1610612736" "--user" "0:0" "--network" "none" "ghcr.io/rust-lang/crates-build-env/linux@sha256:4a844ea9eb2546a2d2c7022eacef16ef2e8229c7fbb2c7d4d55a9ceca922f72d" "/opt/rustwide/cargo-home/bin/cargo" "+nightly-2024-10-28" "test" "--frozen" "--no-run" "--message-format=json", kill_on_drop: false }`
[INFO] [stdout] 500b7cc41d5ad6c96f4423d74d5bab24166c75a24bac72d16bbc56a4018ed3cc
[INFO] running `Command { std: "docker" "start" "-a" "500b7cc41d5ad6c96f4423d74d5bab24166c75a24bac72d16bbc56a4018ed3cc", kill_on_drop: false }`
[INFO] [stderr]    Compiling tokio-macros v2.4.0
[INFO] [stderr]    Compiling log v0.4.22
[INFO] [stderr]    Compiling aho-corasick v1.1.2
[INFO] [stderr]    Compiling regex-syntax v0.8.4
[INFO] [stderr]    Compiling quick-error v1.2.3
[INFO] [stderr]    Compiling atty v0.2.14
[INFO] [stderr]    Compiling indexmap v1.9.3
[INFO] [stderr]    Compiling termcolor v1.4.1
[INFO] [stderr]    Compiling humantime v1.3.0
[INFO] [stderr]    Compiling base64 v0.13.1
[INFO] [stderr]    Compiling native-tls v0.2.12
[INFO] [stderr]    Compiling indent_write v2.2.0
[INFO] [stderr]    Compiling xshell-macros v0.2.6
[INFO] [stderr]    Compiling cool_asserts v2.0.3
[INFO] [stderr]    Compiling ron v0.7.1
[INFO] [stderr]    Compiling itertools v0.10.5
[INFO] [stderr]    Compiling aho-corasick v0.7.20
[INFO] [stderr]    Compiling tokio v1.39.2
[INFO] [stderr]    Compiling xshell v0.2.6
[INFO] [stderr]    Compiling regex-automata v0.4.7
[INFO] [stderr]    Compiling regex v1.10.6
[INFO] [stderr]    Compiling env_logger v0.7.1
[INFO] [stderr]    Compiling pretty_env_logger v0.4.0
[INFO] [stderr]    Compiling tokio-util v0.7.11
[INFO] [stderr]    Compiling tokio-native-tls v0.3.1
[INFO] [stderr]    Compiling h2 v0.3.26
[INFO] [stderr]    Compiling hyper v0.14.30
[INFO] [stderr]    Compiling hyper-tls v0.5.0
[INFO] [stderr]    Compiling reqwest v0.11.27
[INFO] [stderr]    Compiling teloxide-core v0.10.1 (/opt/rustwide/workdir)
[INFO] [stderr]     Finished `test` profile [unoptimized + debuginfo] target(s) in 22.82s
[INFO] running `Command { std: "docker" "inspect" "500b7cc41d5ad6c96f4423d74d5bab24166c75a24bac72d16bbc56a4018ed3cc", kill_on_drop: false }`
[INFO] running `Command { std: "docker" "rm" "-f" "500b7cc41d5ad6c96f4423d74d5bab24166c75a24bac72d16bbc56a4018ed3cc", kill_on_drop: false }`
[INFO] [stdout] 500b7cc41d5ad6c96f4423d74d5bab24166c75a24bac72d16bbc56a4018ed3cc
[INFO] running `Command { std: "docker" "create" "-v" "/var/lib/crater-agent-workspace/builds/worker-4-tc1/target:/opt/rustwide/target:rw,Z" "-v" "/var/lib/crater-agent-workspace/builds/worker-4-tc1/source:/opt/rustwide/workdir:ro,Z" "-v" "/var/lib/crater-agent-workspace/cargo-home:/opt/rustwide/cargo-home:ro,Z" "-v" "/var/lib/crater-agent-workspace/rustup-home:/opt/rustwide/rustup-home:ro,Z" "-e" "SOURCE_DIR=/opt/rustwide/workdir" "-e" "CARGO_TARGET_DIR=/opt/rustwide/target" "-e" "CARGO_INCREMENTAL=0" "-e" "RUST_BACKTRACE=full" "-e" "RUSTFLAGS=--cap-lints=forbid" "-e" "RUSTDOCFLAGS=--cap-lints=forbid" "-e" "CARGO_HOME=/opt/rustwide/cargo-home" "-e" "RUSTUP_HOME=/opt/rustwide/rustup-home" "-w" "/opt/rustwide/workdir" "-m" "1610612736" "--user" "0:0" "--network" "none" "ghcr.io/rust-lang/crates-build-env/linux@sha256:4a844ea9eb2546a2d2c7022eacef16ef2e8229c7fbb2c7d4d55a9ceca922f72d" "/opt/rustwide/cargo-home/bin/cargo" "+nightly-2024-10-28" "test" "--frozen", kill_on_drop: false }`
[INFO] [stdout] c3ef1dd926dbc7c7c4ad02ee609dc8ddafd817da008cc113fd6844df90a33401
[INFO] running `Command { std: "docker" "start" "-a" "c3ef1dd926dbc7c7c4ad02ee609dc8ddafd817da008cc113fd6844df90a33401", kill_on_drop: false }`
[INFO] [stderr]     Finished `test` profile [unoptimized + debuginfo] target(s) in 0.11s
[INFO] [stderr]      Running unittests src/lib.rs (/opt/rustwide/target/debug/deps/teloxide_core-ca776c0507bce714)
[INFO] [stdout] 
[INFO] [stdout] running 202 tests
[INFO] [stdout] test net::request::tests::migrate ... ok
[INFO] [stdout] test net::request::tests::retry_after ... ok
[INFO] [stdout] test net::request::tests::smoke_err ... ok
[INFO] [stdout] test errors::tests::custom_result ... ok
[INFO] [stdout] test net::request::tests::smoke_ok ... ok
[INFO] [stdout] test net::request::tests::update_ok ... ok
[INFO] [stdout] test net::telegram_response::tests::parse_terminated_by_other_get_updates ... ok
[INFO] [stdout] test net::telegram_response::tests::parse_unknown ... ok
[INFO] [stdout] test net::request::tests::update_err ... ok
[INFO] [stdout] test net::tests::file_url_test ... ok
[INFO] [stdout] test net::tests::method_url_test ... ok
[INFO] [stdout] test serde_multipart::tests::issue_473 ... ok
[INFO] [stdout] test serde_multipart::tests::test_add_sticker_to_set ... ok
[INFO] [stdout] test types::animation::tests::deserialize ... ok
[INFO] [stdout] test types::audio::tests::deserialize ... ok
[INFO] [stdout] test types::bot_command_scope::issue_486 ... ok
[INFO] [stdout] test types::callback_query::tests::deserialize ... ok
[INFO] [stdout] test types::chat::tests::channel_de ... ok
[INFO] [stdout] test types::chat::tests::private_chat_de ... ok
[INFO] [stdout] test types::chat::tests::private_chat_de_wrong_type_field ... ok
[INFO] [stdout] test types::chat::tests::private_roundtrip ... ok
[INFO] [stdout] test types::chat_boost::tests::deserialize ... ok
[INFO] [stdout] test types::chat_boost_removed::tests::deserialize ... ok
[INFO] [stdout] test types::chat_boost_source::tests::deserialize_gift_code ... ok
[INFO] [stdout] test types::chat_boost_source::tests::deserialize_giveaway ... ok
[INFO] [stdout] test types::chat_boost_source::tests::deserialize_premium ... ok
[INFO] [stdout] test types::chat_boost_updated::tests::deserialize ... ok
[INFO] [stdout] test types::chat_full_info::tests::test_chat_full_info_de ... ok
[INFO] [stdout] test types::chat_id::tests::chonky_user_id_to_bare ... ok
[INFO] [stdout] test types::chat_id::tests::deser ... ok
[INFO] [stdout] test types::chat_id::tests::display ... ok
[INFO] [stdout] test types::chat_id::tests::to_bare_to_bot_api_identity ... ok
[INFO] [stdout] test types::chat_id::tests::user_id_eq ... ok
[INFO] [stdout] test types::chat_member::tests::deserialize_administrator ... ok
[INFO] [stdout] test types::chat_member::tests::deserialize_restricted ... ok
[INFO] [stdout] test types::chat_permissions::tests::deserialization ... ok
[INFO] [stdout] test types::chat_permissions::tests::modfiy_permission ... ok
[INFO] [stdout] test types::chat_permissions::tests::serialization ... ok
[INFO] [stdout] test types::encrypted_credentials::tests::must_serialize_encrypted_credentials_to_json ... ok
[INFO] [stdout] test types::file::tests::full_file ... ok
[INFO] [stdout] test types::file::tests::no_file_path ... ok
[INFO] [stdout] test types::file::tests::no_file_size ... ok
[INFO] [stdout] test types::forum_topic_created::tests::deserialization ... ok
[INFO] [stdout] test types::giveaway::tests::deserialize ... ok
[INFO] [stdout] test types::giveaway_completed::tests::deserialize ... ok
[INFO] [stdout] test types::giveaway_created::tests::deserialize ... ok
[INFO] [stdout] test types::giveaway_winners::tests::deserialize ... ok
[INFO] [stdout] test types::inline_keyboard_markup::tests::append_row ... ok
[INFO] [stdout] test types::inline_keyboard_markup::tests::append_to_row_existent_row ... ok
[INFO] [stdout] test types::inline_keyboard_markup::tests::append_to_row_nonexistent_row ... ok
[INFO] [stdout] test types::inline_query_result::tests::article_full ... ok
[INFO] [stdout] test types::inline_query_result::tests::article_min ... ok
[INFO] [stdout] test types::inline_query_result::tests::audio_full ... ok
[INFO] [stdout] test types::inline_query_result::tests::audio_min ... ok
[INFO] [stdout] test types::inline_query_result::tests::cached_audio_full ... ok
[INFO] [stdout] test types::inline_query_result::tests::cached_audio_min ... ok
[INFO] [stdout] test types::inline_query_result::tests::cached_document_full ... ok
[INFO] [stdout] test types::inline_query_result::tests::cached_document_min ... ok
[INFO] [stdout] test types::inline_query_result::tests::cached_gif_full ... ok
[INFO] [stdout] test types::inline_query_result::tests::cached_gif_min ... ok
[INFO] [stdout] test types::inline_query_result::tests::cached_mpeg4_gif_full ... ok
[INFO] [stdout] test types::inline_query_result::tests::cached_mpeg4_gif_min ... ok
[INFO] [stdout] test types::inline_query_result::tests::cached_photo_full ... ok
[INFO] [stdout] test types::inline_query_result::tests::cached_photo_min ... ok
[INFO] [stdout] test types::inline_query_result::tests::cached_sticker_full ... ok
[INFO] [stdout] test types::inline_query_result::tests::cached_sticker_min ... ok
[INFO] [stdout] test types::inline_query_result::tests::cached_video_full ... ok
[INFO] [stdout] test types::inline_query_result::tests::cached_video_min ... ok
[INFO] [stdout] test types::inline_query_result::tests::cached_voice_full ... ok
[INFO] [stdout] test types::inline_query_result::tests::cached_voice_min ... ok
[INFO] [stdout] test types::inline_query_result::tests::contact_full ... ok
[INFO] [stdout] test types::inline_query_result::tests::contact_min ... ok
[INFO] [stdout] test types::inline_query_result::tests::document_full ... ok
[INFO] [stdout] test types::inline_query_result::tests::document_min ... ok
[INFO] [stdout] test types::inline_query_result::tests::game_full ... ok
[INFO] [stdout] test types::inline_query_result::tests::game_min ... ok
[INFO] [stdout] test types::inline_query_result::tests::gif_full ... ok
[INFO] [stdout] test types::inline_query_result::tests::gif_min ... ok
[INFO] [stdout] test types::inline_query_result::tests::location_full ... ok
[INFO] [stdout] test types::inline_query_result::tests::location_min ... ok
[INFO] [stdout] test types::inline_query_result::tests::mpeg4_gif_full ... ok
[INFO] [stdout] test types::inline_query_result::tests::mpeg4_gif_min ... ok
[INFO] [stdout] test types::inline_query_result::tests::photo_full ... ok
[INFO] [stdout] test types::inline_query_result::tests::photo_min ... ok
[INFO] [stdout] test types::inline_query_result::tests::venue_full ... ok
[INFO] [stdout] test types::inline_query_result::tests::venue_min ... ok
[INFO] [stdout] test types::inline_query_result::tests::video_full ... ok
[INFO] [stdout] test types::inline_query_result::tests::video_min ... ok
[INFO] [stdout] test types::inline_query_result::tests::voice_full ... ok
[INFO] [stdout] test types::inline_query_result::tests::voice_min ... ok
[INFO] [stdout] test types::input_media::tests::animation_serialize ... ok
[INFO] [stdout] test types::input_media::tests::audio_serialize ... ok
[INFO] [stdout] test types::input_media::tests::document_serialize ... ok
[INFO] [stdout] test types::input_media::tests::photo_serialize ... ok
[INFO] [stdout] test types::input_media::tests::video_serialize ... ok
[INFO] [stdout] test types::input_message_content::tests::contact_serialize ... ok
[INFO] [stdout] test types::input_message_content::tests::location_serialize ... ok
[INFO] [stdout] test types::input_message_content::tests::text_serialize ... ok
[INFO] [stdout] test types::input_message_content::tests::venue_serialize ... ok
[INFO] [stdout] test types::keyboard_button::tests::deserialize_no_request ... ok
[INFO] [stdout] test types::keyboard_button::tests::deserialize_request_contact ... ok
[INFO] [stdout] test types::keyboard_button::tests::serialize_chat_request ... ok
[INFO] [stdout] test types::keyboard_button::tests::serialize_no_request ... ok
[INFO] [stdout] test types::keyboard_button::tests::serialize_request_contact ... ok
[INFO] [stdout] test types::label_price::tests::serialize ... ok
[INFO] [stdout] test types::link_preview_options::tests::deserialize ... ok
[INFO] [stdout] test types::maybe_inaccessible_message::tests::test_inaccessible_message ... ok
[INFO] [stdout] test types::maybe_inaccessible_message::tests::test_regular_message ... ok
[INFO] [stdout] test types::me::tests::convenience_methods_work ... ok
[INFO] [stdout] test types::message::tests::de_image ... ok
[INFO] [stdout] test types::message::tests::de_media_forwarded ... ok
[INFO] [stdout] test types::message::tests::de_media_group_forwarded ... ok
[INFO] [stdout] test types::message::tests::de_shared_chat ... ok
[INFO] [stdout] test types::message::tests::de_sticker ... ok
[INFO] [stdout] test types::message::tests::de_text ... ok
[INFO] [stdout] test types::message::tests::empty_message ... ok
[INFO] [stdout] test types::message::tests::giveaway ... ok
[INFO] [stdout] test types::message::tests::giveaway_completed ... ok
[INFO] [stdout] test types::message::tests::giveaway_created ... ok
[INFO] [stdout] test types::message::tests::giveaway_winners ... ok
[INFO] [stdout] test types::message::tests::issue_419 ... ok
[INFO] [stdout] test types::message::tests::issue_427 ... ok
[INFO] [stderr] error: error: error: toolchain 'toolchain 'nightlynightlytoolchain '--2024-07-03nightly2024-07-03---x86_64-unknown-linux-gnu2024-07-03x86_64-unknown-linux-gnu' is not installed-' is not installedx86_64-unknown-linux-gnu
[INFO] [stdout] test types::message::tests::issue_475 ... ok
[INFO] [stderr] ' is not installed
[INFO] [stderr] 
[INFO] [stdout] test types::message::tests::issue_481 ... ok
[INFO] [stdout] test types::message::tests::issue_874 ... ok
[INFO] [stdout] test types::message::tests::parse_caption_entities ... ok
[INFO] [stderr] error: toolchain 'nightly-2024-07-03-x86_64-unknown-linux-gnu' is not installed
[INFO] [stderr] error: toolchain 'nightly-2024-07-03-x86_64-unknown-linux-gnu' is not installed
[INFO] [stdout] test types::message::tests::topic_created ... ok
[INFO] [stdout] test types::message::tests::topic_message ... ok
[INFO] [stdout] test types::message_entity::tests::blockquote ... ok
[INFO] [stdout] test types::message_entity::tests::parse_empty ... ok
[INFO] [stdout] test types::message_entity::tests::parse_enclosed ... ok
[INFO] [stdout] test types::message_entity::tests::parse_nothing ... ok
[INFO] [stdout] test types::message_entity::tests::parse_symbol_24bit ... ok
[INFO] [stdout] test types::message_entity::tests::parse_быба ... ok
[INFO] [stdout] test types::message_entity::tests::pre ... ok
[INFO] [stdout] test types::message_entity::tests::pre_with_none_language ... ok
[INFO] [stdout] test types::message_entity::tests::recursive_kind ... ok
[INFO] [stdout] test types::message_id::tests::smoke_deser ... ok
[INFO] [stdout] test types::message_id::tests::smoke_ser ... ok
[INFO] [stdout] test types::message_reaction_count_updated::tests::deserialize ... ok
[INFO] [stdout] test types::message_reaction_updated::tests::deserialize ... ok
[INFO] [stdout] test types::msg_id_as_int::test ... ok
[INFO] [stdout] test types::option_msg_id_as_int::test ... ok
[INFO] [stdout] test types::option_url_from_string::test ... ok
[INFO] [stdout] test types::parse_mode::tests::html_serialization ... ok
[INFO] [stdout] test types::parse_mode::tests::markdown_serialization ... ok
[INFO] [stdout] test types::passport_element_error::tests::serialize_data_field ... ok
[INFO] [stdout] test types::photo_size::tests::deserialize ... ok
[INFO] [stdout] test types::poll::tests::deserialize ... ok
[INFO] [stdout] test types::poll_answer::tests::test_poll_answer_with_both_user_and_voter_chat_de ... ok
[INFO] [stdout] test types::poll_answer::tests::test_poll_answer_with_user_de ... ok
[INFO] [stdout] test types::poll_answer::tests::test_poll_answer_with_voter_chat_de ... ok
[INFO] [stdout] test types::recipient::tests::chat_id_channel_username_serialization ... ok
[INFO] [stdout] test types::recipient::tests::chat_id_id_serialization ... ok
[INFO] [stdout] test types::reply_markup::tests::inline_keyboard_markup ... ok
[INFO] [stdout] test types::request_id::tests::test_request_id_de ... ok
[INFO] [stdout] test types::response_parameters::tests::migrate_to_chat_id_deserialization ... ok
[INFO] [stdout] test types::response_parameters::tests::retry_after_deserialization ... ok
[INFO] [stdout] test types::seconds::tests::deserialization ... ok
[INFO] [stdout] test types::seconds::tests::serialization ... ok
[INFO] [stdout] test types::serde_opt_date_from_unix_timestamp::test ... ok
[INFO] [stdout] test types::serde_rgb::bytes ... ok
[INFO] [stdout] test types::serde_rgb::json ... ok
[INFO] [stdout] test types::shipping_option::tests::serialize ... ok
[INFO] [stdout] test types::sticker::tests::mask_serde ... ok
[INFO] [stdout] test types::sticker::tests::regular_serde ... ok
[INFO] [stdout] test types::sticker::tests::regular_serde_with_options ... ok
[INFO] [stdout] test types::sticker::tests::sticker_format_flags_serde ... ok
[INFO] [stdout] test types::sticker::tests::sticker_format_serde ... ok
[INFO] [stdout] test serde_multipart::tests::test_send_animation ... FAILED
[INFO] [stdout] test types::sticker_set::tests::smoke_serde ... ok
[INFO] [stdout] test serde_multipart::tests::test_send_media_group ... FAILED
[INFO] [stdout] test types::thread_id::tests::smoke_deser ... ok
[INFO] [stdout] test types::sticker_set::tests::test ... ok
[INFO] [stdout] test types::thread_id::tests::smoke_ser ... ok
[INFO] [stdout] test types::unit_false::tests::unit_false_de ... ok
[INFO] [stdout] test local_macros::codegen_requester_forward ... FAILED
[INFO] [stdout] test types::unit_false::tests::unit_false_se ... ok
[INFO] [stdout] test types::unit_true::tests::unit_true_de ... ok
[INFO] [stdout] test types::unit_true::tests::unit_true_se ... ok
[INFO] [stdout] test payloads::codegen_setters_reexports ... FAILED
[INFO] [stdout] test types::update::test::chat_boost_removed ... ok
[INFO] [stdout] test types::update::test::chat_boost_updated ... ok
[INFO] [stdout] test payloads::codegen_payload_mods_and_reexports ... FAILED
[INFO] [stdout] test types::update::test::de_private_chat_text_message ... ok
[INFO] [stdout] test requests::requester::codegen_requester_methods ... FAILED
[INFO] [stdout] test types::update::test::message_reaction_updated ... ok
[INFO] [stdout] test types::update::test::issue_523 ... ok
[INFO] [stdout] test types::update::test::dice_works ... ok
[INFO] [stdout] test types::update::test::message ... ok
[INFO] [stdout] test payloads::codegen::codegen_payloads ... FAILED
[INFO] [stdout] test types::sticker::tests::wrong_sticker_format_flags_serde - should panic ... ok
[INFO] [stdout] test types::update::test::message_reaction_count_updated ... ok
[INFO] [stdout] test types::update::test::issue_1107 ... ok
[INFO] [stdout] test types::update::test::new_update_kind_error ... ok
[INFO] [stdout] test types::user::tests::convenience_methods_work ... ok
[INFO] [stdout] test types::user::tests::deserialize ... ok
[INFO] [stdout] test types::user_chat_boosts::tests::deserialize ... ok
[INFO] [stdout] test types::user_id::tests::deser ... ok
[INFO] [stdout] test types::user_id::tests::url_works ... ok
[INFO] [stdout] test types::webhook_info::empty_url ... ok
[INFO] [stdout] test types::update::test::pinned_message_works ... ok
[INFO] [stdout] 
[INFO] [stdout] failures:
[INFO] [stdout] 
[INFO] [stdout] ---- serde_multipart::tests::test_send_animation stdout ----
[INFO] [stdout] thread 'serde_multipart::tests::test_send_animation' panicked at src/serde_multipart/mod.rs:175:72:
[INFO] [stdout] called `Result::unwrap()` on an `Err` value: Os { code: 2, kind: NotFound, message: "No such file or directory" }
[INFO] [stdout] stack backtrace:
[INFO] [stdout]    0:     0x64a90e67279a - std::backtrace_rs::backtrace::libunwind::trace::h207520d6e9873551
[INFO] [stdout]                                at /rustc/df4ca44d3fbc9301ee17f30f4d474e6ae4b05252/library/std/src/../../backtrace/src/backtrace/libunwind.rs:116:5
[INFO] [stdout]    1:     0x64a90e67279a - std::backtrace_rs::backtrace::trace_unsynchronized::h2ed7433f370e3eca
[INFO] [stdout]                                at /rustc/df4ca44d3fbc9301ee17f30f4d474e6ae4b05252/library/std/src/../../backtrace/src/backtrace/mod.rs:66:5
[INFO] [stdout]    2:     0x64a90e67279a - std::sys::backtrace::_print_fmt::h916fac51166b18d7
[INFO] [stdout]                                at /rustc/df4ca44d3fbc9301ee17f30f4d474e6ae4b05252/library/std/src/sys/backtrace.rs:66:9
[INFO] [stdout]    3:     0x64a90e67279a - <std::sys::backtrace::BacktraceLock::print::DisplayBacktrace as core::fmt::Display>::fmt::ha0a4c9b8ce3802e6
[INFO] [stdout]                                at /rustc/df4ca44d3fbc9301ee17f30f4d474e6ae4b05252/library/std/src/sys/backtrace.rs:39:26
[INFO] [stdout]    4:     0x64a90e69c5a3 - core::fmt::rt::Argument::fmt::h4cfc8587d52b3eb5
[INFO] [stdout]                                at /rustc/df4ca44d3fbc9301ee17f30f4d474e6ae4b05252/library/core/src/fmt/rt.rs:177:76
[INFO] [stdout]    5:     0x64a90e69c5a3 - core::fmt::write::h522cc39e5b36ae9f
[INFO] [stdout]                                at /rustc/df4ca44d3fbc9301ee17f30f4d474e6ae4b05252/library/core/src/fmt/mod.rs:1190:21
[INFO] [stdout]    6:     0x64a90e66ec03 - std::io::Write::write_fmt::h7d3c26752da97734
[INFO] [stdout]                                at /rustc/df4ca44d3fbc9301ee17f30f4d474e6ae4b05252/library/std/src/io/mod.rs:1839:15
[INFO] [stdout]    7:     0x64a90e6725e2 - std::sys::backtrace::BacktraceLock::print::h4b9e00b29e9c0942
[INFO] [stdout]                                at /rustc/df4ca44d3fbc9301ee17f30f4d474e6ae4b05252/library/std/src/sys/backtrace.rs:42:9
[INFO] [stdout]    8:     0x64a90e67422a - std::panicking::default_hook::{{closure}}::hb59b88280d0324d9
[INFO] [stdout]                                at /rustc/df4ca44d3fbc9301ee17f30f4d474e6ae4b05252/library/std/src/panicking.rs:268:22
[INFO] [stdout]    9:     0x64a90e674034 - std::panicking::default_hook::he1dd496665be4a29
[INFO] [stdout]                                at /rustc/df4ca44d3fbc9301ee17f30f4d474e6ae4b05252/library/std/src/panicking.rs:292:9
[INFO] [stdout]   10:     0x64a90e4bcf69 - <alloc::boxed::Box<F,A> as core::ops::function::Fn<Args>>::call::h4ff71de18744e1dc
[INFO] [stdout]                                at /rustc/df4ca44d3fbc9301ee17f30f4d474e6ae4b05252/library/alloc/src/boxed.rs:2468:9
[INFO] [stdout]   11:     0x64a90e4bcf69 - test::test_main::{{closure}}::hcf7c055ce117aa81
[INFO] [stdout]                                at /rustc/df4ca44d3fbc9301ee17f30f4d474e6ae4b05252/library/test/src/lib.rs:133:21
[INFO] [stdout]   12:     0x64a90e674928 - <alloc::boxed::Box<F,A> as core::ops::function::Fn<Args>>::call::h1d66c6bbd60c9692
[INFO] [stdout]                                at /rustc/df4ca44d3fbc9301ee17f30f4d474e6ae4b05252/library/alloc/src/boxed.rs:2468:9
[INFO] [stdout]   13:     0x64a90e674928 - std::panicking::rust_panic_with_hook::h2ff17fe8f26dfcf8
[INFO] [stdout]                                at /rustc/df4ca44d3fbc9301ee17f30f4d474e6ae4b05252/library/std/src/panicking.rs:809:13
[INFO] [stdout]   14:     0x64a90e6746ea - std::panicking::begin_panic_handler::{{closure}}::h4fad77951c07e101
[INFO] [stdout]                                at /rustc/df4ca44d3fbc9301ee17f30f4d474e6ae4b05252/library/std/src/panicking.rs:674:13
[INFO] [stdout]   15:     0x64a90e672c79 - std::sys::backtrace::__rust_end_short_backtrace::hb1a25b3da5d0ea08
[INFO] [stdout]                                at /rustc/df4ca44d3fbc9301ee17f30f4d474e6ae4b05252/library/std/src/sys/backtrace.rs:170:18
[INFO] [stdout]   16:     0x64a90e67437c - rust_begin_unwind
[INFO] [stdout]                                at /rustc/df4ca44d3fbc9301ee17f30f4d474e6ae4b05252/library/std/src/panicking.rs:665:5
[INFO] [stdout]   17:     0x64a90e69a6d0 - core::panicking::panic_fmt::ha9db07b529f9b256
[INFO] [stdout]                                at /rustc/df4ca44d3fbc9301ee17f30f4d474e6ae4b05252/library/core/src/panicking.rs:75:14
[INFO] [stdout]   18:     0x64a90e69abb6 - core::result::unwrap_failed::h5e8218e4d4338b8a
[INFO] [stdout]                                at /rustc/df4ca44d3fbc9301ee17f30f4d474e6ae4b05252/library/core/src/result.rs:1698:5
[INFO] [stdout]   19:     0x64a90e42328a - core::result::Result<T,E>::unwrap::h40bac56c44e6fbc5
[INFO] [stdout]                                at /rustc/df4ca44d3fbc9301ee17f30f4d474e6ae4b05252/library/core/src/result.rs:1103:23
[INFO] [stdout]   20:     0x64a90e42328a - teloxide_core::serde_multipart::tests::test_send_animation::{{closure}}::h6f1972a5e23aedae
[INFO] [stdout]                                at /opt/rustwide/workdir/src/serde_multipart/mod.rs:175:17
[INFO] [stdout]   21:     0x64a90df56982 - <core::pin::Pin<P> as core::future::future::Future>::poll::h746b087340b3546a
[INFO] [stdout]                                at /rustc/df4ca44d3fbc9301ee17f30f4d474e6ae4b05252/library/core/src/future/future.rs:123:9
[INFO] [stdout]   22:     0x64a90df5693d - <core::pin::Pin<P> as core::future::future::Future>::poll::h11084ba737891d67
[INFO] [stdout]                                at /rustc/df4ca44d3fbc9301ee17f30f4d474e6ae4b05252/library/core/src/future/future.rs:123:9
[INFO] [stdout]   23:     0x64a90e35255f - tokio::runtime::scheduler::current_thread::CoreGuard::block_on::{{closure}}::{{closure}}::{{closure}}::h685e4fbf762a6ca3
[INFO] [stdout]                                at /opt/rustwide/cargo-home/registry/src/index.crates.io-6f17d22bba15001f/tokio-1.39.2/src/runtime/scheduler/current_thread/mod.rs:673:57
[INFO] [stdout]   24:     0x64a90e352465 - tokio::runtime::coop::with_budget::h2c3eb8577a578673
[INFO] [stdout]                                at /opt/rustwide/cargo-home/registry/src/index.crates.io-6f17d22bba15001f/tokio-1.39.2/src/runtime/coop.rs:107:5
[INFO] [stdout]   25:     0x64a90e352465 - tokio::runtime::coop::budget::h9a4ce1aa470437eb
[INFO] [stdout]                                at /opt/rustwide/cargo-home/registry/src/index.crates.io-6f17d22bba15001f/tokio-1.39.2/src/runtime/coop.rs:73:5
[INFO] [stdout]   26:     0x64a90e352465 - tokio::runtime::scheduler::current_thread::CoreGuard::block_on::{{closure}}::{{closure}}::hf2b1c1a8a8443d1c
[INFO] [stdout]                                at /opt/rustwide/cargo-home/registry/src/index.crates.io-6f17d22bba15001f/tokio-1.39.2/src/runtime/scheduler/current_thread/mod.rs:673:25
[INFO] [stdout]   27:     0x64a90e350100 - tokio::runtime::scheduler::current_thread::Context::enter::h60eef10a329dc9b9
[INFO] [stdout]                                at /opt/rustwide/cargo-home/registry/src/index.crates.io-6f17d22bba15001f/tokio-1.39.2/src/runtime/scheduler/current_thread/mod.rs:412:19
[INFO] [stdout]   28:     0x64a90e3512ab - tokio::runtime::scheduler::current_thread::CoreGuard::block_on::{{closure}}::h49fc949423e2f819
[INFO] [stdout]                                at /opt/rustwide/cargo-home/registry/src/index.crates.io-6f17d22bba15001f/tokio-1.39.2/src/runtime/scheduler/current_thread/mod.rs:672:36
[INFO] [stdout]   29:     0x64a90e350fa4 - tokio::runtime::scheduler::current_thread::CoreGuard::enter::{{closure}}::h61f0e8289499b3e2
[INFO] [stdout]                                at /opt/rustwide/cargo-home/registry/src/index.crates.io-6f17d22bba15001f/tokio-1.39.2/src/runtime/scheduler/current_thread/mod.rs:751:68
[INFO] [stdout]   30:     0x64a90e1df6fb - tokio::runtime::context::scoped::Scoped<T>::set::h0e9e4bb2bd3df8b7
[INFO] [stdout]                                at /opt/rustwide/cargo-home/registry/src/index.crates.io-6f17d22bba15001f/tokio-1.39.2/src/runtime/context/scoped.rs:40:9
[INFO] [stdout]   31:     0x64a90e168399 - tokio::runtime::context::set_scheduler::{{closure}}::h926ff74c33a47566
[INFO] [stdout]                                at /opt/rustwide/cargo-home/registry/src/index.crates.io-6f17d22bba15001f/tokio-1.39.2/src/runtime/context.rs:180:26
[INFO] [stdout]   32:     0x64a90e0785cd - std::thread::local::LocalKey<T>::try_with::hc66cbb1b99b4034b
[INFO] [stdout]                                at /rustc/df4ca44d3fbc9301ee17f30f4d474e6ae4b05252/library/std/src/thread/local.rs:283:12
[INFO] [stdout]   33:     0x64a90e077a8a - std::thread::local::LocalKey<T>::with::h44364d090e920b87
[INFO] [stdout]                                at /rustc/df4ca44d3fbc9301ee17f30f4d474e6ae4b05252/library/std/src/thread/local.rs:260:9
[INFO] [stdout]   34:     0x64a90e1682cd - tokio::runtime::context::set_scheduler::h8c06e38c919a0736
[INFO] [stdout]                                at /opt/rustwide/cargo-home/registry/src/index.crates.io-6f17d22bba15001f/tokio-1.39.2/src/runtime/context.rs:180:9
[INFO] [stdout]   35:     0x64a90e350930 - tokio::runtime::scheduler::current_thread::CoreGuard::enter::h0e2c65b3195f93dd
[INFO] [stdout]                                at /opt/rustwide/cargo-home/registry/src/index.crates.io-6f17d22bba15001f/tokio-1.39.2/src/runtime/scheduler/current_thread/mod.rs:751:27
[INFO] [stdout]   36:     0x64a90e351043 - tokio::runtime::scheduler::current_thread::CoreGuard::block_on::hdfd6a6e05eae625c
[INFO] [stdout]                                at /opt/rustwide/cargo-home/registry/src/index.crates.io-6f17d22bba15001f/tokio-1.39.2/src/runtime/scheduler/current_thread/mod.rs:660:19
[INFO] [stdout]   37:     0x64a90e34f26f - tokio::runtime::scheduler::current_thread::CurrentThread::block_on::{{closure}}::hfa117a94f7192768
[INFO] [stdout]                                at /opt/rustwide/cargo-home/registry/src/index.crates.io-6f17d22bba15001f/tokio-1.39.2/src/runtime/scheduler/current_thread/mod.rs:180:28
[INFO] [stdout]   38:     0x64a90e0e3e86 - tokio::runtime::context::runtime::enter_runtime::h55320493eee4e19e
[INFO] [stdout]                                at /opt/rustwide/cargo-home/registry/src/index.crates.io-6f17d22bba15001f/tokio-1.39.2/src/runtime/context/runtime.rs:65:16
[INFO] [stdout]   39:     0x64a90e34eb61 - tokio::runtime::scheduler::current_thread::CurrentThread::block_on::hb7064c79348309bf
[INFO] [stdout]                                at /opt/rustwide/cargo-home/registry/src/index.crates.io-6f17d22bba15001f/tokio-1.39.2/src/runtime/scheduler/current_thread/mod.rs:168:9
[INFO] [stdout]   40:     0x64a90e2ce27d - tokio::runtime::runtime::Runtime::block_on_inner::hc80e2047e1309cff
[INFO] [stdout]                                at /opt/rustwide/cargo-home/registry/src/index.crates.io-6f17d22bba15001f/tokio-1.39.2/src/runtime/runtime.rs:361:47
[INFO] [stdout]   41:     0x64a90e2ce395 - tokio::runtime::runtime::Runtime::block_on::h1b76bf9168c728bc
[INFO] [stdout]                                at /opt/rustwide/cargo-home/registry/src/index.crates.io-6f17d22bba15001f/tokio-1.39.2/src/runtime/runtime.rs:335:13
[INFO] [stdout]   42:     0x64a90e422e00 - teloxide_core::serde_multipart::tests::test_send_animation::h2342924e199095d7
[INFO] [stdout]                                at /opt/rustwide/workdir/src/serde_multipart/mod.rs:168:9
[INFO] [stdout]   43:     0x64a90e422c97 - teloxide_core::serde_multipart::tests::test_send_animation::{{closure}}::h6971352df766dedf
[INFO] [stdout]                                at /opt/rustwide/workdir/src/serde_multipart/mod.rs:167:35
[INFO] [stdout]   44:     0x64a90e394336 - core::ops::function::FnOnce::call_once::h87b9d9f9f9a4aaa3
[INFO] [stdout]                                at /rustc/df4ca44d3fbc9301ee17f30f4d474e6ae4b05252/library/core/src/ops/function.rs:250:5
[INFO] [stdout]   45:     0x64a90e4c183b - core::ops::function::FnOnce::call_once::h22c3ba5715e93f05
[INFO] [stdout]                                at /rustc/df4ca44d3fbc9301ee17f30f4d474e6ae4b05252/library/core/src/ops/function.rs:250:5
[INFO] [stdout]   46:     0x64a90e4c183b - test::__rust_begin_short_backtrace::h8e82d8113d0da17f
[INFO] [stdout]                                at /rustc/df4ca44d3fbc9301ee17f30f4d474e6ae4b05252/library/test/src/lib.rs:621:18
[INFO] [stdout]   47:     0x64a90e4c11b7 - test::run_test_in_process::{{closure}}::h33235f4f20b7b7c7
[INFO] [stdout]                                at /rustc/df4ca44d3fbc9301ee17f30f4d474e6ae4b05252/library/test/src/lib.rs:644:60
[INFO] [stdout]   48:     0x64a90e4c11b7 - <core::panic::unwind_safe::AssertUnwindSafe<F> as core::ops::function::FnOnce<()>>::call_once::hb5043206310c586f
[INFO] [stdout]                                at /rustc/df4ca44d3fbc9301ee17f30f4d474e6ae4b05252/library/core/src/panic/unwind_safe.rs:272:9
[INFO] [stdout]   49:     0x64a90e4c11b7 - std::panicking::try::do_call::h9ad4731a60ab23e2
[INFO] [stdout]                                at /rustc/df4ca44d3fbc9301ee17f30f4d474e6ae4b05252/library/std/src/panicking.rs:557:40
[INFO] [stdout]   50:     0x64a90e4c11b7 - std::panicking::try::h3824d23db772a716
[INFO] [stdout]                                at /rustc/df4ca44d3fbc9301ee17f30f4d474e6ae4b05252/library/std/src/panicking.rs:520:19
[INFO] [stdout]   51:     0x64a90e4c11b7 - std::panic::catch_unwind::h5afd514605fde46b
[INFO] [stdout]                                at /rustc/df4ca44d3fbc9301ee17f30f4d474e6ae4b05252/library/std/src/panic.rs:358:14
[INFO] [stdout]   52:     0x64a90e4c11b7 - test::run_test_in_process::h0d5cbfa7067d1720
[INFO] [stdout]                                at /rustc/df4ca44d3fbc9301ee17f30f4d474e6ae4b05252/library/test/src/lib.rs:644:27
[INFO] [stdout]   53:     0x64a90e4c11b7 - test::run_test::{{closure}}::h708eb8872708115d
[INFO] [stdout]                                at /rustc/df4ca44d3fbc9301ee17f30f4d474e6ae4b05252/library/test/src/lib.rs:565:43
[INFO] [stdout]   54:     0x64a90e4848d4 - test::run_test::{{closure}}::h392c51cee94713ab
[INFO] [stdout]                                at /rustc/df4ca44d3fbc9301ee17f30f4d474e6ae4b05252/library/test/src/lib.rs:595:41
[INFO] [stdout]   55:     0x64a90e4848d4 - std::sys::backtrace::__rust_begin_short_backtrace::h2f40290710935a8b
[INFO] [stdout]                                at /rustc/df4ca44d3fbc9301ee17f30f4d474e6ae4b05252/library/std/src/sys/backtrace.rs:154:18
[INFO] [stdout]   56:     0x64a90e48807e - std::thread::Builder::spawn_unchecked_::{{closure}}::{{closure}}::h3fd968d89053a903
[INFO] [stdout]                                at /rustc/df4ca44d3fbc9301ee17f30f4d474e6ae4b05252/library/std/src/thread/mod.rs:541:17
[INFO] [stdout]   57:     0x64a90e48807e - <core::panic::unwind_safe::AssertUnwindSafe<F> as core::ops::function::FnOnce<()>>::call_once::h743f637ba4229880
[INFO] [stdout]                                at /rustc/df4ca44d3fbc9301ee17f30f4d474e6ae4b05252/library/core/src/panic/unwind_safe.rs:272:9
[INFO] [stdout]   58:     0x64a90e48807e - std::panicking::try::do_call::h07440897322525a6
[INFO] [stdout]                                at /rustc/df4ca44d3fbc9301ee17f30f4d474e6ae4b05252/library/std/src/panicking.rs:557:40
[INFO] [stdout]   59:     0x64a90e48807e - std::panicking::try::he5a2e00188156637
[INFO] [stdout]                                at /rustc/df4ca44d3fbc9301ee17f30f4d474e6ae4b05252/library/std/src/panicking.rs:520:19
[INFO] [stdout]   60:     0x64a90e48807e - std::panic::catch_unwind::hbaf3cae49b3c6433
[INFO] [stdout]                                at /rustc/df4ca44d3fbc9301ee17f30f4d474e6ae4b05252/library/std/src/panic.rs:358:14
[INFO] [stdout]   61:     0x64a90e48807e - std::thread::Builder::spawn_unchecked_::{{closure}}::h8e141ea224820bce
[INFO] [stdout]                                at /rustc/df4ca44d3fbc9301ee17f30f4d474e6ae4b05252/library/std/src/thread/mod.rs:540:30
[INFO] [stdout]   62:     0x64a90e48807e - core::ops::function::FnOnce::call_once{{vtable.shim}}::h90d312fedd7b8ea8
[INFO] [stdout]                                at /rustc/df4ca44d3fbc9301ee17f30f4d474e6ae4b05252/library/core/src/ops/function.rs:250:5
[INFO] [stdout]   63:     0x64a90e678adb - <alloc::boxed::Box<F,A> as core::ops::function::FnOnce<Args>>::call_once::h69aa08ddb6adb8b6
[INFO] [stdout]                                at /rustc/df4ca44d3fbc9301ee17f30f4d474e6ae4b05252/library/alloc/src/boxed.rs:2454:9
[INFO] [stdout]   64:     0x64a90e678adb - <alloc::boxed::Box<F,A> as core::ops::function::FnOnce<Args>>::call_once::h5aa36efdb79c806f
[INFO] [stdout]                                at /rustc/df4ca44d3fbc9301ee17f30f4d474e6ae4b05252/library/alloc/src/boxed.rs:2454:9
[INFO] [stdout]   65:     0x64a90e678adb - std::sys::pal::unix::thread::Thread::new::thread_start::h6cd80a1b4be5158d
[INFO] [stdout]                                at /rustc/df4ca44d3fbc9301ee17f30f4d474e6ae4b05252/library/std/src/sys/pal/unix/thread.rs:105:17
[INFO] [stdout]   66:     0x7dc762a7aac3 - <unknown>
[INFO] [stdout]   67:     0x7dc762b0ba04 - clone
[INFO] [stdout]   68:                0x0 - <unknown>
[INFO] [stdout] 
[INFO] [stdout] ---- serde_multipart::tests::test_send_media_group stdout ----
[INFO] [stdout] thread 'serde_multipart::tests::test_send_media_group' panicked at src/serde_multipart/mod.rs:127:69:
[INFO] [stdout] called `Result::unwrap()` on an `Err` value: Os { code: 2, kind: NotFound, message: "No such file or directory" }
[INFO] [stdout] stack backtrace:
[INFO] [stdout]    0:     0x64a90e67279a - std::backtrace_rs::backtrace::libunwind::trace::h207520d6e9873551
[INFO] [stdout]                                at /rustc/df4ca44d3fbc9301ee17f30f4d474e6ae4b05252/library/std/src/../../backtrace/src/backtrace/libunwind.rs:116:5
[INFO] [stdout]    1:     0x64a90e67279a - std::backtrace_rs::backtrace::trace_unsynchronized::h2ed7433f370e3eca
[INFO] [stdout]                                at /rustc/df4ca44d3fbc9301ee17f30f4d474e6ae4b05252/library/std/src/../../backtrace/src/backtrace/mod.rs:66:5
[INFO] [stdout]    2:     0x64a90e67279a - std::sys::backtrace::_print_fmt::h916fac51166b18d7
[INFO] [stdout]                                at /rustc/df4ca44d3fbc9301ee17f30f4d474e6ae4b05252/library/std/src/sys/backtrace.rs:66:9
[INFO] [stdout]    3:     0x64a90e67279a - <std::sys::backtrace::BacktraceLock::print::DisplayBacktrace as core::fmt::Display>::fmt::ha0a4c9b8ce3802e6
[INFO] [stdout]                                at /rustc/df4ca44d3fbc9301ee17f30f4d474e6ae4b05252/library/std/src/sys/backtrace.rs:39:26
[INFO] [stdout]    4:     0x64a90e69c5a3 - core::fmt::rt::Argument::fmt::h4cfc8587d52b3eb5
[INFO] [stdout]                                at /rustc/df4ca44d3fbc9301ee17f30f4d474e6ae4b05252/library/core/src/fmt/rt.rs:177:76
[INFO] [stdout]    5:     0x64a90e69c5a3 - core::fmt::write::h522cc39e5b36ae9f
[INFO] [stdout]                                at /rustc/df4ca44d3fbc9301ee17f30f4d474e6ae4b05252/library/core/src/fmt/mod.rs:1190:21
[INFO] [stdout]    6:     0x64a90e66ec03 - std::io::Write::write_fmt::h7d3c26752da97734
[INFO] [stdout]                                at /rustc/df4ca44d3fbc9301ee17f30f4d474e6ae4b05252/library/std/src/io/mod.rs:1839:15
[INFO] [stdout]    7:     0x64a90e6725e2 - std::sys::backtrace::BacktraceLock::print::h4b9e00b29e9c0942
[INFO] [stdout]                                at /rustc/df4ca44d3fbc9301ee17f30f4d474e6ae4b05252/library/std/src/sys/backtrace.rs:42:9
[INFO] [stdout]    8:     0x64a90e67422a - std::panicking::default_hook::{{closure}}::hb59b88280d0324d9
[INFO] [stdout]                                at /rustc/df4ca44d3fbc9301ee17f30f4d474e6ae4b05252/library/std/src/panicking.rs:268:22
[INFO] [stdout]    9:     0x64a90e674034 - std::panicking::default_hook::he1dd496665be4a29
[INFO] [stdout]                                at /rustc/df4ca44d3fbc9301ee17f30f4d474e6ae4b05252/library/std/src/panicking.rs:292:9
[INFO] [stdout]   10:     0x64a90e4bcf69 - <alloc::boxed::Box<F,A> as core::ops::function::Fn<Args>>::call::h4ff71de18744e1dc
[INFO] [stdout]                                at /rustc/df4ca44d3fbc9301ee17f30f4d474e6ae4b05252/library/alloc/src/boxed.rs:2468:9
[INFO] [stdout]   11:     0x64a90e4bcf69 - test::test_main::{{closure}}::hcf7c055ce117aa81
[INFO] [stdout]                                at /rustc/df4ca44d3fbc9301ee17f30f4d474e6ae4b05252/library/test/src/lib.rs:133:21
[INFO] [stdout]   12:     0x64a90e674928 - <alloc::boxed::Box<F,A> as core::ops::function::Fn<Args>>::call::h1d66c6bbd60c9692
[INFO] [stdout]                                at /rustc/df4ca44d3fbc9301ee17f30f4d474e6ae4b05252/library/alloc/src/boxed.rs:2468:9
[INFO] [stdout]   13:     0x64a90e674928 - std::panicking::rust_panic_with_hook::h2ff17fe8f26dfcf8
[INFO] [stdout]                                at /rustc/df4ca44d3fbc9301ee17f30f4d474e6ae4b05252/library/std/src/panicking.rs:809:13
[INFO] [stdout]   14:     0x64a90e6746ea - std::panicking::begin_panic_handler::{{closure}}::h4fad77951c07e101
[INFO] [stdout]                                at /rustc/df4ca44d3fbc9301ee17f30f4d474e6ae4b05252/library/std/src/panicking.rs:674:13
[INFO] [stdout]   15:     0x64a90e672c79 - std::sys::backtrace::__rust_end_short_backtrace::hb1a25b3da5d0ea08
[INFO] [stdout]                                at /rustc/df4ca44d3fbc9301ee17f30f4d474e6ae4b05252/library/std/src/sys/backtrace.rs:170:18
[INFO] [stdout]   16:     0x64a90e67437c - rust_begin_unwind
[INFO] [stdout]                                at /rustc/df4ca44d3fbc9301ee17f30f4d474e6ae4b05252/library/std/src/panicking.rs:665:5
[INFO] [stdout]   17:     0x64a90e69a6d0 - core::panicking::panic_fmt::ha9db07b529f9b256
[INFO] [stdout]                                at /rustc/df4ca44d3fbc9301ee17f30f4d474e6ae4b05252/library/core/src/panicking.rs:75:14
[INFO] [stdout]   18:     0x64a90e69abb6 - core::result::unwrap_failed::h5e8218e4d4338b8a
[INFO] [stdout]                                at /rustc/df4ca44d3fbc9301ee17f30f4d474e6ae4b05252/library/core/src/result.rs:1698:5
[INFO] [stdout]   19:     0x64a90e421953 - core::result::Result<T,E>::unwrap::h40bac56c44e6fbc5
[INFO] [stdout]                                at /rustc/df4ca44d3fbc9301ee17f30f4d474e6ae4b05252/library/core/src/result.rs:1103:23
[INFO] [stdout]   20:     0x64a90e421953 - teloxide_core::serde_multipart::tests::test_send_media_group::{{closure}}::hc7dd1c9924779536
[INFO] [stdout]                                at /opt/rustwide/workdir/src/serde_multipart/mod.rs:127:25
[INFO] [stdout]   21:     0x64a90df56982 - <core::pin::Pin<P> as core::future::future::Future>::poll::h746b087340b3546a
[INFO] [stdout]                                at /rustc/df4ca44d3fbc9301ee17f30f4d474e6ae4b05252/library/core/src/future/future.rs:123:9
[INFO] [stdout]   22:     0x64a90df5693d - <core::pin::Pin<P> as core::future::future::Future>::poll::h11084ba737891d67
[INFO] [stdout]                                at /rustc/df4ca44d3fbc9301ee17f30f4d474e6ae4b05252/library/core/src/future/future.rs:123:9
[INFO] [stdout]   23:     0x64a90e35255f - tokio::runtime::scheduler::current_thread::CoreGuard::block_on::{{closure}}::{{closure}}::{{closure}}::h685e4fbf762a6ca3
[INFO] [stdout]                                at /opt/rustwide/cargo-home/registry/src/index.crates.io-6f17d22bba15001f/tokio-1.39.2/src/runtime/scheduler/current_thread/mod.rs:673:57
[INFO] [stdout]   24:     0x64a90e352465 - tokio::runtime::coop::with_budget::h2c3eb8577a578673
[INFO] [stdout]                                at /opt/rustwide/cargo-home/registry/src/index.crates.io-6f17d22bba15001f/tokio-1.39.2/src/runtime/coop.rs:107:5
[INFO] [stdout]   25:     0x64a90e352465 - tokio::runtime::coop::budget::h9a4ce1aa470437eb
[INFO] [stdout]                                at /opt/rustwide/cargo-home/registry/src/index.crates.io-6f17d22bba15001f/tokio-1.39.2/src/runtime/coop.rs:73:5
[INFO] [stdout]   26:     0x64a90e352465 - tokio::runtime::scheduler::current_thread::CoreGuard::block_on::{{closure}}::{{closure}}::hf2b1c1a8a8443d1c
[INFO] [stdout]                                at /opt/rustwide/cargo-home/registry/src/index.crates.io-6f17d22bba15001f/tokio-1.39.2/src/runtime/scheduler/current_thread/mod.rs:673:25
[INFO] [stdout]   27:     0x64a90e350100 - tokio::runtime::scheduler::current_thread::Context::enter::h60eef10a329dc9b9
[INFO] [stdout]                                at /opt/rustwide/cargo-home/registry/src/index.crates.io-6f17d22bba15001f/tokio-1.39.2/src/runtime/scheduler/current_thread/mod.rs:412:19
[INFO] [stdout]   28:     0x64a90e3512ab - tokio::runtime::scheduler::current_thread::CoreGuard::block_on::{{closure}}::h49fc949423e2f819
[INFO] [stdout]                                at /opt/rustwide/cargo-home/registry/src/index.crates.io-6f17d22bba15001f/tokio-1.39.2/src/runtime/scheduler/current_thread/mod.rs:672:36
[INFO] [stdout]   29:     0x64a90e350fa4 - tokio::runtime::scheduler::current_thread::CoreGuard::enter::{{closure}}::h61f0e8289499b3e2
[INFO] [stdout]                                at /opt/rustwide/cargo-home/registry/src/index.crates.io-6f17d22bba15001f/tokio-1.39.2/src/runtime/scheduler/current_thread/mod.rs:751:68
[INFO] [stdout]   30:     0x64a90e1df6fb - tokio::runtime::context::scoped::Scoped<T>::set::h0e9e4bb2bd3df8b7
[INFO] [stdout]                                at /opt/rustwide/cargo-home/registry/src/index.crates.io-6f17d22bba15001f/tokio-1.39.2/src/runtime/context/scoped.rs:40:9
[INFO] [stdout]   31:     0x64a90e168399 - tokio::runtime::context::set_scheduler::{{closure}}::h926ff74c33a47566
[INFO] [stdout]                                at /opt/rustwide/cargo-home/registry/src/index.crates.io-6f17d22bba15001f/tokio-1.39.2/src/runtime/context.rs:180:26
[INFO] [stdout]   32:     0x64a90e0785cd - std::thread::local::LocalKey<T>::try_with::hc66cbb1b99b4034b
[INFO] [stdout]                                at /rustc/df4ca44d3fbc9301ee17f30f4d474e6ae4b05252/library/std/src/thread/local.rs:283:12
[INFO] [stdout]   33:     0x64a90e077a8a - std::thread::local::LocalKey<T>::with::h44364d090e920b87
[INFO] [stdout]                                at /rustc/df4ca44d3fbc9301ee17f30f4d474e6ae4b05252/library/std/src/thread/local.rs:260:9
[INFO] [stdout]   34:     0x64a90e1682cd - tokio::runtime::context::set_scheduler::h8c06e38c919a0736
[INFO] [stdout]                                at /opt/rustwide/cargo-home/registry/src/index.crates.io-6f17d22bba15001f/tokio-1.39.2/src/runtime/context.rs:180:9
[INFO] [stdout]   35:     0x64a90e350930 - tokio::runtime::scheduler::current_thread::CoreGuard::enter::h0e2c65b3195f93dd
[INFO] [stdout]                                at /opt/rustwide/cargo-home/registry/src/index.crates.io-6f17d22bba15001f/tokio-1.39.2/src/runtime/scheduler/current_thread/mod.rs:751:27
[INFO] [stdout]   36:     0x64a90e351043 - tokio::runtime::scheduler::current_thread::CoreGuard::block_on::hdfd6a6e05eae625c
[INFO] [stdout]                                at /opt/rustwide/cargo-home/registry/src/index.crates.io-6f17d22bba15001f/tokio-1.39.2/src/runtime/scheduler/current_thread/mod.rs:660:19
[INFO] [stdout]   37:     0x64a90e34f26f - tokio::runtime::scheduler::current_thread::CurrentThread::block_on::{{closure}}::hfa117a94f7192768
[INFO] [stdout]                                at /opt/rustwide/cargo-home/registry/src/index.crates.io-6f17d22bba15001f/tokio-1.39.2/src/runtime/scheduler/current_thread/mod.rs:180:28
[INFO] [stdout]   38:     0x64a90e0e3e86 - tokio::runtime::context::runtime::enter_runtime::h55320493eee4e19e
[INFO] [stdout]                                at /opt/rustwide/cargo-home/registry/src/index.crates.io-6f17d22bba15001f/tokio-1.39.2/src/runtime/context/runtime.rs:65:16
[INFO] [stdout]   39:     0x64a90e34eb61 - tokio::runtime::scheduler::current_thread::CurrentThread::block_on::hb7064c79348309bf
[INFO] [stdout]                                at /opt/rustwide/cargo-home/registry/src/index.crates.io-6f17d22bba15001f/tokio-1.39.2/src/runtime/scheduler/current_thread/mod.rs:168:9
[INFO] [stdout]   40:     0x64a90e2ce27d - tokio::runtime::runtime::Runtime::block_on_inner::hc80e2047e1309cff
[INFO] [stdout]                                at /opt/rustwide/cargo-home/registry/src/index.crates.io-6f17d22bba15001f/tokio-1.39.2/src/runtime/runtime.rs:361:47
[INFO] [stdout]   41:     0x64a90e2ce395 - tokio::runtime::runtime::Runtime::block_on::h1b76bf9168c728bc
[INFO] [stdout]                                at /opt/rustwide/cargo-home/registry/src/index.crates.io-6f17d22bba15001f/tokio-1.39.2/src/runtime/runtime.rs:335:13
[INFO] [stdout]   42:     0x64a90e4212e0 - teloxide_core::serde_multipart::tests::test_send_media_group::h10f517ae1f49c252
[INFO] [stdout]                                at /opt/rustwide/workdir/src/serde_multipart/mod.rs:113:9
[INFO] [stdout]   43:     0x64a90e421177 - teloxide_core::serde_multipart::tests::test_send_media_group::{{closure}}::hee494b20668ef74c
[INFO] [stdout]                                at /opt/rustwide/workdir/src/serde_multipart/mod.rs:110:37
[INFO] [stdout]   44:     0x64a90e38f7f6 - core::ops::function::FnOnce::call_once::h1ac99aa7e79cf6fd
[INFO] [stdout]                                at /rustc/df4ca44d3fbc9301ee17f30f4d474e6ae4b05252/library/core/src/ops/function.rs:250:5
[INFO] [stdout]   45:     0x64a90e4c183b - core::ops::function::FnOnce::call_once::h22c3ba5715e93f05
[INFO] [stdout]                                at /rustc/df4ca44d3fbc9301ee17f30f4d474e6ae4b05252/library/core/src/ops/function.rs:250:5
[INFO] [stdout]   46:     0x64a90e4c183b - test::__rust_begin_short_backtrace::h8e82d8113d0da17f
[INFO] [stdout]                                at /rustc/df4ca44d3fbc9301ee17f30f4d474e6ae4b05252/library/test/src/lib.rs:621:18
[INFO] [stdout]   47:     0x64a90e4c11b7 - test::run_test_in_process::{{closure}}::h33235f4f20b7b7c7
[INFO] [stdout]                                at /rustc/df4ca44d3fbc9301ee17f30f4d474e6ae4b05252/library/test/src/lib.rs:644:60
[INFO] [stdout]   48:     0x64a90e4c11b7 - <core::panic::unwind_safe::AssertUnwindSafe<F> as core::ops::function::FnOnce<()>>::call_once::hb5043206310c586f
[INFO] [stdout]                                at /rustc/df4ca44d3fbc9301ee17f30f4d474e6ae4b05252/library/core/src/panic/unwind_safe.rs:272:9
[INFO] [stdout]   49:     0x64a90e4c11b7 - std::panicking::try::do_call::h9ad4731a60ab23e2
[INFO] [stdout]                                at /rustc/df4ca44d3fbc9301ee17f30f4d474e6ae4b05252/library/std/src/panicking.rs:557:40
[INFO] [stdout]   50:     0x64a90e4c11b7 - std::panicking::try::h3824d23db772a716
[INFO] [stdout]                                at /rustc/df4ca44d3fbc9301ee17f30f4d474e6ae4b05252/library/std/src/panicking.rs:520:19
[INFO] [stdout]   51:     0x64a90e4c11b7 - std::panic::catch_unwind::h5afd514605fde46b
[INFO] [stdout]                                at /rustc/df4ca44d3fbc9301ee17f30f4d474e6ae4b05252/library/std/src/panic.rs:358:14
[INFO] [stdout]   52:     0x64a90e4c11b7 - test::run_test_in_process::h0d5cbfa7067d1720
[INFO] [stdout]                                at /rustc/df4ca44d3fbc9301ee17f30f4d474e6ae4b05252/library/test/src/lib.rs:644:27
[INFO] [stdout]   53:     0x64a90e4c11b7 - test::run_test::{{closure}}::h708eb8872708115d
[INFO] [stdout]                                at /rustc/df4ca44d3fbc9301ee17f30f4d474e6ae4b05252/library/test/src/lib.rs:565:43
[INFO] [stdout]   54:     0x64a90e4848d4 - test::run_test::{{closure}}::h392c51cee94713ab
[INFO] [stdout]                                at /rustc/df4ca44d3fbc9301ee17f30f4d474e6ae4b05252/library/test/src/lib.rs:595:41
[INFO] [stdout]   55:     0x64a90e4848d4 - std::sys::backtrace::__rust_begin_short_backtrace::h2f40290710935a8b
[INFO] [stdout]                                at /rustc/df4ca44d3fbc9301ee17f30f4d474e6ae4b05252/library/std/src/sys/backtrace.rs:154:18
[INFO] [stdout]   56:     0x64a90e48807e - std::thread::Builder::spawn_unchecked_::{{closure}}::{{closure}}::h3fd968d89053a903
[INFO] [stdout]                                at /rustc/df4ca44d3fbc9301ee17f30f4d474e6ae4b05252/library/std/src/thread/mod.rs:541:17
[INFO] [stdout]   57:     0x64a90e48807e - <core::panic::unwind_safe::AssertUnwindSafe<F> as core::ops::function::FnOnce<()>>::call_once::h743f637ba4229880
[INFO] [stdout]                                at /rustc/df4ca44d3fbc9301ee17f30f4d474e6ae4b05252/library/core/src/panic/unwind_safe.rs:272:9
[INFO] [stdout]   58:     0x64a90e48807e - std::panicking::try::do_call::h07440897322525a6
[INFO] [stdout]                                at /rustc/df4ca44d3fbc9301ee17f30f4d474e6ae4b05252/library/std/src/panicking.rs:557:40
[INFO] [stdout]   59:     0x64a90e48807e - std::panicking::try::he5a2e00188156637
[INFO] [stdout]                                at /rustc/df4ca44d3fbc9301ee17f30f4d474e6ae4b05252/library/std/src/panicking.rs:520:19
[INFO] [stdout]   60:     0x64a90e48807e - std::panic::catch_unwind::hbaf3cae49b3c6433
[INFO] [stdout]                                at /rustc/df4ca44d3fbc9301ee17f30f4d474e6ae4b05252/library/std/src/panic.rs:358:14
[INFO] [stdout]   61:     0x64a90e48807e - std::thread::Builder::spawn_unchecked_::{{closure}}::h8e141ea224820bce
[INFO] [stdout]                                at /rustc/df4ca44d3fbc9301ee17f30f4d474e6ae4b05252/library/std/src/thread/mod.rs:540:30
[INFO] [stdout]   62:     0x64a90e48807e - core::ops::function::FnOnce::call_once{{vtable.shim}}::h90d312fedd7b8ea8
[INFO] [stdout]                                at /rustc/df4ca44d3fbc9301ee17f30f4d474e6ae4b05252/library/core/src/ops/function.rs:250:5
[INFO] [stdout]   63:     0x64a90e678adb - <alloc::boxed::Box<F,A> as core::ops::function::FnOnce<Args>>::call_once::h69aa08ddb6adb8b6
[INFO] [stdout]                                at /rustc/df4ca44d3fbc9301ee17f30f4d474e6ae4b05252/library/alloc/src/boxed.rs:2454:9
[INFO] [stdout]   64:     0x64a90e678adb - <alloc::boxed::Box<F,A> as core::ops::function::FnOnce<Args>>::call_once::h5aa36efdb79c806f
[INFO] [stdout]                                at /rustc/df4ca44d3fbc9301ee17f30f4d474e6ae4b05252/library/alloc/src/boxed.rs:2454:9
[INFO] [stdout]   65:     0x64a90e678adb - std::sys::pal::unix::thread::Thread::new::thread_start::h6cd80a1b4be5158d
[INFO] [stdout]                                at /rustc/df4ca44d3fbc9301ee17f30f4d474e6ae4b05252/library/std/src/sys/pal/unix/thread.rs:105:17
[INFO] [stdout]   66:     0x7dc762a7aac3 - <unknown>
[INFO] [stdout]   67:     0x7dc762b0ba04 - clone
[INFO] [stdout]   68:                0x0 - <unknown>
[INFO] [stdout] 
[INFO] [stdout] ---- local_macros::codegen_requester_forward stdout ----
[INFO] [stdout] thread 'local_macros::codegen_requester_forward' panicked at src/codegen.rs:31:9:
[INFO] [stdout] Failed to run rustfmt from toolchain 'nightly-2024-07-03'. Please run `rustup component add rustfmt --toolchain nightly-2024-07-03` to install it.
[INFO] [stdout] stack backtrace:
[INFO] [stdout]    0:     0x64a90e67279a - std::backtrace_rs::backtrace::libunwind::trace::h207520d6e9873551
[INFO] [stdout]                                at /rustc/df4ca44d3fbc9301ee17f30f4d474e6ae4b05252/library/std/src/../../backtrace/src/backtrace/libunwind.rs:116:5
[INFO] [stdout]    1:     0x64a90e67279a - std::backtrace_rs::backtrace::trace_unsynchronized::h2ed7433f370e3eca
[INFO] [stdout]                                at /rustc/df4ca44d3fbc9301ee17f30f4d474e6ae4b05252/library/std/src/../../backtrace/src/backtrace/mod.rs:66:5
[INFO] [stdout]    2:     0x64a90e67279a - std::sys::backtrace::_print_fmt::h916fac51166b18d7
[INFO] [stdout]                                at /rustc/df4ca44d3fbc9301ee17f30f4d474e6ae4b05252/library/std/src/sys/backtrace.rs:66:9
[INFO] [stdout]    3:     0x64a90e67279a - <std::sys::backtrace::BacktraceLock::print::DisplayBacktrace as core::fmt::Display>::fmt::ha0a4c9b8ce3802e6
[INFO] [stdout]                                at /rustc/df4ca44d3fbc9301ee17f30f4d474e6ae4b05252/library/std/src/sys/backtrace.rs:39:26
[INFO] [stdout]    4:     0x64a90e69c5a3 - core::fmt::rt::Argument::fmt::h4cfc8587d52b3eb5
[INFO] [stdout]                                at /rustc/df4ca44d3fbc9301ee17f30f4d474e6ae4b05252/library/core/src/fmt/rt.rs:177:76
[INFO] [stdout]    5:     0x64a90e69c5a3 - core::fmt::write::h522cc39e5b36ae9f
[INFO] [stdout]                                at /rustc/df4ca44d3fbc9301ee17f30f4d474e6ae4b05252/library/core/src/fmt/mod.rs:1190:21
[INFO] [stdout]    6:     0x64a90e66ec03 - std::io::Write::write_fmt::h7d3c26752da97734
[INFO] [stdout]                                at /rustc/df4ca44d3fbc9301ee17f30f4d474e6ae4b05252/library/std/src/io/mod.rs:1839:15
[INFO] [stdout]    7:     0x64a90e6725e2 - std::sys::backtrace::BacktraceLock::print::h4b9e00b29e9c0942
[INFO] [stdout]                                at /rustc/df4ca44d3fbc9301ee17f30f4d474e6ae4b05252/library/std/src/sys/backtrace.rs:42:9
[INFO] [stdout]    8:     0x64a90e67422a - std::panicking::default_hook::{{closure}}::hb59b88280d0324d9
[INFO] [stdout]                                at /rustc/df4ca44d3fbc9301ee17f30f4d474e6ae4b05252/library/std/src/panicking.rs:268:22
[INFO] [stdout]    9:     0x64a90e674034 - std::panicking::default_hook::he1dd496665be4a29
[INFO] [stdout]                                at /rustc/df4ca44d3fbc9301ee17f30f4d474e6ae4b05252/library/std/src/panicking.rs:292:9
[INFO] [stdout]   10:     0x64a90e4bcf69 - <alloc::boxed::Box<F,A> as core::ops::function::Fn<Args>>::call::h4ff71de18744e1dc
[INFO] [stdout]                                at /rustc/df4ca44d3fbc9301ee17f30f4d474e6ae4b05252/library/alloc/src/boxed.rs:2468:9
[INFO] [stdout]   11:     0x64a90e4bcf69 - test::test_main::{{closure}}::hcf7c055ce117aa81
[INFO] [stdout]                                at /rustc/df4ca44d3fbc9301ee17f30f4d474e6ae4b05252/library/test/src/lib.rs:133:21
[INFO] [stdout]   12:     0x64a90e674928 - <alloc::boxed::Box<F,A> as core::ops::function::Fn<Args>>::call::h1d66c6bbd60c9692
[INFO] [stdout]                                at /rustc/df4ca44d3fbc9301ee17f30f4d474e6ae4b05252/library/alloc/src/boxed.rs:2468:9
[INFO] [stdout]   13:     0x64a90e674928 - std::panicking::rust_panic_with_hook::h2ff17fe8f26dfcf8
[INFO] [stdout]                                at /rustc/df4ca44d3fbc9301ee17f30f4d474e6ae4b05252/library/std/src/panicking.rs:809:13
[INFO] [stdout]   14:     0x64a90e6746ea - std::panicking::begin_panic_handler::{{closure}}::h4fad77951c07e101
[INFO] [stdout]                                at /rustc/df4ca44d3fbc9301ee17f30f4d474e6ae4b05252/library/std/src/panicking.rs:674:13
[INFO] [stdout]   15:     0x64a90e672c79 - std::sys::backtrace::__rust_end_short_backtrace::hb1a25b3da5d0ea08
[INFO] [stdout]                                at /rustc/df4ca44d3fbc9301ee17f30f4d474e6ae4b05252/library/std/src/sys/backtrace.rs:170:18
[INFO] [stdout]   16:     0x64a90e67437c - rust_begin_unwind
[INFO] [stdout]                                at /rustc/df4ca44d3fbc9301ee17f30f4d474e6ae4b05252/library/std/src/panicking.rs:665:5
[INFO] [stdout]   17:     0x64a90e69a6d0 - core::panicking::panic_fmt::ha9db07b529f9b256
[INFO] [stdout]                                at /rustc/df4ca44d3fbc9301ee17f30f4d474e6ae4b05252/library/core/src/panicking.rs:75:14
[INFO] [stdout]   18:     0x64a90e0a81f1 - teloxide_core::codegen::ensure_rustfmt::h28daec0910bb9b12
[INFO] [stdout]                                at /opt/rustwide/workdir/src/codegen.rs:31:9
[INFO] [stdout]   19:     0x64a90e0a8357 - teloxide_core::codegen::reformat::ha0209decb3204e97
[INFO] [stdout]                                at /opt/rustwide/workdir/src/codegen.rs:42:5
[INFO] [stdout]   20:     0x64a90e0ab905 - teloxide_core::local_macros::codegen_requester_forward::h546e9889e3112269
[INFO] [stdout]                                at /opt/rustwide/workdir/src/local_macros.rs:1586:20
[INFO] [stdout]   21:     0x64a90e0ab627 - teloxide_core::local_macros::codegen_requester_forward::{{closure}}::hec1f606f68727bab
[INFO] [stdout]                                at /opt/rustwide/workdir/src/local_macros.rs:1489:31
[INFO] [stdout]   22:     0x64a90e38ede6 - core::ops::function::FnOnce::call_once::h09d23318c736cdfa
[INFO] [stdout]                                at /rustc/df4ca44d3fbc9301ee17f30f4d474e6ae4b05252/library/core/src/ops/function.rs:250:5
[INFO] [stdout]   23:     0x64a90e4c183b - core::ops::function::FnOnce::call_once::h22c3ba5715e93f05
[INFO] [stdout]                                at /rustc/df4ca44d3fbc9301ee17f30f4d474e6ae4b05252/library/core/src/ops/function.rs:250:5
[INFO] [stdout]   24:     0x64a90e4c183b - test::__rust_begin_short_backtrace::h8e82d8113d0da17f
[INFO] [stdout]                                at /rustc/df4ca44d3fbc9301ee17f30f4d474e6ae4b05252/library/test/src/lib.rs:621:18
[INFO] [stdout]   25:     0x64a90e4c11b7 - test::run_test_in_process::{{closure}}::h33235f4f20b7b7c7
[INFO] [stdout]                                at /rustc/df4ca44d3fbc9301ee17f30f4d474e6ae4b05252/library/test/src/lib.rs:644:60
[INFO] [stdout]   26:     0x64a90e4c11b7 - <core::panic::unwind_safe::AssertUnwindSafe<F> as core::ops::function::FnOnce<()>>::call_once::hb5043206310c586f
[INFO] [stdout]                                at /rustc/df4ca44d3fbc9301ee17f30f4d474e6ae4b05252/library/core/src/panic/unwind_safe.rs:272:9
[INFO] [stdout]   27:     0x64a90e4c11b7 - std::panicking::try::do_call::h9ad4731a60ab23e2
[INFO] [stdout]                                at /rustc/df4ca44d3fbc9301ee17f30f4d474e6ae4b05252/library/std/src/panicking.rs:557:40
[INFO] [stdout]   28:     0x64a90e4c11b7 - std::panicking::try::h3824d23db772a716
[INFO] [stdout]                                at /rustc/df4ca44d3fbc9301ee17f30f4d474e6ae4b05252/library/std/src/panicking.rs:520:19
[INFO] [stdout]   29:     0x64a90e4c11b7 - std::panic::catch_unwind::h5afd514605fde46b
[INFO] [stdout]                                at /rustc/df4ca44d3fbc9301ee17f30f4d474e6ae4b05252/library/std/src/panic.rs:358:14
[INFO] [stdout]   30:     0x64a90e4c11b7 - test::run_test_in_process::h0d5cbfa7067d1720
[INFO] [stdout]                                at /rustc/df4ca44d3fbc9301ee17f30f4d474e6ae4b05252/library/test/src/lib.rs:644:27
[INFO] [stdout]   31:     0x64a90e4c11b7 - test::run_test::{{closure}}::h708eb8872708115d
[INFO] [stdout]                                at /rustc/df4ca44d3fbc9301ee17f30f4d474e6ae4b05252/library/test/src/lib.rs:565:43
[INFO] [stdout]   32:     0x64a90e4848d4 - test::run_test::{{closure}}::h392c51cee94713ab
[INFO] [stdout]                                at /rustc/df4ca44d3fbc9301ee17f30f4d474e6ae4b05252/library/test/src/lib.rs:595:41
[INFO] [stdout]   33:     0x64a90e4848d4 - std::sys::backtrace::__rust_begin_short_backtrace::h2f40290710935a8b
[INFO] [stdout]                                at /rustc/df4ca44d3fbc9301ee17f30f4d474e6ae4b05252/library/std/src/sys/backtrace.rs:154:18
[INFO] [stdout]   34:     0x64a90e48807e - std::thread::Builder::spawn_unchecked_::{{closure}}::{{closure}}::h3fd968d89053a903
[INFO] [stdout]                                at /rustc/df4ca44d3fbc9301ee17f30f4d474e6ae4b05252/library/std/src/thread/mod.rs:541:17
[INFO] [stdout]   35:     0x64a90e48807e - <core::panic::unwind_safe::AssertUnwindSafe<F> as core::ops::function::FnOnce<()>>::call_once::h743f637ba4229880
[INFO] [stdout]                                at /rustc/df4ca44d3fbc9301ee17f30f4d474e6ae4b05252/library/core/src/panic/unwind_safe.rs:272:9
[INFO] [stdout]   36:     0x64a90e48807e - std::panicking::try::do_call::h07440897322525a6
[INFO] [stdout]                                at /rustc/df4ca44d3fbc9301ee17f30f4d474e6ae4b05252/library/std/src/panicking.rs:557:40
[INFO] [stdout]   37:     0x64a90e48807e - std::panicking::try::he5a2e00188156637
[INFO] [stdout]                                at /rustc/df4ca44d3fbc9301ee17f30f4d474e6ae4b05252/library/std/src/panicking.rs:520:19
[INFO] [stdout]   38:     0x64a90e48807e - std::panic::catch_unwind::hbaf3cae49b3c6433
[INFO] [stdout]                                at /rustc/df4ca44d3fbc9301ee17f30f4d474e6ae4b05252/library/std/src/panic.rs:358:14
[INFO] [stdout]   39:     0x64a90e48807e - std::thread::Builder::spawn_unchecked_::{{closure}}::h8e141ea224820bce
[INFO] [stdout]                                at /rustc/df4ca44d3fbc9301ee17f30f4d474e6ae4b05252/library/std/src/thread/mod.rs:540:30
[INFO] [stdout]   40:     0x64a90e48807e - core::ops::function::FnOnce::call_once{{vtable.shim}}::h90d312fedd7b8ea8
[INFO] [stdout]                                at /rustc/df4ca44d3fbc9301ee17f30f4d474e6ae4b05252/library/core/src/ops/function.rs:250:5
[INFO] [stdout]   41:     0x64a90e678adb - <alloc::boxed::Box<F,A> as core::ops::function::FnOnce<Args>>::call_once::h69aa08ddb6adb8b6
[INFO] [stdout]                                at /rustc/df4ca44d3fbc9301ee17f30f4d474e6ae4b05252/library/alloc/src/boxed.rs:2454:9
[INFO] [stdout]   42:     0x64a90e678adb - <alloc::boxed::Box<F,A> as core::ops::function::FnOnce<Args>>::call_once::h5aa36efdb79c806f
[INFO] [stdout]                                at /rustc/df4ca44d3fbc9301ee17f30f4d474e6ae4b05252/library/alloc/src/boxed.rs:2454:9
[INFO] [stdout]   43:     0x64a90e678adb - std::sys::pal::unix::thread::Thread::new::thread_start::h6cd80a1b4be5158d
[INFO] [stdout]                                at /rustc/df4ca44d3fbc9301ee17f30f4d474e6ae4b05252/library/std/src/sys/pal/unix/thread.rs:105:17
[INFO] [stdout]   44:     0x7dc762a7aac3 - <unknown>
[INFO] [stdout]   45:     0x7dc762b0ba04 - clone
[INFO] [stdout]   46:                0x0 - <unknown>
[INFO] [stdout] 
[INFO] [stdout] ---- payloads::codegen_setters_reexports stdout ----
[INFO] [stdout] thread 'payloads::codegen_setters_reexports' panicked at src/codegen.rs:31:9:
[INFO] [stdout] Failed to run rustfmt from toolchain 'nightly-2024-07-03'. Please run `rustup component add rustfmt --toolchain nightly-2024-07-03` to install it.
[INFO] [stdout] stack backtrace:
[INFO] [stdout]    0:     0x64a90e67279a - std::backtrace_rs::backtrace::libunwind::trace::h207520d6e9873551
[INFO] [stdout]                                at /rustc/df4ca44d3fbc9301ee17f30f4d474e6ae4b05252/library/std/src/../../backtrace/src/backtrace/libunwind.rs:116:5
[INFO] [stdout]    1:     0x64a90e67279a - std::backtrace_rs::backtrace::trace_unsynchronized::h2ed7433f370e3eca
[INFO] [stdout]                                at /rustc/df4ca44d3fbc9301ee17f30f4d474e6ae4b05252/library/std/src/../../backtrace/src/backtrace/mod.rs:66:5
[INFO] [stdout]    2:     0x64a90e67279a - std::sys::backtrace::_print_fmt::h916fac51166b18d7
[INFO] [stdout]                                at /rustc/df4ca44d3fbc9301ee17f30f4d474e6ae4b05252/library/std/src/sys/backtrace.rs:66:9
[INFO] [stdout]    3:     0x64a90e67279a - <std::sys::backtrace::BacktraceLock::print::DisplayBacktrace as core::fmt::Display>::fmt::ha0a4c9b8ce3802e6
[INFO] [stdout]                                at /rustc/df4ca44d3fbc9301ee17f30f4d474e6ae4b05252/library/std/src/sys/backtrace.rs:39:26
[INFO] [stdout]    4:     0x64a90e69c5a3 - core::fmt::rt::Argument::fmt::h4cfc8587d52b3eb5
[INFO] [stdout]                                at /rustc/df4ca44d3fbc9301ee17f30f4d474e6ae4b05252/library/core/src/fmt/rt.rs:177:76
[INFO] [stdout]    5:     0x64a90e69c5a3 - core::fmt::write::h522cc39e5b36ae9f
[INFO] [stdout]                                at /rustc/df4ca44d3fbc9301ee17f30f4d474e6ae4b05252/library/core/src/fmt/mod.rs:1190:21
[INFO] [stdout]    6:     0x64a90e66ec03 - std::io::Write::write_fmt::h7d3c26752da97734
[INFO] [stdout]                                at /rustc/df4ca44d3fbc9301ee17f30f4d474e6ae4b05252/library/std/src/io/mod.rs:1839:15
[INFO] [stdout]    7:     0x64a90e6725e2 - std::sys::backtrace::BacktraceLock::print::h4b9e00b29e9c0942
[INFO] [stdout]                                at /rustc/df4ca44d3fbc9301ee17f30f4d474e6ae4b05252/library/std/src/sys/backtrace.rs:42:9
[INFO] [stdout]    8:     0x64a90e67422a - std::panicking::default_hook::{{closure}}::hb59b88280d0324d9
[INFO] [stdout]                                at /rustc/df4ca44d3fbc9301ee17f30f4d474e6ae4b05252/library/std/src/panicking.rs:268:22
[INFO] [stdout]    9:     0x64a90e674034 - std::panicking::default_hook::he1dd496665be4a29
[INFO] [stdout]                                at /rustc/df4ca44d3fbc9301ee17f30f4d474e6ae4b05252/library/std/src/panicking.rs:292:9
[INFO] [stdout]   10:     0x64a90e4bcf69 - <alloc::boxed::Box<F,A> as core::ops::function::Fn<Args>>::call::h4ff71de18744e1dc
[INFO] [stdout]                                at /rustc/df4ca44d3fbc9301ee17f30f4d474e6ae4b05252/library/alloc/src/boxed.rs:2468:9
[INFO] [stdout]   11:     0x64a90e4bcf69 - test::test_main::{{closure}}::hcf7c055ce117aa81
[INFO] [stdout]                                at /rustc/df4ca44d3fbc9301ee17f30f4d474e6ae4b05252/library/test/src/lib.rs:133:21
[INFO] [stdout]   12:     0x64a90e674928 - <alloc::boxed::Box<F,A> as core::ops::function::Fn<Args>>::call::h1d66c6bbd60c9692
[INFO] [stdout]                                at /rustc/df4ca44d3fbc9301ee17f30f4d474e6ae4b05252/library/alloc/src/boxed.rs:2468:9
[INFO] [stdout]   13:     0x64a90e674928 - std::panicking::rust_panic_with_hook::h2ff17fe8f26dfcf8
[INFO] [stdout]                                at /rustc/df4ca44d3fbc9301ee17f30f4d474e6ae4b05252/library/std/src/panicking.rs:809:13
[INFO] [stdout]   14:     0x64a90e6746ea - std::panicking::begin_panic_handler::{{closure}}::h4fad77951c07e101
[INFO] [stdout]                                at /rustc/df4ca44d3fbc9301ee17f30f4d474e6ae4b05252/library/std/src/panicking.rs:674:13
[INFO] [stdout]   15:     0x64a90e672c79 - std::sys::backtrace::__rust_end_short_backtrace::hb1a25b3da5d0ea08
[INFO] [stdout]                                at /rustc/df4ca44d3fbc9301ee17f30f4d474e6ae4b05252/library/std/src/sys/backtrace.rs:170:18
[INFO] [stdout]   16:     0x64a90e67437c - rust_begin_unwind
[INFO] [stdout]                                at /rustc/df4ca44d3fbc9301ee17f30f4d474e6ae4b05252/library/std/src/panicking.rs:665:5
[INFO] [stdout]   17:     0x64a90e69a6d0 - core::panicking::panic_fmt::ha9db07b529f9b256
[INFO] [stdout]                                at /rustc/df4ca44d3fbc9301ee17f30f4d474e6ae4b05252/library/core/src/panicking.rs:75:14
[INFO] [stdout]   18:     0x64a90e0a81f1 - teloxide_core::codegen::ensure_rustfmt::h28daec0910bb9b12
[INFO] [stdout]                                at /opt/rustwide/workdir/src/codegen.rs:31:9
[INFO] [stdout]   19:     0x64a90e0a8357 - teloxide_core::codegen::reformat::ha0209decb3204e97
[INFO] [stdout]                                at /opt/rustwide/workdir/src/codegen.rs:42:5
[INFO] [stdout]   20:     0x64a90e0b4c6a - teloxide_core::payloads::codegen_setters_reexports::hcec1eb61a961cc74
[INFO] [stdout]                                at /opt/rustwide/workdir/src/payloads.rs:347:20
[INFO] [stdout]   21:     0x64a90e0b4a37 - teloxide_core::payloads::codegen_setters_reexports::{{closure}}::heb6425c5c812670c
[INFO] [stdout]                                at /opt/rustwide/workdir/src/payloads.rs:331:31
[INFO] [stdout]   22:     0x64a90e393606 - core::ops::function::FnOnce::call_once::h746c98baa7ffd0d1
[INFO] [stdout]                                at /rustc/df4ca44d3fbc9301ee17f30f4d474e6ae4b05252/library/core/src/ops/function.rs:250:5
[INFO] [stdout]   23:     0x64a90e4c183b - core::ops::function::FnOnce::call_once::h22c3ba5715e93f05
[INFO] [stdout]                                at /rustc/df4ca44d3fbc9301ee17f30f4d474e6ae4b05252/library/core/src/ops/function.rs:250:5
[INFO] [stdout]   24:     0x64a90e4c183b - test::__rust_begin_short_backtrace::h8e82d8113d0da17f
[INFO] [stdout]                                at /rustc/df4ca44d3fbc9301ee17f30f4d474e6ae4b05252/library/test/src/lib.rs:621:18
[INFO] [stdout]   25:     0x64a90e4c11b7 - test::run_test_in_process::{{closure}}::h33235f4f20b7b7c7
[INFO] [stdout]                                at /rustc/df4ca44d3fbc9301ee17f30f4d474e6ae4b05252/library/test/src/lib.rs:644:60
[INFO] [stdout]   26:     0x64a90e4c11b7 - <core::panic::unwind_safe::AssertUnwindSafe<F> as core::ops::function::FnOnce<()>>::call_once::hb5043206310c586f
[INFO] [stdout]                                at /rustc/df4ca44d3fbc9301ee17f30f4d474e6ae4b05252/library/core/src/panic/unwind_safe.rs:272:9
[INFO] [stdout]   27:     0x64a90e4c11b7 - std::panicking::try::do_call::h9ad4731a60ab23e2
[INFO] [stdout]                                at /rustc/df4ca44d3fbc9301ee17f30f4d474e6ae4b05252/library/std/src/panicking.rs:557:40
[INFO] [stdout]   28:     0x64a90e4c11b7 - std::panicking::try::h3824d23db772a716
[INFO] [stdout]                                at /rustc/df4ca44d3fbc9301ee17f30f4d474e6ae4b05252/library/std/src/panicking.rs:520:19
[INFO] [stdout]   29:     0x64a90e4c11b7 - std::panic::catch_unwind::h5afd514605fde46b
[INFO] [stdout]                                at /rustc/df4ca44d3fbc9301ee17f30f4d474e6ae4b05252/library/std/src/panic.rs:358:14
[INFO] [stdout]   30:     0x64a90e4c11b7 - test::run_test_in_process::h0d5cbfa7067d1720
[INFO] [stdout]                                at /rustc/df4ca44d3fbc9301ee17f30f4d474e6ae4b05252/library/test/src/lib.rs:644:27
[INFO] [stdout]   31:     0x64a90e4c11b7 - test::run_test::{{closure}}::h708eb8872708115d
[INFO] [stdout]                                at /rustc/df4ca44d3fbc9301ee17f30f4d474e6ae4b05252/library/test/src/lib.rs:565:43
[INFO] [stdout]   32:     0x64a90e4848d4 - test::run_test::{{closure}}::h392c51cee94713ab
[INFO] [stdout]                                at /rustc/df4ca44d3fbc9301ee17f30f4d474e6ae4b05252/library/test/src/lib.rs:595:41
[INFO] [stdout]   33:     0x64a90e4848d4 - std::sys::backtrace::__rust_begin_short_backtrace::h2f40290710935a8b
[INFO] [stdout]                                at /rustc/df4ca44d3fbc9301ee17f30f4d474e6ae4b05252/library/std/src/sys/backtrace.rs:154:18
[INFO] [stdout]   34:     0x64a90e48807e - std::thread::Builder::spawn_unchecked_::{{closure}}::{{closure}}::h3fd968d89053a903
[INFO] [stdout]                                at /rustc/df4ca44d3fbc9301ee17f30f4d474e6ae4b05252/library/std/src/thread/mod.rs:541:17
[INFO] [stdout]   35:     0x64a90e48807e - <core::panic::unwind_safe::AssertUnwindSafe<F> as core::ops::function::FnOnce<()>>::call_once::h743f637ba4229880
[INFO] [stdout]                                at /rustc/df4ca44d3fbc9301ee17f30f4d474e6ae4b05252/library/core/src/panic/unwind_safe.rs:272:9
[INFO] [stdout]   36:     0x64a90e48807e - std::panicking::try::do_call::h07440897322525a6
[INFO] [stdout]                                at /rustc/df4ca44d3fbc9301ee17f30f4d474e6ae4b05252/library/std/src/panicking.rs:557:40
[INFO] [stdout]   37:     0x64a90e48807e - std::panicking::try::he5a2e00188156637
[INFO] [stdout]                                at /rustc/df4ca44d3fbc9301ee17f30f4d474e6ae4b05252/library/std/src/panicking.rs:520:19
[INFO] [stdout]   38:     0x64a90e48807e - std::panic::catch_unwind::hbaf3cae49b3c6433
[INFO] [stdout]                                at /rustc/df4ca44d3fbc9301ee17f30f4d474e6ae4b05252/library/std/src/panic.rs:358:14
[INFO] [stdout]   39:     0x64a90e48807e - std::thread::Builder::spawn_unchecked_::{{closure}}::h8e141ea224820bce
[INFO] [stdout]                                at /rustc/df4ca44d3fbc9301ee17f30f4d474e6ae4b05252/library/std/src/thread/mod.rs:540:30
[INFO] [stdout]   40:     0x64a90e48807e - core::ops::function::FnOnce::call_once{{vtable.shim}}::h90d312fedd7b8ea8
[INFO] [stdout]                                at /rustc/df4ca44d3fbc9301ee17f30f4d474e6ae4b05252/library/core/src/ops/function.rs:250:5
[INFO] [stdout]   41:     0x64a90e678adb - <alloc::boxed::Box<F,A> as core::ops::function::FnOnce<Args>>::call_once::h69aa08ddb6adb8b6
[INFO] [stdout]                                at /rustc/df4ca44d3fbc9301ee17f30f4d474e6ae4b05252/library/alloc/src/boxed.rs:2454:9
[INFO] [stdout]   42:     0x64a90e678adb - <alloc::boxed::Box<F,A> as core::ops::function::FnOnce<Args>>::call_once::h5aa36efdb79c806f
[INFO] [stdout]                                at /rustc/df4ca44d3fbc9301ee17f30f4d474e6ae4b05252/library/alloc/src/boxed.rs:2454:9
[INFO] [stdout]   43:     0x64a90e678adb - std::sys::pal::unix::thread::Thread::new::thread_start::h6cd80a1b4be5158d
[INFO] [stdout]                                at /rustc/df4ca44d3fbc9301ee17f30f4d474e6ae4b05252/library/std/src/sys/pal/unix/thread.rs:105:17
[INFO] [stdout]   44:     0x7dc762a7aac3 - <unknown>
[INFO] [stdout]   45:     0x7dc762b0ba04 - clone
[INFO] [stdout]   46:                0x0 - <unknown>
[INFO] [stdout] 
[INFO] [stdout] ---- payloads::codegen_payload_mods_and_reexports stdout ----
[INFO] [stdout] thread 'payloads::codegen_payload_mods_and_reexports' panicked at src/codegen.rs:31:9:
[INFO] [stdout] Failed to run rustfmt from toolchain 'nightly-2024-07-03'. Please run `rustup component add rustfmt --toolchain nightly-2024-07-03` to install it.
[INFO] [stdout] stack backtrace:
[INFO] [stdout]    0:     0x64a90e67279a - std::backtrace_rs::backtrace::libunwind::trace::h207520d6e9873551
[INFO] [stdout]                                at /rustc/df4ca44d3fbc9301ee17f30f4d474e6ae4b05252/library/std/src/../../backtrace/src/backtrace/libunwind.rs:116:5
[INFO] [stdout]    1:     0x64a90e67279a - std::backtrace_rs::backtrace::trace_unsynchronized::h2ed7433f370e3eca
[INFO] [stdout]                                at /rustc/df4ca44d3fbc9301ee17f30f4d474e6ae4b05252/library/std/src/../../backtrace/src/backtrace/mod.rs:66:5
[INFO] [stdout]    2:     0x64a90e67279a - std::sys::backtrace::_print_fmt::h916fac51166b18d7
[INFO] [stdout]                                at /rustc/df4ca44d3fbc9301ee17f30f4d474e6ae4b05252/library/std/src/sys/backtrace.rs:66:9
[INFO] [stdout]    3:     0x64a90e67279a - <std::sys::backtrace::BacktraceLock::print::DisplayBacktrace as core::fmt::Display>::fmt::ha0a4c9b8ce3802e6
[INFO] [stdout]                                at /rustc/df4ca44d3fbc9301ee17f30f4d474e6ae4b05252/library/std/src/sys/backtrace.rs:39:26
[INFO] [stdout]    4:     0x64a90e69c5a3 - core::fmt::rt::Argument::fmt::h4cfc8587d52b3eb5
[INFO] [stdout]                                at /rustc/df4ca44d3fbc9301ee17f30f4d474e6ae4b05252/library/core/src/fmt/rt.rs:177:76
[INFO] [stdout]    5:     0x64a90e69c5a3 - core::fmt::write::h522cc39e5b36ae9f
[INFO] [stdout]                                at /rustc/df4ca44d3fbc9301ee17f30f4d474e6ae4b05252/library/core/src/fmt/mod.rs:1190:21
[INFO] [stdout]    6:     0x64a90e66ec03 - std::io::Write::write_fmt::h7d3c26752da97734
[INFO] [stdout]                                at /rustc/df4ca44d3fbc9301ee17f30f4d474e6ae4b05252/library/std/src/io/mod.rs:1839:15
[INFO] [stdout]    7:     0x64a90e6725e2 - std::sys::backtrace::BacktraceLock::print::h4b9e00b29e9c0942
[INFO] [stdout]                                at /rustc/df4ca44d3fbc9301ee17f30f4d474e6ae4b05252/library/std/src/sys/backtrace.rs:42:9
[INFO] [stdout]    8:     0x64a90e67422a - std::panicking::default_hook::{{closure}}::hb59b88280d0324d9
[INFO] [stdout]                                at /rustc/df4ca44d3fbc9301ee17f30f4d474e6ae4b05252/library/std/src/panicking.rs:268:22
[INFO] [stdout]    9:     0x64a90e674034 - std::panicking::default_hook::he1dd496665be4a29
[INFO] [stdout]                                at /rustc/df4ca44d3fbc9301ee17f30f4d474e6ae4b05252/library/std/src/panicking.rs:292:9
[INFO] [stdout]   10:     0x64a90e4bcf69 - <alloc::boxed::Box<F,A> as core::ops::function::Fn<Args>>::call::h4ff71de18744e1dc
[INFO] [stdout]                                at /rustc/df4ca44d3fbc9301ee17f30f4d474e6ae4b05252/library/alloc/src/boxed.rs:2468:9
[INFO] [stdout]   11:     0x64a90e4bcf69 - test::test_main::{{closure}}::hcf7c055ce117aa81
[INFO] [stdout]                                at /rustc/df4ca44d3fbc9301ee17f30f4d474e6ae4b05252/library/test/src/lib.rs:133:21
[INFO] [stdout]   12:     0x64a90e674928 - <alloc::boxed::Box<F,A> as core::ops::function::Fn<Args>>::call::h1d66c6bbd60c9692
[INFO] [stdout]                                at /rustc/df4ca44d3fbc9301ee17f30f4d474e6ae4b05252/library/alloc/src/boxed.rs:2468:9
[INFO] [stdout]   13:     0x64a90e674928 - std::panicking::rust_panic_with_hook::h2ff17fe8f26dfcf8
[INFO] [stdout]                                at /rustc/df4ca44d3fbc9301ee17f30f4d474e6ae4b05252/library/std/src/panicking.rs:809:13
[INFO] [stdout]   14:     0x64a90e6746ea - std::panicking::begin_panic_handler::{{closure}}::h4fad77951c07e101
[INFO] [stdout]                                at /rustc/df4ca44d3fbc9301ee17f30f4d474e6ae4b05252/library/std/src/panicking.rs:674:13
[INFO] [stdout]   15:     0x64a90e672c79 - std::sys::backtrace::__rust_end_short_backtrace::hb1a25b3da5d0ea08
[INFO] [stdout]                                at /rustc/df4ca44d3fbc9301ee17f30f4d474e6ae4b05252/library/std/src/sys/backtrace.rs:170:18
[INFO] [stdout]   16:     0x64a90e67437c - rust_begin_unwind
[INFO] [stdout]                                at /rustc/df4ca44d3fbc9301ee17f30f4d474e6ae4b05252/library/std/src/panicking.rs:665:5
[INFO] [stdout]   17:     0x64a90e69a6d0 - core::panicking::panic_fmt::ha9db07b529f9b256
[INFO] [stdout]                                at /rustc/df4ca44d3fbc9301ee17f30f4d474e6ae4b05252/library/core/src/panicking.rs:75:14
[INFO] [stdout]   18:     0x64a90e0a81f1 - teloxide_core::codegen::ensure_rustfmt::h28daec0910bb9b12
[INFO] [stdout]                                at /opt/rustwide/workdir/src/codegen.rs:31:9
[INFO] [stdout]   19:     0x64a90e0a8357 - teloxide_core::codegen::reformat::ha0209decb3204e97
[INFO] [stdout]                                at /opt/rustwide/workdir/src/codegen.rs:42:5
[INFO] [stdout]   20:     0x64a90e0b42e3 - teloxide_core::payloads::codegen_payload_mods_and_reexports::h1dd5507985cc4d0d
[INFO] [stdout]                                at /opt/rustwide/workdir/src/payloads.rs:320:20
[INFO] [stdout]   21:     0x64a90e0b3fa7 - teloxide_core::payloads::codegen_payload_mods_and_reexports::{{closure}}::h3a44a5e11b8b0d94
[INFO] [stdout]                                at /opt/rustwide/workdir/src/payloads.rs:299:40
[INFO] [stdout]   22:     0x64a90e391e76 - core::ops::function::FnOnce::call_once::h54fdad45b1ceb980
[INFO] [stdout]                                at /rustc/df4ca44d3fbc9301ee17f30f4d474e6ae4b05252/library/core/src/ops/function.rs:250:5
[INFO] [stdout]   23:     0x64a90e4c183b - core::ops::function::FnOnce::call_once::h22c3ba5715e93f05
[INFO] [stdout]                                at /rustc/df4ca44d3fbc9301ee17f30f4d474e6ae4b05252/library/core/src/ops/function.rs:250:5
[INFO] [stdout]   24:     0x64a90e4c183b - test::__rust_begin_short_backtrace::h8e82d8113d0da17f
[INFO] [stdout]                                at /rustc/df4ca44d3fbc9301ee17f30f4d474e6ae4b05252/library/test/src/lib.rs:621:18
[INFO] [stdout]   25:     0x64a90e4c11b7 - test::run_test_in_process::{{closure}}::h33235f4f20b7b7c7
[INFO] [stdout]                                at /rustc/df4ca44d3fbc9301ee17f30f4d474e6ae4b05252/library/test/src/lib.rs:644:60
[INFO] [stdout]   26:     0x64a90e4c11b7 - <core::panic::unwind_safe::AssertUnwindSafe<F> as core::ops::function::FnOnce<()>>::call_once::hb5043206310c586f
[INFO] [stdout]                                at /rustc/df4ca44d3fbc9301ee17f30f4d474e6ae4b05252/library/core/src/panic/unwind_safe.rs:272:9
[INFO] [stdout]   27:     0x64a90e4c11b7 - std::panicking::try::do_call::h9ad4731a60ab23e2
[INFO] [stdout]                                at /rustc/df4ca44d3fbc9301ee17f30f4d474e6ae4b05252/library/std/src/panicking.rs:557:40
[INFO] [stdout]   28:     0x64a90e4c11b7 - std::panicking::try::h3824d23db772a716
[INFO] [stdout]                                at /rustc/df4ca44d3fbc9301ee17f30f4d474e6ae4b05252/library/std/src/panicking.rs:520:19
[INFO] [stdout]   29:     0x64a90e4c11b7 - std::panic::catch_unwind::h5afd514605fde46b
[INFO] [stdout]                                at /rustc/df4ca44d3fbc9301ee17f30f4d474e6ae4b05252/library/std/src/panic.rs:358:14
[INFO] [stdout]   30:     0x64a90e4c11b7 - test::run_test_in_process::h0d5cbfa7067d1720
[INFO] [stdout]                                at /rustc/df4ca44d3fbc9301ee17f30f4d474e6ae4b05252/library/test/src/lib.rs:644:27
[INFO] [stdout]   31:     0x64a90e4c11b7 - test::run_test::{{closure}}::h708eb8872708115d
[INFO] [stdout]                                at /rustc/df4ca44d3fbc9301ee17f30f4d474e6ae4b05252/library/test/src/lib.rs:565:43
[INFO] [stdout]   32:     0x64a90e4848d4 - test::run_test::{{closure}}::h392c51cee94713ab
[INFO] [stdout]                                at /rustc/df4ca44d3fbc9301ee17f30f4d474e6ae4b05252/library/test/src/lib.rs:595:41
[INFO] [stdout]   33:     0x64a90e4848d4 - std::sys::backtrace::__rust_begin_short_backtrace::h2f40290710935a8b
[INFO] [stdout]                                at /rustc/df4ca44d3fbc9301ee17f30f4d474e6ae4b05252/library/std/src/sys/backtrace.rs:154:18
[INFO] [stdout]   34:     0x64a90e48807e - std::thread::Builder::spawn_unchecked_::{{closure}}::{{closure}}::h3fd968d89053a903
[INFO] [stdout]                                at /rustc/df4ca44d3fbc9301ee17f30f4d474e6ae4b05252/library/std/src/thread/mod.rs:541:17
[INFO] [stdout]   35:     0x64a90e48807e - <core::panic::unwind_safe::AssertUnwindSafe<F> as core::ops::function::FnOnce<()>>::call_once::h743f637ba4229880
[INFO] [stdout]                                at /rustc/df4ca44d3fbc9301ee17f30f4d474e6ae4b05252/library/core/src/panic/unwind_safe.rs:272:9
[INFO] [stdout]   36:     0x64a90e48807e - std::panicking::try::do_call::h07440897322525a6
[INFO] [stdout]                                at /rustc/df4ca44d3fbc9301ee17f30f4d474e6ae4b05252/library/std/src/panicking.rs:557:40
[INFO] [stdout]   37:     0x64a90e48807e - std::panicking::try::he5a2e00188156637
[INFO] [stdout]                                at /rustc/df4ca44d3fbc9301ee17f30f4d474e6ae4b05252/library/std/src/panicking.rs:520:19
[INFO] [stdout]   38:     0x64a90e48807e - std::panic::catch_unwind::hbaf3cae49b3c6433
[INFO] [stdout]                                at /rustc/df4ca44d3fbc9301ee17f30f4d474e6ae4b05252/library/std/src/panic.rs:358:14
[INFO] [stdout]   39:     0x64a90e48807e - std::thread::Builder::spawn_unchecked_::{{closure}}::h8e141ea224820bce
[INFO] [stdout]                                at /rustc/df4ca44d3fbc9301ee17f30f4d474e6ae4b05252/library/std/src/thread/mod.rs:540:30
[INFO] [stdout]   40:     0x64a90e48807e - core::ops::function::FnOnce::call_once{{vtable.shim}}::h90d312fedd7b8ea8
[INFO] [stdout]                                at /rustc/df4ca44d3fbc9301ee17f30f4d474e6ae4b05252/library/core/src/ops/function.rs:250:5
[INFO] [stdout]   41:     0x64a90e678adb - <alloc::boxed::Box<F,A> as core::ops::function::FnOnce<Args>>::call_once::h69aa08ddb6adb8b6
[INFO] [stdout]                                at /rustc/df4ca44d3fbc9301ee17f30f4d474e6ae4b05252/library/alloc/src/boxed.rs:2454:9
[INFO] [stdout]   42:     0x64a90e678adb - <alloc::boxed::Box<F,A> as core::ops::function::FnOnce<Args>>::call_once::h5aa36efdb79c806f
[INFO] [stdout]                                at /rustc/df4ca44d3fbc9301ee17f30f4d474e6ae4b05252/library/alloc/src/boxed.rs:2454:9
[INFO] [stdout]   43:     0x64a90e678adb - std::sys::pal::unix::thread::Thread::new::thread_start::h6cd80a1b4be5158d
[INFO] [stdout]                                at /rustc/df4ca44d3fbc9301ee17f30f4d474e6ae4b05252/library/std/src/sys/pal/unix/thread.rs:105:17
[INFO] [stdout]   44:     0x7dc762a7aac3 - <unknown>
[INFO] [stdout]   45:     0x7dc762b0ba04 - clone
[INFO] [stdout]   46:                0x0 - <unknown>
[INFO] [stdout] 
[INFO] [stdout] ---- requests::requester::codegen_requester_methods stdout ----
[INFO] [stdout] thread 'requests::requester::codegen_requester_methods' panicked at src/codegen.rs:31:9:
[INFO] [stdout] Failed to run rustfmt from toolchain 'nightly-2024-07-03'. Please run `rustup component add rustfmt --toolchain nightly-2024-07-03` to install it.
[INFO] [stdout] stack backtrace:
[INFO] [stdout]    0:     0x64a90e67279a - std::backtrace_rs::backtrace::libunwind::trace::h207520d6e9873551
[INFO] [stdout]                                at /rustc/df4ca44d3fbc9301ee17f30f4d474e6ae4b05252/library/std/src/../../backtrace/src/backtrace/libunwind.rs:116:5
[INFO] [stdout]    1:     0x64a90e67279a - std::backtrace_rs::backtrace::trace_unsynchronized::h2ed7433f370e3eca
[INFO] [stdout]                                at /rustc/df4ca44d3fbc9301ee17f30f4d474e6ae4b05252/library/std/src/../../backtrace/src/backtrace/mod.rs:66:5
[INFO] [stdout]    2:     0x64a90e67279a - std::sys::backtrace::_print_fmt::h916fac51166b18d7
[INFO] [stdout]                                at /rustc/df4ca44d3fbc9301ee17f30f4d474e6ae4b05252/library/std/src/sys/backtrace.rs:66:9
[INFO] [stdout]    3:     0x64a90e67279a - <std::sys::backtrace::BacktraceLock::print::DisplayBacktrace as core::fmt::Display>::fmt::ha0a4c9b8ce3802e6
[INFO] [stdout]                                at /rustc/df4ca44d3fbc9301ee17f30f4d474e6ae4b05252/library/std/src/sys/backtrace.rs:39:26
[INFO] [stdout]    4:     0x64a90e69c5a3 - core::fmt::rt::Argument::fmt::h4cfc8587d52b3eb5
[INFO] [stdout]                                at /rustc/df4ca44d3fbc9301ee17f30f4d474e6ae4b05252/library/core/src/fmt/rt.rs:177:76
[INFO] [stdout]    5:     0x64a90e69c5a3 - core::fmt::write::h522cc39e5b36ae9f
[INFO] [stdout]                                at /rustc/df4ca44d3fbc9301ee17f30f4d474e6ae4b05252/library/core/src/fmt/mod.rs:1190:21
[INFO] [stdout]    6:     0x64a90e66ec03 - std::io::Write::write_fmt::h7d3c26752da97734
[INFO] [stdout]                                at /rustc/df4ca44d3fbc9301ee17f30f4d474e6ae4b05252/library/std/src/io/mod.rs:1839:15
[INFO] [stdout]    7:     0x64a90e6725e2 - std::sys::backtrace::BacktraceLock::print::h4b9e00b29e9c0942
[INFO] [stdout]                                at /rustc/df4ca44d3fbc9301ee17f30f4d474e6ae4b05252/library/std/src/sys/backtrace.rs:42:9
[INFO] [stdout]    8:     0x64a90e67422a - std::panicking::default_hook::{{closure}}::hb59b88280d0324d9
[INFO] [stdout]                                at /rustc/df4ca44d3fbc9301ee17f30f4d474e6ae4b05252/library/std/src/panicking.rs:268:22
[INFO] [stdout]    9:     0x64a90e674034 - std::panicking::default_hook::he1dd496665be4a29
[INFO] [stdout]                                at /rustc/df4ca44d3fbc9301ee17f30f4d474e6ae4b05252/library/std/src/panicking.rs:292:9
[INFO] [stdout]   10:     0x64a90e4bcf69 - <alloc::boxed::Box<F,A> as core::ops::function::Fn<Args>>::call::h4ff71de18744e1dc
[INFO] [stdout]                                at /rustc/df4ca44d3fbc9301ee17f30f4d474e6ae4b05252/library/alloc/src/boxed.rs:2468:9
[INFO] [stdout]   11:     0x64a90e4bcf69 - test::test_main::{{closure}}::hcf7c055ce117aa81
[INFO] [stdout]                                at /rustc/df4ca44d3fbc9301ee17f30f4d474e6ae4b05252/library/test/src/lib.rs:133:21
[INFO] [stdout]   12:     0x64a90e674928 - <alloc::boxed::Box<F,A> as core::ops::function::Fn<Args>>::call::h1d66c6bbd60c9692
[INFO] [stdout]                                at /rustc/df4ca44d3fbc9301ee17f30f4d474e6ae4b05252/library/alloc/src/boxed.rs:2468:9
[INFO] [stdout]   13:     0x64a90e674928 - std::panicking::rust_panic_with_hook::h2ff17fe8f26dfcf8
[INFO] [stdout]                                at /rustc/df4ca44d3fbc9301ee17f30f4d474e6ae4b05252/library/std/src/panicking.rs:809:13
[INFO] [stdout]   14:     0x64a90e6746ea - std::panicking::begin_panic_handler::{{closure}}::h4fad77951c07e101
[INFO] [stdout]                                at /rustc/df4ca44d3fbc9301ee17f30f4d474e6ae4b05252/library/std/src/panicking.rs:674:13
[INFO] [stdout]   15:     0x64a90e672c79 - std::sys::backtrace::__rust_end_short_backtrace::hb1a25b3da5d0ea08
[INFO] [stdout]                                at /rustc/df4ca44d3fbc9301ee17f30f4d474e6ae4b05252/library/std/src/sys/backtrace.rs:170:18
[INFO] [stdout]   16:     0x64a90e67437c - rust_begin_unwind
[INFO] [stdout]                                at /rustc/df4ca44d3fbc9301ee17f30f4d474e6ae4b05252/library/std/src/panicking.rs:665:5
[INFO] [stdout]   17:     0x64a90e69a6d0 - core::panicking::panic_fmt::ha9db07b529f9b256
[INFO] [stdout]                                at /rustc/df4ca44d3fbc9301ee17f30f4d474e6ae4b05252/library/core/src/panicking.rs:75:14
[INFO] [stdout]   18:     0x64a90e0a81f1 - teloxide_core::codegen::ensure_rustfmt::h28daec0910bb9b12
[INFO] [stdout]                                at /opt/rustwide/workdir/src/codegen.rs:31:9
[INFO] [stdout]   19:     0x64a90e0a8357 - teloxide_core::codegen::reformat::ha0209decb3204e97
[INFO] [stdout]                                at /opt/rustwide/workdir/src/codegen.rs:42:5
[INFO] [stdout]   20:     0x64a90e0b78b0 - teloxide_core::requests::requester::codegen_requester_methods::h6f75f9d285be2a92
[INFO] [stdout]                                at /opt/rustwide/workdir/src/requests/requester.rs:1604:10
[INFO] [stdout]   21:     0x64a90e0b75a7 - teloxide_core::requests::requester::codegen_requester_methods::{{closure}}::h89ae0593db43c3b5
[INFO] [stdout]                                at /opt/rustwide/workdir/src/requests/requester.rs:1507:31
[INFO] [stdout]   22:     0x64a90e390de6 - core::ops::function::FnOnce::call_once::h3c2f1779bf07ad67
[INFO] [stdout]                                at /rustc/df4ca44d3fbc9301ee17f30f4d474e6ae4b05252/library/core/src/ops/function.rs:250:5
[INFO] [stdout]   23:     0x64a90e4c183b - core::ops::function::FnOnce::call_once::h22c3ba5715e93f05
[INFO] [stdout]                                at /rustc/df4ca44d3fbc9301ee17f30f4d474e6ae4b05252/library/core/src/ops/function.rs:250:5
[INFO] [stdout]   24:     0x64a90e4c183b - test::__rust_begin_short_backtrace::h8e82d8113d0da17f
[INFO] [stdout]                                at /rustc/df4ca44d3fbc9301ee17f30f4d474e6ae4b05252/library/test/src/lib.rs:621:18
[INFO] [stdout]   25:     0x64a90e4c11b7 - test::run_test_in_process::{{closure}}::h33235f4f20b7b7c7
[INFO] [stdout]                                at /rustc/df4ca44d3fbc9301ee17f30f4d474e6ae4b05252/library/test/src/lib.rs:644:60
[INFO] [stdout]   26:     0x64a90e4c11b7 - <core::panic::unwind_safe::AssertUnwindSafe<F> as core::ops::function::FnOnce<()>>::call_once::hb5043206310c586f
[INFO] [stdout]                                at /rustc/df4ca44d3fbc9301ee17f30f4d474e6ae4b05252/library/core/src/panic/unwind_safe.rs:272:9
[INFO] [stdout]   27:     0x64a90e4c11b7 - std::panicking::try::do_call::h9ad4731a60ab23e2
[INFO] [stdout]                                at /rustc/df4ca44d3fbc9301ee17f30f4d474e6ae4b05252/library/std/src/panicking.rs:557:40
[INFO] [stdout]   28:     0x64a90e4c11b7 - std::panicking::try::h3824d23db772a716
[INFO] [stdout]                                at /rustc/df4ca44d3fbc9301ee17f30f4d474e6ae4b05252/library/std/src/panicking.rs:520:19
[INFO] [stdout]   29:     0x64a90e4c11b7 - std::panic::catch_unwind::h5afd514605fde46b
[INFO] [stdout]                                at /rustc/df4ca44d3fbc9301ee17f30f4d474e6ae4b05252/library/std/src/panic.rs:358:14
[INFO] [stdout]   30:     0x64a90e4c11b7 - test::run_test_in_process::h0d5cbfa7067d1720
[INFO] [stdout]                                at /rustc/df4ca44d3fbc9301ee17f30f4d474e6ae4b05252/library/test/src/lib.rs:644:27
[INFO] [stdout]   31:     0x64a90e4c11b7 - test::run_test::{{closure}}::h708eb8872708115d
[INFO] [stdout]                                at /rustc/df4ca44d3fbc9301ee17f30f4d474e6ae4b05252/library/test/src/lib.rs:565:43
[INFO] [stdout]   32:     0x64a90e4848d4 - test::run_test::{{closure}}::h392c51cee94713ab
[INFO] [stdout]                                at /rustc/df4ca44d3fbc9301ee17f30f4d474e6ae4b05252/library/test/src/lib.rs:595:41
[INFO] [stdout]   33:     0x64a90e4848d4 - std::sys::backtrace::__rust_begin_short_backtrace::h2f40290710935a8b
[INFO] [stdout]                                at /rustc/df4ca44d3fbc9301ee17f30f4d474e6ae4b05252/library/std/src/sys/backtrace.rs:154:18
[INFO] [stdout]   34:     0x64a90e48807e - std::thread::Builder::spawn_unchecked_::{{closure}}::{{closure}}::h3fd968d89053a903
[INFO] [stdout]                                at /rustc/df4ca44d3fbc9301ee17f30f4d474e6ae4b05252/library/std/src/thread/mod.rs:541:17
[INFO] [stdout]   35:     0x64a90e48807e - <core::panic::unwind_safe::AssertUnwindSafe<F> as core::ops::function::FnOnce<()>>::call_once::h743f637ba4229880
[INFO] [stdout]                                at /rustc/df4ca44d3fbc9301ee17f30f4d474e6ae4b05252/library/core/src/panic/unwind_safe.rs:272:9
[INFO] [stdout]   36:     0x64a90e48807e - std::panicking::try::do_call::h07440897322525a6
[INFO] [stdout]                                at /rustc/df4ca44d3fbc9301ee17f30f4d474e6ae4b05252/library/std/src/panicking.rs:557:40
[INFO] [stdout]   37:     0x64a90e48807e - std::panicking::try::he5a2e00188156637
[INFO] [stdout]                                at /rustc/df4ca44d3fbc9301ee17f30f4d474e6ae4b05252/library/std/src/panicking.rs:520:19
[INFO] [stdout]   38:     0x64a90e48807e - std::panic::catch_unwind::hbaf3cae49b3c6433
[INFO] [stdout]                                at /rustc/df4ca44d3fbc9301ee17f30f4d474e6ae4b05252/library/std/src/panic.rs:358:14
[INFO] [stdout]   39:     0x64a90e48807e - std::thread::Builder::spawn_unchecked_::{{closure}}::h8e141ea224820bce
[INFO] [stdout]                                at /rustc/df4ca44d3fbc9301ee17f30f4d474e6ae4b05252/library/std/src/thread/mod.rs:540:30
[INFO] [stdout]   40:     0x64a90e48807e - core::ops::function::FnOnce::call_once{{vtable.shim}}::h90d312fedd7b8ea8
[INFO] [stdout]                                at /rustc/df4ca44d3fbc9301ee17f30f4d474e6ae4b05252/library/core/src/ops/function.rs:250:5
[INFO] [stdout]   41:     0x64a90e678adb - <alloc::boxed::Box<F,A> as core::ops::function::FnOnce<Args>>::call_once::h69aa08ddb6adb8b6
[INFO] [stdout]                                at /rustc/df4ca44d3fbc9301ee17f30f4d474e6ae4b05252/library/alloc/src/boxed.rs:2454:9
[INFO] [stdout]   42:     0x64a90e678adb - <alloc::boxed::Box<F,A> as core::ops::function::FnOnce<Args>>::call_once::h5aa36efdb79c806f
[INFO] [stdout]                                at /rustc/df4ca44d3fbc9301ee17f30f4d474e6ae4b05252/library/alloc/src/boxed.rs:2454:9
[INFO] [stdout]   43:     0x64a90e678adb - std::sys::pal::unix::thread::Thread::new::thread_start::h6cd80a1b4be5158d
[INFO] [stdout]                                at /rustc/df4ca44d3fbc9301ee17f30f4d474e6ae4b05252/library/std/src/sys/pal/unix/thread.rs:105:17
[INFO] [stdout]   44:     0x7dc762a7aac3 - <unknown>
[INFO] [stdout]   45:     0x7dc762b0ba04 - clone
[INFO] [stdout]   46:                0x0 - <unknown>
[INFO] [stdout] 
[INFO] [stdout] ---- payloads::codegen::codegen_payloads stdout ----
[INFO] [stdout] thread 'payloads::codegen::codegen_payloads' panicked at src/codegen.rs:31:9:
[INFO] [stdout] Failed to run rustfmt from toolchain 'nightly-2024-07-03'. Please run `rustup component add rustfmt --toolchain nightly-2024-07-03` to install it.
[INFO] [stdout] stack backtrace:
[INFO] [stdout]    0:     0x64a90e67279a - std::backtrace_rs::backtrace::libunwind::trace::h207520d6e9873551
[INFO] [stdout]                                at /rustc/df4ca44d3fbc9301ee17f30f4d474e6ae4b05252/library/std/src/../../backtrace/src/backtrace/libunwind.rs:116:5
[INFO] [stdout]    1:     0x64a90e67279a - std::backtrace_rs::backtrace::trace_unsynchronized::h2ed7433f370e3eca
[INFO] [stdout]                                at /rustc/df4ca44d3fbc9301ee17f30f4d474e6ae4b05252/library/std/src/../../backtrace/src/backtrace/mod.rs:66:5
[INFO] [stdout]    2:     0x64a90e67279a - std::sys::backtrace::_print_fmt::h916fac51166b18d7
[INFO] [stdout]                                at /rustc/df4ca44d3fbc9301ee17f30f4d474e6ae4b05252/library/std/src/sys/backtrace.rs:66:9
[INFO] [stdout]    3:     0x64a90e67279a - <std::sys::backtrace::BacktraceLock::print::DisplayBacktrace as core::fmt::Display>::fmt::ha0a4c9b8ce3802e6
[INFO] [stdout]                                at /rustc/df4ca44d3fbc9301ee17f30f4d474e6ae4b05252/library/std/src/sys/backtrace.rs:39:26
[INFO] [stdout]    4:     0x64a90e69c5a3 - core::fmt::rt::Argument::fmt::h4cfc8587d52b3eb5
[INFO] [stdout]                                at /rustc/df4ca44d3fbc9301ee17f30f4d474e6ae4b05252/library/core/src/fmt/rt.rs:177:76
[INFO] [stdout]    5:     0x64a90e69c5a3 - core::fmt::write::h522cc39e5b36ae9f
[INFO] [stdout]                                at /rustc/df4ca44d3fbc9301ee17f30f4d474e6ae4b05252/library/core/src/fmt/mod.rs:1190:21
[INFO] [stdout]    6:     0x64a90e66ec03 - std::io::Write::write_fmt::h7d3c26752da97734
[INFO] [stdout]                                at /rustc/df4ca44d3fbc9301ee17f30f4d474e6ae4b05252/library/std/src/io/mod.rs:1839:15
[INFO] [stdout]    7:     0x64a90e6725e2 - std::sys::backtrace::BacktraceLock::print::h4b9e00b29e9c0942
[INFO] [stdout]                                at /rustc/df4ca44d3fbc9301ee17f30f4d474e6ae4b05252/library/std/src/sys/backtrace.rs:42:9
[INFO] [stdout]    8:     0x64a90e67422a - std::panicking::default_hook::{{closure}}::hb59b88280d0324d9
[INFO] [stdout]                                at /rustc/df4ca44d3fbc9301ee17f30f4d474e6ae4b05252/library/std/src/panicking.rs:268:22
[INFO] [stdout]    9:     0x64a90e674034 - std::panicking::default_hook::he1dd496665be4a29
[INFO] [stdout]                                at /rustc/df4ca44d3fbc9301ee17f30f4d474e6ae4b05252/library/std/src/panicking.rs:292:9
[INFO] [stdout]   10:     0x64a90e4bcf69 - <alloc::boxed::Box<F,A> as core::ops::function::Fn<Args>>::call::h4ff71de18744e1dc
[INFO] [stdout]                                at /rustc/df4ca44d3fbc9301ee17f30f4d474e6ae4b05252/library/alloc/src/boxed.rs:2468:9
[INFO] [stdout]   11:     0x64a90e4bcf69 - test::test_main::{{closure}}::hcf7c055ce117aa81
[INFO] [stdout]                                at /rustc/df4ca44d3fbc9301ee17f30f4d474e6ae4b05252/library/test/src/lib.rs:133:21
[INFO] [stdout]   12:     0x64a90e674928 - <alloc::boxed::Box<F,A> as core::ops::function::Fn<Args>>::call::h1d66c6bbd60c9692
[INFO] [stdout]                                at /rustc/df4ca44d3fbc9301ee17f30f4d474e6ae4b05252/library/alloc/src/boxed.rs:2468:9
[INFO] [stdout]   13:     0x64a90e674928 - std::panicking::rust_panic_with_hook::h2ff17fe8f26dfcf8
[INFO] [stdout]                                at /rustc/df4ca44d3fbc9301ee17f30f4d474e6ae4b05252/library/std/src/panicking.rs:809:13
[INFO] [stdout]   14:     0x64a90e6746ea - std::panicking::begin_panic_handler::{{closure}}::h4fad77951c07e101
[INFO] [stdout]                                at /rustc/df4ca44d3fbc9301ee17f30f4d474e6ae4b05252/library/std/src/panicking.rs:674:13
[INFO] [stdout]   15:     0x64a90e672c79 - std::sys::backtrace::__rust_end_short_backtrace::hb1a25b3da5d0ea08
[INFO] [stdout]                                at /rustc/df4ca44d3fbc9301ee17f30f4d474e6ae4b05252/library/std/src/sys/backtrace.rs:170:18
[INFO] [stdout]   16:     0x64a90e67437c - rust_begin_unwind
[INFO] [stdout]                                at /rustc/df4ca44d3fbc9301ee17f30f4d474e6ae4b05252/library/std/src/panicking.rs:665:5
[INFO] [stdout]   17:     0x64a90e69a6d0 - core::panicking::panic_fmt::ha9db07b529f9b256
[INFO] [stdout]                                at /rustc/df4ca44d3fbc9301ee17f30f4d474e6ae4b05252/library/core/src/panicking.rs:75:14
[INFO] [stdout]   18:     0x64a90e0a81f1 - teloxide_core::codegen::ensure_rustfmt::h28daec0910bb9b12
[INFO] [stdout]                                at /opt/rustwide/workdir/src/codegen.rs:31:9
[INFO] [stdout]   19:     0x64a90e0a8357 - teloxide_core::codegen::reformat::ha0209decb3204e97
[INFO] [stdout]                                at /opt/rustwide/workdir/src/codegen.rs:42:5
[INFO] [stdout]   20:     0x64a90e0b6f46 - teloxide_core::payloads::codegen::codegen_payloads::h57b0ea83325d9755
[INFO] [stdout]                                at /opt/rustwide/workdir/src/payloads/codegen.rs:94:27
[INFO] [stdout]   21:     0x64a90e0b4ea7 - teloxide_core::payloads::codegen::codegen_payloads::{{closure}}::h0c5773061b96f6c7
[INFO] [stdout]                                at /opt/rustwide/workdir/src/payloads/codegen.rs:17:22
[INFO] [stdout]   22:     0x64a90e398386 - core::ops::function::FnOnce::call_once::he3fade2c5fb67359
[INFO] [stdout]                                at /rustc/df4ca44d3fbc9301ee17f30f4d474e6ae4b05252/library/core/src/ops/function.rs:250:5
[INFO] [stdout]   23:     0x64a90e4c183b - core::ops::function::FnOnce::call_once::h22c3ba5715e93f05
[INFO] [stdout]                                at /rustc/df4ca44d3fbc9301ee17f30f4d474e6ae4b05252/library/core/src/ops/function.rs:250:5
[INFO] [stdout]   24:     0x64a90e4c183b - test::__rust_begin_short_backtrace::h8e82d8113d0da17f
[INFO] [stdout]                                at /rustc/df4ca44d3fbc9301ee17f30f4d474e6ae4b05252/library/test/src/lib.rs:621:18
[INFO] [stdout]   25:     0x64a90e4c11b7 - test::run_test_in_process::{{closure}}::h33235f4f20b7b7c7
[INFO] [stdout]                                at /rustc/df4ca44d3fbc9301ee17f30f4d474e6ae4b05252/library/test/src/lib.rs:644:60
[INFO] [stdout]   26:     0x64a90e4c11b7 - <core::panic::unwind_safe::AssertUnwindSafe<F> as core::ops::function::FnOnce<()>>::call_once::hb5043206310c586f
[INFO] [stdout]                                at /rustc/df4ca44d3fbc9301ee17f30f4d474e6ae4b05252/library/core/src/panic/unwind_safe.rs:272:9
[INFO] [stdout]   27:     0x64a90e4c11b7 - std::panicking::try::do_call::h9ad4731a60ab23e2
[INFO] [stdout]                                at /rustc/df4ca44d3fbc9301ee17f30f4d474e6ae4b05252/library/std/src/panicking.rs:557:40
[INFO] [stdout]   28:     0x64a90e4c11b7 - std::panicking::try::h3824d23db772a716
[INFO] [stdout]                                at /rustc/df4ca44d3fbc9301ee17f30f4d474e6ae4b05252/library/std/src/panicking.rs:520:19
[INFO] [stdout]   29:     0x64a90e4c11b7 - std::panic::catch_unwind::h5afd514605fde46b
[INFO] [stdout]                                at /rustc/df4ca44d3fbc9301ee17f30f4d474e6ae4b05252/library/std/src/panic.rs:358:14
[INFO] [stdout]   30:     0x64a90e4c11b7 - test::run_test_in_process::h0d5cbfa7067d1720
[INFO] [stdout]                                at /rustc/df4ca44d3fbc9301ee17f30f4d474e6ae4b05252/library/test/src/lib.rs:644:27
[INFO] [stdout]   31:     0x64a90e4c11b7 - test::run_test::{{closure}}::h708eb8872708115d
[INFO] [stdout]                                at /rustc/df4ca44d3fbc9301ee17f30f4d474e6ae4b05252/library/test/src/lib.rs:565:43
[INFO] [stdout]   32:     0x64a90e4848d4 - test::run_test::{{closure}}::h392c51cee94713ab
[INFO] [stdout]                                at /rustc/df4ca44d3fbc9301ee17f30f4d474e6ae4b05252/library/test/src/lib.rs:595:41
[INFO] [stdout]   33:     0x64a90e4848d4 - std::sys::backtrace::__rust_begin_short_backtrace::h2f40290710935a8b
[INFO] [stdout]                                at /rustc/df4ca44d3fbc9301ee17f30f4d474e6ae4b05252/library/std/src/sys/backtrace.rs:154:18
[INFO] [stdout]   34:     0x64a90e48807e - std::thread::Builder::spawn_unchecked_::{{closure}}::{{closure}}::h3fd968d89053a903
[INFO] [stdout]                                at /rustc/df4ca44d3fbc9301ee17f30f4d474e6ae4b05252/library/std/src/thread/mod.rs:541:17
[INFO] [stdout]   35:     0x64a90e48807e - <core::panic::unwind_safe::AssertUnwindSafe<F> as core::ops::function::FnOnce<()>>::call_once::h743f637ba4229880
[INFO] [stdout]                                at /rustc/df4ca44d3fbc9301ee17f30f4d474e6ae4b05252/library/core/src/panic/unwind_safe.rs:272:9
[INFO] [stdout]   36:     0x64a90e48807e - std::panicking::try::do_call::h07440897322525a6
[INFO] [stdout]                                at /rustc/df4ca44d3fbc9301ee17f30f4d474e6ae4b05252/library/std/src/panicking.rs:557:40
[INFO] [stdout]   37:     0x64a90e48807e - std::panicking::try::he5a2e00188156637
[INFO] [stdout]                                at /rustc/df4ca44d3fbc9301ee17f30f4d474e6ae4b05252/library/std/src/panicking.rs:520:19
[INFO] [stdout]   38:     0x64a90e48807e - std::panic::catch_unwind::hbaf3cae49b3c6433
[INFO] [stdout]                                at /rustc/df4ca44d3fbc9301ee17f30f4d474e6ae4b05252/library/std/src/panic.rs:358:14
[INFO] [stdout]   39:     0x64a90e48807e - std::thread::Builder::spawn_unchecked_::{{closure}}::h8e141ea224820bce
[INFO] [stdout]                                at /rustc/df4ca44d3fbc9301ee17f30f4d474e6ae4b05252/library/std/src/thread/mod.rs:540:30
[INFO] [stdout]   40:     0x64a90e48807e - core::ops::function::FnOnce::call_once{{vtable.shim}}::h90d312fedd7b8ea8
[INFO] [stdout]                                at /rustc/df4ca44d3fbc9301ee17f30f4d474e6ae4b05252/library/core/src/ops/function.rs:250:5
[INFO] [stdout]   41:     0x64a90e678adb - <alloc::boxed::Box<F,A> as core::ops::function::FnOnce<Args>>::call_once::h69aa08ddb6adb8b6
[INFO] [stdout]                                at /rustc/df4ca44d3fbc9301ee17f30f4d474e6ae4b05252/library/alloc/src/boxed.rs:2454:9
[INFO] [stdout]   42:     0x64a90e678adb - <alloc::boxed::Box<F,A> as core::ops::function::FnOnce<Args>>::call_once::h5aa36efdb79c806f
[INFO] [stdout]                                at /rustc/df4ca44d3fbc9301ee17f30f4d474e6ae4b05252/library/alloc/src/boxed.rs:2454:9
[INFO] [stdout]   43:     0x64a90e678adb - std::sys::pal::unix::thread::Thread::new::thread_start::h6cd80a1b4be5158d
[INFO] [stdout]                                at /rustc/df4ca44d3fbc9301ee17f30f4d474e6ae4b05252/library/std/src/sys/pal/unix/thread.rs:105:17
[INFO] [stdout]   44:     0x7dc762a7aac3 - <unknown>
[INFO] [stdout]   45:     0x7dc762b0ba04 - clone
[INFO] [stdout]   46:                0x0 - <unknown>
[INFO] [stdout] 
[INFO] [stdout] 
[INFO] [stdout] failures:
[INFO] [stdout]     local_macros::codegen_requester_forward
[INFO] [stdout]     payloads::codegen::codegen_payloads
[INFO] [stdout]     payloads::codegen_payload_mods_and_reexports
[INFO] [stdout]     payloads::codegen_setters_reexports
[INFO] [stdout]     requests::requester::codegen_requester_methods
[INFO] [stdout]     serde_multipart::tests::test_send_animation
[INFO] [stdout]     serde_multipart::tests::test_send_media_group
[INFO] [stdout] 
[INFO] [stdout] test result: FAILED. 195 passed; 7 failed; 0 ignored; 0 measured; 0 filtered out; finished in 0.07s
[INFO] [stdout] 
[INFO] [stderr] error: test failed, to rerun pass `--lib`
[INFO] running `Command { std: "docker" "inspect" "c3ef1dd926dbc7c7c4ad02ee609dc8ddafd817da008cc113fd6844df90a33401", kill_on_drop: false }`
[INFO] running `Command { std: "docker" "rm" "-f" "c3ef1dd926dbc7c7c4ad02ee609dc8ddafd817da008cc113fd6844df90a33401", kill_on_drop: false }`
[INFO] [stdout] c3ef1dd926dbc7c7c4ad02ee609dc8ddafd817da008cc113fd6844df90a33401
