[INFO] fetching crate tela 0.1.3...
[INFO] testing tela-0.1.3 against nightly-2024-10-28 for randomize-layout
[INFO] extracting crate tela 0.1.3 into /workspace/builds/worker-5-tc1/source
[INFO] validating manifest of crates.io crate tela 0.1.3 on toolchain nightly-2024-10-28
[INFO] running `Command { std: CARGO_HOME="/workspace/cargo-home" RUSTUP_HOME="/workspace/rustup-home" "/workspace/cargo-home/bin/cargo" "+nightly-2024-10-28" "metadata" "--manifest-path" "Cargo.toml" "--no-deps", kill_on_drop: false }`
[INFO] started tweaking crates.io crate tela 0.1.3
[INFO] removed 0 missing examples
[INFO] finished tweaking crates.io crate tela 0.1.3
[INFO] tweaked toml for crates.io crate tela 0.1.3 written to /workspace/builds/worker-5-tc1/source/Cargo.toml
[INFO] crate crates.io crate tela 0.1.3 already has a lockfile, it will not be regenerated
[INFO] running `Command { std: CARGO_HOME="/workspace/cargo-home" RUSTUP_HOME="/workspace/rustup-home" "/workspace/cargo-home/bin/cargo" "+nightly-2024-10-28" "fetch" "--manifest-path" "Cargo.toml", kill_on_drop: false }`
[INFO] [stderr]     Updating crates.io index
[INFO] [stderr]  Downloading crates ...
[INFO] [stderr]   Downloaded tera v1.19.0
[INFO] [stderr]   Downloaded http-body v1.0.0-rc.2
[INFO] [stderr]   Downloaded globset v0.4.12
[INFO] [stderr]   Downloaded deunicode v0.4.4
[INFO] [stderr]   Downloaded uncased v0.9.9
[INFO] [stderr]   Downloaded serde_derive v1.0.180
[INFO] [stderr]   Downloaded http-body-util v0.1.0-rc.3
[INFO] [stderr]   Downloaded tela-macros v0.1.2
[INFO] [stderr]   Downloaded hyper v1.0.0-rc.4
[INFO] running `Command { std: "docker" "create" "-v" "/var/lib/crater-agent-workspace/builds/worker-5-tc1/target:/opt/rustwide/target:rw,Z" "-v" "/var/lib/crater-agent-workspace/builds/worker-5-tc1/source:/opt/rustwide/workdir:ro,Z" "-v" "/var/lib/crater-agent-workspace/cargo-home:/opt/rustwide/cargo-home:ro,Z" "-v" "/var/lib/crater-agent-workspace/rustup-home:/opt/rustwide/rustup-home:ro,Z" "-e" "SOURCE_DIR=/opt/rustwide/workdir" "-e" "CARGO_TARGET_DIR=/opt/rustwide/target" "-e" "CARGO_HOME=/opt/rustwide/cargo-home" "-e" "RUSTUP_HOME=/opt/rustwide/rustup-home" "-w" "/opt/rustwide/workdir" "-m" "1610612736" "--user" "0:0" "--network" "none" "ghcr.io/rust-lang/crates-build-env/linux@sha256:4a844ea9eb2546a2d2c7022eacef16ef2e8229c7fbb2c7d4d55a9ceca922f72d" "/opt/rustwide/cargo-home/bin/cargo" "+nightly-2024-10-28" "metadata" "--no-deps" "--format-version=1", kill_on_drop: false }`
[INFO] [stdout] ab47f2a12bdd005c02033f29e2218a611f766be96896bc9be15d026f45e8b9b6
[INFO] running `Command { std: "docker" "start" "-a" "ab47f2a12bdd005c02033f29e2218a611f766be96896bc9be15d026f45e8b9b6", kill_on_drop: false }`
[INFO] running `Command { std: "docker" "inspect" "ab47f2a12bdd005c02033f29e2218a611f766be96896bc9be15d026f45e8b9b6", kill_on_drop: false }`
[INFO] running `Command { std: "docker" "rm" "-f" "ab47f2a12bdd005c02033f29e2218a611f766be96896bc9be15d026f45e8b9b6", kill_on_drop: false }`
[INFO] [stdout] ab47f2a12bdd005c02033f29e2218a611f766be96896bc9be15d026f45e8b9b6
[INFO] running `Command { std: "docker" "create" "-v" "/var/lib/crater-agent-workspace/builds/worker-5-tc1/target:/opt/rustwide/target:rw,Z" "-v" "/var/lib/crater-agent-workspace/builds/worker-5-tc1/source:/opt/rustwide/workdir:ro,Z" "-v" "/var/lib/crater-agent-workspace/cargo-home:/opt/rustwide/cargo-home:ro,Z" "-v" "/var/lib/crater-agent-workspace/rustup-home:/opt/rustwide/rustup-home:ro,Z" "-e" "SOURCE_DIR=/opt/rustwide/workdir" "-e" "CARGO_TARGET_DIR=/opt/rustwide/target" "-e" "CARGO_INCREMENTAL=0" "-e" "RUST_BACKTRACE=full" "-e" "RUSTFLAGS=--cap-lints=forbid" "-e" "RUSTDOCFLAGS=--cap-lints=forbid" "-e" "CARGO_HOME=/opt/rustwide/cargo-home" "-e" "RUSTUP_HOME=/opt/rustwide/rustup-home" "-w" "/opt/rustwide/workdir" "-m" "1610612736" "--user" "0:0" "--network" "none" "ghcr.io/rust-lang/crates-build-env/linux@sha256:4a844ea9eb2546a2d2c7022eacef16ef2e8229c7fbb2c7d4d55a9ceca922f72d" "/opt/rustwide/cargo-home/bin/cargo" "+nightly-2024-10-28" "build" "--frozen" "--message-format=json", kill_on_drop: false }`
[INFO] [stdout] 2becfb68c139c9f71d34b75f38a3475d925de2fbae9f8d97dce9a32789b777bb
[INFO] running `Command { std: "docker" "start" "-a" "2becfb68c139c9f71d34b75f38a3475d925de2fbae9f8d97dce9a32789b777bb", kill_on_drop: false }`
[INFO] [stderr]    Compiling proc-macro2 v1.0.66
[INFO] [stderr]    Compiling unicode-ident v1.0.11
[INFO] [stderr]    Compiling futures-core v0.3.28
[INFO] [stderr]    Compiling pin-project-lite v0.2.10
[INFO] [stderr]    Compiling slab v0.4.8
[INFO] [stderr]    Compiling futures-sink v0.3.28
[INFO] [stderr]    Compiling memchr v2.5.0
[INFO] [stderr]    Compiling futures-channel v0.3.28
[INFO] [stderr]    Compiling futures-task v0.3.28
[INFO] [stderr]    Compiling futures-util v0.3.28
[INFO] [stderr]    Compiling bytes v1.4.0
[INFO] [stderr]    Compiling futures-io v0.3.28
[INFO] [stderr]    Compiling lock_api v0.4.10
[INFO] [stderr]    Compiling tokio v1.29.1
[INFO] [stderr]    Compiling syn v1.0.109
[INFO] [stderr]    Compiling once_cell v1.18.0
[INFO] [stderr]    Compiling socket2 v0.4.9
[INFO] [stderr]    Compiling parking_lot v0.12.1
[INFO] [stderr]    Compiling num_cpus v1.16.0
[INFO] [stderr]    Compiling tracing-core v0.1.31
[INFO] [stderr]    Compiling mio v0.8.8
[INFO] [stderr]    Compiling quote v1.0.32
[INFO] [stderr]    Compiling unicase v2.6.0
[INFO] [stderr]    Compiling syn v2.0.28
[INFO] [stderr]    Compiling serde v1.0.180
[INFO] [stderr]    Compiling siphasher v0.3.10
[INFO] [stderr]    Compiling thiserror v1.0.44
[INFO] [stderr]    Compiling http v0.2.9
[INFO] [stderr]    Compiling tracing v0.1.37
[INFO] [stderr]    Compiling indexmap v1.9.3
[INFO] [stderr]    Compiling getrandom v0.2.10
[INFO] [stderr]    Compiling serde_derive v1.0.180
[INFO] [stderr]    Compiling rand_core v0.6.4
[INFO] [stderr]    Compiling rand v0.8.5
[INFO] [stderr]    Compiling phf_shared v0.11.2
[INFO] [stderr]    Compiling httparse v1.8.0
[INFO] [stderr]    Compiling rand_chacha v0.3.1
[INFO] [stderr]    Compiling mime_guess v2.0.4
[INFO] [stderr]    Compiling proc-macro-error-attr v1.0.4
[INFO] [stderr]    Compiling phf_generator v0.11.2
[INFO] [stderr]    Compiling http-body v1.0.0-rc.2
[INFO] [stderr]    Compiling try-lock v0.2.4
[INFO] [stderr]    Compiling serde_json v1.0.104
[INFO] [stderr]    Compiling want v0.3.1
[INFO] [stderr]    Compiling mime v0.3.17
[INFO] [stderr]    Compiling tower-service v0.3.2
[INFO] [stderr]    Compiling tower-layer v0.3.2
[INFO] [stderr]    Compiling httpdate v1.0.2
[INFO] [stderr]    Compiling proc-macro-error v1.0.4
[INFO] [stderr]    Compiling serde_plain v1.0.1
[INFO] [stderr]    Compiling futures-macro v0.3.28
[INFO] [stderr]    Compiling tokio-macros v2.1.0
[INFO] [stderr]    Compiling thiserror-impl v1.0.44
[INFO] [stderr]    Compiling phf_macros v0.11.2
[INFO] [stderr]    Compiling tela-macros v0.1.2
[INFO] [stderr]    Compiling phf v0.11.2
[INFO] [stderr]    Compiling syn-rsx v0.9.0
[INFO] [stderr]    Compiling serde_qs v0.12.0
[INFO] [stderr]    Compiling html-to-string-macro v0.2.5
[INFO] [stderr]    Compiling futures-executor v0.3.28
[INFO] [stderr]    Compiling http-body-util v0.1.0-rc.3
[INFO] [stderr]    Compiling futures v0.3.28
[INFO] [stderr]    Compiling tokio-util v0.7.8
[INFO] [stderr]    Compiling h2 v0.3.20
[INFO] [stderr]    Compiling tower v0.4.13
[INFO] [stderr]    Compiling hyper v1.0.0-rc.4
[INFO] [stderr]    Compiling tela v0.1.3 (/opt/rustwide/workdir)
[INFO] [stdout] warning: unused import: `crate::response::template::TemplateEngine`
[INFO] [stdout]  --> src/server.rs:1:5
[INFO] [stdout]   |
[INFO] [stdout] 1 | use crate::response::template::TemplateEngine;
[INFO] [stdout]   |     ^^^^^^^^^^^^^^^^^^^^^^^^^^^^^^^^^^^^^^^^^
[INFO] [stdout]   |
[INFO] [stdout]   = note: `#[warn(unused_imports)]` on by default
[INFO] [stdout] 
[INFO] [stdout] 
[INFO] [stderr]     Finished `dev` profile [unoptimized + debuginfo] target(s) in 13.36s
[INFO] running `Command { std: "docker" "inspect" "2becfb68c139c9f71d34b75f38a3475d925de2fbae9f8d97dce9a32789b777bb", kill_on_drop: false }`
[INFO] running `Command { std: "docker" "rm" "-f" "2becfb68c139c9f71d34b75f38a3475d925de2fbae9f8d97dce9a32789b777bb", kill_on_drop: false }`
[INFO] [stdout] 2becfb68c139c9f71d34b75f38a3475d925de2fbae9f8d97dce9a32789b777bb
[INFO] running `Command { std: "docker" "create" "-v" "/var/lib/crater-agent-workspace/builds/worker-5-tc1/target:/opt/rustwide/target:rw,Z" "-v" "/var/lib/crater-agent-workspace/builds/worker-5-tc1/source:/opt/rustwide/workdir:ro,Z" "-v" "/var/lib/crater-agent-workspace/cargo-home:/opt/rustwide/cargo-home:ro,Z" "-v" "/var/lib/crater-agent-workspace/rustup-home:/opt/rustwide/rustup-home:ro,Z" "-e" "SOURCE_DIR=/opt/rustwide/workdir" "-e" "CARGO_TARGET_DIR=/opt/rustwide/target" "-e" "CARGO_INCREMENTAL=0" "-e" "RUST_BACKTRACE=full" "-e" "RUSTFLAGS=--cap-lints=forbid" "-e" "RUSTDOCFLAGS=--cap-lints=forbid" "-e" "CARGO_HOME=/opt/rustwide/cargo-home" "-e" "RUSTUP_HOME=/opt/rustwide/rustup-home" "-w" "/opt/rustwide/workdir" "-m" "1610612736" "--user" "0:0" "--network" "none" "ghcr.io/rust-lang/crates-build-env/linux@sha256:4a844ea9eb2546a2d2c7022eacef16ef2e8229c7fbb2c7d4d55a9ceca922f72d" "/opt/rustwide/cargo-home/bin/cargo" "+nightly-2024-10-28" "test" "--frozen" "--no-run" "--message-format=json", kill_on_drop: false }`
[INFO] [stdout] 37c7bd5df78e80737adcdf3a5a0f936aae81e6a8565c77b9a4cbed6528933f03
[INFO] running `Command { std: "docker" "start" "-a" "37c7bd5df78e80737adcdf3a5a0f936aae81e6a8565c77b9a4cbed6528933f03", kill_on_drop: false }`
[INFO] [stdout] warning: unused import: `crate::response::template::TemplateEngine`
[INFO] [stdout]  --> src/server.rs:1:5
[INFO] [stdout]   |
[INFO] [stdout] 1 | use crate::response::template::TemplateEngine;
[INFO] [stdout]   |     ^^^^^^^^^^^^^^^^^^^^^^^^^^^^^^^^^^^^^^^^^
[INFO] [stdout]   |
[INFO] [stdout]   = note: `#[warn(unused_imports)]` on by default
[INFO] [stdout] 
[INFO] [stdout] 
[INFO] [stderr]    Compiling tela v0.1.3 (/opt/rustwide/workdir)
[INFO] [stdout] warning: unused import: `crate::response::template::TemplateEngine`
[INFO] [stdout]  --> src/server.rs:1:5
[INFO] [stdout]   |
[INFO] [stdout] 1 | use crate::response::template::TemplateEngine;
[INFO] [stdout]   |     ^^^^^^^^^^^^^^^^^^^^^^^^^^^^^^^^^^^^^^^^^
[INFO] [stdout]   |
[INFO] [stdout]   = note: `#[warn(unused_imports)]` on by default
[INFO] [stdout] 
[INFO] [stdout] 
[INFO] [stderr]     Finished `test` profile [unoptimized + debuginfo] target(s) in 1.36s
[INFO] running `Command { std: "docker" "inspect" "37c7bd5df78e80737adcdf3a5a0f936aae81e6a8565c77b9a4cbed6528933f03", kill_on_drop: false }`
[INFO] running `Command { std: "docker" "rm" "-f" "37c7bd5df78e80737adcdf3a5a0f936aae81e6a8565c77b9a4cbed6528933f03", kill_on_drop: false }`
[INFO] [stdout] 37c7bd5df78e80737adcdf3a5a0f936aae81e6a8565c77b9a4cbed6528933f03
[INFO] running `Command { std: "docker" "create" "-v" "/var/lib/crater-agent-workspace/builds/worker-5-tc1/target:/opt/rustwide/target:rw,Z" "-v" "/var/lib/crater-agent-workspace/builds/worker-5-tc1/source:/opt/rustwide/workdir:ro,Z" "-v" "/var/lib/crater-agent-workspace/cargo-home:/opt/rustwide/cargo-home:ro,Z" "-v" "/var/lib/crater-agent-workspace/rustup-home:/opt/rustwide/rustup-home:ro,Z" "-e" "SOURCE_DIR=/opt/rustwide/workdir" "-e" "CARGO_TARGET_DIR=/opt/rustwide/target" "-e" "CARGO_INCREMENTAL=0" "-e" "RUST_BACKTRACE=full" "-e" "RUSTFLAGS=--cap-lints=forbid" "-e" "RUSTDOCFLAGS=--cap-lints=forbid" "-e" "CARGO_HOME=/opt/rustwide/cargo-home" "-e" "RUSTUP_HOME=/opt/rustwide/rustup-home" "-w" "/opt/rustwide/workdir" "-m" "1610612736" "--user" "0:0" "--network" "none" "ghcr.io/rust-lang/crates-build-env/linux@sha256:4a844ea9eb2546a2d2c7022eacef16ef2e8229c7fbb2c7d4d55a9ceca922f72d" "/opt/rustwide/cargo-home/bin/cargo" "+nightly-2024-10-28" "test" "--frozen", kill_on_drop: false }`
[INFO] [stdout] 2cd63e1e522a384cbfc2343e41a303b00f894ed778e5786d5435c82695786b65
[INFO] running `Command { std: "docker" "start" "-a" "2cd63e1e522a384cbfc2343e41a303b00f894ed778e5786d5435c82695786b65", kill_on_drop: false }`
[INFO] [stderr] warning: unused import: `crate::response::template::TemplateEngine`
[INFO] [stderr]  --> src/server.rs:1:5
[INFO] [stderr]   |
[INFO] [stderr] 1 | use crate::response::template::TemplateEngine;
[INFO] [stderr]   |     ^^^^^^^^^^^^^^^^^^^^^^^^^^^^^^^^^^^^^^^^^
[INFO] [stderr]   |
[INFO] [stderr]   = note: `#[warn(unused_imports)]` on by default
[INFO] [stderr] 
[INFO] [stderr] warning: `tela` (lib) generated 1 warning (run `cargo fix --lib -p tela` to apply 1 suggestion)
[INFO] [stderr] warning: `tela` (lib test) generated 1 warning (1 duplicate)
[INFO] [stderr]     Finished `test` profile [unoptimized + debuginfo] target(s) in 0.07s
[INFO] [stderr]      Running unittests src/lib.rs (/opt/rustwide/target/debug/deps/tela-28a94fc58a053094)
[INFO] [stdout] 
[INFO] [stdout] running 0 tests
[INFO] [stdout] 
[INFO] [stdout] test result: ok. 0 passed; 0 failed; 0 ignored; 0 measured; 0 filtered out; finished in 0.00s
[INFO] [stdout] 
[INFO] [stderr]    Doc-tests tela
[INFO] [stdout] 
[INFO] [stdout] running 6 tests
[INFO] [stdout] test src/server.rs - server::Server::catch (line 160) ... FAILED
[INFO] [stdout] test src/server.rs - server::Server::catches (line 184) ... FAILED
[INFO] [stdout] test src/server.rs - server::Server::routes (line 133) ... FAILED
[INFO] [stdout] test src/server.rs - server::Server::serve (line 211) ... FAILED
[INFO] [stdout] test src/server.rs - server::Server::route (line 109) ... FAILED
[INFO] [stdout] test src/server.rs - server::Server (line 38) ... FAILED
[INFO] [stdout] 
[INFO] [stdout] failures:
[INFO] [stdout] 
[INFO] [stdout] ---- src/server.rs - server::Server::catch (line 160) stdout ----
[INFO] [stdout] error: mismatched closing delimiter: `]`
[INFO] [stdout]  --> src/server.rs:167:15
[INFO] [stdout]   |
[INFO] [stdout] 7 |         .catch(not_found]
[INFO] [stdout]   |               ^         ^ mismatched closing delimiter
[INFO] [stdout]   |               |
[INFO] [stdout]   |               unclosed delimiter
[INFO] [stdout] 
[INFO] [stdout] error: aborting due to 1 previous error
[INFO] [stdout] 
[INFO] [stdout] Couldn't compile the test.
[INFO] [stdout] ---- src/server.rs - server::Server::catches (line 184) stdout ----
[INFO] [stdout] error: unexpected token: `...`
[INFO] [stdout]  --> src/server.rs:188:31
[INFO] [stdout]   |
[INFO] [stdout] 7 | fn not_found(...) -> String { ... }
[INFO] [stdout]   |                               ^^^
[INFO] [stdout]   |
[INFO] [stdout] help: use `..` for an exclusive range
[INFO] [stdout]   |
[INFO] [stdout] 7 | fn not_found(...) -> String { .. }
[INFO] [stdout]   |                               ~~
[INFO] [stdout] help: or `..=` for an inclusive range
[INFO] [stdout]   |
[INFO] [stdout] 7 | fn not_found(...) -> String { ..= }
[INFO] [stdout]   |                               ~~~
[INFO] [stdout] 
[INFO] [stdout] error[E0586]: inclusive range with no end
[INFO] [stdout]  --> src/server.rs:188:31
[INFO] [stdout]   |
[INFO] [stdout] 7 | fn not_found(...) -> String { ... }
[INFO] [stdout]   |                               ^^^
[INFO] [stdout]   |
[INFO] [stdout]   = note: inclusive ranges must be bounded at the end (`..=b` or `a..=b`)
[INFO] [stdout] help: use `..` instead
[INFO] [stdout]   |
[INFO] [stdout] 7 - fn not_found(...) -> String { ... }
[INFO] [stdout] 7 + fn not_found(...) -> String { .. }
[INFO] [stdout]   |
[INFO] [stdout] 
[INFO] [stdout] error: unexpected token: `...`
[INFO] [stdout]  --> src/server.rs:190:37
[INFO] [stdout]   |
[INFO] [stdout] 9 | fn internal_server(...) -> String { ... }
[INFO] [stdout]   |                                     ^^^
[INFO] [stdout]   |
[INFO] [stdout] help: use `..` for an exclusive range
[INFO] [stdout]   |
[INFO] [stdout] 9 | fn internal_server(...) -> String { .. }
[INFO] [stdout]   |                                     ~~
[INFO] [stdout] help: or `..=` for an inclusive range
[INFO] [stdout]   |
[INFO] [stdout] 9 | fn internal_server(...) -> String { ..= }
[INFO] [stdout]   |                                     ~~~
[INFO] [stdout] 
[INFO] [stdout] error[E0586]: inclusive range with no end
[INFO] [stdout]  --> src/server.rs:190:37
[INFO] [stdout]   |
[INFO] [stdout] 9 | fn internal_server(...) -> String { ... }
[INFO] [stdout]   |                                     ^^^
[INFO] [stdout]   |
[INFO] [stdout]   = note: inclusive ranges must be bounded at the end (`..=b` or `a..=b`)
[INFO] [stdout] help: use `..` instead
[INFO] [stdout]   |
[INFO] [stdout] 9 - fn internal_server(...) -> String { ... }
[INFO] [stdout] 9 + fn internal_server(...) -> String { .. }
[INFO] [stdout]   |
[INFO] [stdout] 
[INFO] [stdout] error: expected one of `move`, `|`, or `||`, found `main`
[INFO] [stdout]   --> src/server.rs:192:7
[INFO] [stdout]    |
[INFO] [stdout] 11 | async main() {
[INFO] [stdout]    |       ^^^^ expected one of `move`, `|`, or `||`
[INFO] [stdout] 
[INFO] [stdout] error: expected `..=`
[INFO] [stdout]  --> src/server.rs:188:31
[INFO] [stdout]   |
[INFO] [stdout] 7 | fn not_found(...) -> String { ... }
[INFO] [stdout]   |                               ^
[INFO] [stdout] 
[INFO] [stdout] error: expected `..=`
[INFO] [stdout]  --> src/server.rs:190:37
[INFO] [stdout]   |
[INFO] [stdout] 9 | fn internal_server(...) -> String { ... }
[INFO] [stdout]   |                                     ^
[INFO] [stdout] 
[INFO] [stdout] error: aborting due to 7 previous errors
[INFO] [stdout] 
[INFO] [stdout] For more information about this error, try `rustc --explain E0586`.
[INFO] [stdout] Couldn't compile the test.
[INFO] [stdout] ---- src/server.rs - server::Server::routes (line 133) stdout ----
[INFO] [stdout] error: unexpected token: `...`
[INFO] [stdout]  --> src/server.rs:137:23
[INFO] [stdout]   |
[INFO] [stdout] 7 | fn home() -> String { ... }
[INFO] [stdout]   |                       ^^^
[INFO] [stdout]   |
[INFO] [stdout] help: use `..` for an exclusive range
[INFO] [stdout]   |
[INFO] [stdout] 7 | fn home() -> String { .. }
[INFO] [stdout]   |                       ~~
[INFO] [stdout] help: or `..=` for an inclusive range
[INFO] [stdout]   |
[INFO] [stdout] 7 | fn home() -> String { ..= }
[INFO] [stdout]   |                       ~~~
[INFO] [stdout] 
[INFO] [stdout] error[E0586]: inclusive range with no end
[INFO] [stdout]  --> src/server.rs:137:23
[INFO] [stdout]   |
[INFO] [stdout] 7 | fn home() -> String { ... }
[INFO] [stdout]   |                       ^^^
[INFO] [stdout]   |
[INFO] [stdout]   = note: inclusive ranges must be bounded at the end (`..=b` or `a..=b`)
[INFO] [stdout] help: use `..` instead
[INFO] [stdout]   |
[INFO] [stdout] 7 - fn home() -> String { ... }
[INFO] [stdout] 7 + fn home() -> String { .. }
[INFO] [stdout]   |
[INFO] [stdout] 
[INFO] [stdout] error: unexpected token: `...`
[INFO] [stdout]  --> src/server.rs:139:23
[INFO] [stdout]   |
[INFO] [stdout] 9 | fn blog() -> String { ... }
[INFO] [stdout]   |                       ^^^
[INFO] [stdout]   |
[INFO] [stdout] help: use `..` for an exclusive range
[INFO] [stdout]   |
[INFO] [stdout] 9 | fn blog() -> String { .. }
[INFO] [stdout]   |                       ~~
[INFO] [stdout] help: or `..=` for an inclusive range
[INFO] [stdout]   |
[INFO] [stdout] 9 | fn blog() -> String { ..= }
[INFO] [stdout]   |                       ~~~
[INFO] [stdout] 
[INFO] [stdout] error[E0586]: inclusive range with no end
[INFO] [stdout]  --> src/server.rs:139:23
[INFO] [stdout]   |
[INFO] [stdout] 9 | fn blog() -> String { ... }
[INFO] [stdout]   |                       ^^^
[INFO] [stdout]   |
[INFO] [stdout]   = note: inclusive ranges must be bounded at the end (`..=b` or `a..=b`)
[INFO] [stdout] help: use `..` instead
[INFO] [stdout]   |
[INFO] [stdout] 9 - fn blog() -> String { ... }
[INFO] [stdout] 9 + fn blog() -> String { .. }
[INFO] [stdout]   |
[INFO] [stdout] 
[INFO] [stdout] error: expected one of `move`, `|`, or `||`, found `main`
[INFO] [stdout]   --> src/server.rs:141:7
[INFO] [stdout]    |
[INFO] [stdout] 11 | async main() {
[INFO] [stdout]    |       ^^^^ expected one of `move`, `|`, or `||`
[INFO] [stdout] 
[INFO] [stdout] error: expected `..=`
[INFO] [stdout]  --> src/server.rs:137:23
[INFO] [stdout]   |
[INFO] [stdout] 7 | fn home() -> String { ... }
[INFO] [stdout]   |                       ^
[INFO] [stdout] 
[INFO] [stdout] error: expected `..=`
[INFO] [stdout]  --> src/server.rs:139:23
[INFO] [stdout]   |
[INFO] [stdout] 9 | fn blog() -> String { ... }
[INFO] [stdout]   |                       ^
[INFO] [stdout] 
[INFO] [stdout] error: aborting due to 7 previous errors
[INFO] [stdout] 
[INFO] [stdout] For more information about this error, try `rustc --explain E0586`.
[INFO] [stdout] Couldn't compile the test.
[INFO] [stdout] ---- src/server.rs - server::Server::serve (line 211) stdout ----
[INFO] [stdout] error: expected one of `move`, `|`, or `||`, found `main`
[INFO] [stdout]  --> src/server.rs:216:7
[INFO] [stdout]   |
[INFO] [stdout] 8 | async main() {
[INFO] [stdout]   |       ^^^^ expected one of `move`, `|`, or `||`
[INFO] [stdout] 
[INFO] [stdout] error[E0603]: module `server` is private
[INFO] [stdout]  --> src/server.rs:213:11
[INFO] [stdout]   |
[INFO] [stdout] 5 | use tela::server;
[INFO] [stdout]   |           ^^^^^^ private module
[INFO] [stdout]   |
[INFO] [stdout] note: the module `server` is defined here
[INFO] [stdout]  --> /opt/rustwide/workdir/src/lib.rs:3:1
[INFO] [stdout]   |
[INFO] [stdout] 3 | mod server;
[INFO] [stdout]   | ^^^^^^^^^^
[INFO] [stdout] 
[INFO] [stdout] error: aborting due to 2 previous errors
[INFO] [stdout] 
[INFO] [stdout] For more information about this error, try `rustc --explain E0603`.
[INFO] [stdout] Couldn't compile the test.
[INFO] [stdout] ---- src/server.rs - server::Server::route (line 109) stdout ----
[INFO] [stdout] error: unexpected token: `...`
[INFO] [stdout]  --> src/server.rs:113:23
[INFO] [stdout]   |
[INFO] [stdout] 7 | fn home() -> String { ... }
[INFO] [stdout]   |                       ^^^
[INFO] [stdout]   |
[INFO] [stdout] help: use `..` for an exclusive range
[INFO] [stdout]   |
[INFO] [stdout] 7 | fn home() -> String { .. }
[INFO] [stdout]   |                       ~~
[INFO] [stdout] help: or `..=` for an inclusive range
[INFO] [stdout]   |
[INFO] [stdout] 7 | fn home() -> String { ..= }
[INFO] [stdout]   |                       ~~~
[INFO] [stdout] 
[INFO] [stdout] error[E0586]: inclusive range with no end
[INFO] [stdout]  --> src/server.rs:113:23
[INFO] [stdout]   |
[INFO] [stdout] 7 | fn home() -> String { ... }
[INFO] [stdout]   |                       ^^^
[INFO] [stdout]   |
[INFO] [stdout]   = note: inclusive ranges must be bounded at the end (`..=b` or `a..=b`)
[INFO] [stdout] help: use `..` instead
[INFO] [stdout]   |
[INFO] [stdout] 7 - fn home() -> String { ... }
[INFO] [stdout] 7 + fn home() -> String { .. }
[INFO] [stdout]   |
[INFO] [stdout] 
[INFO] [stdout] error: expected one of `move`, `|`, or `||`, found `main`
[INFO] [stdout]  --> src/server.rs:115:7
[INFO] [stdout]   |
[INFO] [stdout] 9 | async main() {
[INFO] [stdout]   |       ^^^^ expected one of `move`, `|`, or `||`
[INFO] [stdout] 
[INFO] [stdout] error: expected `..=`
[INFO] [stdout]  --> src/server.rs:113:23
[INFO] [stdout]   |
[INFO] [stdout] 7 | fn home() -> String { ... }
[INFO] [stdout]   |                       ^
[INFO] [stdout] 
[INFO] [stdout] error: aborting due to 4 previous errors
[INFO] [stdout] 
[INFO] [stdout] For more information about this error, try `rustc --explain E0586`.
[INFO] [stdout] Couldn't compile the test.
[INFO] [stdout] ---- src/server.rs - server::Server (line 38) stdout ----
[INFO] [stdout] error: expected literal
[INFO] [stdout]  --> src/server.rs:44:29
[INFO] [stdout]   |
[INFO] [stdout] 8 |     html!(<h1>"Hello, world"!</h1>)
[INFO] [stdout]   |                             ^
[INFO] [stdout] 
[INFO] [stdout] error[E0412]: cannot find type `HTML` in this scope
[INFO] [stdout]  --> src/server.rs:43:14
[INFO] [stdout]   |
[INFO] [stdout] 7 | fn home() -> HTML<String> {
[INFO] [stdout]   |              ^^^^ not found in this scope
[INFO] [stdout]   |
[INFO] [stdout] help: consider importing one of these structs
[INFO] [stdout]   |
[INFO] [stdout] 4 + use crate::response::HTML;
[INFO] [stdout]   |
[INFO] [stdout] 4 + use tela::response::HTML;
[INFO] [stdout]   |
[INFO] [stdout] 
[INFO] [stdout] error: aborting due to 2 previous errors
[INFO] [stdout] 
[INFO] [stdout] For more information about this error, try `rustc --explain E0412`.
[INFO] [stdout] Couldn't compile the test.
[INFO] [stdout] 
[INFO] [stdout] failures:
[INFO] [stdout]     src/server.rs - server::Server (line 38)
[INFO] [stdout]     src/server.rs - server::Server::catch (line 160)
[INFO] [stdout]     src/server.rs - server::Server::catches (line 184)
[INFO] [stdout]     src/server.rs - server::Server::route (line 109)
[INFO] [stdout]     src/server.rs - server::Server::routes (line 133)
[INFO] [stdout]     src/server.rs - server::Server::serve (line 211)
[INFO] [stdout] 
[INFO] [stdout] test result: FAILED. 0 passed; 6 failed; 0 ignored; 0 measured; 0 filtered out; finished in 0.09s
[INFO] [stdout] 
[INFO] [stderr] error: doctest failed, to rerun pass `--doc`
[INFO] running `Command { std: "docker" "inspect" "2cd63e1e522a384cbfc2343e41a303b00f894ed778e5786d5435c82695786b65", kill_on_drop: false }`
[INFO] running `Command { std: "docker" "rm" "-f" "2cd63e1e522a384cbfc2343e41a303b00f894ed778e5786d5435c82695786b65", kill_on_drop: false }`
[INFO] [stdout] 2cd63e1e522a384cbfc2343e41a303b00f894ed778e5786d5435c82695786b65
