[INFO] fetching crate tca9548-eh 0.1.0...
[INFO] testing tca9548-eh-0.1.0 against nightly-2024-10-28+rustflags=-Zrandomize-layout for randomize-layout
[INFO] extracting crate tca9548-eh 0.1.0 into /workspace/builds/worker-7-tc2/source
[INFO] validating manifest of crates.io crate tca9548-eh 0.1.0 on toolchain nightly-2024-10-28
[INFO] running `Command { std: CARGO_HOME="/workspace/cargo-home" RUSTUP_HOME="/workspace/rustup-home" "/workspace/cargo-home/bin/cargo" "+nightly-2024-10-28" "metadata" "--manifest-path" "Cargo.toml" "--no-deps", kill_on_drop: false }`
[INFO] started tweaking crates.io crate tca9548-eh 0.1.0
[INFO] finished tweaking crates.io crate tca9548-eh 0.1.0
[INFO] tweaked toml for crates.io crate tca9548-eh 0.1.0 written to /workspace/builds/worker-7-tc2/source/Cargo.toml
[INFO] running `Command { std: CARGO_HOME="/workspace/cargo-home" RUSTUP_HOME="/workspace/rustup-home" "/workspace/cargo-home/bin/cargo" "+nightly-2024-10-28" "generate-lockfile" "--manifest-path" "Cargo.toml", kill_on_drop: false }`
[INFO] [stderr]     Updating crates.io index
[INFO] [stderr]      Locking 3 packages to latest compatible versions
[INFO] running `Command { std: CARGO_HOME="/workspace/cargo-home" RUSTUP_HOME="/workspace/rustup-home" "/workspace/cargo-home/bin/cargo" "+nightly-2024-10-28" "fetch" "--manifest-path" "Cargo.toml", kill_on_drop: false }`
[INFO] running `Command { std: "docker" "create" "-v" "/var/lib/crater-agent-workspace/builds/worker-7-tc2/target:/opt/rustwide/target:rw,Z" "-v" "/var/lib/crater-agent-workspace/builds/worker-7-tc2/source:/opt/rustwide/workdir:ro,Z" "-v" "/var/lib/crater-agent-workspace/cargo-home:/opt/rustwide/cargo-home:ro,Z" "-v" "/var/lib/crater-agent-workspace/rustup-home:/opt/rustwide/rustup-home:ro,Z" "-e" "SOURCE_DIR=/opt/rustwide/workdir" "-e" "CARGO_TARGET_DIR=/opt/rustwide/target" "-e" "CARGO_HOME=/opt/rustwide/cargo-home" "-e" "RUSTUP_HOME=/opt/rustwide/rustup-home" "-w" "/opt/rustwide/workdir" "-m" "1610612736" "--user" "0:0" "--network" "none" "ghcr.io/rust-lang/crates-build-env/linux@sha256:4a844ea9eb2546a2d2c7022eacef16ef2e8229c7fbb2c7d4d55a9ceca922f72d" "/opt/rustwide/cargo-home/bin/cargo" "+nightly-2024-10-28" "metadata" "--no-deps" "--format-version=1", kill_on_drop: false }`
[INFO] [stdout] 70cba63c9ce80ab6fcbf9c501803ad89a3cfc595093395f60b698f32c994cc00
[INFO] running `Command { std: "docker" "start" "-a" "70cba63c9ce80ab6fcbf9c501803ad89a3cfc595093395f60b698f32c994cc00", kill_on_drop: false }`
[INFO] running `Command { std: "docker" "inspect" "70cba63c9ce80ab6fcbf9c501803ad89a3cfc595093395f60b698f32c994cc00", kill_on_drop: false }`
[INFO] running `Command { std: "docker" "rm" "-f" "70cba63c9ce80ab6fcbf9c501803ad89a3cfc595093395f60b698f32c994cc00", kill_on_drop: false }`
[INFO] [stdout] 70cba63c9ce80ab6fcbf9c501803ad89a3cfc595093395f60b698f32c994cc00
[INFO] running `Command { std: "docker" "create" "-v" "/var/lib/crater-agent-workspace/builds/worker-7-tc2/target:/opt/rustwide/target:rw,Z" "-v" "/var/lib/crater-agent-workspace/builds/worker-7-tc2/source:/opt/rustwide/workdir:ro,Z" "-v" "/var/lib/crater-agent-workspace/cargo-home:/opt/rustwide/cargo-home:ro,Z" "-v" "/var/lib/crater-agent-workspace/rustup-home:/opt/rustwide/rustup-home:ro,Z" "-e" "SOURCE_DIR=/opt/rustwide/workdir" "-e" "CARGO_TARGET_DIR=/opt/rustwide/target" "-e" "CARGO_INCREMENTAL=0" "-e" "RUST_BACKTRACE=full" "-e" "RUSTFLAGS=--cap-lints=forbid -Zrandomize-layout" "-e" "RUSTDOCFLAGS=--cap-lints=forbid" "-e" "CARGO_HOME=/opt/rustwide/cargo-home" "-e" "RUSTUP_HOME=/opt/rustwide/rustup-home" "-w" "/opt/rustwide/workdir" "-m" "1610612736" "--user" "0:0" "--network" "none" "ghcr.io/rust-lang/crates-build-env/linux@sha256:4a844ea9eb2546a2d2c7022eacef16ef2e8229c7fbb2c7d4d55a9ceca922f72d" "/opt/rustwide/cargo-home/bin/cargo" "+nightly-2024-10-28" "build" "--frozen" "--message-format=json", kill_on_drop: false }`
[INFO] [stdout] fa6ca53af81b1c66d48d6e8056b7981947a0895536b1053373f82b3a21c1fb01
[INFO] running `Command { std: "docker" "start" "-a" "fa6ca53af81b1c66d48d6e8056b7981947a0895536b1053373f82b3a21c1fb01", kill_on_drop: false }`
[INFO] [stderr]    Compiling portable-atomic v1.9.0
[INFO] [stderr]    Compiling embedded-hal v1.0.0
[INFO] [stderr]    Compiling spin v0.9.8
[INFO] [stderr]    Compiling tca9548-eh v0.1.0 (/opt/rustwide/workdir)
[INFO] [stderr]     Finished `dev` profile [unoptimized + debuginfo] target(s) in 0.51s
[INFO] running `Command { std: "docker" "inspect" "fa6ca53af81b1c66d48d6e8056b7981947a0895536b1053373f82b3a21c1fb01", kill_on_drop: false }`
[INFO] running `Command { std: "docker" "rm" "-f" "fa6ca53af81b1c66d48d6e8056b7981947a0895536b1053373f82b3a21c1fb01", kill_on_drop: false }`
[INFO] [stdout] fa6ca53af81b1c66d48d6e8056b7981947a0895536b1053373f82b3a21c1fb01
[INFO] running `Command { std: "docker" "create" "-v" "/var/lib/crater-agent-workspace/builds/worker-7-tc2/target:/opt/rustwide/target:rw,Z" "-v" "/var/lib/crater-agent-workspace/builds/worker-7-tc2/source:/opt/rustwide/workdir:ro,Z" "-v" "/var/lib/crater-agent-workspace/cargo-home:/opt/rustwide/cargo-home:ro,Z" "-v" "/var/lib/crater-agent-workspace/rustup-home:/opt/rustwide/rustup-home:ro,Z" "-e" "SOURCE_DIR=/opt/rustwide/workdir" "-e" "CARGO_TARGET_DIR=/opt/rustwide/target" "-e" "CARGO_INCREMENTAL=0" "-e" "RUST_BACKTRACE=full" "-e" "RUSTFLAGS=--cap-lints=forbid -Zrandomize-layout" "-e" "RUSTDOCFLAGS=--cap-lints=forbid" "-e" "CARGO_HOME=/opt/rustwide/cargo-home" "-e" "RUSTUP_HOME=/opt/rustwide/rustup-home" "-w" "/opt/rustwide/workdir" "-m" "1610612736" "--user" "0:0" "--network" "none" "ghcr.io/rust-lang/crates-build-env/linux@sha256:4a844ea9eb2546a2d2c7022eacef16ef2e8229c7fbb2c7d4d55a9ceca922f72d" "/opt/rustwide/cargo-home/bin/cargo" "+nightly-2024-10-28" "test" "--frozen" "--no-run" "--message-format=json", kill_on_drop: false }`
[INFO] [stdout] 405355e26136e1f2b73ce87ad994f0ad7ac697eb6ea430a2e31dbd9b358e8f40
[INFO] running `Command { std: "docker" "start" "-a" "405355e26136e1f2b73ce87ad994f0ad7ac697eb6ea430a2e31dbd9b358e8f40", kill_on_drop: false }`
[INFO] [stderr]    Compiling tca9548-eh v0.1.0 (/opt/rustwide/workdir)
[INFO] [stderr]     Finished `test` profile [unoptimized + debuginfo] target(s) in 0.10s
[INFO] running `Command { std: "docker" "inspect" "405355e26136e1f2b73ce87ad994f0ad7ac697eb6ea430a2e31dbd9b358e8f40", kill_on_drop: false }`
[INFO] running `Command { std: "docker" "rm" "-f" "405355e26136e1f2b73ce87ad994f0ad7ac697eb6ea430a2e31dbd9b358e8f40", kill_on_drop: false }`
[INFO] [stdout] 405355e26136e1f2b73ce87ad994f0ad7ac697eb6ea430a2e31dbd9b358e8f40
[INFO] running `Command { std: "docker" "create" "-v" "/var/lib/crater-agent-workspace/builds/worker-7-tc2/target:/opt/rustwide/target:rw,Z" "-v" "/var/lib/crater-agent-workspace/builds/worker-7-tc2/source:/opt/rustwide/workdir:ro,Z" "-v" "/var/lib/crater-agent-workspace/cargo-home:/opt/rustwide/cargo-home:ro,Z" "-v" "/var/lib/crater-agent-workspace/rustup-home:/opt/rustwide/rustup-home:ro,Z" "-e" "SOURCE_DIR=/opt/rustwide/workdir" "-e" "CARGO_TARGET_DIR=/opt/rustwide/target" "-e" "CARGO_INCREMENTAL=0" "-e" "RUST_BACKTRACE=full" "-e" "RUSTFLAGS=--cap-lints=forbid -Zrandomize-layout" "-e" "RUSTDOCFLAGS=--cap-lints=forbid" "-e" "CARGO_HOME=/opt/rustwide/cargo-home" "-e" "RUSTUP_HOME=/opt/rustwide/rustup-home" "-w" "/opt/rustwide/workdir" "-m" "1610612736" "--user" "0:0" "--network" "none" "ghcr.io/rust-lang/crates-build-env/linux@sha256:4a844ea9eb2546a2d2c7022eacef16ef2e8229c7fbb2c7d4d55a9ceca922f72d" "/opt/rustwide/cargo-home/bin/cargo" "+nightly-2024-10-28" "test" "--frozen", kill_on_drop: false }`
[INFO] [stdout] 6dac95fda4ae3e15b41efa14c940047782a38b0e7a566828c9a7f59d3048a216
[INFO] running `Command { std: "docker" "start" "-a" "6dac95fda4ae3e15b41efa14c940047782a38b0e7a566828c9a7f59d3048a216", kill_on_drop: false }`
[INFO] [stderr]     Finished `test` profile [unoptimized + debuginfo] target(s) in 0.01s
[INFO] [stderr]      Running unittests src/lib.rs (/opt/rustwide/target/debug/deps/tca9548_eh-34c2332b70e8109a)
[INFO] [stdout] 
[INFO] [stdout] running 0 tests
[INFO] [stdout] 
[INFO] [stdout] test result: ok. 0 passed; 0 failed; 0 ignored; 0 measured; 0 filtered out; finished in 0.00s
[INFO] [stdout] 
[INFO] [stderr]    Doc-tests tca9548_eh
[INFO] [stdout] 
[INFO] [stdout] running 1 test
[INFO] [stdout] test src/../README.md - (line 10) ... FAILED
[INFO] [stdout] 
[INFO] [stdout] failures:
[INFO] [stdout] 
[INFO] [stdout] ---- src/../README.md - (line 10) stdout ----
[INFO] [stdout] error[E0433]: failed to resolve: use of undeclared type `Tca9548`
[INFO] [stdout]  --> src/../README.md:15:23
[INFO] [stdout]   |
[INFO] [stdout] 8 | let mut multiplexer = Tca9548::new(i2c, 0x70).unwrap();
[INFO] [stdout]   |                       ^^^^^^^ use of undeclared type `Tca9548`
[INFO] [stdout]   |
[INFO] [stdout] help: consider importing this struct
[INFO] [stdout]   |
[INFO] [stdout] 5 + use tca9548_eh::Tca9548;
[INFO] [stdout]   |
[INFO] [stdout] 
[INFO] [stdout] error[E0425]: cannot find value `i2c` in this scope
[INFO] [stdout]  --> src/../README.md:15:36
[INFO] [stdout]   |
[INFO] [stdout] 8 | let mut multiplexer = Tca9548::new(i2c, 0x70).unwrap();
[INFO] [stdout]   |                                    ^^^ not found in this scope
[INFO] [stdout] 
[INFO] [stdout] error[E0599]: no method named `write` found for struct `MultiplexedBus` in the current scope
[INFO] [stdout]    --> src/../README.md:25:6
[INFO] [stdout]     |
[INFO] [stdout] 18  | bus0.write(0x38, &[0x00]).unwrap();
[INFO] [stdout]     |      ^^^^^
[INFO] [stdout]     |
[INFO] [stdout]    ::: /opt/rustwide/cargo-home/registry/src/index.crates.io-6f17d22bba15001f/embedded-hal-1.0.0/src/i2c.rs:354:8
[INFO] [stdout]     |
[INFO] [stdout] 354 |     fn write(&mut self, address: A, write: &[u8]) -> Result<(), Self::Error> {
[INFO] [stdout]     |        ----- the method is available for `MultiplexedBus<'_, _, 0>` here
[INFO] [stdout]     |
[INFO] [stdout]     = help: items from traits can only be used if the trait is in scope
[INFO] [stdout] help: there is a method `write_read` with a similar name, but with different arguments
[INFO] [stdout]    --> /opt/rustwide/cargo-home/registry/src/index.crates.io-6f17d22bba15001f/embedded-hal-1.0.0/src/i2c.rs:381:5
[INFO] [stdout]     |
[INFO] [stdout] 381 |     fn write_read(&mut self, address: A, write: &[u8], read: &mut [u8]) -> Result<(), Self::Error> {
[INFO] [stdout]     |     ^^^^^^^^^^^^^^^^^^^^^^^^^^^^^^^^^^^^^^^^^^^^^^^^^^^^^^^^^^^^^^^^^^^^^^^^^^^^^^^^^^^^^^^^^^^^^^
[INFO] [stdout] help: trait `I2c` which provides `write` is implemented but not in scope; perhaps you want to import it
[INFO] [stdout]     |
[INFO] [stdout] 5   + use embedded_hal::i2c::I2c;
[INFO] [stdout]     |
[INFO] [stdout] 
[INFO] [stdout] error: aborting due to 3 previous errors
[INFO] [stdout] 
[INFO] [stdout] Some errors have detailed explanations: E0425, E0433, E0599.
[INFO] [stdout] For more information about an error, try `rustc --explain E0425`.
[INFO] [stdout] Couldn't compile the test.
[INFO] [stdout] 
[INFO] [stdout] failures:
[INFO] [stdout]     src/../README.md - (line 10)
[INFO] [stdout] 
[INFO] [stdout] test result: FAILED. 0 passed; 1 failed; 0 ignored; 0 measured; 0 filtered out; finished in 0.06s
[INFO] [stdout] 
[INFO] [stderr] error: doctest failed, to rerun pass `--doc`
[INFO] running `Command { std: "docker" "inspect" "6dac95fda4ae3e15b41efa14c940047782a38b0e7a566828c9a7f59d3048a216", kill_on_drop: false }`
[INFO] running `Command { std: "docker" "rm" "-f" "6dac95fda4ae3e15b41efa14c940047782a38b0e7a566828c9a7f59d3048a216", kill_on_drop: false }`
[INFO] [stdout] 6dac95fda4ae3e15b41efa14c940047782a38b0e7a566828c9a7f59d3048a216
