[INFO] fetching crate tasm-lib 0.1.0...
[INFO] testing tasm-lib-0.1.0 against nightly-2024-10-28+rustflags=-Zrandomize-layout for randomize-layout
[INFO] extracting crate tasm-lib 0.1.0 into /workspace/builds/worker-5-tc2/source
[INFO] validating manifest of crates.io crate tasm-lib 0.1.0 on toolchain nightly-2024-10-28
[INFO] running `Command { std: CARGO_HOME="/workspace/cargo-home" RUSTUP_HOME="/workspace/rustup-home" "/workspace/cargo-home/bin/cargo" "+nightly-2024-10-28" "metadata" "--manifest-path" "Cargo.toml" "--no-deps", kill_on_drop: false }`
[INFO] started tweaking crates.io crate tasm-lib 0.1.0
[INFO] finished tweaking crates.io crate tasm-lib 0.1.0
[INFO] tweaked toml for crates.io crate tasm-lib 0.1.0 written to /workspace/builds/worker-5-tc2/source/Cargo.toml
[INFO] running `Command { std: CARGO_HOME="/workspace/cargo-home" RUSTUP_HOME="/workspace/rustup-home" "/workspace/cargo-home/bin/cargo" "+nightly-2024-10-28" "generate-lockfile" "--manifest-path" "Cargo.toml", kill_on_drop: false }`
[INFO] [stderr]     Updating crates.io index
[INFO] [stderr]      Locking 175 packages to latest compatible versions
[INFO] [stderr]       Adding triton-vm v0.31.1 (available: v0.42.1)
[INFO] [stderr]       Adding twenty-first v0.30.0 (available: v0.43.0)
[INFO] running `Command { std: CARGO_HOME="/workspace/cargo-home" RUSTUP_HOME="/workspace/rustup-home" "/workspace/cargo-home/bin/cargo" "+nightly-2024-10-28" "fetch" "--manifest-path" "Cargo.toml", kill_on_drop: false }`
[INFO] running `Command { std: "docker" "create" "-v" "/var/lib/crater-agent-workspace/builds/worker-5-tc2/target:/opt/rustwide/target:rw,Z" "-v" "/var/lib/crater-agent-workspace/builds/worker-5-tc2/source:/opt/rustwide/workdir:ro,Z" "-v" "/var/lib/crater-agent-workspace/cargo-home:/opt/rustwide/cargo-home:ro,Z" "-v" "/var/lib/crater-agent-workspace/rustup-home:/opt/rustwide/rustup-home:ro,Z" "-e" "SOURCE_DIR=/opt/rustwide/workdir" "-e" "CARGO_TARGET_DIR=/opt/rustwide/target" "-e" "CARGO_HOME=/opt/rustwide/cargo-home" "-e" "RUSTUP_HOME=/opt/rustwide/rustup-home" "-w" "/opt/rustwide/workdir" "-m" "1610612736" "--user" "0:0" "--network" "none" "ghcr.io/rust-lang/crates-build-env/linux@sha256:4a844ea9eb2546a2d2c7022eacef16ef2e8229c7fbb2c7d4d55a9ceca922f72d" "/opt/rustwide/cargo-home/bin/cargo" "+nightly-2024-10-28" "metadata" "--no-deps" "--format-version=1", kill_on_drop: false }`
[INFO] [stdout] 5e7cb1881d514d391af5133c85f8c331409d1070c9ac7ccb7d8d3ea989bc133e
[INFO] running `Command { std: "docker" "start" "-a" "5e7cb1881d514d391af5133c85f8c331409d1070c9ac7ccb7d8d3ea989bc133e", kill_on_drop: false }`
[INFO] running `Command { std: "docker" "inspect" "5e7cb1881d514d391af5133c85f8c331409d1070c9ac7ccb7d8d3ea989bc133e", kill_on_drop: false }`
[INFO] running `Command { std: "docker" "rm" "-f" "5e7cb1881d514d391af5133c85f8c331409d1070c9ac7ccb7d8d3ea989bc133e", kill_on_drop: false }`
[INFO] [stdout] 5e7cb1881d514d391af5133c85f8c331409d1070c9ac7ccb7d8d3ea989bc133e
[INFO] running `Command { std: "docker" "create" "-v" "/var/lib/crater-agent-workspace/builds/worker-5-tc2/target:/opt/rustwide/target:rw,Z" "-v" "/var/lib/crater-agent-workspace/builds/worker-5-tc2/source:/opt/rustwide/workdir:ro,Z" "-v" "/var/lib/crater-agent-workspace/cargo-home:/opt/rustwide/cargo-home:ro,Z" "-v" "/var/lib/crater-agent-workspace/rustup-home:/opt/rustwide/rustup-home:ro,Z" "-e" "SOURCE_DIR=/opt/rustwide/workdir" "-e" "CARGO_TARGET_DIR=/opt/rustwide/target" "-e" "CARGO_INCREMENTAL=0" "-e" "RUST_BACKTRACE=full" "-e" "RUSTFLAGS=--cap-lints=forbid -Zrandomize-layout" "-e" "RUSTDOCFLAGS=--cap-lints=forbid" "-e" "CARGO_HOME=/opt/rustwide/cargo-home" "-e" "RUSTUP_HOME=/opt/rustwide/rustup-home" "-w" "/opt/rustwide/workdir" "-m" "1610612736" "--user" "0:0" "--network" "none" "ghcr.io/rust-lang/crates-build-env/linux@sha256:4a844ea9eb2546a2d2c7022eacef16ef2e8229c7fbb2c7d4d55a9ceca922f72d" "/opt/rustwide/cargo-home/bin/cargo" "+nightly-2024-10-28" "build" "--frozen" "--message-format=json", kill_on_drop: false }`
[INFO] [stdout] 1eeb7aa8dbaa7bba397c1ccb15a7db37dca60c92ed6e2081bde2aaab6a013f86
[INFO] running `Command { std: "docker" "start" "-a" "1eeb7aa8dbaa7bba397c1ccb15a7db37dca60c92ed6e2081bde2aaab6a013f86", kill_on_drop: false }`
[INFO] [stderr]    Compiling proc-macro2 v1.0.89
[INFO] [stderr]    Compiling unicode-ident v1.0.13
[INFO] [stderr]    Compiling libm v0.2.11
[INFO] [stderr]    Compiling num-traits v0.2.19
[INFO] [stderr]    Compiling serde v1.0.214
[INFO] [stderr]    Compiling proc-macro-error-attr v1.0.4
[INFO] [stderr]    Compiling proc-macro-error v1.0.4
[INFO] [stderr]    Compiling either v1.13.0
[INFO] [stderr]    Compiling getrandom v0.1.16
[INFO] [stderr]    Compiling crossbeam-epoch v0.9.18
[INFO] [stderr]    Compiling smallvec v1.13.2
[INFO] [stderr]    Compiling siphasher v0.3.11
[INFO] [stderr]    Compiling rayon-core v1.12.1
[INFO] [stderr]    Compiling generic-array v0.12.4
[INFO] [stderr]    Compiling build_const v0.2.2
[INFO] [stderr]    Compiling serde_json v1.0.132
[INFO] [stderr]    Compiling interpolator v0.5.0
[INFO] [stderr]    Compiling crossbeam-deque v0.8.5
[INFO] [stderr]    Compiling shlex v1.3.0
[INFO] [stderr]    Compiling byte-tools v0.3.1
[INFO] [stderr]    Compiling collection_literals v1.0.1
[INFO] [stderr]    Compiling rand_core v0.6.4
[INFO] [stderr]    Compiling memchr v2.7.4
[INFO] [stderr]    Compiling cc v1.1.31
[INFO] [stderr]    Compiling rand v0.8.5
[INFO] [stderr]    Compiling block-padding v0.1.5
[INFO] [stderr]    Compiling quote v1.0.37
[INFO] [stderr]    Compiling syn v2.0.86
[INFO] [stderr]    Compiling syn v1.0.109
[INFO] [stderr]    Compiling proc-macro-utils v0.8.0
[INFO] [stderr]    Compiling num-integer v0.1.46
[INFO] [stderr]    Compiling crc v1.8.1
[INFO] [stderr]    Compiling rand_core v0.5.1
[INFO] [stderr]    Compiling phf_shared v0.11.2
[INFO] [stderr]    Compiling ahash v0.8.11
[INFO] [stderr]    Compiling itoa v1.0.11
[INFO] [stderr]    Compiling ryu v1.0.18
[INFO] [stderr]    Compiling snap v1.1.1
[INFO] [stderr]    Compiling phf_generator v0.11.2
[INFO] [stderr]    Compiling rayon v1.10.0
[INFO] [stderr]    Compiling block-buffer v0.7.3
[INFO] [stderr]    Compiling digest v0.8.1
[INFO] [stderr]    Compiling blake3 v1.5.4
[INFO] [stderr]    Compiling itertools v0.10.5
[INFO] [stderr]    Compiling fake-simd v0.1.2
[INFO] [stderr]    Compiling anyhow v1.0.92
[INFO] [stderr]    Compiling opaque-debug v0.2.3
[INFO] [stderr]    Compiling sha2 v0.8.2
[INFO] [stderr]    Compiling errno v0.2.8
[INFO] [stderr]    Compiling fs2 v0.4.3
[INFO] [stderr]    Compiling half v2.4.1
[INFO] [stderr]    Compiling constant_time_eq v0.3.1
[INFO] [stderr]    Compiling ciborium-io v0.2.2
[INFO] [stderr]    Compiling plotters-backend v0.3.7
[INFO] [stderr]    Compiling arrayvec v0.7.6
[INFO] [stderr]    Compiling regex-syntax v0.8.5
[INFO] [stderr]    Compiling allocator-api2 v0.2.18
[INFO] [stderr]    Compiling arrayref v0.3.9
[INFO] [stderr]    Compiling rustversion v1.0.18
[INFO] [stderr]    Compiling integer-encoding v3.0.4
[INFO] [stderr]    Compiling anstyle v1.0.10
[INFO] [stderr]    Compiling plotters-svg v0.3.7
[INFO] [stderr]    Compiling clap_builder v4.5.20
[INFO] [stderr]    Compiling ciborium-ll v0.2.2
[INFO] [stderr]    Compiling colored v2.1.0
[INFO] [stderr]    Compiling regex-automata v0.4.8
[INFO] [stderr]    Compiling emojihash-rs v0.2.1
[INFO] [stderr]    Compiling matrixmultiply v0.3.9
[INFO] [stderr]    Compiling same-file v1.0.6
[INFO] [stderr]    Compiling cast v0.3.0
[INFO] [stderr]    Compiling keccak v0.1.5
[INFO] [stderr]    Compiling walkdir v2.5.0
[INFO] [stderr]    Compiling criterion-plot v0.5.0
[INFO] [stderr]    Compiling plotters v0.3.7
[INFO] [stderr]    Compiling num-complex v0.4.6
[INFO] [stderr]    Compiling regex v1.11.1
[INFO] [stderr]    Compiling clap v4.5.20
[INFO] [stderr]    Compiling is-terminal v0.4.13
[INFO] [stderr]    Compiling heck v0.4.1
[INFO] [stderr]    Compiling rawpointer v0.2.1
[INFO] [stderr]    Compiling minimal-lexical v0.2.1
[INFO] [stderr]    Compiling oorandom v11.1.4
[INFO] [stderr]    Compiling anes v0.1.6
[INFO] [stderr]    Compiling bfieldcodec_derive v0.3.0
[INFO] [stderr]    Compiling strum_macros v0.24.3
[INFO] [stderr]    Compiling nom v7.1.3
[INFO] [stderr]    Compiling unicode-width v0.1.14
[INFO] [stderr]    Compiling strum v0.24.1
[INFO] [stderr]    Compiling ndarray v0.15.6
[INFO] [stderr]    Compiling num-iter v0.1.45
[INFO] [stderr]    Compiling itertools v0.13.0
[INFO] [stderr]    Compiling zerocopy-derive v0.7.35
[INFO] [stderr]    Compiling serde_derive v1.0.214
[INFO] [stderr]    Compiling derive-where v1.2.7
[INFO] [stderr]    Compiling phf_macros v0.11.2
[INFO] [stderr]    Compiling zerocopy v0.7.35
[INFO] [stderr]    Compiling phf v0.11.2
[INFO] [stderr]    Compiling quote-use-macros v0.7.2
[INFO] [stderr]    Compiling ppv-lite86 v0.2.20
[INFO] [stderr]    Compiling quote-use v0.7.2
[INFO] [stderr]    Compiling attribute-derive-macro v0.6.1
[INFO] [stderr]    Compiling hashbrown v0.14.5
[INFO] [stderr]    Compiling rand_chacha v0.3.1
[INFO] [stderr]    Compiling rand_chacha v0.2.2
[INFO] [stderr]    Compiling rand v0.7.3
[INFO] [stderr]    Compiling attribute-derive v0.6.1
[INFO] [stderr]    Compiling get-size-derive v0.1.3
[INFO] [stderr]    Compiling get-size v0.1.4
[INFO] [stderr]    Compiling rand_distr v0.4.3
[INFO] [stderr]    Compiling rusty-leveldb v1.0.8
[INFO] [stderr]    Compiling num-bigint v0.4.6
[INFO] [stderr]    Compiling serde-big-array v0.5.1
[INFO] [stderr]    Compiling bincode v1.3.3
[INFO] [stderr]    Compiling ciborium v0.2.2
[INFO] [stderr]    Compiling tinytemplate v1.2.1
[INFO] [stderr]    Compiling criterion v0.5.1
[INFO] [stderr]    Compiling twenty-first v0.30.0
[INFO] [stderr]    Compiling num-rational v0.4.2
[INFO] [stderr]    Compiling num v0.4.3
[INFO] [stderr]    Compiling triton-opcodes v0.31.0
[INFO] [stderr]    Compiling triton-profiler v0.30.0
[INFO] [stderr]    Compiling triton-vm v0.31.1
[INFO] [stderr]    Compiling tasm-lib v0.1.0 (/opt/rustwide/workdir)
[INFO] [stdout] warning: struct `TestHashXFieldElementLsb` is never constructed
[INFO] [stdout]    --> src/list/higher_order/all.rs:340:8
[INFO] [stdout]     |
[INFO] [stdout] 340 | struct TestHashXFieldElementLsb;
[INFO] [stdout]     |        ^^^^^^^^^^^^^^^^^^^^^^^^
[INFO] [stdout]     |
[INFO] [stdout]     = note: `#[warn(dead_code)]` on by default
[INFO] [stdout] 
[INFO] [stdout] 
[INFO] [stdout] warning: struct `TestHashXFieldElementLsb` is never constructed
[INFO] [stdout]    --> src/list/higher_order/filter.rs:482:8
[INFO] [stdout]     |
[INFO] [stdout] 482 | struct TestHashXFieldElementLsb;
[INFO] [stdout]     |        ^^^^^^^^^^^^^^^^^^^^^^^^
[INFO] [stdout] 
[INFO] [stdout] 
[INFO] [stdout] warning: struct `TestHashXFieldElement` is never constructed
[INFO] [stdout]    --> src/list/higher_order/map.rs:418:8
[INFO] [stdout]     |
[INFO] [stdout] 418 | struct TestHashXFieldElement;
[INFO] [stdout]     |        ^^^^^^^^^^^^^^^^^^^^^
[INFO] [stdout] 
[INFO] [stdout] 
[INFO] [stderr]     Finished `dev` profile [unoptimized + debuginfo] target(s) in 52.81s
[INFO] running `Command { std: "docker" "inspect" "1eeb7aa8dbaa7bba397c1ccb15a7db37dca60c92ed6e2081bde2aaab6a013f86", kill_on_drop: false }`
[INFO] running `Command { std: "docker" "rm" "-f" "1eeb7aa8dbaa7bba397c1ccb15a7db37dca60c92ed6e2081bde2aaab6a013f86", kill_on_drop: false }`
[INFO] [stdout] 1eeb7aa8dbaa7bba397c1ccb15a7db37dca60c92ed6e2081bde2aaab6a013f86
[INFO] running `Command { std: "docker" "create" "-v" "/var/lib/crater-agent-workspace/builds/worker-5-tc2/target:/opt/rustwide/target:rw,Z" "-v" "/var/lib/crater-agent-workspace/builds/worker-5-tc2/source:/opt/rustwide/workdir:ro,Z" "-v" "/var/lib/crater-agent-workspace/cargo-home:/opt/rustwide/cargo-home:ro,Z" "-v" "/var/lib/crater-agent-workspace/rustup-home:/opt/rustwide/rustup-home:ro,Z" "-e" "SOURCE_DIR=/opt/rustwide/workdir" "-e" "CARGO_TARGET_DIR=/opt/rustwide/target" "-e" "CARGO_INCREMENTAL=0" "-e" "RUST_BACKTRACE=full" "-e" "RUSTFLAGS=--cap-lints=forbid -Zrandomize-layout" "-e" "RUSTDOCFLAGS=--cap-lints=forbid" "-e" "CARGO_HOME=/opt/rustwide/cargo-home" "-e" "RUSTUP_HOME=/opt/rustwide/rustup-home" "-w" "/opt/rustwide/workdir" "-m" "1610612736" "--user" "0:0" "--network" "none" "ghcr.io/rust-lang/crates-build-env/linux@sha256:4a844ea9eb2546a2d2c7022eacef16ef2e8229c7fbb2c7d4d55a9ceca922f72d" "/opt/rustwide/cargo-home/bin/cargo" "+nightly-2024-10-28" "test" "--frozen" "--no-run" "--message-format=json", kill_on_drop: false }`
[INFO] [stdout] c7c42144f4f3d460f594ac54006d898ece0cf88360bf0fd280064544c1e3bd56
[INFO] running `Command { std: "docker" "start" "-a" "c7c42144f4f3d460f594ac54006d898ece0cf88360bf0fd280064544c1e3bd56", kill_on_drop: false }`
[INFO] [stderr]    Compiling cargo-husky v1.5.0
[INFO] [stdout] warning: struct `TestHashXFieldElementLsb` is never constructed
[INFO] [stdout]    --> src/list/higher_order/all.rs:340:8
[INFO] [stdout]     |
[INFO] [stdout] 340 | struct TestHashXFieldElementLsb;
[INFO] [stdout]     |        ^^^^^^^^^^^^^^^^^^^^^^^^
[INFO] [stdout]     |
[INFO] [stdout]     = note: `#[warn(dead_code)]` on by default
[INFO] [stdout] 
[INFO] [stdout] 
[INFO] [stdout] warning: struct `TestHashXFieldElementLsb` is never constructed
[INFO] [stdout]    --> src/list/higher_order/filter.rs:482:8
[INFO] [stdout]     |
[INFO] [stdout] 482 | struct TestHashXFieldElementLsb;
[INFO] [stdout]     |        ^^^^^^^^^^^^^^^^^^^^^^^^
[INFO] [stdout] 
[INFO] [stdout] 
[INFO] [stdout] warning: struct `TestHashXFieldElement` is never constructed
[INFO] [stdout]    --> src/list/higher_order/map.rs:418:8
[INFO] [stdout]     |
[INFO] [stdout] 418 | struct TestHashXFieldElement;
[INFO] [stdout]     |        ^^^^^^^^^^^^^^^^^^^^^
[INFO] [stdout] 
[INFO] [stdout] 
[INFO] [stderr]    Compiling tasm-lib v0.1.0 (/opt/rustwide/workdir)
[INFO] [stdout] warning: struct `TestHashXFieldElement` is never constructed
[INFO] [stdout]    --> src/list/higher_order/zip.rs:421:12
[INFO] [stdout]     |
[INFO] [stdout] 421 |     struct TestHashXFieldElement;
[INFO] [stdout]     |            ^^^^^^^^^^^^^^^^^^^^^
[INFO] [stdout]     |
[INFO] [stdout]     = note: `#[warn(dead_code)]` on by default
[INFO] [stdout] 
[INFO] [stdout] 
[INFO] [stderr]     Finished `test` profile [unoptimized + debuginfo] target(s) in 24.79s
[INFO] running `Command { std: "docker" "inspect" "c7c42144f4f3d460f594ac54006d898ece0cf88360bf0fd280064544c1e3bd56", kill_on_drop: false }`
[INFO] running `Command { std: "docker" "rm" "-f" "c7c42144f4f3d460f594ac54006d898ece0cf88360bf0fd280064544c1e3bd56", kill_on_drop: false }`
[INFO] [stdout] c7c42144f4f3d460f594ac54006d898ece0cf88360bf0fd280064544c1e3bd56
[INFO] running `Command { std: "docker" "create" "-v" "/var/lib/crater-agent-workspace/builds/worker-5-tc2/target:/opt/rustwide/target:rw,Z" "-v" "/var/lib/crater-agent-workspace/builds/worker-5-tc2/source:/opt/rustwide/workdir:ro,Z" "-v" "/var/lib/crater-agent-workspace/cargo-home:/opt/rustwide/cargo-home:ro,Z" "-v" "/var/lib/crater-agent-workspace/rustup-home:/opt/rustwide/rustup-home:ro,Z" "-e" "SOURCE_DIR=/opt/rustwide/workdir" "-e" "CARGO_TARGET_DIR=/opt/rustwide/target" "-e" "CARGO_INCREMENTAL=0" "-e" "RUST_BACKTRACE=full" "-e" "RUSTFLAGS=--cap-lints=forbid -Zrandomize-layout" "-e" "RUSTDOCFLAGS=--cap-lints=forbid" "-e" "CARGO_HOME=/opt/rustwide/cargo-home" "-e" "RUSTUP_HOME=/opt/rustwide/rustup-home" "-w" "/opt/rustwide/workdir" "-m" "1610612736" "--user" "0:0" "--network" "none" "ghcr.io/rust-lang/crates-build-env/linux@sha256:4a844ea9eb2546a2d2c7022eacef16ef2e8229c7fbb2c7d4d55a9ceca922f72d" "/opt/rustwide/cargo-home/bin/cargo" "+nightly-2024-10-28" "test" "--frozen", kill_on_drop: false }`
[INFO] [stdout] bfe19baa762cbaadc99f44bddd7626febcff3490a409b16fdcee3ff2ad0cc26c
[INFO] running `Command { std: "docker" "start" "-a" "bfe19baa762cbaadc99f44bddd7626febcff3490a409b16fdcee3ff2ad0cc26c", kill_on_drop: false }`
[INFO] [stderr] warning: struct `TestHashXFieldElementLsb` is never constructed
[INFO] [stderr]    --> src/list/higher_order/all.rs:340:8
[INFO] [stderr]     |
[INFO] [stderr] 340 | struct TestHashXFieldElementLsb;
[INFO] [stderr]     |        ^^^^^^^^^^^^^^^^^^^^^^^^
[INFO] [stderr]     |
[INFO] [stderr]     = note: `#[warn(dead_code)]` on by default
[INFO] [stderr] 
[INFO] [stderr] warning: struct `TestHashXFieldElementLsb` is never constructed
[INFO] [stderr]    --> src/list/higher_order/filter.rs:482:8
[INFO] [stderr]     |
[INFO] [stderr] 482 | struct TestHashXFieldElementLsb;
[INFO] [stderr]     |        ^^^^^^^^^^^^^^^^^^^^^^^^
[INFO] [stderr] 
[INFO] [stderr] warning: struct `TestHashXFieldElement` is never constructed
[INFO] [stderr]    --> src/list/higher_order/map.rs:418:8
[INFO] [stderr]     |
[INFO] [stderr] 418 | struct TestHashXFieldElement;
[INFO] [stderr]     |        ^^^^^^^^^^^^^^^^^^^^^
[INFO] [stderr] 
[INFO] [stderr] warning: struct `TestHashXFieldElement` is never constructed
[INFO] [stderr]    --> src/list/higher_order/zip.rs:421:12
[INFO] [stderr]     |
[INFO] [stderr] 421 |     struct TestHashXFieldElement;
[INFO] [stderr]     |            ^^^^^^^^^^^^^^^^^^^^^
[INFO] [stderr]     |
[INFO] [stderr]     = note: `#[warn(dead_code)]` on by default
[INFO] [stderr] 
[INFO] [stderr] warning: `tasm-lib` (lib) generated 3 warnings
[INFO] [stderr] warning: `tasm-lib` (lib test) generated 1 warning
[INFO] [stderr]     Finished `test` profile [unoptimized + debuginfo] target(s) in 0.24s
[INFO] [stderr]      Running unittests src/lib.rs (/opt/rustwide/target/debug/deps/tasm_lib-0c9c16b0f289c240)
[INFO] [stdout] 
[INFO] [stdout] running 463 tests
[INFO] [stdout] test arithmetic::u128::shift_left_static_u128::tests::shift_beyond_limit - should panic ... ok
[INFO] [stdout] test arithmetic::u128::shift_left_static_u128::tests::shift_left_simple_test ... ok
[INFO] [stdout] test arithmetic::u128::add_u128::tests::add_u128_unit_test ... ok
[INFO] [stdout] test arithmetic::u128::shift_left_u128::tests::shift_beyond_limit - should panic ... ok
[INFO] [stdout] test arithmetic::u128::shift_left_static_u128::tests::shift_left_zero_test ... ok
[INFO] [stdout] test arithmetic::u128::add_u128::benches::add_u128_benchmark ... FAILED
[INFO] [stdout] test arithmetic::u128::shift_left_static_u128::tests::shift_left_max_values_test ... ok
[INFO] [stdout] test arithmetic::u128::shift_left_u128::tests::shift_left_simple_test ... ok
[INFO] [stdout] test arithmetic::u128::shift_right_static_u128::tests::shift_beyond_limit - should panic ... ok
[INFO] [stdout] test arithmetic::u128::shift_right_static_u128::benches::shift_right_u128_benchmark ... FAILED
[INFO] [stdout] test arithmetic::u128::shift_right_static_u128::tests::shift_right_max_values_test ... ok
[INFO] [stdout] test arithmetic::u128::shift_left_static_u128::benches::shift_left_u128_benchmark ... FAILED
[INFO] [stdout] test arithmetic::u128::shift_left_u128::benches::shift_left_u128_benchmark ... FAILED
[INFO] [stdout] test arithmetic::u128::shift_right_static_u128::tests::shift_right_simple_test ... ok
[INFO] [stdout] test arithmetic::u128::shift_right_static_u128::tests::shift_right_zero_test ... ok
[INFO] [stdout] test arithmetic::u128::add_u128::tests::add_u128_test ... ok
[INFO] [stdout] test arithmetic::u128::shift_right_u128::tests::regression_test_crashing_code_shift_right_u128 ... ok
[INFO] [stdout] test arithmetic::u128::shift_right_u128::tests::shift_right_unit_test ... ok
[INFO] [stdout] test arithmetic::u128::shift_right_u128::benches::benchmark ... FAILED
[INFO] [stdout] test arithmetic::u128::sub_u128::tests::sub_u128_cascading_carry ... ok
[INFO] [stdout] test arithmetic::u128::sub_u128::benches::sub_u128_benchmark ... FAILED
[INFO] [stdout] test arithmetic::u128::sub_u128::tests::subtraction_involving_zeros ... ok
[INFO] [stdout] test arithmetic::u32::is_odd::benches::is_odd_u32_benchmark ... FAILED
[INFO] [stdout] test arithmetic::u32::is_odd::tests::is_odd_u32_test ... ok
[INFO] [stdout] test arithmetic::u32::is_odd::tests::u32_is_odd_test ... ok
[INFO] [stdout] test arithmetic::u128::shift_left_static_u128::tests::shift_left_u128_test ... ok
[INFO] [stdout] test arithmetic::u32::is_u32::benches::is_u32_benchmark ... FAILED
[INFO] [stdout] test arithmetic::u32::is_u32::tests::is_u32_pbt ... ok
[INFO] [stdout] test arithmetic::u32::is_u32::tests::is_u32_test ... ok
[INFO] [stdout] test arithmetic::u32::is_u32::tests::is_u32_simple ... ok
[INFO] [stdout] test arithmetic::u32::leading_zeros_u32::benches::u32_leading_zeros_benchmark ... FAILED
[INFO] [stdout] test arithmetic::u32::leading_zeros_u32::tests::leading_zeros_u32_simple_test ... ok
[INFO] [stdout] test arithmetic::u32::or::benches::u32_or_benchmark ... FAILED
[INFO] [stdout] test arithmetic::u128::shift_right_static_u128::tests::shift_right_u128_test ... ok
[INFO] [stdout] test arithmetic::u32::or::tests::or_simple_test ... ok
[INFO] [stdout] test arithmetic::u32::safe_add::benches::safe_add_benchmark ... FAILED
[INFO] [stdout] test arithmetic::u32::safe_add::tests::overflow_test - should panic ... ok
[INFO] [stdout] test arithmetic::u32::safe_add::tests::safe_add_simple_test ... ok
[INFO] [stdout] test arithmetic::u32::safe_add::tests::snippet_test ... ok
[INFO] [stdout] test arithmetic::u32::safe_mul::benches::safe_mul_benchmark ... FAILED
[INFO] [stdout] test arithmetic::u32::safe_mul::tests::overflow_test - should panic ... ok
[INFO] [stdout] test arithmetic::u32::safe_mul::tests::overflow_test_2 - should panic ... ok
[INFO] [stdout] test arithmetic::u32::safe_mul::tests::overflow_test_3 - should panic ... ok
[INFO] [stdout] test arithmetic::u32::safe_mul::tests::safe_sub_simple_test ... ok
[INFO] [stdout] test arithmetic::u32::leading_zeros_u32::tests::snippet_test ... ok
[INFO] [stdout] test arithmetic::u32::safe_sub::benches::safe_sub_benchmark ... FAILED
[INFO] [stdout] test arithmetic::u32::safe_mul::tests::snippet_test ... ok
[INFO] [stdout] test arithmetic::u32::safe_sub::tests::overflow_test_2 - should panic ... ok
[INFO] [stdout] test arithmetic::u128::sub_u128::tests::sub_u128_test ... ok
[INFO] [stdout] test arithmetic::u32::or::tests::snippet_test ... ok
[INFO] [stdout] test arithmetic::u32::safe_sub::tests::overflow_test_3 - should panic ... ok
[INFO] [stdout] test arithmetic::u32::safe_sub::tests::overflow_test - should panic ... ok
[INFO] [stdout] test arithmetic::u32::safe_sub::tests::safe_sub_simple_test ... ok
[INFO] [stdout] test arithmetic::u32::shift_left::tests::shift_beyond_limit - should panic ... ok
[INFO] [stdout] test arithmetic::u32::safe_sub::tests::snippet_test ... ok
[INFO] [stdout] test arithmetic::u32::shift_left::benches::shift_left_benchmark ... FAILED
[INFO] [stdout] test arithmetic::u32::shift_right::tests::shift_beyond_limit - should panic ... ok
[INFO] [stdout] test arithmetic::u32::shift_right::benches::shift_right_benchmark ... FAILED
[INFO] [stdout] test arithmetic::u32::shift_left::tests::shift_left_max_value_test ... ok
[INFO] [stdout] test arithmetic::u64::add_u64::benches::add_u64_benchmark ... FAILED
[INFO] [stdout] test arithmetic::u64::add_u64::tests::add_u64_test ... ok
[INFO] [stdout] test arithmetic::u32::shift_right::tests::shift_right_max_value_test ... ok
[INFO] [stdout] test arithmetic::u64::add_u64::tests::overflow_test_2 - should panic ... ok
[INFO] [stdout] test arithmetic::u64::add_u64::tests::u32s_2_add_no_overflow ... ok
[INFO] [stdout] test arithmetic::u64::add_u64::tests::overflow_test - should panic ... ok
[INFO] [stdout] test arithmetic::u64::add_u64::tests::u32s_2_add_with_overflow_in_least_significant_u32 ... ok
[INFO] [stdout] test arithmetic::u64::and_u64::benches::and_u64_benchmark ... FAILED
[INFO] [stdout] test arithmetic::u32::shift_left::tests::shift_left_test ... ok
[INFO] [stdout] test arithmetic::u32::shift_right::tests::shift_right_test ... ok
[INFO] [stdout] test arithmetic::u64::and_u64::tests::and_u64_test ... ok
[INFO] [stdout] test arithmetic::u64::and_u64::tests::and_test_simple ... ok
[INFO] [stdout] test arithmetic::u64::decr_u64::tests::decr_u64_negative_rust_test - should panic ... ok
[INFO] [stdout] test arithmetic::u64::decr_u64::tests::decr_u64_negative_tasm_test - should panic ... ok
[INFO] [stdout] test arithmetic::u64::decr_u64::benches::decr_u64_benchmark ... FAILED
[INFO] [stdout] test arithmetic::u64::decr_u64::tests::decr_u64_test ... ok
[INFO] [stdout] test arithmetic::u64::div2_u64::benches::div2_u64_benchmark ... FAILED
[INFO] [stdout] test arithmetic::u64::div2_u64::tests::div2_u64_test ... ok
[INFO] [stdout] test arithmetic::u64::decr_u64::tests::decr_u64_pbt ... ok
[INFO] [stdout] test arithmetic::u64::div2_u64::tests::hi_is_not_u32 - should panic ... ok
[INFO] [stdout] test arithmetic::u64::div2_u64::tests::lo_is_not_u32 - should panic ... ok
[INFO] [stdout] test arithmetic::u64::and_u64::tests::and_test_pbt ... ok
[INFO] [stdout] test arithmetic::u64::add_u64::tests::u32s_2_add_pbt ... ok
[INFO] [stdout] test arithmetic::u64::div2_u64::tests::div_2_test ... ok
[INFO] [stdout] test arithmetic::u64::div_mod_u64::tests::fail_vm_execution_on_divide_by_zero_u32_numerator - should panic ... ok
[INFO] [stdout] test arithmetic::u64::div_mod_u64::tests::fail_vm_execution_on_divide_by_zero_u64_numerator - should panic ... ok
[INFO] [stdout] test arithmetic::u64::double_pow2_u64::benches::double_pow2_u64_benchmark ... FAILED
[INFO] [stdout] test arithmetic::u64::double_pow2_u64::tests::double_pow2_u64_test ... ok
[INFO] [stdout] test arithmetic::u64::eq_u64::benches::eq_u64_benchmark ... FAILED
[INFO] [stdout] test arithmetic::u64::eq_u64::tests::eq_u64_test ... ok
[INFO] [stdout] test arithmetic::u64::eq_u64::tests::u32s_2_eq_false ... ok
[INFO] [stdout] test arithmetic::u128::shift_right_u128::tests::shift_right_u128_test ... ok
[INFO] [stdout] test arithmetic::u64::eq_u64::tests::u32s_2_eq_true ... ok
[INFO] [stdout] test arithmetic::u64::incr_u64::benches::incr_u64_benchmark ... FAILED
[INFO] [stdout] test arithmetic::u64::incr_u64::tests::incr_u64_negative_rust_test - should panic ... ok
[INFO] [stdout] test arithmetic::u64::incr_u64::tests::incr_u64_negative_tasm_test - should panic ... ok
[INFO] [stdout] test arithmetic::u64::eq_u64::tests::u32s_2_eq_pbt_true ... ok
[INFO] [stdout] test arithmetic::u64::incr_u64::tests::incr_u64_test ... ok
[INFO] [stdout] test arithmetic::u64::index_of_last_nonzero_bit::tests::disallow_non_u32_input_hi - should panic ... ok
[INFO] [stdout] test arithmetic::u64::index_of_last_nonzero_bit::tests::disallow_non_u32_input_lo - should panic ... ok
[INFO] [stdout] test arithmetic::u64::index_of_last_nonzero_bit::tests::disallow_zero_input - should panic ... ok
[INFO] [stdout] test arithmetic::u64::index_of_last_nonzero_bit::benches::index_of_last_nonzero_bit_benchmark ... FAILED
[INFO] [stdout] test arithmetic::u64::index_of_last_nonzero_bit::tests::index_of_last_nonzero_bit_test ... ok
[INFO] [stdout] test arithmetic::u64::leading_zeros_u64::benches::u32_leading_zeros_benchmark ... FAILED
[INFO] [stdout] test arithmetic::u64::index_of_last_nonzero_bit::tests::unit_tests ... ok
[INFO] [stdout] test arithmetic::u64::leading_zeros_u64::tests::leading_zeros_u64_simple_test ... ok
[INFO] [stdout] test arithmetic::u64::leading_zeros_u64::tests::snippet_test ... ok
[INFO] [stdout] test arithmetic::u64::log_2_floor_u64::tests::hi_is_not_u32 - should panic ... ok
[INFO] [stdout] test arithmetic::u64::log_2_floor_u64::tests::hi_is_not_u32_alt - should panic ... ok
[INFO] [stdout] test arithmetic::u64::log_2_floor_u64::tests::lo_is_not_u32 - should panic ... ok
[INFO] [stdout] test arithmetic::u64::log_2_floor_u64::benches::log_2_floor_u64_benchmark ... FAILED
[INFO] [stdout] test arithmetic::u64::log_2_floor_u64::tests::log_2_floor_u64_test ... ok
[INFO] [stdout] test arithmetic::u64::lt_u64::benches::lt_u64_benchmark ... FAILED
[INFO] [stdout] test arithmetic::u64::lt_u64::tests::lt_u64_test_new_snippet ... ok
[INFO] [stdout] test arithmetic::u64::lt_u64::tests::standard_lt_u64_test_new_snippet ... ok
[INFO] [stdout] test arithmetic::u128::shift_left_u128::tests::shift_left_max_values_and_zeros_test ... ok
[INFO] [stdout] test arithmetic::u64::log_2_floor_u64::tests::u32s_2_log2_floor ... ok
[INFO] [stdout] test arithmetic::u64::lt_u64::tests::u32s_lt_false_with_zero ... ok
[INFO] [stdout] test arithmetic::u64::lt_u64::tests::u32s_lt_false_pbt ... ok
[INFO] [stdout] test arithmetic::u64::lt_u64::tests::u32s_lt_false_because_equal_pbt ... ok
[INFO] [stdout] test arithmetic::u64::lt_u64::tests::u32s_lt_true_with_hi ... ok
[INFO] [stdout] test arithmetic::u64::or_u64::benches::u64_or_benchmark ... FAILED
[INFO] [stdout] test arithmetic::u64::or_u64::tests::or_simple_test ... ok
[INFO] [stdout] test arithmetic::u64::lt_u64::tests::u32s_lt_true_pbt ... ok
[INFO] [stdout] test arithmetic::u64::popcount_u64::benches::popcount_u64_benchmark ... FAILED
[INFO] [stdout] test arithmetic::u64::lt_u64::tests::u32s_lt_pbt ... ok
[INFO] [stdout] test arithmetic::u64::pow2_u64::benches::pow2_static_benchmark ... FAILED
[INFO] [stdout] test arithmetic::u64::pow2_u64::tests::all_exponents_static ... ok
[INFO] [stdout] test arithmetic::u64::popcount_u64::tests::popcount_u64_test ... ok
[INFO] [stdout] test arithmetic::u64::or_u64::tests::snippet_test ... ok
[INFO] [stdout] test arithmetic::u64::safe_mul_u64::tests::overflow_test_1 - should panic ... ok
[INFO] [stdout] test arithmetic::u64::safe_mul_u64::tests::overflow_test_2 - should panic ... ok
[INFO] [stdout] test arithmetic::u64::safe_mul_u64::benches::safe_u64_benchmark ... FAILED
[INFO] [stdout] test arithmetic::u64::safe_mul_u64::tests::overflow_test_4 - should panic ... ok
[INFO] [stdout] test arithmetic::u64::safe_mul_u64::tests::overflow_test_3 - should panic ... ok
[INFO] [stdout] test arithmetic::u64::safe_mul_u64::tests::safe_mul_u64_simple ... ok
[INFO] [stdout] test arithmetic::u64::pow2_u64::tests::pow2_static_test ... ok
[INFO] [stdout] test arithmetic::u64::shift_left_u64::tests::shift_beyond_limit - should panic ... ok
[INFO] [stdout] test arithmetic::u64::safe_mul_u64::tests::safe_mul_u64_test ... ok
[INFO] [stdout] test arithmetic::u64::shift_left_u64::tests::shift_left_simple_test ... ok
[INFO] [stdout] test arithmetic::u64::shift_left_u64::benches::shift_left_u64_benchmark ... FAILED
[INFO] [stdout] test arithmetic::u64::shift_right_u64::benches::shift_right_u64_benchmark ... FAILED
[INFO] [stdout] test arithmetic::u64::shift_right_u64::tests::shift_beyond_limit - should panic ... ok
[INFO] [stdout] test arithmetic::u128::shift_left_u128::tests::shift_left_u128_test ... ok
[INFO] [stdout] test arithmetic::u64::shift_left_u64::tests::shift_left_max_values_test ... ok
[INFO] [stdout] test arithmetic::u64::shift_right_u64::tests::shift_right_unit_test ... ok
[INFO] [stdout] test arithmetic::u64::sub_u64::benches::sub_u64_benchmark ... FAILED
[INFO] [stdout] test arithmetic::u64::sub_u64::tests::overflow_test - should panic ... ok
[INFO] [stdout] test arithmetic::u64::shift_right_u64::tests::shift_right_max_value_test ... ok
[INFO] [stdout] test arithmetic::u64::sub_u64::tests::subtraction_involving_zeros ... ok
[INFO] [stdout] test arithmetic::u64::sub_u64::tests::u32s_2_sub_carry ... ok
[INFO] [stdout] test arithmetic::u64::shift_right_u64::tests::shift_right_u64_test ... ok
[INFO] [stdout] test arithmetic::u64::sub_u64::tests::u32s_2_sub_no_overflow ... ok
[INFO] [stdout] test arithmetic::u64::wrapping_mul_u64::benches::wrappingmul_u64_benchmark ... FAILED
[INFO] [stdout] test arithmetic::u64::sub_u64::tests::sub_u64_test ... ok
[INFO] [stdout] test arithmetic::u64::wrapping_mul_u64::tests::wrapping_mul_u64_simple ... ok
[INFO] [stdout] test arithmetic::u64::xor_u64::benches::xor_u64_benchmark ... FAILED
[INFO] [stdout] test arithmetic::u64::wrapping_mul_u64::tests::wrapping_mul_u64_test ... ok
[INFO] [stdout] test arithmetic::u64::xor_u64::tests::xor_test_simple ... ok
[INFO] [stdout] test arithmetic::u64::xor_u64::tests::xor_u64_test ... ok
[INFO] [stdout] test hashing::eq_digest::benches::eq_digest_benchmark ... FAILED
[INFO] [stdout] test hashing::eq_digest::tests::swap_digest_test ... ok
[INFO] [stdout] test arithmetic::u64::div_mod_u64::benches::div_mod_u64_benchmark ... FAILED
[INFO] [stdout] test arithmetic::u64::xor_u64::tests::xor_test_pbt ... ok
[INFO] [stdout] test arithmetic::u64::sub_u64::tests::u32s_2_sub_pbt ... ok
[INFO] [stdout] test arithmetic::u64::shift_left_u64::tests::shift_left_u64_test ... ok
[INFO] [stdout] test hashing::load_auth_path_from_secret_in_safe_list::tests::disallow_too_long_mmr_auth_paths - should panic ... ok
[INFO] [stdout] test hashing::hash_varlen::tests::new_prop_test ... ok
[INFO] [stdout] test hashing::load_auth_path_from_secret_in_safe_list::tests::allow_max_mmr_auth_path_length ... ok
[INFO] [stdout] test arithmetic::u128::shift_right_u128::tests::shift_right_max_values_and_zeros_test ... ok
[INFO] [stdout] test hashing::load_auth_path_from_secret_in_unsafe_list::tests::disallow_too_long_mmr_auth_paths - should panic ... ok
[INFO] [stdout] test hashing::load_auth_path_from_secret_in_unsafe_list::tests::allow_max_mmr_auth_path_length ... ok
[INFO] [stdout] test hashing::load_auth_path_from_secret_in_safe_list::benches::load_auth_path_from_secret_in_benchmark ... FAILED
[INFO] [stdout] test hashing::load_auth_path_from_secret_in_unsafe_list::benches::load_auth_path_from_secret_in_benchmark ... FAILED
[INFO] [stdout] test hashing::load_auth_path_from_std_in_safe_list::benches::load_auth_path_from_std_in_benchmark ... FAILED
[INFO] [stdout] test hashing::load_auth_path_from_std_in_unsafe_list::benches::load_auth_path_from_std_in_benchmark ... FAILED
[INFO] [stdout] test hashing::reverse_digest::benches::reverse_digest_benchmark ... FAILED
[INFO] [stdout] test hashing::reverse_digest::tests::reverse_digest_test ... ok
[INFO] [stdout] test hashing::hash_varlen::benches::leaf_index_to_mt_index_benchmark ... FAILED
[INFO] [stdout] test hashing::sample_indices::benches::sample_indices_benchmark_safe ... FAILED
[INFO] [stdout] test hashing::sample_indices::tests::new_prop_test ... ok
[INFO] [stdout] test hashing::swap_digest::benches::swap_digest_benchmark ... FAILED
[INFO] [stdout] test hashing::swap_digest::tests::swap_digest_test ... ok
[INFO] [stdout] test hashing::sample_indices::benches::sample_indices_benchmark_unsafe ... FAILED
[INFO] [stdout] test hashing::load_auth_path_from_secret_in_unsafe_list::tests::load_auth_path_from_secret_in_test ... ok
[INFO] [stdout] test io::load_from_input::tests::verify_dyn_malloc_shows_correct_next_value ... ok
[INFO] [stdout] test hashing::load_auth_path_from_secret_in_safe_list::tests::load_auth_path_from_secret_in_test ... ok
[INFO] [stdout] test hashing::load_auth_path_from_std_in_unsafe_list::tests::load_auth_path_from_std_in_test ... ok
[INFO] [stdout] test io::read_secret::benches::read_secret_benchmark ... FAILED
[INFO] [stdout] test io::read_secret::tests::new_snippet_test ... ok
[INFO] [stdout] test io::read_stdin::benches::read_stdin_benchmark ... FAILED
[INFO] [stdout] test io::read_stdin::tests::new_snippet_test ... ok
[INFO] [stdout] test list::contiguous_list::get_length::benches::get_length_benchmark ... FAILED
[INFO] [stdout] test hashing::load_auth_path_from_std_in_safe_list::tests::load_auth_path_from_std_in_test ... ok
[INFO] [stdout] test arithmetic::u64::div_mod_u64::tests::div_mod_u64_unit_test ... ok
[INFO] [stdout] test list::contiguous_list::get_length::tests::get_length_test ... ok
[INFO] [stdout] test list::contiguous_list::get_pointer_list::benches::get_pointer_list_safe_benchmark ... FAILED
[INFO] [stdout] test list::contiguous_list::get_pointer_list::tests::get_pointer_list_safe_test ... ok
[INFO] [stdout] test list::contiguous_list::get_pointer_list::benches::get_pointer_list_unsafe_benchmark ... FAILED
[INFO] [stdout] test list::contiguous_list::get_pointer_list::tests::get_pointer_list_unsafe_test ... ok
[INFO] [stdout] test list::higher_order::all::tests::safe_list_all_lt_test ... ok
[INFO] [stdout] test list::higher_order::all::tests::test_with_raw_function_lsb_on_bfe ... ok
[INFO] [stdout] test list::higher_order::all::tests::test_with_raw_function_lsb_on_xfe ... ok
[INFO] [stdout] test list::higher_order::all::tests::with_safe_list_prop_test ... ok
[INFO] [stdout] test list::higher_order::all::tests::unsafe_list_prop_test ... ok
[INFO] [stdout] test arithmetic::u64::div_mod_u64::tests::div_mod_u64_test has been running for over 60 seconds
[INFO] [stderr] error: test failed, to rerun pass `--lib`
[INFO] [stderr] 
[INFO] [stderr] Caused by:
[INFO] [stderr]   process didn't exit successfully: `/opt/rustwide/target/debug/deps/tasm_lib-0c9c16b0f289c240` (signal: 9, SIGKILL: kill)
[INFO] running `Command { std: "docker" "inspect" "bfe19baa762cbaadc99f44bddd7626febcff3490a409b16fdcee3ff2ad0cc26c", kill_on_drop: false }`
[INFO] running `Command { std: "docker" "rm" "-f" "bfe19baa762cbaadc99f44bddd7626febcff3490a409b16fdcee3ff2ad0cc26c", kill_on_drop: false }`
[INFO] [stdout] bfe19baa762cbaadc99f44bddd7626febcff3490a409b16fdcee3ff2ad0cc26c
