[INFO] fetching crate tarpc 0.35.0...
[INFO] testing tarpc-0.35.0 against nightly-2024-10-28 for randomize-layout
[INFO] extracting crate tarpc 0.35.0 into /workspace/builds/worker-0-tc1/source
[INFO] validating manifest of crates.io crate tarpc 0.35.0 on toolchain nightly-2024-10-28
[INFO] running `Command { std: CARGO_HOME="/workspace/cargo-home" RUSTUP_HOME="/workspace/rustup-home" "/workspace/cargo-home/bin/cargo" "+nightly-2024-10-28" "metadata" "--manifest-path" "Cargo.toml" "--no-deps", kill_on_drop: false }`
[INFO] started tweaking crates.io crate tarpc 0.35.0
[INFO] removed 0 missing examples
[INFO] removed 0 missing tests
[INFO] finished tweaking crates.io crate tarpc 0.35.0
[INFO] tweaked toml for crates.io crate tarpc 0.35.0 written to /workspace/builds/worker-0-tc1/source/Cargo.toml
[INFO] crate crates.io crate tarpc 0.35.0 already has a lockfile, it will not be regenerated
[INFO] running `Command { std: CARGO_HOME="/workspace/cargo-home" RUSTUP_HOME="/workspace/rustup-home" "/workspace/cargo-home/bin/cargo" "+nightly-2024-10-28" "fetch" "--manifest-path" "Cargo.toml", kill_on_drop: false }`
[INFO] [stderr]     Blocking waiting for file lock on package cache
[INFO] [stderr]     Blocking waiting for file lock on package cache
[INFO] [stderr]  Downloading crates ...
[INFO] [stderr]   Downloaded tracing-opentelemetry v0.27.0
[INFO] [stderr]   Downloaded tokio-serde v0.9.0
[INFO] [stderr]   Downloaded console-api v0.8.1
[INFO] [stderr]   Downloaded tarpc-plugins v0.14.0
[INFO] [stderr]   Downloaded opentelemetry-semantic-conventions v0.16.0
[INFO] [stderr]   Downloaded opentelemetry-otlp v0.26.0
[INFO] [stderr]   Downloaded console-subscriber v0.4.1
[INFO] [stderr]   Downloaded opentelemetry-proto v0.26.1
[INFO] running `Command { std: "docker" "create" "-v" "/var/lib/crater-agent-workspace/builds/worker-0-tc1/target:/opt/rustwide/target:rw,Z" "-v" "/var/lib/crater-agent-workspace/builds/worker-0-tc1/source:/opt/rustwide/workdir:ro,Z" "-v" "/var/lib/crater-agent-workspace/cargo-home:/opt/rustwide/cargo-home:ro,Z" "-v" "/var/lib/crater-agent-workspace/rustup-home:/opt/rustwide/rustup-home:ro,Z" "-e" "SOURCE_DIR=/opt/rustwide/workdir" "-e" "CARGO_TARGET_DIR=/opt/rustwide/target" "-e" "CARGO_HOME=/opt/rustwide/cargo-home" "-e" "RUSTUP_HOME=/opt/rustwide/rustup-home" "-w" "/opt/rustwide/workdir" "-m" "1610612736" "--user" "0:0" "--network" "none" "ghcr.io/rust-lang/crates-build-env/linux@sha256:4a844ea9eb2546a2d2c7022eacef16ef2e8229c7fbb2c7d4d55a9ceca922f72d" "/opt/rustwide/cargo-home/bin/cargo" "+nightly-2024-10-28" "metadata" "--no-deps" "--format-version=1", kill_on_drop: false }`
[INFO] [stdout] 7e22b0baca71a9826dab9bb6904edd0a866f2892858a4b3a8692492be9ca3e96
[INFO] running `Command { std: "docker" "start" "-a" "7e22b0baca71a9826dab9bb6904edd0a866f2892858a4b3a8692492be9ca3e96", kill_on_drop: false }`
[INFO] running `Command { std: "docker" "inspect" "7e22b0baca71a9826dab9bb6904edd0a866f2892858a4b3a8692492be9ca3e96", kill_on_drop: false }`
[INFO] running `Command { std: "docker" "rm" "-f" "7e22b0baca71a9826dab9bb6904edd0a866f2892858a4b3a8692492be9ca3e96", kill_on_drop: false }`
[INFO] [stdout] 7e22b0baca71a9826dab9bb6904edd0a866f2892858a4b3a8692492be9ca3e96
[INFO] running `Command { std: "docker" "create" "-v" "/var/lib/crater-agent-workspace/builds/worker-0-tc1/target:/opt/rustwide/target:rw,Z" "-v" "/var/lib/crater-agent-workspace/builds/worker-0-tc1/source:/opt/rustwide/workdir:ro,Z" "-v" "/var/lib/crater-agent-workspace/cargo-home:/opt/rustwide/cargo-home:ro,Z" "-v" "/var/lib/crater-agent-workspace/rustup-home:/opt/rustwide/rustup-home:ro,Z" "-e" "SOURCE_DIR=/opt/rustwide/workdir" "-e" "CARGO_TARGET_DIR=/opt/rustwide/target" "-e" "CARGO_INCREMENTAL=0" "-e" "RUST_BACKTRACE=full" "-e" "RUSTFLAGS=--cap-lints=forbid" "-e" "RUSTDOCFLAGS=--cap-lints=forbid" "-e" "CARGO_HOME=/opt/rustwide/cargo-home" "-e" "RUSTUP_HOME=/opt/rustwide/rustup-home" "-w" "/opt/rustwide/workdir" "-m" "1610612736" "--user" "0:0" "--network" "none" "ghcr.io/rust-lang/crates-build-env/linux@sha256:4a844ea9eb2546a2d2c7022eacef16ef2e8229c7fbb2c7d4d55a9ceca922f72d" "/opt/rustwide/cargo-home/bin/cargo" "+nightly-2024-10-28" "build" "--frozen" "--message-format=json", kill_on_drop: false }`
[INFO] [stdout] 5ac7bffb595348680f9788e021212f29b90f7b4d0d1f4e37e085ed664e918d6d
[INFO] running `Command { std: "docker" "start" "-a" "5ac7bffb595348680f9788e021212f29b90f7b4d0d1f4e37e085ed664e918d6d", kill_on_drop: false }`
[INFO] [stderr]    Compiling syn v2.0.85
[INFO] [stderr]    Compiling futures-sink v0.3.31
[INFO] [stderr]    Compiling futures-core v0.3.31
[INFO] [stderr]    Compiling libc v0.2.161
[INFO] [stderr]    Compiling slab v0.4.9
[INFO] [stderr]    Compiling thiserror v1.0.65
[INFO] [stderr]    Compiling futures-io v0.3.31
[INFO] [stderr]    Compiling futures-task v0.3.31
[INFO] [stderr]    Compiling anyhow v1.0.91
[INFO] [stderr]    Compiling futures-channel v0.3.31
[INFO] [stderr]    Compiling log v0.4.22
[INFO] [stderr]    Compiling tracing-subscriber v0.3.18
[INFO] [stderr]    Compiling tokio v1.41.0
[INFO] [stderr]    Compiling bytes v1.8.0
[INFO] [stderr]    Compiling humantime v2.1.0
[INFO] [stderr]    Compiling opentelemetry-semantic-conventions v0.16.0
[INFO] [stderr]    Compiling getrandom v0.2.15
[INFO] [stderr]    Compiling rand_core v0.6.4
[INFO] [stderr]    Compiling tokio-util v0.7.12
[INFO] [stderr]    Compiling zerocopy-derive v0.7.35
[INFO] [stderr]    Compiling futures-macro v0.3.31
[INFO] [stderr]    Compiling thiserror-impl v1.0.65
[INFO] [stderr]    Compiling tracing-attributes v0.1.27
[INFO] [stderr]    Compiling async-trait v0.1.83
[INFO] [stderr]    Compiling pin-project-internal v1.1.7
[INFO] [stderr]    Compiling tarpc-plugins v0.14.0
[INFO] [stderr]    Compiling futures-util v0.3.31
[INFO] [stderr]    Compiling zerocopy v0.7.35
[INFO] [stderr]    Compiling pin-project v1.1.7
[INFO] [stderr]    Compiling tracing v0.1.40
[INFO] [stderr]    Compiling opentelemetry v0.26.0
[INFO] [stderr]    Compiling ppv-lite86 v0.2.20
[INFO] [stderr]    Compiling rand_chacha v0.3.1
[INFO] [stderr]    Compiling rand v0.8.5
[INFO] [stderr]    Compiling futures-executor v0.3.31
[INFO] [stderr]    Compiling opentelemetry_sdk v0.26.0
[INFO] [stderr]    Compiling futures v0.3.31
[INFO] [stderr]    Compiling tracing-opentelemetry v0.27.0
[INFO] [stderr]    Compiling tarpc v0.35.0 (/opt/rustwide/workdir)
[INFO] [stderr]     Finished `dev` profile [unoptimized + debuginfo] target(s) in 18.05s
[INFO] running `Command { std: "docker" "inspect" "5ac7bffb595348680f9788e021212f29b90f7b4d0d1f4e37e085ed664e918d6d", kill_on_drop: false }`
[INFO] running `Command { std: "docker" "rm" "-f" "5ac7bffb595348680f9788e021212f29b90f7b4d0d1f4e37e085ed664e918d6d", kill_on_drop: false }`
[INFO] [stdout] 5ac7bffb595348680f9788e021212f29b90f7b4d0d1f4e37e085ed664e918d6d
[INFO] running `Command { std: "docker" "create" "-v" "/var/lib/crater-agent-workspace/builds/worker-0-tc1/target:/opt/rustwide/target:rw,Z" "-v" "/var/lib/crater-agent-workspace/builds/worker-0-tc1/source:/opt/rustwide/workdir:ro,Z" "-v" "/var/lib/crater-agent-workspace/cargo-home:/opt/rustwide/cargo-home:ro,Z" "-v" "/var/lib/crater-agent-workspace/rustup-home:/opt/rustwide/rustup-home:ro,Z" "-e" "SOURCE_DIR=/opt/rustwide/workdir" "-e" "CARGO_TARGET_DIR=/opt/rustwide/target" "-e" "CARGO_INCREMENTAL=0" "-e" "RUST_BACKTRACE=full" "-e" "RUSTFLAGS=--cap-lints=forbid" "-e" "RUSTDOCFLAGS=--cap-lints=forbid" "-e" "CARGO_HOME=/opt/rustwide/cargo-home" "-e" "RUSTUP_HOME=/opt/rustwide/rustup-home" "-w" "/opt/rustwide/workdir" "-m" "1610612736" "--user" "0:0" "--network" "none" "ghcr.io/rust-lang/crates-build-env/linux@sha256:4a844ea9eb2546a2d2c7022eacef16ef2e8229c7fbb2c7d4d55a9ceca922f72d" "/opt/rustwide/cargo-home/bin/cargo" "+nightly-2024-10-28" "test" "--frozen" "--no-run" "--message-format=json", kill_on_drop: false }`
[INFO] [stdout] e21be72fa1a964d388a8c9b6d7399986a8f8ef31ad86dfaebe5cfa408a9a8ff3
[INFO] running `Command { std: "docker" "start" "-a" "e21be72fa1a964d388a8c9b6d7399986a8f8ef31ad86dfaebe5cfa408a9a8ff3", kill_on_drop: false }`
[INFO] [stderr]    Compiling serde v1.0.213
[INFO] [stderr]    Compiling smallvec v1.13.2
[INFO] [stderr]    Compiling serde_derive v1.0.213
[INFO] [stderr]    Compiling tokio-macros v2.4.0
[INFO] [stderr]    Compiling mio v1.0.2
[INFO] [stderr]    Compiling signal-hook-registry v1.4.2
[INFO] [stderr]    Compiling socket2 v0.5.7
[INFO] [stderr]    Compiling byteorder v1.5.0
[INFO] [stderr]    Compiling parking_lot_core v0.9.10
[INFO] [stderr]    Compiling tracing v0.1.40
[INFO] [stderr]    Compiling zerocopy v0.7.35
[INFO] [stderr]    Compiling parking_lot v0.12.3
[INFO] [stderr]    Compiling getrandom v0.2.15
[INFO] [stderr]    Compiling jobserver v0.1.32
[INFO] [stderr]    Compiling rand_core v0.6.4
[INFO] [stderr]    Compiling tower-service v0.3.3
[INFO] [stderr]    Compiling cc v1.1.31
[INFO] [stderr]    Compiling serde_json v1.0.132
[INFO] [stderr]    Compiling httparse v1.9.5
[INFO] [stderr]    Compiling tower-layer v0.3.3
[INFO] [stderr]    Compiling either v1.13.0
[INFO] [stderr]    Compiling atomic-waker v1.1.2
[INFO] [stderr]    Compiling fs_extra v1.3.0
[INFO] [stderr]    Compiling dunce v1.0.5
[INFO] [stderr]    Compiling try-lock v0.2.5
[INFO] [stderr]    Compiling want v0.3.1
[INFO] [stderr]    Compiling itertools v0.13.0
[INFO] [stderr]    Compiling indexmap v1.9.3
[INFO] [stderr]    Compiling httpdate v1.0.3
[INFO] [stderr]    Compiling sync_wrapper v1.0.1
[INFO] [stderr]    Compiling ppv-lite86 v0.2.20
[INFO] [stderr]    Compiling mime v0.3.17
[INFO] [stderr]    Compiling sync_wrapper v0.1.2
[INFO] [stderr]    Compiling hashbrown v0.12.3
[INFO] [stderr]    Compiling tower v0.5.1
[INFO] [stderr]    Compiling async-stream-impl v0.3.6
[INFO] [stderr]    Compiling glob v0.3.1
[INFO] [stderr]    Compiling rand_chacha v0.3.1
[INFO] [stderr]    Compiling cmake v0.1.51
[INFO] [stderr]    Compiling matchit v0.7.3
[INFO] [stderr]    Compiling rand v0.8.5
[INFO] [stderr]    Compiling aws-lc-rs v1.10.0
[INFO] [stderr]    Compiling regex-syntax v0.8.5
[INFO] [stderr]    Compiling async-stream v0.3.6
[INFO] [stderr]    Compiling base64 v0.22.1
[INFO] [stderr]    Compiling num-traits v0.2.19
[INFO] [stderr]    Compiling crossbeam-utils v0.8.20
[INFO] [stderr]    Compiling aws-lc-sys v0.22.0
[INFO] [stderr]    Compiling prost-derive v0.13.3
[INFO] [stderr]    Compiling mirai-annotations v1.12.0
[INFO] [stderr]    Compiling adler2 v2.0.0
[INFO] [stderr]    Compiling rustls-pki-types v1.10.0
[INFO] [stderr]    Compiling zeroize v1.8.1
[INFO] [stderr]    Compiling miniz_oxide v0.8.0
[INFO] [stderr]    Compiling enum-ordinalize-derive v4.3.1
[INFO] [stderr]    Compiling crc32fast v1.4.2
[INFO] [stderr]    Compiling target-triple v0.1.3
[INFO] [stderr]    Compiling minimal-lexical v0.2.1
[INFO] [stderr]    Compiling rustls v0.23.15
[INFO] [stderr]    Compiling untrusted v0.9.0
[INFO] [stderr]    Compiling winnow v0.6.20
[INFO] [stderr]    Compiling enum-ordinalize v4.3.0
[INFO] [stderr]    Compiling nom v7.1.3
[INFO] [stderr]    Compiling flate2 v1.0.34
[INFO] [stderr]    Compiling regex-automata v0.4.8
[INFO] [stderr]    Compiling subtle v2.6.1
[INFO] [stderr]    Compiling educe v0.5.11
[INFO] [stderr]    Compiling crossbeam-channel v0.5.13
[INFO] [stderr]    Compiling hdrhistogram v7.5.4
[INFO] [stderr]    Compiling rustls-pemfile v2.2.0
[INFO] [stderr]    Compiling futures-test v0.3.31
[INFO] [stderr]    Compiling assert_matches v1.5.0
[INFO] [stderr]    Compiling regex v1.11.1
[INFO] [stderr]    Compiling tracing-subscriber v0.3.18
[INFO] [stderr]    Compiling bytes v1.8.0
[INFO] [stderr]    Compiling serde_spanned v0.6.8
[INFO] [stderr]    Compiling toml_datetime v0.6.8
[INFO] [stderr]    Compiling bincode v1.3.3
[INFO] [stderr]    Compiling serde_bytes v0.11.15
[INFO] [stderr]    Compiling tokio v1.41.0
[INFO] [stderr]    Compiling http v1.1.0
[INFO] [stderr]    Compiling prost v0.13.3
[INFO] [stderr]    Compiling toml_edit v0.22.22
[INFO] [stderr]    Compiling tokio-serde v0.9.0
[INFO] [stderr]    Compiling prost-types v0.13.3
[INFO] [stderr]    Compiling http-body v1.0.1
[INFO] [stderr]    Compiling http-body-util v0.1.2
[INFO] [stderr]    Compiling axum-core v0.4.5
[INFO] [stderr]    Compiling toml v0.8.19
[INFO] [stderr]    Compiling trybuild v1.0.101
[INFO] [stderr]    Compiling axum v0.7.7
[INFO] [stderr]    Compiling tokio-util v0.7.12
[INFO] [stderr]    Compiling tokio-stream v0.1.16
[INFO] [stderr]    Compiling h2 v0.4.6
[INFO] [stderr]    Compiling tower v0.4.13
[INFO] [stderr]    Compiling opentelemetry_sdk v0.26.0
[INFO] [stderr]    Compiling tracing-opentelemetry v0.27.0
[INFO] [stderr]    Compiling tarpc v0.35.0 (/opt/rustwide/workdir)
[INFO] [stderr]    Compiling hyper v1.5.0
[INFO] [stderr]    Compiling hyper-util v0.1.9
[INFO] [stderr]    Compiling hyper-timeout v0.5.1
[INFO] [stderr]    Compiling tonic v0.12.3
[INFO] [stderr]    Compiling rustls-webpki v0.102.8
[INFO] [stderr]    Compiling opentelemetry-proto v0.26.1
[INFO] [stderr]    Compiling console-api v0.8.1
[INFO] [stderr]    Compiling console-subscriber v0.4.1
[INFO] [stderr]    Compiling opentelemetry-otlp v0.26.0
[INFO] [stderr]    Compiling tokio-rustls v0.26.0
[INFO] [stderr]     Finished `test` profile [unoptimized + debuginfo] target(s) in 1m 34s
[INFO] running `Command { std: "docker" "inspect" "e21be72fa1a964d388a8c9b6d7399986a8f8ef31ad86dfaebe5cfa408a9a8ff3", kill_on_drop: false }`
[INFO] running `Command { std: "docker" "rm" "-f" "e21be72fa1a964d388a8c9b6d7399986a8f8ef31ad86dfaebe5cfa408a9a8ff3", kill_on_drop: false }`
[INFO] [stdout] e21be72fa1a964d388a8c9b6d7399986a8f8ef31ad86dfaebe5cfa408a9a8ff3
[INFO] running `Command { std: "docker" "create" "-v" "/var/lib/crater-agent-workspace/builds/worker-0-tc1/target:/opt/rustwide/target:rw,Z" "-v" "/var/lib/crater-agent-workspace/builds/worker-0-tc1/source:/opt/rustwide/workdir:ro,Z" "-v" "/var/lib/crater-agent-workspace/cargo-home:/opt/rustwide/cargo-home:ro,Z" "-v" "/var/lib/crater-agent-workspace/rustup-home:/opt/rustwide/rustup-home:ro,Z" "-e" "SOURCE_DIR=/opt/rustwide/workdir" "-e" "CARGO_TARGET_DIR=/opt/rustwide/target" "-e" "CARGO_INCREMENTAL=0" "-e" "RUST_BACKTRACE=full" "-e" "RUSTFLAGS=--cap-lints=forbid" "-e" "RUSTDOCFLAGS=--cap-lints=forbid" "-e" "CARGO_HOME=/opt/rustwide/cargo-home" "-e" "RUSTUP_HOME=/opt/rustwide/rustup-home" "-w" "/opt/rustwide/workdir" "-m" "1610612736" "--user" "0:0" "--network" "none" "ghcr.io/rust-lang/crates-build-env/linux@sha256:4a844ea9eb2546a2d2c7022eacef16ef2e8229c7fbb2c7d4d55a9ceca922f72d" "/opt/rustwide/cargo-home/bin/cargo" "+nightly-2024-10-28" "test" "--frozen", kill_on_drop: false }`
[INFO] [stdout] b19cde96a479ef03e8ef87a5bcc46460c57669ba29e6b03a8e5723031915bcfa
[INFO] running `Command { std: "docker" "start" "-a" "b19cde96a479ef03e8ef87a5bcc46460c57669ba29e6b03a8e5723031915bcfa", kill_on_drop: false }`
[INFO] [stderr]     Finished `test` profile [unoptimized + debuginfo] target(s) in 0.38s
[INFO] [stderr]      Running unittests src/lib.rs (/opt/rustwide/target/debug/deps/tarpc-f704722212982865)
[INFO] [stdout] 
[INFO] [stdout] running 56 tests
[INFO] [stdout] test client::stub::load_balance::round_robin::cycle::test_cycle ... ok
[INFO] [stdout] test client::tests::response_completes_request_future ... ok
[INFO] [stdout] test client::tests::stage_request ... ok
[INFO] [stdout] test client::tests::dispatch_response_cancels_on_drop ... ok
[INFO] [stdout] test client::tests::dispatch_response_doesnt_cancel_after_complete ... ok
[INFO] [stdout] test client::tests::stage_request_response_closed_skipped ... ok
[INFO] [stdout] test client::tests::stage_request_channel_dropped_doesnt_panic ... ok
[INFO] [stdout] test client::tests::stage_request_response_future_dropped_is_canceled_before_sending ... ok
[INFO] [stdout] test client::tests::test_shutdown ... ok
[INFO] [stdout] test client::tests::test_permit_before_transport_error ... ok
[INFO] [stdout] test client::stub::load_balance::consistent_hash::tests::test ... ok
[INFO] [stdout] test client::tests::test_transport_error_close ... ok
[INFO] [stdout] test client::tests::test_transport_error_read ... ok
[INFO] [stdout] test client::tests::test_transport_error_ready ... ok
[INFO] [stdout] test server::in_flight_requests::tests::remove_request_doesnt_abort ... ok
[INFO] [stdout] test client::tests::test_transport_error_write ... ok
[INFO] [stdout] test server::in_flight_requests::tests::start_request_increases_len ... ok
[INFO] [stdout] test server::limits::channels_per_key::channel_filter_increment_channels_for_key ... ok
[INFO] [stdout] test server::in_flight_requests::tests::polling_expired_aborts ... ok
[INFO] [stdout] test server::limits::channels_per_key::channel_filter_handle_new_channel ... ok
[INFO] [stdout] test client::tests::test_transport_error_flush ... ok
[INFO] [stdout] test server::in_flight_requests::tests::cancel_request_aborts ... ok
[INFO] [stdout] test client::tests::stage_request_response_future_dropped_is_canceled_after_sending ... ok
[INFO] [stdout] test server::limits::channels_per_key::channel_filter_poll_closed_channels ... ok
[INFO] [stdout] test server::limits::channels_per_key::channel_filter_stream ... ok
[INFO] [stdout] test server::limits::channels_per_key::tracked_channel_stream ... ok
[INFO] [stdout] test server::limits::channels_per_key::tracker_drop ... ok
[INFO] [stdout] test server::limits::channels_per_key::tracked_channel_sink ... ok
[INFO] [stdout] test server::limits::requests_per_channel::tests::throttler_poll_next_some ... ok
[INFO] [stdout] test server::limits::requests_per_channel::tests::throttler_in_flight_requests ... ok
[INFO] [stdout] test server::request_hook::before::before_request_list ... ok
[INFO] [stdout] test server::limits::requests_per_channel::tests::throttler_poll_next_done ... ok
[INFO] [stdout] test server::limits::requests_per_channel::tests::throttler_poll_next_throttled_sink_not_ready ... ok
[INFO] [stdout] test server::limits::requests_per_channel::tests::throttler_start_send ... ok
[INFO] [stdout] test server::tests::base_channel_poll_next_aborts_canceled_request ... ok
[INFO] [stdout] test server::limits::requests_per_channel::tests::throttler_poll_next_throttled ... ok
[INFO] [stdout] test server::tests::base_channel_start_send_duplicate_request_returns_error ... ok
[INFO] [stdout] test server::tests::base_channel_poll_next_aborts_multiple_requests ... ok
[INFO] [stdout] test server::tests::base_channel_with_closed_transport_and_in_flight_request_returns_pending ... ok
[INFO] [stdout] test server::tests::base_channel_start_send_removes_in_flight_request ... ok
[INFO] [stdout] test server::tests::in_flight_request_drop_cancels_request ... ok
[INFO] [stdout] test server::limits::channels_per_key::channel_filter_poll_listener ... ok
[INFO] [stdout] test server::tests::base_channel_poll_next_aborts_request_and_yields_request ... ok
[INFO] [stdout] test server::tests::base_channel_poll_next_yields_request ... ok
[INFO] [stdout] test server::tests::base_channel_with_closed_transport_and_no_in_flight_requests_returns_closed ... ok
[INFO] [stdout] test server::tests::requests_pump_write_returns_pending_when_buffer_full ... ok
[INFO] [stdout] test server::tests::requests_pump_read ... ok
[INFO] [stdout] test server::tests::in_flight_requests_successful_execute_doesnt_cancel_request ... ok
[INFO] [stdout] test server::tests::test_serve ... ok
[INFO] [stdout] test server::tests::serve_before_error_aborts_request ... ok
[INFO] [stdout] test server::tests::serve_before_mutates_context ... ok
[INFO] [stdout] test server::tests::serve_before_and_after ... ok
[INFO] [stdout] test test_channel_any_casts ... ok
[INFO] [stdout] test test_channel_error_upcast ... ok
[INFO] [stdout] test server::tests::requests_poll_next_response_returns_pending_when_buffer_full ... ok
[INFO] [stdout] test util::test_compact ... ok
[INFO] [stdout] 
[INFO] [stdout] test result: ok. 56 passed; 0 failed; 0 ignored; 0 measured; 0 filtered out; finished in 0.03s
[INFO] [stdout] 
[INFO] [stderr]      Running tests/compile_fail.rs (/opt/rustwide/target/debug/deps/compile_fail-21a69d2b7728944d)
[INFO] [stdout] 
[INFO] [stdout] running 1 test
[INFO] [stderr]    Compiling proc-macro2 v1.0.89
[INFO] [stderr]    Compiling unicode-ident v1.0.13
[INFO] [stderr]    Compiling libc v0.2.161
[INFO] [stderr]    Compiling autocfg v1.4.0
[INFO] [stderr]    Compiling serde v1.0.213
[INFO] [stderr]     Checking pin-project-lite v0.2.15
[INFO] [stderr]     Checking cfg-if v1.0.0
[INFO] [stderr]     Checking futures-core v0.3.31
[INFO] [stderr]     Checking futures-sink v0.3.31
[INFO] [stderr]     Checking memchr v2.7.4
[INFO] [stderr]     Checking once_cell v1.20.2
[INFO] [stderr]     Checking futures-task v0.3.31
[INFO] [stderr]     Checking futures-channel v0.3.31
[INFO] [stderr]     Checking futures-io v0.3.31
[INFO] [stderr]     Checking pin-utils v0.1.0
[INFO] [stderr]     Checking smallvec v1.13.2
[INFO] [stderr]    Compiling parking_lot_core v0.9.10
[INFO] [stderr]     Checking itoa v1.0.11
[INFO] [stderr]     Checking scopeguard v1.2.0
[INFO] [stderr]     Checking log v0.4.22
[INFO] [stderr]     Checking tracing-core v0.1.32
[INFO] [stderr]     Checking fnv v1.0.7
[INFO] [stderr]     Checking byteorder v1.5.0
[INFO] [stderr]    Compiling anyhow v1.0.91
[INFO] [stderr]    Compiling quote v1.0.37
[INFO] [stderr]     Checking tower-service v0.3.3
[INFO] [stderr]    Compiling shlex v1.3.0
[INFO] [stderr]     Checking equivalent v1.0.1
[INFO] [stderr]    Compiling httparse v1.9.5
[INFO] [stderr]     Checking hashbrown v0.15.0
[INFO] [stderr]    Compiling slab v0.4.9
[INFO] [stderr]    Compiling lock_api v0.4.12
[INFO] [stderr]    Compiling syn v2.0.85
[INFO] [stderr]     Checking tower-layer v0.3.3
[INFO] [stderr]    Compiling dunce v1.0.5
[INFO] [stderr]    Compiling either v1.13.0
[INFO] [stderr]     Checking percent-encoding v2.3.1
[INFO] [stderr]     Checking atomic-waker v1.1.2
[INFO] [stderr]    Compiling serde_json v1.0.132
[INFO] [stderr]    Compiling fs_extra v1.3.0
[INFO] [stderr]    Compiling jobserver v0.1.32
[INFO] [stderr]    Compiling rustversion v1.0.18
[INFO] [stderr]     Checking indexmap v2.6.0
[INFO] [stderr]     Checking signal-hook-registry v1.4.2
[INFO] [stderr]     Checking mio v1.0.2
[INFO] [stderr]     Checking parking_lot v0.12.3
[INFO] [stderr]     Checking socket2 v0.5.7
[INFO] [stderr]     Checking getrandom v0.2.15
[INFO] [stderr]     Checking rand_core v0.6.4
[INFO] [stderr]    Compiling cc v1.1.31
[INFO] [stderr]     Checking try-lock v0.2.5
[INFO] [stderr]     Checking want v0.3.1
[INFO] [stderr]    Compiling itertools v0.13.0
[INFO] [stderr]    Compiling indexmap v1.9.3
[INFO] [stderr]    Compiling thiserror v1.0.65
[INFO] [stderr]     Checking httpdate v1.0.3
[INFO] [stderr]     Checking ryu v1.0.18
[INFO] [stderr]     Checking mime v0.3.17
[INFO] [stderr]    Compiling paste v1.0.15
[INFO] [stderr]     Checking hashbrown v0.12.3
[INFO] [stderr]     Checking sync_wrapper v0.1.2
[INFO] [stderr]     Checking sync_wrapper v1.0.1
[INFO] [stderr]    Compiling cmake v0.1.51
[INFO] [stderr]    Compiling aws-lc-rs v1.10.0
[INFO] [stderr]     Checking regex-syntax v0.6.29
[INFO] [stderr]     Checking matchit v0.7.3
[INFO] [stderr]     Checking regex-syntax v0.8.5
[INFO] [stderr]     Checking base64 v0.22.1
[INFO] [stderr]     Checking glob v0.3.1
[INFO] [stderr]     Checking lazy_static v1.5.0
[INFO] [stderr]     Checking overload v0.1.1
[INFO] [stderr]     Checking nu-ansi-term v0.46.0
[INFO] [stderr]     Checking sharded-slab v0.1.7
[INFO] [stderr]    Compiling num-traits v0.2.19
[INFO] [stderr]     Checking tracing-log v0.2.0
[INFO] [stderr]     Checking thread_local v1.1.8
[INFO] [stderr]     Checking mirai-annotations v1.12.0
[INFO] [stderr]     Checking adler2 v2.0.0
[INFO] [stderr]    Compiling crossbeam-utils v0.8.20
[INFO] [stderr]     Checking zeroize v1.8.1
[INFO] [stderr]     Checking rustls-pki-types v1.10.0
[INFO] [stderr]     Checking regex-automata v0.4.8
[INFO] [stderr]     Checking miniz_oxide v0.8.0
[INFO] [stderr]     Checking crc32fast v1.4.2
[INFO] [stderr]    Compiling rustls v0.23.15
[INFO] [stderr]     Checking minimal-lexical v0.2.1
[INFO] [stderr]     Checking untrusted v0.9.0
[INFO] [stderr]     Checking nom v7.1.3
[INFO] [stderr]     Checking flate2 v1.0.34
[INFO] [stderr]    Compiling aws-lc-sys v0.22.0
[INFO] [stderr]     Checking regex-automata v0.1.10
[INFO] [stderr]     Checking base64 v0.21.7
[INFO] [stderr]     Checking humantime v2.1.0
[INFO] [stderr]     Checking subtle v2.6.1
[INFO] [stderr]     Checking crossbeam-channel v0.5.13
[INFO] [stderr]     Checking static_assertions v1.1.0
[INFO] [stderr]     Checking opentelemetry-semantic-conventions v0.16.0
[INFO] [stderr]     Checking rustls-pemfile v2.2.0
[INFO] [stderr]     Checking assert_matches v1.5.0
[INFO] [stderr]     Checking regex v1.11.1
[INFO] [stderr]     Checking matchers v0.1.0
[INFO] [stderr]     Checking hdrhistogram v7.5.4
[INFO] [stderr]    Compiling serde_derive v1.0.213
[INFO] [stderr]    Compiling futures-macro v0.3.31
[INFO] [stderr]    Compiling tokio-macros v2.4.0
[INFO] [stderr]    Compiling tracing-attributes v0.1.27
[INFO] [stderr]    Compiling zerocopy-derive v0.7.35
[INFO] [stderr]    Compiling pin-project-internal v1.1.7
[INFO] [stderr]    Compiling async-trait v0.1.83
[INFO] [stderr]    Compiling thiserror-impl v1.0.65
[INFO] [stderr]     Checking futures-util v0.3.31
[INFO] [stderr]     Checking zerocopy v0.7.35
[INFO] [stderr]    Compiling prost-derive v0.13.3
[INFO] [stderr]     Checking pin-project v1.1.7
[INFO] [stderr]    Compiling async-stream-impl v0.3.6
[INFO] [stderr]     Checking ppv-lite86 v0.2.20
[INFO] [stderr]     Checking tracing v0.1.40
[INFO] [stderr]     Checking tracing-subscriber v0.3.18
[INFO] [stderr]     Checking rand_chacha v0.3.1
[INFO] [stderr]     Checking async-stream v0.3.6
[INFO] [stderr]     Checking rand v0.8.5
[INFO] [stderr]    Compiling enum-ordinalize-derive v4.3.1
[INFO] [stderr]    Compiling enum-ordinalize v4.3.0
[INFO] [stderr]     Checking opentelemetry v0.26.0
[INFO] [stderr]    Compiling educe v0.5.11
[INFO] [stderr]    Compiling tarpc-plugins v0.14.0
[INFO] [stderr]     Checking futures-executor v0.3.31
[INFO] [stderr]     Checking tower v0.5.1
[INFO] [stderr]     Checking futures v0.3.31
[INFO] [stderr]     Checking futures-test v0.3.31
[INFO] [stdout] test ui has been running for over 60 seconds
[INFO] [stderr]     Checking bytes v1.8.0
[INFO] [stderr]     Checking bincode v1.3.3
[INFO] [stderr]     Checking serde_bytes v0.11.15
[INFO] [stderr]     Checking tokio v1.41.0
[INFO] [stderr]     Checking http v1.1.0
[INFO] [stderr]     Checking prost v0.13.3
[INFO] [stderr]     Checking prost-types v0.13.3
[INFO] [stderr]     Checking tokio-serde v0.9.0
[INFO] [stderr]     Checking http-body v1.0.1
[INFO] [stderr]     Checking http-body-util v0.1.2
[INFO] [stderr]     Checking axum-core v0.4.5
[INFO] [stderr]     Checking axum v0.7.7
[INFO] [stderr]     Checking tokio-util v0.7.12
[INFO] [stderr]     Checking tokio-stream v0.1.16
[INFO] [stderr]     Checking opentelemetry_sdk v0.26.0
[INFO] [stderr]     Checking h2 v0.4.6
[INFO] [stderr]     Checking tower v0.4.13
[INFO] [stderr]     Checking rustls-webpki v0.102.8
[INFO] [stderr]     Checking tracing-opentelemetry v0.27.0
[INFO] [stderr]     Checking tarpc v0.35.0 (/opt/rustwide/workdir)
[INFO] [stderr]     Checking tokio-rustls v0.26.0
[INFO] [stderr]     Checking hyper v1.5.0
[INFO] [stderr]     Checking hyper-util v0.1.9
[INFO] [stderr]     Checking hyper-timeout v0.5.1
[INFO] [stderr]     Checking tonic v0.12.3
[INFO] [stderr]     Checking opentelemetry-proto v0.26.1
[INFO] [stderr]     Checking console-api v0.8.1
[INFO] [stderr]     Checking console-subscriber v0.4.1
[INFO] [stderr]     Checking opentelemetry-otlp v0.26.0
[INFO] [stderr]     Checking tarpc-tests v0.0.0 (/opt/rustwide/target/tests/trybuild/tarpc)
[INFO] [stderr]     Finished `dev` profile [unoptimized + debuginfo] target(s) in 1m 38s
[INFO] [stderr] 
[INFO] [stderr] 
[INFO] [stderr] test tests/compile_fail/must_use_request_dispatch.rs ... ok
[INFO] [stderr] test tests/compile_fail/tarpc_service_arg_pat.rs ... ok
[INFO] [stderr] test tests/compile_fail/tarpc_service_derive_serde.rs ... mismatch
[INFO] [stderr] 
[INFO] [stderr] EXPECTED:
[INFO] [stderr] ┈┈┈┈┈┈┈┈┈┈┈┈┈┈┈┈┈┈┈┈┈┈┈┈┈┈┈┈┈┈┈┈┈┈┈┈┈┈┈┈┈┈┈┈┈┈┈┈┈┈┈┈┈┈┈┈┈┈┈┈
[INFO] [stderr] error: expected literal
[INFO] [stderr]  --> tests/compile_fail/tarpc_service_derive_serde.rs:1:33
[INFO] [stderr]   |
[INFO] [stderr] 1 | #[tarpc::service(derive_serde = loop {})]
[INFO] [stderr]   |                                 ^^^^
[INFO] [stderr] ┈┈┈┈┈┈┈┈┈┈┈┈┈┈┈┈┈┈┈┈┈┈┈┈┈┈┈┈┈┈┈┈┈┈┈┈┈┈┈┈┈┈┈┈┈┈┈┈┈┈┈┈┈┈┈┈┈┈┈┈
[INFO] [stderr] 
[INFO] [stderr] ACTUAL OUTPUT:
[INFO] [stderr] ┈┈┈┈┈┈┈┈┈┈┈┈┈┈┈┈┈┈┈┈┈┈┈┈┈┈┈┈┈┈┈┈┈┈┈┈┈┈┈┈┈┈┈┈┈┈┈┈┈┈┈┈┈┈┈┈┈┈┈┈
[INFO] [stderr] error: expected literal
[INFO] [stderr]  --> tests/compile_fail/tarpc_service_derive_serde.rs:1:33
[INFO] [stderr]   |
[INFO] [stderr] 1 | #[tarpc::service(derive_serde = loop {})]
[INFO] [stderr]   |                                 ^^^^^^^
[INFO] [stderr] ┈┈┈┈┈┈┈┈┈┈┈┈┈┈┈┈┈┈┈┈┈┈┈┈┈┈┈┈┈┈┈┈┈┈┈┈┈┈┈┈┈┈┈┈┈┈┈┈┈┈┈┈┈┈┈┈┈┈┈┈
[INFO] [stderr] note: If the actual output is the correct output you can bless it by rerunning
[INFO] [stderr]       your test with the environment variable TRYBUILD=overwrite
[INFO] [stderr] 
[INFO] [stderr] test tests/compile_fail/tarpc_service_fn_new.rs ... ok
[INFO] [stderr] test tests/compile_fail/tarpc_service_fn_serve.rs ... ok
[INFO] [stderr] test tests/compile_fail/no_serde1/no_explicit_serde_without_feature.rs ... mismatch
[INFO] [stderr] 
[INFO] [stderr] EXPECTED:
[INFO] [stderr] ┈┈┈┈┈┈┈┈┈┈┈┈┈┈┈┈┈┈┈┈┈┈┈┈┈┈┈┈┈┈┈┈┈┈┈┈┈┈┈┈┈┈┈┈┈┈┈┈┈┈┈┈┈┈┈┈┈┈┈┈
[INFO] [stderr] error: To enable serde, first enable the `serde1` feature of tarpc
[INFO] [stderr]  --> tests/compile_fail/no_serde1/no_explicit_serde_without_feature.rs:1:18
[INFO] [stderr]   |
[INFO] [stderr] 1 | #[tarpc::service(derive_serde = true)]
[INFO] [stderr]   |                  ^^^^^^^^^^^^
[INFO] [stderr] 
[INFO] [stderr] error[E0433]: failed to resolve: use of undeclared type `FooRequest`
[INFO] [stderr]  --> tests/compile_fail/no_serde1/no_explicit_serde_without_feature.rs:7:13
[INFO] [stderr]   |
[INFO] [stderr] 7 |     let x = FooRequest::Foo {};
[INFO] [stderr]   |             ^^^^^^^^^^ use of undeclared type `FooRequest`
[INFO] [stderr] ┈┈┈┈┈┈┈┈┈┈┈┈┈┈┈┈┈┈┈┈┈┈┈┈┈┈┈┈┈┈┈┈┈┈┈┈┈┈┈┈┈┈┈┈┈┈┈┈┈┈┈┈┈┈┈┈┈┈┈┈
[INFO] [stderr] 
[INFO] [stderr] ACTUAL OUTPUT:
[INFO] [stderr] ┈┈┈┈┈┈┈┈┈┈┈┈┈┈┈┈┈┈┈┈┈┈┈┈┈┈┈┈┈┈┈┈┈┈┈┈┈┈┈┈┈┈┈┈┈┈┈┈┈┈┈┈┈┈┈┈┈┈┈┈
[INFO] [stderr] error: To enable serde, first enable the `serde1` feature of tarpc
[INFO] [stderr]  --> tests/compile_fail/no_serde1/no_explicit_serde_without_feature.rs:1:18
[INFO] [stderr]   |
[INFO] [stderr] 1 | #[tarpc::service(derive_serde = true)]
[INFO] [stderr]   |                  ^^^^^^^^^^^^^^^^^^^
[INFO] [stderr] 
[INFO] [stderr] error[E0433]: failed to resolve: use of undeclared type `FooRequest`
[INFO] [stderr]  --> tests/compile_fail/no_serde1/no_explicit_serde_without_feature.rs:7:13
[INFO] [stderr]   |
[INFO] [stderr] 7 |     let x = FooRequest::Foo {};
[INFO] [stderr]   |             ^^^^^^^^^^ use of undeclared type `FooRequest`
[INFO] [stderr] ┈┈┈┈┈┈┈┈┈┈┈┈┈┈┈┈┈┈┈┈┈┈┈┈┈┈┈┈┈┈┈┈┈┈┈┈┈┈┈┈┈┈┈┈┈┈┈┈┈┈┈┈┈┈┈┈┈┈┈┈
[INFO] [stderr] note: If the actual output is the correct output you can bless it by rerunning
[INFO] [stderr]       your test with the environment variable TRYBUILD=overwrite
[INFO] [stderr] 
[INFO] [stderr] test tests/compile_fail/no_serde1/no_implicit_serde_without_feature.rs ... ok
[INFO] [stderr] 
[INFO] [stderr] 
[INFO] [stdout] test ui ... FAILED
[INFO] [stdout] 
[INFO] [stdout] failures:
[INFO] [stdout] 
[INFO] [stdout] ---- ui stdout ----
[INFO] [stdout] thread 'ui' panicked at /opt/rustwide/cargo-home/registry/src/index.crates.io-6f17d22bba15001f/trybuild-1.0.101/src/run.rs:101:13:
[INFO] [stdout] 2 of 7 tests failed
[INFO] [stdout] stack backtrace:
[INFO] [stdout]    0:     0x61e9e610fa9a - std::backtrace_rs::backtrace::libunwind::trace::h207520d6e9873551
[INFO] [stdout]                                at /rustc/df4ca44d3fbc9301ee17f30f4d474e6ae4b05252/library/std/src/../../backtrace/src/backtrace/libunwind.rs:116:5
[INFO] [stdout]    1:     0x61e9e610fa9a - std::backtrace_rs::backtrace::trace_unsynchronized::h2ed7433f370e3eca
[INFO] [stdout]                                at /rustc/df4ca44d3fbc9301ee17f30f4d474e6ae4b05252/library/std/src/../../backtrace/src/backtrace/mod.rs:66:5
[INFO] [stdout]    2:     0x61e9e610fa9a - std::sys::backtrace::_print_fmt::h916fac51166b18d7
[INFO] [stdout]                                at /rustc/df4ca44d3fbc9301ee17f30f4d474e6ae4b05252/library/std/src/sys/backtrace.rs:66:9
[INFO] [stdout]    3:     0x61e9e610fa9a - <std::sys::backtrace::BacktraceLock::print::DisplayBacktrace as core::fmt::Display>::fmt::ha0a4c9b8ce3802e6
[INFO] [stdout]                                at /rustc/df4ca44d3fbc9301ee17f30f4d474e6ae4b05252/library/std/src/sys/backtrace.rs:39:26
[INFO] [stdout]    4:     0x61e9e6139f43 - core::fmt::rt::Argument::fmt::h4cfc8587d52b3eb5
[INFO] [stdout]                                at /rustc/df4ca44d3fbc9301ee17f30f4d474e6ae4b05252/library/core/src/fmt/rt.rs:177:76
[INFO] [stdout]    5:     0x61e9e6139f43 - core::fmt::write::h522cc39e5b36ae9f
[INFO] [stdout]                                at /rustc/df4ca44d3fbc9301ee17f30f4d474e6ae4b05252/library/core/src/fmt/mod.rs:1190:21
[INFO] [stdout]    6:     0x61e9e610bad3 - std::io::Write::write_fmt::h7d3c26752da97734
[INFO] [stdout]                                at /rustc/df4ca44d3fbc9301ee17f30f4d474e6ae4b05252/library/std/src/io/mod.rs:1839:15
[INFO] [stdout]    7:     0x61e9e610f8e2 - std::sys::backtrace::BacktraceLock::print::h4b9e00b29e9c0942
[INFO] [stdout]                                at /rustc/df4ca44d3fbc9301ee17f30f4d474e6ae4b05252/library/std/src/sys/backtrace.rs:42:9
[INFO] [stdout]    8:     0x61e9e611152a - std::panicking::default_hook::{{closure}}::hb59b88280d0324d9
[INFO] [stdout]                                at /rustc/df4ca44d3fbc9301ee17f30f4d474e6ae4b05252/library/std/src/panicking.rs:268:22
[INFO] [stdout]    9:     0x61e9e6111334 - std::panicking::default_hook::he1dd496665be4a29
[INFO] [stdout]                                at /rustc/df4ca44d3fbc9301ee17f30f4d474e6ae4b05252/library/std/src/panicking.rs:292:9
[INFO] [stdout]   10:     0x61e9e60d8029 - <alloc::boxed::Box<F,A> as core::ops::function::Fn<Args>>::call::h4ff71de18744e1dc
[INFO] [stdout]                                at /rustc/df4ca44d3fbc9301ee17f30f4d474e6ae4b05252/library/alloc/src/boxed.rs:2468:9
[INFO] [stdout]   11:     0x61e9e60d8029 - test::test_main::{{closure}}::hcf7c055ce117aa81
[INFO] [stdout]                                at /rustc/df4ca44d3fbc9301ee17f30f4d474e6ae4b05252/library/test/src/lib.rs:133:21
[INFO] [stdout]   12:     0x61e9e6111c28 - <alloc::boxed::Box<F,A> as core::ops::function::Fn<Args>>::call::h1d66c6bbd60c9692
[INFO] [stdout]                                at /rustc/df4ca44d3fbc9301ee17f30f4d474e6ae4b05252/library/alloc/src/boxed.rs:2468:9
[INFO] [stdout]   13:     0x61e9e6111c28 - std::panicking::rust_panic_with_hook::h2ff17fe8f26dfcf8
[INFO] [stdout]                                at /rustc/df4ca44d3fbc9301ee17f30f4d474e6ae4b05252/library/std/src/panicking.rs:809:13
[INFO] [stdout]   14:     0x61e9e61119ea - std::panicking::begin_panic_handler::{{closure}}::h4fad77951c07e101
[INFO] [stdout]                                at /rustc/df4ca44d3fbc9301ee17f30f4d474e6ae4b05252/library/std/src/panicking.rs:674:13
[INFO] [stdout]   15:     0x61e9e610ff79 - std::sys::backtrace::__rust_end_short_backtrace::hb1a25b3da5d0ea08
[INFO] [stdout]                                at /rustc/df4ca44d3fbc9301ee17f30f4d474e6ae4b05252/library/std/src/sys/backtrace.rs:170:18
[INFO] [stdout]   16:     0x61e9e611167c - rust_begin_unwind
[INFO] [stdout]                                at /rustc/df4ca44d3fbc9301ee17f30f4d474e6ae4b05252/library/std/src/panicking.rs:665:5
[INFO] [stdout]   17:     0x61e9e61382f0 - core::panicking::panic_fmt::ha9db07b529f9b256
[INFO] [stdout]                                at /rustc/df4ca44d3fbc9301ee17f30f4d474e6ae4b05252/library/core/src/panicking.rs:75:14
[INFO] [stdout]   18:     0x61e9e5eb602f - trybuild::run::<impl trybuild::Runner>::run::h3d7c53fd7958e6cb
[INFO] [stdout]                                at /opt/rustwide/cargo-home/registry/src/index.crates.io-6f17d22bba15001f/trybuild-1.0.101/src/run.rs:101:13
[INFO] [stdout]   19:     0x61e9e5ebb548 - <trybuild::TestCases as core::ops::drop::Drop>::drop::hdb33ef89fccfa011
[INFO] [stdout]                                at /opt/rustwide/cargo-home/registry/src/index.crates.io-6f17d22bba15001f/trybuild-1.0.101/src/lib.rs:340:13
[INFO] [stdout]   20:     0x61e9e5de7777 - core::ptr::drop_in_place<trybuild::TestCases>::h43f5832ce21fefb2
[INFO] [stdout]                                at /rustc/df4ca44d3fbc9301ee17f30f4d474e6ae4b05252/library/core/src/ptr/mod.rs:521:1
[INFO] [stdout]   21:     0x61e9e5de7edb - compile_fail::ui::hfa7dfad4f0446572
[INFO] [stdout]                                at /opt/rustwide/workdir/tests/compile_fail.rs:11:1
[INFO] [stdout]   22:     0x61e9e5de7e57 - compile_fail::ui::{{closure}}::h7562167242ebb592
[INFO] [stdout]                                at /opt/rustwide/workdir/tests/compile_fail.rs:2:8
[INFO] [stdout]   23:     0x61e9e5de7716 - core::ops::function::FnOnce::call_once::h2970355e7b170038
[INFO] [stdout]                                at /rustc/df4ca44d3fbc9301ee17f30f4d474e6ae4b05252/library/core/src/ops/function.rs:250:5
[INFO] [stdout]   24:     0x61e9e60dc8fb - core::ops::function::FnOnce::call_once::h22c3ba5715e93f05
[INFO] [stdout]                                at /rustc/df4ca44d3fbc9301ee17f30f4d474e6ae4b05252/library/core/src/ops/function.rs:250:5
[INFO] [stdout]   25:     0x61e9e60dc8fb - test::__rust_begin_short_backtrace::h8e82d8113d0da17f
[INFO] [stdout]                                at /rustc/df4ca44d3fbc9301ee17f30f4d474e6ae4b05252/library/test/src/lib.rs:621:18
[INFO] [stdout]   26:     0x61e9e60dc277 - test::run_test_in_process::{{closure}}::h33235f4f20b7b7c7
[INFO] [stdout]                                at /rustc/df4ca44d3fbc9301ee17f30f4d474e6ae4b05252/library/test/src/lib.rs:644:60
[INFO] [stdout]   27:     0x61e9e60dc277 - <core::panic::unwind_safe::AssertUnwindSafe<F> as core::ops::function::FnOnce<()>>::call_once::hb5043206310c586f
[INFO] [stdout]                                at /rustc/df4ca44d3fbc9301ee17f30f4d474e6ae4b05252/library/core/src/panic/unwind_safe.rs:272:9
[INFO] [stdout]   28:     0x61e9e60dc277 - std::panicking::try::do_call::h9ad4731a60ab23e2
[INFO] [stdout]                                at /rustc/df4ca44d3fbc9301ee17f30f4d474e6ae4b05252/library/std/src/panicking.rs:557:40
[INFO] [stdout]   29:     0x61e9e60dc277 - std::panicking::try::h3824d23db772a716
[INFO] [stdout]                                at /rustc/df4ca44d3fbc9301ee17f30f4d474e6ae4b05252/library/std/src/panicking.rs:520:19
[INFO] [stdout]   30:     0x61e9e60dc277 - std::panic::catch_unwind::h5afd514605fde46b
[INFO] [stdout]                                at /rustc/df4ca44d3fbc9301ee17f30f4d474e6ae4b05252/library/std/src/panic.rs:358:14
[INFO] [stdout]   31:     0x61e9e60dc277 - test::run_test_in_process::h0d5cbfa7067d1720
[INFO] [stdout]                                at /rustc/df4ca44d3fbc9301ee17f30f4d474e6ae4b05252/library/test/src/lib.rs:644:27
[INFO] [stdout]   32:     0x61e9e60dc277 - test::run_test::{{closure}}::h708eb8872708115d
[INFO] [stdout]                                at /rustc/df4ca44d3fbc9301ee17f30f4d474e6ae4b05252/library/test/src/lib.rs:565:43
[INFO] [stdout]   33:     0x61e9e609f994 - test::run_test::{{closure}}::h392c51cee94713ab
[INFO] [stdout]                                at /rustc/df4ca44d3fbc9301ee17f30f4d474e6ae4b05252/library/test/src/lib.rs:595:41
[INFO] [stdout]   34:     0x61e9e609f994 - std::sys::backtrace::__rust_begin_short_backtrace::h2f40290710935a8b
[INFO] [stdout]                                at /rustc/df4ca44d3fbc9301ee17f30f4d474e6ae4b05252/library/std/src/sys/backtrace.rs:154:18
[INFO] [stdout]   35:     0x61e9e60a313e - std::thread::Builder::spawn_unchecked_::{{closure}}::{{closure}}::h3fd968d89053a903
[INFO] [stdout]                                at /rustc/df4ca44d3fbc9301ee17f30f4d474e6ae4b05252/library/std/src/thread/mod.rs:541:17
[INFO] [stdout]   36:     0x61e9e60a313e - <core::panic::unwind_safe::AssertUnwindSafe<F> as core::ops::function::FnOnce<()>>::call_once::h743f637ba4229880
[INFO] [stdout]                                at /rustc/df4ca44d3fbc9301ee17f30f4d474e6ae4b05252/library/core/src/panic/unwind_safe.rs:272:9
[INFO] [stdout]   37:     0x61e9e60a313e - std::panicking::try::do_call::h07440897322525a6
[INFO] [stdout]                                at /rustc/df4ca44d3fbc9301ee17f30f4d474e6ae4b05252/library/std/src/panicking.rs:557:40
[INFO] [stdout]   38:     0x61e9e60a313e - std::panicking::try::he5a2e00188156637
[INFO] [stdout]                                at /rustc/df4ca44d3fbc9301ee17f30f4d474e6ae4b05252/library/std/src/panicking.rs:520:19
[INFO] [stdout]   39:     0x61e9e60a313e - std::panic::catch_unwind::hbaf3cae49b3c6433
[INFO] [stdout]                                at /rustc/df4ca44d3fbc9301ee17f30f4d474e6ae4b05252/library/std/src/panic.rs:358:14
[INFO] [stdout]   40:     0x61e9e60a313e - std::thread::Builder::spawn_unchecked_::{{closure}}::h8e141ea224820bce
[INFO] [stdout]                                at /rustc/df4ca44d3fbc9301ee17f30f4d474e6ae4b05252/library/std/src/thread/mod.rs:540:30
[INFO] [stdout]   41:     0x61e9e60a313e - core::ops::function::FnOnce::call_once{{vtable.shim}}::h90d312fedd7b8ea8
[INFO] [stdout]                                at /rustc/df4ca44d3fbc9301ee17f30f4d474e6ae4b05252/library/core/src/ops/function.rs:250:5
[INFO] [stdout]   42:     0x61e9e61169eb - <alloc::boxed::Box<F,A> as core::ops::function::FnOnce<Args>>::call_once::h69aa08ddb6adb8b6
[INFO] [stdout]                                at /rustc/df4ca44d3fbc9301ee17f30f4d474e6ae4b05252/library/alloc/src/boxed.rs:2454:9
[INFO] [stdout]   43:     0x61e9e61169eb - <alloc::boxed::Box<F,A> as core::ops::function::FnOnce<Args>>::call_once::h5aa36efdb79c806f
[INFO] [stdout]                                at /rustc/df4ca44d3fbc9301ee17f30f4d474e6ae4b05252/library/alloc/src/boxed.rs:2454:9
[INFO] [stdout]   44:     0x61e9e61169eb - std::sys::pal::unix::thread::Thread::new::thread_start::h6cd80a1b4be5158d
[INFO] [stdout]                                at /rustc/df4ca44d3fbc9301ee17f30f4d474e6ae4b05252/library/std/src/sys/pal/unix/thread.rs:105:17
[INFO] [stdout]   45:     0x7f9e6ca57ac3 - <unknown>
[INFO] [stdout]   46:     0x7f9e6cae8a04 - clone
[INFO] [stdout]   47:                0x0 - <unknown>
[INFO] [stdout] 
[INFO] [stdout] 
[INFO] [stdout] failures:
[INFO] [stdout]     ui
[INFO] [stdout] 
[INFO] [stdout] test result: FAILED. 0 passed; 1 failed; 0 ignored; 0 measured; 0 filtered out; finished in 99.61s
[INFO] [stdout] 
[INFO] [stderr] error: test failed, to rerun pass `--test compile_fail`
[INFO] running `Command { std: "docker" "inspect" "b19cde96a479ef03e8ef87a5bcc46460c57669ba29e6b03a8e5723031915bcfa", kill_on_drop: false }`
[INFO] running `Command { std: "docker" "rm" "-f" "b19cde96a479ef03e8ef87a5bcc46460c57669ba29e6b03a8e5723031915bcfa", kill_on_drop: false }`
[INFO] [stdout] b19cde96a479ef03e8ef87a5bcc46460c57669ba29e6b03a8e5723031915bcfa
