[INFO] fetching crate tardis 0.1.0-rc.17...
[INFO] testing tardis-0.1.0-rc.17 against nightly-2024-10-28+rustflags=-Zrandomize-layout for randomize-layout
[INFO] extracting crate tardis 0.1.0-rc.17 into /workspace/builds/worker-5-tc2/source
[INFO] validating manifest of crates.io crate tardis 0.1.0-rc.17 on toolchain nightly-2024-10-28
[INFO] running `Command { std: CARGO_HOME="/workspace/cargo-home" RUSTUP_HOME="/workspace/rustup-home" "/workspace/cargo-home/bin/cargo" "+nightly-2024-10-28" "metadata" "--manifest-path" "Cargo.toml" "--no-deps", kill_on_drop: false }`
[INFO] started tweaking crates.io crate tardis 0.1.0-rc.17
[INFO] removed 0 missing tests
[INFO] finished tweaking crates.io crate tardis 0.1.0-rc.17
[INFO] tweaked toml for crates.io crate tardis 0.1.0-rc.17 written to /workspace/builds/worker-5-tc2/source/Cargo.toml
[INFO] running `Command { std: CARGO_HOME="/workspace/cargo-home" RUSTUP_HOME="/workspace/rustup-home" "/workspace/cargo-home/bin/cargo" "+nightly-2024-10-28" "generate-lockfile" "--manifest-path" "Cargo.toml", kill_on_drop: false }`
[INFO] [stderr]     Updating crates.io index
[INFO] [stderr]      Locking 643 packages to latest compatible versions
[INFO] [stderr]       Adding aes-gcm v0.9.2 (available: v0.9.4)
[INFO] [stderr]       Adding chacha20 v0.7.1 (available: v0.7.3)
[INFO] [stderr]       Adding chacha20poly1305 v0.8.0 (available: v0.8.2)
[INFO] [stderr]       Adding config v0.13.4 (available: v0.14.1)
[INFO] [stderr]       Adding crypto-mac v0.11.0 (available: v0.11.1)
[INFO] [stderr]       Adding opentelemetry v0.24.0 (available: v0.26.0)
[INFO] [stderr]       Adding opentelemetry-http v0.13.0 (available: v0.26.0)
[INFO] [stderr]       Adding opentelemetry-otlp v0.17.0 (available: v0.26.0)
[INFO] [stderr]       Adding opentelemetry_sdk v0.24.1 (available: v0.26.0)
[INFO] [stderr]       Adding tracing-opentelemetry v0.25.0 (available: v0.27.0)
[INFO] [stderr]       Adding universal-hash v0.4.0 (available: v0.4.1)
[INFO] running `Command { std: CARGO_HOME="/workspace/cargo-home" RUSTUP_HOME="/workspace/rustup-home" "/workspace/cargo-home/bin/cargo" "+nightly-2024-10-28" "fetch" "--manifest-path" "Cargo.toml", kill_on_drop: false }`
[INFO] running `Command { std: "docker" "create" "-v" "/var/lib/crater-agent-workspace/builds/worker-5-tc2/target:/opt/rustwide/target:rw,Z" "-v" "/var/lib/crater-agent-workspace/builds/worker-5-tc2/source:/opt/rustwide/workdir:ro,Z" "-v" "/var/lib/crater-agent-workspace/cargo-home:/opt/rustwide/cargo-home:ro,Z" "-v" "/var/lib/crater-agent-workspace/rustup-home:/opt/rustwide/rustup-home:ro,Z" "-e" "SOURCE_DIR=/opt/rustwide/workdir" "-e" "CARGO_TARGET_DIR=/opt/rustwide/target" "-e" "CARGO_HOME=/opt/rustwide/cargo-home" "-e" "RUSTUP_HOME=/opt/rustwide/rustup-home" "-w" "/opt/rustwide/workdir" "-m" "1610612736" "--user" "0:0" "--network" "none" "ghcr.io/rust-lang/crates-build-env/linux@sha256:4a844ea9eb2546a2d2c7022eacef16ef2e8229c7fbb2c7d4d55a9ceca922f72d" "/opt/rustwide/cargo-home/bin/cargo" "+nightly-2024-10-28" "metadata" "--no-deps" "--format-version=1", kill_on_drop: false }`
[INFO] [stdout] 5f012388b6b93739b930686aa845409fa98e6eb43f49698dee2dcc7bab6bc778
[INFO] running `Command { std: "docker" "start" "-a" "5f012388b6b93739b930686aa845409fa98e6eb43f49698dee2dcc7bab6bc778", kill_on_drop: false }`
[INFO] running `Command { std: "docker" "inspect" "5f012388b6b93739b930686aa845409fa98e6eb43f49698dee2dcc7bab6bc778", kill_on_drop: false }`
[INFO] running `Command { std: "docker" "rm" "-f" "5f012388b6b93739b930686aa845409fa98e6eb43f49698dee2dcc7bab6bc778", kill_on_drop: false }`
[INFO] [stdout] 5f012388b6b93739b930686aa845409fa98e6eb43f49698dee2dcc7bab6bc778
[INFO] running `Command { std: "docker" "create" "-v" "/var/lib/crater-agent-workspace/builds/worker-5-tc2/target:/opt/rustwide/target:rw,Z" "-v" "/var/lib/crater-agent-workspace/builds/worker-5-tc2/source:/opt/rustwide/workdir:ro,Z" "-v" "/var/lib/crater-agent-workspace/cargo-home:/opt/rustwide/cargo-home:ro,Z" "-v" "/var/lib/crater-agent-workspace/rustup-home:/opt/rustwide/rustup-home:ro,Z" "-e" "SOURCE_DIR=/opt/rustwide/workdir" "-e" "CARGO_TARGET_DIR=/opt/rustwide/target" "-e" "CARGO_INCREMENTAL=0" "-e" "RUST_BACKTRACE=full" "-e" "RUSTFLAGS=--cap-lints=forbid -Zrandomize-layout" "-e" "RUSTDOCFLAGS=--cap-lints=forbid" "-e" "CARGO_HOME=/opt/rustwide/cargo-home" "-e" "RUSTUP_HOME=/opt/rustwide/rustup-home" "-w" "/opt/rustwide/workdir" "-m" "1610612736" "--user" "0:0" "--network" "none" "ghcr.io/rust-lang/crates-build-env/linux@sha256:4a844ea9eb2546a2d2c7022eacef16ef2e8229c7fbb2c7d4d55a9ceca922f72d" "/opt/rustwide/cargo-home/bin/cargo" "+nightly-2024-10-28" "build" "--frozen" "--message-format=json", kill_on_drop: false }`
[INFO] [stdout] c9af5aaeefc36735d7ce717fc4a6b74aeee306987ef7b6ea64af7f992582e1c7
[INFO] running `Command { std: "docker" "start" "-a" "c9af5aaeefc36735d7ce717fc4a6b74aeee306987ef7b6ea64af7f992582e1c7", kill_on_drop: false }`
[INFO] [stderr]    Compiling byteorder v1.5.0
[INFO] [stderr]    Compiling libc v0.2.161
[INFO] [stderr]    Compiling crossbeam-utils v0.8.20
[INFO] [stderr]    Compiling ahash v0.7.8
[INFO] [stderr]    Compiling ucd-trie v0.1.7
[INFO] [stderr]    Compiling syn v2.0.86
[INFO] [stderr]    Compiling getrandom v0.2.15
[INFO] [stderr]    Compiling fnv v1.0.7
[INFO] [stderr]    Compiling strsim v0.11.1
[INFO] [stderr]    Compiling ident_case v1.0.1
[INFO] [stderr]    Compiling num-traits v0.2.19
[INFO] [stderr]    Compiling serde_json v1.0.132
[INFO] [stderr]    Compiling rand_core v0.6.4
[INFO] [stderr]    Compiling unicode-segmentation v1.12.0
[INFO] [stderr]    Compiling dlv-list v0.3.0
[INFO] [stderr]    Compiling hashbrown v0.12.3
[INFO] [stderr]    Compiling mio v1.0.2
[INFO] [stderr]    Compiling signal-hook-registry v1.4.2
[INFO] [stderr]    Compiling unicode-xid v0.2.6
[INFO] [stderr]    Compiling crossbeam-epoch v0.9.18
[INFO] [stderr]    Compiling convert_case v0.6.0
[INFO] [stderr]    Compiling paste v1.0.15
[INFO] [stderr]    Compiling ordered-multimap v0.4.3
[INFO] [stderr]    Compiling minimal-lexical v0.2.1
[INFO] [stderr]    Compiling bytes v1.8.0
[INFO] [stderr]    Compiling linked-hash-map v0.5.6
[INFO] [stderr]    Compiling foldhash v0.1.3
[INFO] [stderr]    Compiling base64 v0.13.1
[INFO] [stderr]    Compiling bitflags v1.3.2
[INFO] [stderr]    Compiling yaml-rust v0.4.5
[INFO] [stderr]    Compiling rust-ini v0.18.0
[INFO] [stderr]    Compiling hashbrown v0.15.0
[INFO] [stderr]    Compiling nom v7.1.3
[INFO] [stderr]    Compiling crossbeam-deque v0.8.5
[INFO] [stderr]    Compiling crossbeam-channel v0.5.13
[INFO] [stderr]    Compiling crossbeam-queue v0.3.11
[INFO] [stderr]    Compiling futures-core v0.3.31
[INFO] [stderr]    Compiling pathdiff v0.2.2
[INFO] [stderr]    Compiling futures-sink v0.3.31
[INFO] [stderr]    Compiling iana-time-zone v0.1.61
[INFO] [stderr]    Compiling crossbeam v0.8.4
[INFO] [stderr]    Compiling lru v0.12.5
[INFO] [stderr]    Compiling http v1.1.0
[INFO] [stderr]    Compiling base64 v0.22.1
[INFO] [stderr]    Compiling darling_core v0.20.10
[INFO] [stderr]    Compiling zerocopy-derive v0.7.35
[INFO] [stderr]    Compiling serde_derive v1.0.214
[INFO] [stderr]    Compiling thiserror-impl v1.0.66
[INFO] [stderr]    Compiling tokio-macros v2.4.0
[INFO] [stderr]    Compiling tracing-attributes v0.1.27
[INFO] [stderr]    Compiling typed-builder-macro v0.20.0
[INFO] [stderr]    Compiling async-trait v0.1.83
[INFO] [stderr]    Compiling tokio v1.41.0
[INFO] [stderr]    Compiling zerocopy v0.7.35
[INFO] [stderr]    Compiling derive_more-impl v1.0.0
[INFO] [stderr]    Compiling thiserror v1.0.66
[INFO] [stderr]    Compiling pest v2.7.14
[INFO] [stderr]    Compiling typed-builder v0.20.0
[INFO] [stderr]    Compiling tracing v0.1.40
[INFO] [stderr]    Compiling ppv-lite86 v0.2.20
[INFO] [stderr]    Compiling tracing-subscriber v0.3.18
[INFO] [stderr]    Compiling darling_macro v0.20.10
[INFO] [stderr]    Compiling rand_chacha v0.3.1
[INFO] [stderr]    Compiling rand v0.8.5
[INFO] [stderr]    Compiling serde v1.0.214
[INFO] [stderr]    Compiling darling v0.20.10
[INFO] [stderr]    Compiling nanoid v0.4.0
[INFO] [stderr]    Compiling pest_meta v2.7.14
[INFO] [stderr]    Compiling tardis-macros v0.1.0-rc.17
[INFO] [stderr]    Compiling tokio-util v0.7.12
[INFO] [stderr]    Compiling pest_generator v2.7.14
[INFO] [stderr]    Compiling pest_derive v2.7.14
[INFO] [stderr]    Compiling derive_more v1.0.0
[INFO] [stderr]    Compiling ron v0.7.1
[INFO] [stderr]    Compiling toml v0.5.11
[INFO] [stderr]    Compiling json5 v0.4.1
[INFO] [stderr]    Compiling url v2.5.2
[INFO] [stderr]    Compiling chrono v0.4.38
[INFO] [stderr]    Compiling config v0.13.4
[INFO] [stderr]    Compiling tardis v0.1.0-rc.17 (/opt/rustwide/workdir)
[INFO] [stderr]     Finished `dev` profile [unoptimized + debuginfo] target(s) in 35.03s
[INFO] running `Command { std: "docker" "inspect" "c9af5aaeefc36735d7ce717fc4a6b74aeee306987ef7b6ea64af7f992582e1c7", kill_on_drop: false }`
[INFO] running `Command { std: "docker" "rm" "-f" "c9af5aaeefc36735d7ce717fc4a6b74aeee306987ef7b6ea64af7f992582e1c7", kill_on_drop: false }`
[INFO] [stdout] c9af5aaeefc36735d7ce717fc4a6b74aeee306987ef7b6ea64af7f992582e1c7
[INFO] running `Command { std: "docker" "create" "-v" "/var/lib/crater-agent-workspace/builds/worker-5-tc2/target:/opt/rustwide/target:rw,Z" "-v" "/var/lib/crater-agent-workspace/builds/worker-5-tc2/source:/opt/rustwide/workdir:ro,Z" "-v" "/var/lib/crater-agent-workspace/cargo-home:/opt/rustwide/cargo-home:ro,Z" "-v" "/var/lib/crater-agent-workspace/rustup-home:/opt/rustwide/rustup-home:ro,Z" "-e" "SOURCE_DIR=/opt/rustwide/workdir" "-e" "CARGO_TARGET_DIR=/opt/rustwide/target" "-e" "CARGO_INCREMENTAL=0" "-e" "RUST_BACKTRACE=full" "-e" "RUSTFLAGS=--cap-lints=forbid -Zrandomize-layout" "-e" "RUSTDOCFLAGS=--cap-lints=forbid" "-e" "CARGO_HOME=/opt/rustwide/cargo-home" "-e" "RUSTUP_HOME=/opt/rustwide/rustup-home" "-w" "/opt/rustwide/workdir" "-m" "1610612736" "--user" "0:0" "--network" "none" "ghcr.io/rust-lang/crates-build-env/linux@sha256:4a844ea9eb2546a2d2c7022eacef16ef2e8229c7fbb2c7d4d55a9ceca922f72d" "/opt/rustwide/cargo-home/bin/cargo" "+nightly-2024-10-28" "test" "--frozen" "--no-run" "--message-format=json", kill_on_drop: false }`
[INFO] [stdout] 8d573f40172954003d81dbe906836aad030dfaabcf66ac023590273124834eb1
[INFO] running `Command { std: "docker" "start" "-a" "8d573f40172954003d81dbe906836aad030dfaabcf66ac023590273124834eb1", kill_on_drop: false }`
[INFO] [stderr]    Compiling proc-macro2 v1.0.89
[INFO] [stderr]    Compiling unicode-ident v1.0.13
[INFO] [stderr]    Compiling serde v1.0.214
[INFO] [stderr]    Compiling either v1.13.0
[INFO] [stderr]    Compiling crossbeam-utils v0.8.20
[INFO] [stderr]    Compiling indexmap v2.6.0
[INFO] [stderr]    Compiling anyhow v1.0.92
[INFO] [stderr]    Compiling winnow v0.6.20
[INFO] [stderr]    Compiling rayon-core v1.12.1
[INFO] [stderr]    Compiling itertools v0.13.0
[INFO] [stderr]    Compiling prettyplease v0.2.25
[INFO] [stderr]    Compiling half v2.4.1
[INFO] [stderr]    Compiling anstyle v1.0.10
[INFO] [stderr]    Compiling plotters-backend v0.3.7
[INFO] [stderr]    Compiling ciborium-io v0.2.2
[INFO] [stderr]    Compiling quote v1.0.37
[INFO] [stderr]    Compiling target-triple v0.1.3
[INFO] [stderr]    Compiling syn v2.0.86
[INFO] [stderr]    Compiling crossbeam-epoch v0.9.18
[INFO] [stderr]    Compiling fixedbitset v0.4.2
[INFO] [stderr]    Compiling clap_lex v0.7.2
[INFO] [stderr]    Compiling crossbeam-deque v0.8.5
[INFO] [stderr]    Compiling vte_generate_state_changes v0.1.2
[INFO] [stderr]    Compiling petgraph v0.6.5
[INFO] [stderr]    Compiling clap_builder v4.5.20
[INFO] [stderr]    Compiling plotters-svg v0.3.7
[INFO] [stderr]    Compiling crossbeam-queue v0.3.11
[INFO] [stderr]    Compiling crossbeam-channel v0.5.13
[INFO] [stderr]    Compiling ciborium-ll v0.2.2
[INFO] [stderr]    Compiling itertools v0.10.5
[INFO] [stderr]    Compiling same-file v1.0.6
[INFO] [stderr]    Compiling multimap v0.10.0
[INFO] [stderr]    Compiling cast v0.3.0
[INFO] [stderr]    Compiling utf8parse v0.2.2
[INFO] [stderr]    Compiling heck v0.5.0
[INFO] [stderr]    Compiling rust_decimal v1.36.0
[INFO] [stderr]    Compiling vte v0.11.1
[INFO] [stderr]    Compiling walkdir v2.5.0
[INFO] [stderr]    Compiling crossbeam v0.8.4
[INFO] [stderr]    Compiling rayon v1.10.0
[INFO] [stderr]    Compiling plotters v0.3.7
[INFO] [stderr]    Compiling clap v4.5.20
[INFO] [stderr]    Compiling is-terminal v0.4.13
[INFO] [stderr]    Compiling criterion-plot v0.5.0
[INFO] [stderr]    Compiling arrayvec v0.7.6
[INFO] [stderr]    Compiling glob v0.3.1
[INFO] [stderr]    Compiling anes v0.1.6
[INFO] [stderr]    Compiling oorandom v11.1.4
[INFO] [stderr]    Compiling strip-ansi-escapes v0.2.0
[INFO] [stderr]    Compiling darling_core v0.20.10
[INFO] [stderr]    Compiling serde_derive v1.0.214
[INFO] [stderr]    Compiling zerocopy-derive v0.7.35
[INFO] [stderr]    Compiling thiserror-impl v1.0.66
[INFO] [stderr]    Compiling prost-derive v0.13.3
[INFO] [stderr]    Compiling tokio-macros v2.4.0
[INFO] [stderr]    Compiling tracing-attributes v0.1.27
[INFO] [stderr]    Compiling zerocopy v0.7.35
[INFO] [stderr]    Compiling tokio v1.41.0
[INFO] [stderr]    Compiling typed-builder-macro v0.20.0
[INFO] [stderr]    Compiling thiserror v1.0.66
[INFO] [stderr]    Compiling ppv-lite86 v0.2.20
[INFO] [stderr]    Compiling pest v2.7.14
[INFO] [stderr]    Compiling rand_chacha v0.3.1
[INFO] [stderr]    Compiling prost v0.13.3
[INFO] [stderr]    Compiling darling_macro v0.20.10
[INFO] [stderr]    Compiling rand v0.8.5
[INFO] [stderr]    Compiling darling v0.20.10
[INFO] [stderr]    Compiling prost-types v0.13.3
[INFO] [stderr]    Compiling tracing v0.1.40
[INFO] [stderr]    Compiling derive_more-impl v1.0.0
[INFO] [stderr]    Compiling pest_meta v2.7.14
[INFO] [stderr]    Compiling async-trait v0.1.83
[INFO] [stderr]    Compiling pest_generator v2.7.14
[INFO] [stderr]    Compiling nanoid v0.4.0
[INFO] [stderr]    Compiling tardis-macros v0.1.0-rc.17
[INFO] [stderr]    Compiling tokio-util v0.7.12
[INFO] [stderr]    Compiling prost-build v0.13.3
[INFO] [stderr]    Compiling typed-builder v0.20.0
[INFO] [stderr]    Compiling tracing-subscriber v0.3.18
[INFO] [stderr]    Compiling portpicker v0.1.1
[INFO] [stderr]    Compiling pest_derive v2.7.14
[INFO] [stderr]    Compiling derive_more v1.0.0
[INFO] [stderr]    Compiling toml_datetime v0.6.8
[INFO] [stderr]    Compiling serde_json v1.0.132
[INFO] [stderr]    Compiling serde_spanned v0.6.8
[INFO] [stderr]    Compiling ron v0.7.1
[INFO] [stderr]    Compiling json5 v0.4.1
[INFO] [stderr]    Compiling toml v0.5.11
[INFO] [stderr]    Compiling chrono v0.4.38
[INFO] [stderr]    Compiling ciborium v0.2.2
[INFO] [stderr]    Compiling url v2.5.2
[INFO] [stderr]    Compiling toml_edit v0.22.22
[INFO] [stderr]    Compiling config v0.13.4
[INFO] [stderr]    Compiling tinytemplate v1.2.1
[INFO] [stderr]    Compiling criterion v0.5.1
[INFO] [stderr]    Compiling tardis v0.1.0-rc.17 (/opt/rustwide/workdir)
[INFO] [stderr]    Compiling proc-macro-crate v3.2.0
[INFO] [stderr]    Compiling toml v0.8.19
[INFO] [stderr]    Compiling poem-grpc-build v0.5.0
[INFO] [stderr]    Compiling trybuild v1.0.101
[INFO] [stderr]     Finished `test` profile [unoptimized + debuginfo] target(s) in 1m 30s
[INFO] running `Command { std: "docker" "inspect" "8d573f40172954003d81dbe906836aad030dfaabcf66ac023590273124834eb1", kill_on_drop: false }`
[INFO] running `Command { std: "docker" "rm" "-f" "8d573f40172954003d81dbe906836aad030dfaabcf66ac023590273124834eb1", kill_on_drop: false }`
[INFO] [stdout] 8d573f40172954003d81dbe906836aad030dfaabcf66ac023590273124834eb1
[INFO] running `Command { std: "docker" "create" "-v" "/var/lib/crater-agent-workspace/builds/worker-5-tc2/target:/opt/rustwide/target:rw,Z" "-v" "/var/lib/crater-agent-workspace/builds/worker-5-tc2/source:/opt/rustwide/workdir:ro,Z" "-v" "/var/lib/crater-agent-workspace/cargo-home:/opt/rustwide/cargo-home:ro,Z" "-v" "/var/lib/crater-agent-workspace/rustup-home:/opt/rustwide/rustup-home:ro,Z" "-e" "SOURCE_DIR=/opt/rustwide/workdir" "-e" "CARGO_TARGET_DIR=/opt/rustwide/target" "-e" "CARGO_INCREMENTAL=0" "-e" "RUST_BACKTRACE=full" "-e" "RUSTFLAGS=--cap-lints=forbid -Zrandomize-layout" "-e" "RUSTDOCFLAGS=--cap-lints=forbid" "-e" "CARGO_HOME=/opt/rustwide/cargo-home" "-e" "RUSTUP_HOME=/opt/rustwide/rustup-home" "-w" "/opt/rustwide/workdir" "-m" "1610612736" "--user" "0:0" "--network" "none" "ghcr.io/rust-lang/crates-build-env/linux@sha256:4a844ea9eb2546a2d2c7022eacef16ef2e8229c7fbb2c7d4d55a9ceca922f72d" "/opt/rustwide/cargo-home/bin/cargo" "+nightly-2024-10-28" "test" "--frozen", kill_on_drop: false }`
[INFO] [stdout] fa86d8a2023379662b72841e47e8470a92565b79b8e23382e475b9bd980d4a54
[INFO] running `Command { std: "docker" "start" "-a" "fa86d8a2023379662b72841e47e8470a92565b79b8e23382e475b9bd980d4a54", kill_on_drop: false }`
[INFO] [stderr]     Finished `test` profile [unoptimized + debuginfo] target(s) in 0.54s
[INFO] [stderr]      Running unittests src/lib.rs (/opt/rustwide/target/debug/deps/tardis-3f6969a8d5901851)
[INFO] [stdout] 
[INFO] [stdout] running 1 test
[INFO] [stdout] test utils::tardis_static::test_tardis_static_macro ... ok
[INFO] [stdout] 
[INFO] [stdout] test result: ok. 1 passed; 0 failed; 0 ignored; 0 measured; 0 filtered out; finished in 0.01s
[INFO] [stdout] 
[INFO] [stderr]      Running tests/build_proto.rs (/opt/rustwide/target/debug/deps/build_proto-0278a5f3d8ff4e22)
[INFO] [stdout] 
[INFO] [stdout] running 0 tests
[INFO] [stdout] 
[INFO] [stdout] test result: ok. 0 passed; 0 failed; 0 ignored; 0 measured; 0 filtered out; finished in 0.00s
[INFO] [stdout] 
[INFO] [stderr]      Running tests/macros_test_all.rs (/opt/rustwide/target/debug/deps/macros_test_all-a5a325f8c25e45e7)
[INFO] [stdout] 
[INFO] [stdout] running 1 test
[INFO] [stderr]    Compiling proc-macro2 v1.0.89
[INFO] [stderr]    Compiling unicode-ident v1.0.13
[INFO] [stderr]    Compiling cfg-if v1.0.0
[INFO] [stderr]    Compiling libc v0.2.161
[INFO] [stderr]    Compiling once_cell v1.20.2
[INFO] [stderr]    Compiling memchr v2.7.4
[INFO] [stderr]    Compiling serde v1.0.214
[INFO] [stderr]    Compiling thiserror v1.0.66
[INFO] [stderr]    Compiling crossbeam-utils v0.8.20
[INFO] [stderr]    Compiling foldhash v0.1.3
[INFO] [stderr]    Compiling allocator-api2 v0.2.18
[INFO] [stderr]    Compiling equivalent v1.0.1
[INFO] [stderr]    Compiling bytes v1.8.0
[INFO] [stderr]    Compiling version_check v0.9.5
[INFO] [stderr]    Compiling autocfg v1.4.0
[INFO] [stderr]    Compiling quote v1.0.37
[INFO] [stderr]    Compiling getrandom v0.2.15
[INFO] [stderr]    Compiling hashbrown v0.15.0
[INFO] [stderr]    Compiling syn v2.0.86
[INFO] [stderr]    Compiling ahash v0.7.8
[INFO] [stderr]    Compiling aho-corasick v1.1.3
[INFO] [stderr]    Compiling anyhow v1.0.92
[INFO] [stderr]    Compiling num-traits v0.2.19
[INFO] [stderr]    Compiling ucd-trie v0.1.7
[INFO] [stderr]    Compiling byteorder v1.5.0
[INFO] [stderr]    Compiling regex-syntax v0.8.5
[INFO] [stderr]    Compiling either v1.13.0
[INFO] [stderr]    Compiling crossbeam-epoch v0.9.18
[INFO] [stderr]    Compiling itoa v1.0.11
[INFO] [stderr]    Compiling serde_json v1.0.132
[INFO] [stderr]    Compiling crossbeam-deque v0.8.5
[INFO] [stderr]    Compiling itertools v0.13.0
[INFO] [stderr]    Compiling rand_core v0.6.4
[INFO] [stderr]    Compiling indexmap v2.6.0
[INFO] [stderr]    Compiling ryu v1.0.18
[INFO] [stderr]    Compiling rustix v0.38.38
[INFO] [stderr]    Compiling fnv v1.0.7
[INFO] [stderr]    Compiling tinyvec_macros v0.1.1
[INFO] [stderr]    Compiling strsim v0.11.1
[INFO] [stderr]    Compiling ident_case v1.0.1
[INFO] [stderr]    Compiling pin-project-lite v0.2.15
[INFO] [stderr]    Compiling log v0.4.22
[INFO] [stderr]    Compiling tinyvec v1.8.0
[INFO] [stderr]    Compiling hashbrown v0.12.3
[INFO] [stderr]    Compiling tracing-core v0.1.32
[INFO] [stderr]    Compiling bitflags v2.6.0
[INFO] [stderr]    Compiling regex-automata v0.4.8
[INFO] [stderr]    Compiling lazy_static v1.5.0
[INFO] [stderr]    Compiling rayon-core v1.12.1
[INFO] [stderr]    Compiling linux-raw-sys v0.4.14
[INFO] [stderr]    Compiling regex-syntax v0.6.29
[INFO] [stderr]    Compiling unicode-segmentation v1.12.0
[INFO] [stderr]    Compiling prettyplease v0.2.25
[INFO] [stderr]    Compiling dlv-list v0.3.0
[INFO] [stderr]    Compiling convert_case v0.6.0
[INFO] [stderr]    Compiling unicode-normalization v0.1.24
[INFO] [stderr]    Compiling ordered-multimap v0.4.3
[INFO] [stderr]    Compiling mio v1.0.2
[INFO] [stderr]    Compiling darling_core v0.20.10
[INFO] [stderr]    Compiling signal-hook-registry v1.4.2
[INFO] [stderr]    Compiling half v2.4.1
[INFO] [stderr]    Compiling regex-automata v0.1.10
[INFO] [stderr]    Compiling percent-encoding v2.3.1
[INFO] [stderr]    Compiling plotters-backend v0.3.7
[INFO] [stderr]    Compiling regex v1.11.1
[INFO] [stderr]    Compiling overload v0.1.1
[INFO] [stderr]    Compiling fastrand v2.1.1
[INFO] [stderr]    Compiling toml_datetime v0.6.8
[INFO] [stderr]    Compiling ciborium-io v0.2.2
[INFO] [stderr]    Compiling base64 v0.13.1
[INFO] [stderr]    Compiling winnow v0.6.20
[INFO] [stderr]    Compiling unicode-xid v0.2.6
[INFO] [stderr]    Compiling linked-hash-map v0.5.6
[INFO] [stderr]    Compiling anstyle v1.0.10
[INFO] [stderr]    Compiling unicode-bidi v0.3.17
[INFO] [stderr]    Compiling fixedbitset v0.4.2
[INFO] [stderr]    Compiling bitflags v1.3.2
[INFO] [stderr]    Compiling paste v1.0.15
[INFO] [stderr]    Compiling minimal-lexical v0.2.1
[INFO] [stderr]    Compiling clap_lex v0.7.2
[INFO] [stderr]    Compiling nom v7.1.3
[INFO] [stderr]    Compiling clap_builder v4.5.20
[INFO] [stderr]    Compiling toml_edit v0.22.22
[INFO] [stderr]    Compiling idna v0.5.0
[INFO] [stderr]    Compiling zerocopy-derive v0.7.35
[INFO] [stderr]    Compiling serde_derive v1.0.214
[INFO] [stderr]    Compiling thiserror-impl v1.0.66
[INFO] [stderr]    Compiling prost-derive v0.13.3
[INFO] [stderr]    Compiling zerocopy v0.7.35
[INFO] [stdout] test test_all has been running for over 60 seconds
[INFO] [stderr]    Compiling ppv-lite86 v0.2.20
[INFO] [stderr]    Compiling rand_chacha v0.3.1
[INFO] [stderr]    Compiling pest v2.7.14
[INFO] [stderr]    Compiling prost v0.13.3
[INFO] [stderr]    Compiling rand v0.8.5
[INFO] [stderr]    Compiling darling_macro v0.20.10
[INFO] [stderr]    Compiling tracing-attributes v0.1.27
[INFO] [stderr]    Compiling tokio-macros v2.4.0
[INFO] [stderr]    Compiling nanoid v0.4.0
[INFO] [stderr]    Compiling darling v0.20.10
[INFO] [stderr]    Compiling pest_meta v2.7.14
[INFO] [stderr]    Compiling prost-types v0.13.3
[INFO] [stderr]    Compiling derive_more-impl v1.0.0
[INFO] [stderr]    Compiling async-trait v0.1.83
[INFO] [stderr]    Compiling typed-builder-macro v0.20.0
[INFO] [stderr]    Compiling tokio v1.41.0
[INFO] [stderr]    Compiling pest_generator v2.7.14
[INFO] [stderr]    Compiling tracing v0.1.40
[INFO] [stderr]    Compiling petgraph v0.6.5
[INFO] [stderr]    Compiling yaml-rust v0.4.5
[INFO] [stderr]    Compiling ciborium-ll v0.2.2
[INFO] [stderr]    Compiling pest_derive v2.7.14
[INFO] [stderr]    Compiling tempfile v3.13.0
[INFO] [stderr]    Compiling nu-ansi-term v0.46.0
[INFO] [stderr]    Compiling matchers v0.1.0
[INFO] [stderr]    Compiling plotters-svg v0.3.7
[INFO] [stderr]    Compiling form_urlencoded v1.2.1
[INFO] [stderr]    Compiling rust-ini v0.18.0
[INFO] [stderr]    Compiling sharded-slab v0.1.7
[INFO] [stderr]    Compiling tracing-log v0.2.0
[INFO] [stderr]    Compiling itertools v0.10.5
[INFO] [stderr]    Compiling vte_generate_state_changes v0.1.2
[INFO] [stderr]    Compiling crossbeam-queue v0.3.11
[INFO] [stderr]    Compiling crossbeam-channel v0.5.13
[INFO] [stderr]    Compiling ron v0.7.1
[INFO] [stderr]    Compiling json5 v0.4.1
[INFO] [stderr]    Compiling toml v0.5.11
[INFO] [stderr]    Compiling thread_local v1.1.8
[INFO] [stderr]    Compiling iana-time-zone v0.1.61
[INFO] [stderr]    Compiling rust_decimal v1.36.0
[INFO] [stderr]    Compiling pathdiff v0.2.2
[INFO] [stderr]    Compiling utf8parse v0.2.2
[INFO] [stderr]    Compiling heck v0.5.0
[INFO] [stderr]    Compiling futures-sink v0.3.31
[INFO] [stderr]    Compiling multimap v0.10.0
[INFO] [stderr]    Compiling cast v0.3.0
[INFO] [stderr]    Compiling same-file v1.0.6
[INFO] [stderr]    Compiling smallvec v1.13.2
[INFO] [stderr]    Compiling futures-core v0.3.31
[INFO] [stderr]    Compiling prost-build v0.13.3
[INFO] [stderr]    Compiling http v1.1.0
[INFO] [stderr]    Compiling criterion-plot v0.5.0
[INFO] [stderr]    Compiling tokio-util v0.7.12
[INFO] [stderr]    Compiling walkdir v2.5.0
[INFO] [stderr]    Compiling tracing-subscriber v0.3.18
[INFO] [stderr]    Compiling vte v0.11.1
[INFO] [stderr]    Compiling config v0.13.4
[INFO] [stderr]    Compiling tinytemplate v1.2.1
[INFO] [stderr]    Compiling chrono v0.4.38
[INFO] [stderr]    Compiling crossbeam v0.8.4
[INFO] [stderr]    Compiling ciborium v0.2.2
[INFO] [stderr]    Compiling url v2.5.2
[INFO] [stderr]    Compiling rayon v1.10.0
[INFO] [stderr]    Compiling derive_more v1.0.0
[INFO] [stderr]    Compiling plotters v0.3.7
[INFO] [stderr]    Compiling typed-builder v0.20.0
[INFO] [stderr]    Compiling tardis-macros v0.1.0-rc.17
[INFO] [stderr]    Compiling proc-macro-crate v3.2.0
[INFO] [stderr]    Compiling clap v4.5.20
[INFO] [stderr]    Compiling lru v0.12.5
[INFO] [stderr]    Compiling is-terminal v0.4.13
[INFO] [stderr]    Compiling arrayvec v0.7.6
[INFO] [stderr]    Compiling anes v0.1.6
[INFO] [stderr]    Compiling oorandom v11.1.4
[INFO] [stderr]    Compiling hex v0.4.3
[INFO] [stderr]    Compiling base64 v0.22.1
[INFO] [stderr]    Compiling poem-grpc-build v0.5.0
[INFO] [stderr]    Compiling strip-ansi-escapes v0.2.0
[INFO] [stderr]    Compiling portpicker v0.1.1
[INFO] [stderr]    Compiling tardis v0.1.0-rc.17 (/opt/rustwide/workdir)
[INFO] [stderr]    Compiling criterion v0.5.1
[INFO] [stderr]    Compiling tardis-tests v0.0.0 (/opt/rustwide/target/tests/trybuild/tardis)
[INFO] [stderr]     Finished `dev` profile [unoptimized + debuginfo] target(s) in 2m 13s
[INFO] [stderr] 
[INFO] [stderr] 
[INFO] [stderr] test tests/macros_tests/pass_cases/auto_fill_ctx_test.rs ... error
[INFO] [stderr] ┈┈┈┈┈┈┈┈┈┈┈┈┈┈┈┈┈┈┈┈┈┈┈┈┈┈┈┈┈┈┈┈┈┈┈┈┈┈┈┈┈┈┈┈┈┈┈┈┈┈┈┈┈┈┈┈┈┈┈┈
[INFO] [stderr] error[E0433]: failed to resolve: could not find `db` in `tardis`
[INFO] [stderr]  --> tests/macros_tests/pass_cases/auto_fill_ctx_test.rs:2:13
[INFO] [stderr]   |
[INFO] [stderr] 2 | use tardis::db::reldb_client::TardisActiveModel;
[INFO] [stderr]   |             ^^ could not find `db` in `tardis`
[INFO] [stderr]   |
[INFO] [stderr] note: found an item that was configured out
[INFO] [stderr]  --> src/lib.rs
[INFO] [stderr]   |
[INFO] [stderr]   | pub mod db;
[INFO] [stderr]   |         ^^
[INFO] [stderr] note: the item is gated behind the `reldb-core` feature
[INFO] [stderr]  --> src/lib.rs
[INFO] [stderr]   |
[INFO] [stderr]   | #[cfg(feature = "reldb-core")]
[INFO] [stderr]   |       ^^^^^^^^^^^^^^^^^^^^^^
[INFO] [stderr] 
[INFO] [stderr] error[E0433]: failed to resolve: could not find `db` in `tardis`
[INFO] [stderr]  --> tests/macros_tests/pass_cases/auto_fill_ctx_test.rs:4:13
[INFO] [stderr]   |
[INFO] [stderr] 4 | use tardis::db::sea_orm::*;
[INFO] [stderr]   |             ^^ could not find `db` in `tardis`
[INFO] [stderr]   |
[INFO] [stderr] note: found an item that was configured out
[INFO] [stderr]  --> src/lib.rs
[INFO] [stderr]   |
[INFO] [stderr]   | pub mod db;
[INFO] [stderr]   |         ^^
[INFO] [stderr] note: the item is gated behind the `reldb-core` feature
[INFO] [stderr]  --> src/lib.rs
[INFO] [stderr]   |
[INFO] [stderr]   | #[cfg(feature = "reldb-core")]
[INFO] [stderr]   |       ^^^^^^^^^^^^^^^^^^^^^^
[INFO] [stderr] 
[INFO] [stderr] error[E0432]: unresolved import `tardis::db`
[INFO] [stderr]  --> tests/macros_tests/pass_cases/auto_fill_ctx_test.rs:3:13
[INFO] [stderr]   |
[INFO] [stderr] 3 | use tardis::db::sea_orm;
[INFO] [stderr]   |             ^^ could not find `db` in `tardis`
[INFO] [stderr]   |
[INFO] [stderr] note: found an item that was configured out
[INFO] [stderr]  --> src/lib.rs
[INFO] [stderr]   |
[INFO] [stderr]   | pub mod db;
[INFO] [stderr]   |         ^^
[INFO] [stderr] note: the item is gated behind the `reldb-core` feature
[INFO] [stderr]  --> src/lib.rs
[INFO] [stderr]   |
[INFO] [stderr]   | #[cfg(feature = "reldb-core")]
[INFO] [stderr]   |       ^^^^^^^^^^^^^^^^^^^^^^
[INFO] [stderr] 
[INFO] [stderr] error[E0432]: unresolved imports `tardis::TardisCreateEntity`, `tardis::TardisEmptyBehavior`, `tardis::TardisEmptyRelation`
[INFO] [stderr]  --> tests/macros_tests/pass_cases/auto_fill_ctx_test.rs:5:14
[INFO] [stderr]   |
[INFO] [stderr] 5 | use tardis::{TardisCreateEntity, TardisEmptyBehavior, TardisEmptyRelation};
[INFO] [stderr]   |              ^^^^^^^^^^^^^^^^^^  ^^^^^^^^^^^^^^^^^^^  ^^^^^^^^^^^^^^^^^^^ no `TardisEmptyRelation` in the root
[INFO] [stderr]   |              |                   |
[INFO] [stderr]   |              |                   no `TardisEmptyBehavior` in the root
[INFO] [stderr]   |              no `TardisCreateEntity` in the root
[INFO] [stderr]   |
[INFO] [stderr] note: found an item that was configured out
[INFO] [stderr]  --> src/lib.rs
[INFO] [stderr]   |
[INFO] [stderr]   | pub use tardis_macros::{TardisCreateEntity, TardisCreateIndex, TardisCreateTable, TardisEmptyBehavior, TardisEmptyRelation};
[INFO] [stderr]   |                         ^^^^^^^^^^^^^^^^^^
[INFO] [stderr] note: the item is gated here
[INFO] [stderr]  --> src/lib.rs
[INFO] [stderr]   |
[INFO] [stderr]   | #[cfg(any(feature = "reldb-postgres", feature = "reldb-mysql", feature = "reldb-sqlite"))]
[INFO] [stderr]   | ^^^^^^^^^^^^^^^^^^^^^^^^^^^^^^^^^^^^^^^^^^^^^^^^^^^^^^^^^^^^^^^^^^^^^^^^^^^^^^^^^^^^^^^^^^
[INFO] [stderr] note: found an item that was configured out
[INFO] [stderr]  --> src/lib.rs
[INFO] [stderr]   |
[INFO] [stderr]   | pub use tardis_macros::{TardisCreateEntity, TardisCreateIndex, TardisCreateTable, TardisEmptyBehavior, TardisEmptyRelation};
[INFO] [stderr]   |                                                                                   ^^^^^^^^^^^^^^^^^^^
[INFO] [stderr] note: the item is gated here
[INFO] [stderr]  --> src/lib.rs
[INFO] [stderr]   |
[INFO] [stderr]   | #[cfg(any(feature = "reldb-postgres", feature = "reldb-mysql", feature = "reldb-sqlite"))]
[INFO] [stderr]   | ^^^^^^^^^^^^^^^^^^^^^^^^^^^^^^^^^^^^^^^^^^^^^^^^^^^^^^^^^^^^^^^^^^^^^^^^^^^^^^^^^^^^^^^^^^
[INFO] [stderr] note: found an item that was configured out
[INFO] [stderr]  --> src/lib.rs
[INFO] [stderr]   |
[INFO] [stderr]   | pub use tardis_macros::{TardisCreateEntity, TardisCreateIndex, TardisCreateTable, TardisEmptyBehavior, TardisEmptyRelation};
[INFO] [stderr]   |                                                                                                        ^^^^^^^^^^^^^^^^^^^
[INFO] [stderr] note: the item is gated here
[INFO] [stderr]  --> src/lib.rs
[INFO] [stderr]   |
[INFO] [stderr]   | #[cfg(any(feature = "reldb-postgres", feature = "reldb-mysql", feature = "reldb-sqlite"))]
[INFO] [stderr]   | ^^^^^^^^^^^^^^^^^^^^^^^^^^^^^^^^^^^^^^^^^^^^^^^^^^^^^^^^^^^^^^^^^^^^^^^^^^^^^^^^^^^^^^^^^^
[INFO] [stderr] 
[INFO] [stderr] error: cannot find derive macro `DeriveEntityModel` in this scope
[INFO] [stderr]  --> tests/macros_tests/pass_cases/auto_fill_ctx_test.rs:7:35
[INFO] [stderr]   |
[INFO] [stderr] 7 | #[derive(Clone, Debug, PartialEq, DeriveEntityModel, TardisCreateEntity, TardisEmptyBehavior, TardisEmptyRelation)]
[INFO] [stderr]   |                                   ^^^^^^^^^^^^^^^^^
[INFO] [stderr] 
[INFO] [stderr] error: cannot find attribute `fill_ctx` in this scope
[INFO] [stderr]   --> tests/macros_tests/pass_cases/auto_fill_ctx_test.rs:12:7
[INFO] [stderr]    |
[INFO] [stderr] 12 |     #[fill_ctx(fill = "own_paths")]
[INFO] [stderr]    |       ^^^^^^^^
[INFO] [stderr] 
[INFO] [stderr] error[E0422]: cannot find struct, variant or union type `ActiveModel` in this scope
[INFO] [stderr]   --> tests/macros_tests/pass_cases/auto_fill_ctx_test.rs:19:27
[INFO] [stderr]    |
[INFO] [stderr] 19 |     let mut tests_model = ActiveModel {
[INFO] [stderr]    |                           ^^^^^^^^^^^ not found in this scope
[INFO] [stderr] 
[INFO] [stderr] error[E0433]: failed to resolve: use of undeclared type `ActiveModel`
[INFO] [stderr]   --> tests/macros_tests/pass_cases/auto_fill_ctx_test.rs:18:34
[INFO] [stderr]    |
[INFO] [stderr] 18 |     let create_table_statement = ActiveModel::create_table_statement(DbBackend::Postgres);
[INFO] [stderr]    |                                  ^^^^^^^^^^^ use of undeclared type `ActiveModel`
[INFO] [stderr] 
[INFO] [stderr] error[E0433]: failed to resolve: use of undeclared type `DbBackend`
[INFO] [stderr]   --> tests/macros_tests/pass_cases/auto_fill_ctx_test.rs:18:70
[INFO] [stderr]    |
[INFO] [stderr] 18 |     let create_table_statement = ActiveModel::create_table_statement(DbBackend::Postgres);
[INFO] [stderr]    |                                                                      ^^^^^^^^^ use of undeclared type `DbBackend`
[INFO] [stderr] 
[INFO] [stderr] error[E0425]: cannot find function, tuple struct or tuple variant `Set` in this scope
[INFO] [stderr]   --> tests/macros_tests/pass_cases/auto_fill_ctx_test.rs:20:13
[INFO] [stderr]    |
[INFO] [stderr] 20 |         id: Set(String::new()),
[INFO] [stderr]    |             ^^^ not found in this scope
[INFO] [stderr] 
[INFO] [stderr] error[E0425]: cannot find function, tuple struct or tuple variant `Set` in this scope
[INFO] [stderr]   --> tests/macros_tests/pass_cases/auto_fill_ctx_test.rs:32:43
[INFO] [stderr]    |
[INFO] [stderr] 32 |     assert_eq!(tests_model.auto_fill_ctx, Set("own_paths".to_string()));
[INFO] [stderr]    |                                           ^^^ not found in this scope
[INFO] [stderr] ┈┈┈┈┈┈┈┈┈┈┈┈┈┈┈┈┈┈┈┈┈┈┈┈┈┈┈┈┈┈┈┈┈┈┈┈┈┈┈┈┈┈┈┈┈┈┈┈┈┈┈┈┈┈┈┈┈┈┈┈
[INFO] [stderr] 
[INFO] [stderr] test tests/macros_tests/pass_cases/common_type_test.rs ... error
[INFO] [stderr] ┈┈┈┈┈┈┈┈┈┈┈┈┈┈┈┈┈┈┈┈┈┈┈┈┈┈┈┈┈┈┈┈┈┈┈┈┈┈┈┈┈┈┈┈┈┈┈┈┈┈┈┈┈┈┈┈┈┈┈┈
[INFO] [stderr] error[E0433]: failed to resolve: could not find `db` in `tardis`
[INFO] [stderr]  --> tests/macros_tests/pass_cases/common_type_test.rs:3:13
[INFO] [stderr]   |
[INFO] [stderr] 3 | use tardis::db::reldb_client::TardisActiveModel;
[INFO] [stderr]   |             ^^ could not find `db` in `tardis`
[INFO] [stderr]   |
[INFO] [stderr] note: found an item that was configured out
[INFO] [stderr]  --> src/lib.rs
[INFO] [stderr]   |
[INFO] [stderr]   | pub mod db;
[INFO] [stderr]   |         ^^
[INFO] [stderr] note: the item is gated behind the `reldb-core` feature
[INFO] [stderr]  --> src/lib.rs
[INFO] [stderr]   |
[INFO] [stderr]   | #[cfg(feature = "reldb-core")]
[INFO] [stderr]   |       ^^^^^^^^^^^^^^^^^^^^^^
[INFO] [stderr] 
[INFO] [stderr] error[E0433]: failed to resolve: could not find `db` in `tardis`
[INFO] [stderr]  --> tests/macros_tests/pass_cases/common_type_test.rs:5:13
[INFO] [stderr]   |
[INFO] [stderr] 5 | use tardis::db::sea_orm::sea_query::IndexCreateStatement;
[INFO] [stderr]   |             ^^ could not find `db` in `tardis`
[INFO] [stderr]   |
[INFO] [stderr] note: found an item that was configured out
[INFO] [stderr]  --> src/lib.rs
[INFO] [stderr]   |
[INFO] [stderr]   | pub mod db;
[INFO] [stderr]   |         ^^
[INFO] [stderr] note: the item is gated behind the `reldb-core` feature
[INFO] [stderr]  --> src/lib.rs
[INFO] [stderr]   |
[INFO] [stderr]   | #[cfg(feature = "reldb-core")]
[INFO] [stderr]   |       ^^^^^^^^^^^^^^^^^^^^^^
[INFO] [stderr] 
[INFO] [stderr] error[E0433]: failed to resolve: could not find `db` in `tardis`
[INFO] [stderr]  --> tests/macros_tests/pass_cases/common_type_test.rs:6:13
[INFO] [stderr]   |
[INFO] [stderr] 6 | use tardis::db::sea_orm::sea_query::StringLen;
[INFO] [stderr]   |             ^^ could not find `db` in `tardis`
[INFO] [stderr]   |
[INFO] [stderr] note: found an item that was configured out
[INFO] [stderr]  --> src/lib.rs
[INFO] [stderr]   |
[INFO] [stderr]   | pub mod db;
[INFO] [stderr]   |         ^^
[INFO] [stderr] note: the item is gated behind the `reldb-core` feature
[INFO] [stderr]  --> src/lib.rs
[INFO] [stderr]   |
[INFO] [stderr]   | #[cfg(feature = "reldb-core")]
[INFO] [stderr]   |       ^^^^^^^^^^^^^^^^^^^^^^
[INFO] [stderr] 
[INFO] [stderr] error[E0433]: failed to resolve: could not find `db` in `tardis`
[INFO] [stderr]  --> tests/macros_tests/pass_cases/common_type_test.rs:7:13
[INFO] [stderr]   |
[INFO] [stderr] 7 | use tardis::db::sea_orm::*;
[INFO] [stderr]   |             ^^ could not find `db` in `tardis`
[INFO] [stderr]   |
[INFO] [stderr] note: found an item that was configured out
[INFO] [stderr]  --> src/lib.rs
[INFO] [stderr]   |
[INFO] [stderr]   | pub mod db;
[INFO] [stderr]   |         ^^
[INFO] [stderr] note: the item is gated behind the `reldb-core` feature
[INFO] [stderr]  --> src/lib.rs
[INFO] [stderr]   |
[INFO] [stderr]   | #[cfg(feature = "reldb-core")]
[INFO] [stderr]   |       ^^^^^^^^^^^^^^^^^^^^^^
[INFO] [stderr] 
[INFO] [stderr] error[E0432]: unresolved import `tardis::db`
[INFO] [stderr]  --> tests/macros_tests/pass_cases/common_type_test.rs:4:13
[INFO] [stderr]   |
[INFO] [stderr] 4 | use tardis::db::sea_orm;
[INFO] [stderr]   |             ^^ could not find `db` in `tardis`
[INFO] [stderr]   |
[INFO] [stderr] note: found an item that was configured out
[INFO] [stderr]  --> src/lib.rs
[INFO] [stderr]   |
[INFO] [stderr]   | pub mod db;
[INFO] [stderr]   |         ^^
[INFO] [stderr] note: the item is gated behind the `reldb-core` feature
[INFO] [stderr]  --> src/lib.rs
[INFO] [stderr]   |
[INFO] [stderr]   | #[cfg(feature = "reldb-core")]
[INFO] [stderr]   |       ^^^^^^^^^^^^^^^^^^^^^^
[INFO] [stderr] 
[INFO] [stderr] error[E0432]: unresolved imports `tardis::TardisCreateEntity`, `tardis::TardisEmptyBehavior`, `tardis::TardisEmptyRelation`
[INFO] [stderr]  --> tests/macros_tests/pass_cases/common_type_test.rs:9:22
[INFO] [stderr]   |
[INFO] [stderr] 9 | use tardis::{chrono, TardisCreateEntity, TardisEmptyBehavior, TardisEmptyRelation};
[INFO] [stderr]   |                      ^^^^^^^^^^^^^^^^^^  ^^^^^^^^^^^^^^^^^^^  ^^^^^^^^^^^^^^^^^^^ no `TardisEmptyRelation` in the root
[INFO] [stderr]   |                      |                   |
[INFO] [stderr]   |                      |                   no `TardisEmptyBehavior` in the root
[INFO] [stderr]   |                      no `TardisCreateEntity` in the root
[INFO] [stderr]   |
[INFO] [stderr] note: found an item that was configured out
[INFO] [stderr]  --> src/lib.rs
[INFO] [stderr]   |
[INFO] [stderr]   | pub use tardis_macros::{TardisCreateEntity, TardisCreateIndex, TardisCreateTable, TardisEmptyBehavior, TardisEmptyRelation};
[INFO] [stderr]   |                         ^^^^^^^^^^^^^^^^^^
[INFO] [stderr] note: the item is gated here
[INFO] [stderr]  --> src/lib.rs
[INFO] [stderr]   |
[INFO] [stderr]   | #[cfg(any(feature = "reldb-postgres", feature = "reldb-mysql", feature = "reldb-sqlite"))]
[INFO] [stderr]   | ^^^^^^^^^^^^^^^^^^^^^^^^^^^^^^^^^^^^^^^^^^^^^^^^^^^^^^^^^^^^^^^^^^^^^^^^^^^^^^^^^^^^^^^^^^
[INFO] [stderr] note: found an item that was configured out
[INFO] [stderr]  --> src/lib.rs
[INFO] [stderr]   |
[INFO] [stderr]   | pub use tardis_macros::{TardisCreateEntity, TardisCreateIndex, TardisCreateTable, TardisEmptyBehavior, TardisEmptyRelation};
[INFO] [stderr]   |                                                                                   ^^^^^^^^^^^^^^^^^^^
[INFO] [stderr] note: the item is gated here
[INFO] [stderr]  --> src/lib.rs
[INFO] [stderr]   |
[INFO] [stderr]   | #[cfg(any(feature = "reldb-postgres", feature = "reldb-mysql", feature = "reldb-sqlite"))]
[INFO] [stderr]   | ^^^^^^^^^^^^^^^^^^^^^^^^^^^^^^^^^^^^^^^^^^^^^^^^^^^^^^^^^^^^^^^^^^^^^^^^^^^^^^^^^^^^^^^^^^
[INFO] [stderr] note: found an item that was configured out
[INFO] [stderr]  --> src/lib.rs
[INFO] [stderr]   |
[INFO] [stderr]   | pub use tardis_macros::{TardisCreateEntity, TardisCreateIndex, TardisCreateTable, TardisEmptyBehavior, TardisEmptyRelation};
[INFO] [stderr]   |                                                                                                        ^^^^^^^^^^^^^^^^^^^
[INFO] [stderr] note: the item is gated here
[INFO] [stderr]  --> src/lib.rs
[INFO] [stderr]   |
[INFO] [stderr]   | #[cfg(any(feature = "reldb-postgres", feature = "reldb-mysql", feature = "reldb-sqlite"))]
[INFO] [stderr]   | ^^^^^^^^^^^^^^^^^^^^^^^^^^^^^^^^^^^^^^^^^^^^^^^^^^^^^^^^^^^^^^^^^^^^^^^^^^^^^^^^^^^^^^^^^^
[INFO] [stderr] 
[INFO] [stderr] error: cannot find derive macro `DeriveEntityModel` in this scope
[INFO] [stderr]   --> tests/macros_tests/pass_cases/common_type_test.rs:11:35
[INFO] [stderr]    |
[INFO] [stderr] 11 | #[derive(Clone, Debug, PartialEq, DeriveEntityModel, TardisCreateEntity, TardisEmptyBehavior, TardisEmptyRelation)]
[INFO] [stderr]    |                                   ^^^^^^^^^^^^^^^^^
[INFO] [stderr] 
[INFO] [stderr] error: cannot find attribute `index` in this scope
[INFO] [stderr]   --> tests/macros_tests/pass_cases/common_type_test.rs:21:7
[INFO] [stderr]    |
[INFO] [stderr] 21 |     #[index(index_id = "index_id_2")]
[INFO] [stderr]    |       ^^^^^
[INFO] [stderr] 
[INFO] [stderr] error: cannot find attribute `index` in this scope
[INFO] [stderr]   --> tests/macros_tests/pass_cases/common_type_test.rs:23:7
[INFO] [stderr]    |
[INFO] [stderr] 23 |     #[index(unique, name = "index_1")]
[INFO] [stderr]    |       ^^^^^
[INFO] [stderr] 
[INFO] [stderr] error: cannot find attribute `tardis_entity` in this scope
[INFO] [stderr]   --> tests/macros_tests/pass_cases/common_type_test.rs:28:7
[INFO] [stderr]    |
[INFO] [stderr] 28 |     #[tardis_entity(custom_len = "50")]
[INFO] [stderr]    |       ^^^^^^^^^^^^^
[INFO] [stderr] 
[INFO] [stderr] error: cannot find attribute `index` in this scope
[INFO] [stderr]   --> tests/macros_tests/pass_cases/common_type_test.rs:30:7
[INFO] [stderr]    |
[INFO] [stderr] 30 |     #[index]
[INFO] [stderr]    |       ^^^^^
[INFO] [stderr] 
[INFO] [stderr] error: cannot find attribute `index` in this scope
[INFO] [stderr]   --> tests/macros_tests/pass_cases/common_type_test.rs:32:7
[INFO] [stderr]    |
[INFO] [stderr] 32 |     #[index(full_text, index_id = "index_id_3")]
[INFO] [stderr]    |       ^^^^^
[INFO] [stderr] 
[INFO] [stderr] error: cannot find attribute `tardis_entity` in this scope
[INFO] [stderr]   --> tests/macros_tests/pass_cases/common_type_test.rs:34:7
[INFO] [stderr]    |
[INFO] [stderr] 34 |     #[tardis_entity(custom_type = "char", custom_len = "50")]
[INFO] [stderr]    |       ^^^^^^^^^^^^^
[INFO] [stderr] 
[INFO] [stderr] error: cannot find attribute `tardis_entity` in this scope
[INFO] [stderr]   --> tests/macros_tests/pass_cases/common_type_test.rs:36:7
[INFO] [stderr]    |
[INFO] [stderr] 36 |     #[tardis_entity(custom_type = "bit", custom_len = "1")]
[INFO] [stderr]    |       ^^^^^^^^^^^^^
[INFO] [stderr] 
[INFO] [stderr] error: cannot find attribute `tardis_entity` in this scope
[INFO] [stderr]   --> tests/macros_tests/pass_cases/common_type_test.rs:38:7
[INFO] [stderr]    |
[INFO] [stderr] 38 |     #[tardis_entity(custom_type = "text")]
[INFO] [stderr]    |       ^^^^^^^^^^^^^
[INFO] [stderr] 
[INFO] [stderr] error: cannot find attribute `tardis_entity` in this scope
[INFO] [stderr]   --> tests/macros_tests/pass_cases/common_type_test.rs:43:7
[INFO] [stderr]    |
[INFO] [stderr] 43 |     #[tardis_entity(custom_type = "array.string(50)", custom_len = "1")]
[INFO] [stderr]    |       ^^^^^^^^^^^^^
[INFO] [stderr] 
[INFO] [stderr] error: cannot find attribute `tardis_entity` in this scope
[INFO] [stderr]   --> tests/macros_tests/pass_cases/common_type_test.rs:49:7
[INFO] [stderr]    |
[INFO] [stderr] 49 |     #[tardis_entity(custom_len = "50")]
[INFO] [stderr]    |       ^^^^^^^^^^^^^
[INFO] [stderr] 
[INFO] [stderr] error: cannot find attribute `index` in this scope
[INFO] [stderr]   --> tests/macros_tests/pass_cases/common_type_test.rs:56:7
[INFO] [stderr]    |
[INFO] [stderr] 56 |     #[index(index_id = "index_id_2", index_type = "Custom(GiST)", full_text)]
[INFO] [stderr]    |       ^^^^^
[INFO] [stderr] 
[INFO] [stderr] error: cannot find attribute `fill_ctx` in this scope
[INFO] [stderr]   --> tests/macros_tests/pass_cases/common_type_test.rs:57:7
[INFO] [stderr]    |
[INFO] [stderr] 57 |     #[fill_ctx(fill = "own_paths")]
[INFO] [stderr]    |       ^^^^^^^^
[INFO] [stderr] 
[INFO] [stderr] error[E0405]: cannot find trait `Iden` in this scope
[INFO] [stderr]   --> tests/macros_tests/pass_cases/common_type_test.rs:63:6
[INFO] [stderr]    |
[INFO] [stderr] 63 | impl Iden for GiST {
[INFO] [stderr]    |      ^^^^ not found in this scope
[INFO] [stderr] 
[INFO] [stderr] warning: unused import: `self`
[INFO] [stderr]  --> tests/macros_tests/pass_cases/common_type_test.rs:8:26
[INFO] [stderr]   |
[INFO] [stderr] 8 | use tardis::serde_json::{self, Value};
[INFO] [stderr]   |                          ^^^^
[INFO] [stderr]   |
[INFO] [stderr]   = note: `#[warn(unused_imports)]` on by default
[INFO] [stderr] 
[INFO] [stderr] error[E0433]: failed to resolve: use of undeclared type `ActiveModel`
[INFO] [stderr]   --> tests/macros_tests/pass_cases/common_type_test.rs:78:34
[INFO] [stderr]    |
[INFO] [stderr] 78 |     let create_table_statement = ActiveModel::create_table_statement(DbBackend::Postgres);
[INFO] [stderr]    |                                  ^^^^^^^^^^^ use of undeclared type `ActiveModel`
[INFO] [stderr] 
[INFO] [stderr] error[E0433]: failed to resolve: use of undeclared type `DbBackend`
[INFO] [stderr]   --> tests/macros_tests/pass_cases/common_type_test.rs:78:70
[INFO] [stderr]    |
[INFO] [stderr] 78 |     let create_table_statement = ActiveModel::create_table_statement(DbBackend::Postgres);
[INFO] [stderr]    |                                                                      ^^^^^^^^^ use of undeclared type `DbBackend`
[INFO] [stderr] 
[INFO] [stderr] error[E0433]: failed to resolve: use of undeclared type `ColumnType`
[INFO] [stderr]   --> tests/macros_tests/pass_cases/common_type_test.rs:86:122
[INFO] [stderr]    |
[INFO] [stderr] 86 | ...) == "id" && col.get_column_type() == Some(&ColumnType::String(StringLen::None))).collect();
[INFO] [stderr]    |                                                ^^^^^^^^^^ use of undeclared type `ColumnType`
[INFO] [stderr] 
[INFO] [stderr] error[E0433]: failed to resolve: use of undeclared type `ColumnType`
[INFO] [stderr]   --> tests/macros_tests/pass_cases/common_type_test.rs:88:127
[INFO] [stderr]    |
[INFO] [stderr] 88 | ..."number8" && col.get_column_type() == Some(&ColumnType::TinyInteger)).collect();
[INFO] [stderr]    |                                                ^^^^^^^^^^ use of undeclared type `ColumnType`
[INFO] [stderr] 
[INFO] [stderr] error[E0433]: failed to resolve: use of undeclared type `ColumnType`
[INFO] [stderr]   --> tests/macros_tests/pass_cases/common_type_test.rs:91:115
[INFO] [stderr]    |
[INFO] [stderr] 91 | ...r_binary" && col.get_column_type() == Some(&ColumnType::VarBinary(StringLen::None))).collect();
[INFO] [stderr]    |                                                ^^^^^^^^^^ use of undeclared type `ColumnType`
[INFO] [stderr] 
[INFO] [stderr] error[E0433]: failed to resolve: use of undeclared type `ColumnType`
[INFO] [stderr]   --> tests/macros_tests/pass_cases/common_type_test.rs:94:125
[INFO] [stderr]    |
[INFO] [stderr] 94 | ...r_binary" && col.get_column_type() == Some(&ColumnType::VarBinary(StringLen::N(50)))).collect();
[INFO] [stderr]    |                                                ^^^^^^^^^^ use of undeclared type `ColumnType`
[INFO] [stderr] 
[INFO] [stderr] error[E0433]: failed to resolve: use of undeclared type `ColumnType`
[INFO] [stderr]   --> tests/macros_tests/pass_cases/common_type_test.rs:99:97
[INFO] [stderr]    |
[INFO] [stderr] 99 | ...y_string" && col.get_column_type() == Some(&ColumnType::Array(std::sync::Arc::new(ColumnType::String(StringLen::N(50)))))
[INFO] [stderr]    |                                                ^^^^^^^^^^ use of undeclared type `ColumnType`
[INFO] [stderr] 
[INFO] [stderr] error[E0433]: failed to resolve: use of undeclared type `ColumnType`
[INFO] [stderr]   --> tests/macros_tests/pass_cases/common_type_test.rs:99:135
[INFO] [stderr]    |
[INFO] [stderr] 99 | ...Some(&ColumnType::Array(std::sync::Arc::new(ColumnType::String(StringLen::N(50)))))
[INFO] [stderr]    |                                                ^^^^^^^^^^ use of undeclared type `ColumnType`
[INFO] [stderr] 
[INFO] [stderr] error[E0433]: failed to resolve: use of undeclared type `ColumnType`
[INFO] [stderr]    --> tests/macros_tests/pass_cases/common_type_test.rs:105:96
[INFO] [stderr]     |
[INFO] [stderr] 105 | ...vec_text" && col.get_column_type() == Some(&ColumnType::Array(std::sync::Arc::new(ColumnType::String(StringLen::None)))))
[INFO] [stderr]     |                                                ^^^^^^^^^^ use of undeclared type `ColumnType`
[INFO] [stderr] 
[INFO] [stderr] error[E0433]: failed to resolve: use of undeclared type `ColumnType`
[INFO] [stderr]    --> tests/macros_tests/pass_cases/common_type_test.rs:105:134
[INFO] [stderr]     |
[INFO] [stderr] 105 | ...Some(&ColumnType::Array(std::sync::Arc::new(ColumnType::String(StringLen::None)))))
[INFO] [stderr]     |                                                ^^^^^^^^^^ use of undeclared type `ColumnType`
[INFO] [stderr] 
[INFO] [stderr] error[E0433]: failed to resolve: use of undeclared type `ColumnType`
[INFO] [stderr]    --> tests/macros_tests/pass_cases/common_type_test.rs:110:103
[INFO] [stderr]     |
[INFO] [stderr] 110 | ...vec_text" && col.get_column_type() == Some(&ColumnType::Array(std::sync::Arc::new(ColumnType::String(StringLen::N(50))))))
[INFO] [stderr]     |                                                ^^^^^^^^^^ use of undeclared type `ColumnType`
[INFO] [stderr] 
[INFO] [stderr] error[E0433]: failed to resolve: use of undeclared type `ColumnType`
[INFO] [stderr]    --> tests/macros_tests/pass_cases/common_type_test.rs:110:141
[INFO] [stderr]     |
[INFO] [stderr] 110 | ...Some(&ColumnType::Array(std::sync::Arc::new(ColumnType::String(StringLen::N(50))))))
[INFO] [stderr]     |                                                ^^^^^^^^^^ use of undeclared type `ColumnType`
[INFO] [stderr] 
[INFO] [stderr] error[E0433]: failed to resolve: use of undeclared type `ActiveModel`
[INFO] [stderr]    --> tests/macros_tests/pass_cases/common_type_test.rs:114:53
[INFO] [stderr]     |
[INFO] [stderr] 114 |     let create_indexes: Vec<IndexCreateStatement> = ActiveModel::create_index_statement();
[INFO] [stderr]     |                                                     ^^^^^^^^^^^ use of undeclared type `ActiveModel`
[INFO] [stderr] ┈┈┈┈┈┈┈┈┈┈┈┈┈┈┈┈┈┈┈┈┈┈┈┈┈┈┈┈┈┈┈┈┈┈┈┈┈┈┈┈┈┈┈┈┈┈┈┈┈┈┈┈┈┈┈┈┈┈┈┈
[INFO] [stderr] 
[INFO] [stderr] test tests/macros_tests/pass_cases/date_type_test.rs ... error
[INFO] [stderr] ┈┈┈┈┈┈┈┈┈┈┈┈┈┈┈┈┈┈┈┈┈┈┈┈┈┈┈┈┈┈┈┈┈┈┈┈┈┈┈┈┈┈┈┈┈┈┈┈┈┈┈┈┈┈┈┈┈┈┈┈
[INFO] [stderr] error[E0433]: failed to resolve: could not find `db` in `tardis`
[INFO] [stderr]  --> tests/macros_tests/pass_cases/date_type_test.rs:2:13
[INFO] [stderr]   |
[INFO] [stderr] 2 | use tardis::db::reldb_client::TardisActiveModel;
[INFO] [stderr]   |             ^^ could not find `db` in `tardis`
[INFO] [stderr]   |
[INFO] [stderr] note: found an item that was configured out
[INFO] [stderr]  --> src/lib.rs
[INFO] [stderr]   |
[INFO] [stderr]   | pub mod db;
[INFO] [stderr]   |         ^^
[INFO] [stderr] note: the item is gated behind the `reldb-core` feature
[INFO] [stderr]  --> src/lib.rs
[INFO] [stderr]   |
[INFO] [stderr]   | #[cfg(feature = "reldb-core")]
[INFO] [stderr]   |       ^^^^^^^^^^^^^^^^^^^^^^
[INFO] [stderr] 
[INFO] [stderr] error[E0433]: failed to resolve: could not find `db` in `tardis`
[INFO] [stderr]  --> tests/macros_tests/pass_cases/date_type_test.rs:4:13
[INFO] [stderr]   |
[INFO] [stderr] 4 | use tardis::db::sea_orm::*;
[INFO] [stderr]   |             ^^ could not find `db` in `tardis`
[INFO] [stderr]   |
[INFO] [stderr] note: found an item that was configured out
[INFO] [stderr]  --> src/lib.rs
[INFO] [stderr]   |
[INFO] [stderr]   | pub mod db;
[INFO] [stderr]   |         ^^
[INFO] [stderr] note: the item is gated behind the `reldb-core` feature
[INFO] [stderr]  --> src/lib.rs
[INFO] [stderr]   |
[INFO] [stderr]   | #[cfg(feature = "reldb-core")]
[INFO] [stderr]   |       ^^^^^^^^^^^^^^^^^^^^^^
[INFO] [stderr] 
[INFO] [stderr] error[E0432]: unresolved import `tardis::db`
[INFO] [stderr]  --> tests/macros_tests/pass_cases/date_type_test.rs:3:13
[INFO] [stderr]   |
[INFO] [stderr] 3 | use tardis::db::sea_orm;
[INFO] [stderr]   |             ^^ could not find `db` in `tardis`
[INFO] [stderr]   |
[INFO] [stderr] note: found an item that was configured out
[INFO] [stderr]  --> src/lib.rs
[INFO] [stderr]   |
[INFO] [stderr]   | pub mod db;
[INFO] [stderr]   |         ^^
[INFO] [stderr] note: the item is gated behind the `reldb-core` feature
[INFO] [stderr]  --> src/lib.rs
[INFO] [stderr]   |
[INFO] [stderr]   | #[cfg(feature = "reldb-core")]
[INFO] [stderr]   |       ^^^^^^^^^^^^^^^^^^^^^^
[INFO] [stderr] 
[INFO] [stderr] error[E0432]: unresolved imports `tardis::TardisCreateEntity`, `tardis::TardisEmptyBehavior`, `tardis::TardisEmptyRelation`
[INFO] [stderr]  --> tests/macros_tests/pass_cases/date_type_test.rs:5:22
[INFO] [stderr]   |
[INFO] [stderr] 5 | use tardis::{chrono, TardisCreateEntity, TardisEmptyBehavior, TardisEmptyRelation};
[INFO] [stderr]   |                      ^^^^^^^^^^^^^^^^^^  ^^^^^^^^^^^^^^^^^^^  ^^^^^^^^^^^^^^^^^^^ no `TardisEmptyRelation` in the root
[INFO] [stderr]   |                      |                   |
[INFO] [stderr]   |                      |                   no `TardisEmptyBehavior` in the root
[INFO] [stderr]   |                      no `TardisCreateEntity` in the root
[INFO] [stderr]   |
[INFO] [stderr] note: found an item that was configured out
[INFO] [stderr]  --> src/lib.rs
[INFO] [stderr]   |
[INFO] [stderr]   | pub use tardis_macros::{TardisCreateEntity, TardisCreateIndex, TardisCreateTable, TardisEmptyBehavior, TardisEmptyRelation};
[INFO] [stderr]   |                         ^^^^^^^^^^^^^^^^^^
[INFO] [stderr] note: the item is gated here
[INFO] [stderr]  --> src/lib.rs
[INFO] [stderr]   |
[INFO] [stderr]   | #[cfg(any(feature = "reldb-postgres", feature = "reldb-mysql", feature = "reldb-sqlite"))]
[INFO] [stderr]   | ^^^^^^^^^^^^^^^^^^^^^^^^^^^^^^^^^^^^^^^^^^^^^^^^^^^^^^^^^^^^^^^^^^^^^^^^^^^^^^^^^^^^^^^^^^
[INFO] [stderr] note: found an item that was configured out
[INFO] [stderr]  --> src/lib.rs
[INFO] [stderr]   |
[INFO] [stderr]   | pub use tardis_macros::{TardisCreateEntity, TardisCreateIndex, TardisCreateTable, TardisEmptyBehavior, TardisEmptyRelation};
[INFO] [stderr]   |                                                                                   ^^^^^^^^^^^^^^^^^^^
[INFO] [stderr] note: the item is gated here
[INFO] [stderr]  --> src/lib.rs
[INFO] [stderr]   |
[INFO] [stderr]   | #[cfg(any(feature = "reldb-postgres", feature = "reldb-mysql", feature = "reldb-sqlite"))]
[INFO] [stderr]   | ^^^^^^^^^^^^^^^^^^^^^^^^^^^^^^^^^^^^^^^^^^^^^^^^^^^^^^^^^^^^^^^^^^^^^^^^^^^^^^^^^^^^^^^^^^
[INFO] [stderr] note: found an item that was configured out
[INFO] [stderr]  --> src/lib.rs
[INFO] [stderr]   |
[INFO] [stderr]   | pub use tardis_macros::{TardisCreateEntity, TardisCreateIndex, TardisCreateTable, TardisEmptyBehavior, TardisEmptyRelation};
[INFO] [stderr]   |                                                                                                        ^^^^^^^^^^^^^^^^^^^
[INFO] [stderr] note: the item is gated here
[INFO] [stderr]  --> src/lib.rs
[INFO] [stderr]   |
[INFO] [stderr]   | #[cfg(any(feature = "reldb-postgres", feature = "reldb-mysql", feature = "reldb-sqlite"))]
[INFO] [stderr]   | ^^^^^^^^^^^^^^^^^^^^^^^^^^^^^^^^^^^^^^^^^^^^^^^^^^^^^^^^^^^^^^^^^^^^^^^^^^^^^^^^^^^^^^^^^^
[INFO] [stderr] 
[INFO] [stderr] error: cannot find derive macro `DeriveEntityModel` in this scope
[INFO] [stderr]  --> tests/macros_tests/pass_cases/date_type_test.rs:7:35
[INFO] [stderr]   |
[INFO] [stderr] 7 | #[derive(Clone, Debug, PartialEq, DeriveEntityModel, TardisCreateEntity, TardisEmptyBehavior, TardisEmptyRelation)]
[INFO] [stderr]   |                                   ^^^^^^^^^^^^^^^^^
[INFO] [stderr] 
[INFO] [stderr] error[E0433]: failed to resolve: use of undeclared type `ActiveModel`
[INFO] [stderr]   --> tests/macros_tests/pass_cases/date_type_test.rs:17:34
[INFO] [stderr]    |
[INFO] [stderr] 17 |     let create_table_statement = ActiveModel::create_table_statement(DbBackend::Postgres);
[INFO] [stderr]    |                                  ^^^^^^^^^^^ use of undeclared type `ActiveModel`
[INFO] [stderr] 
[INFO] [stderr] error[E0433]: failed to resolve: use of undeclared type `DbBackend`
[INFO] [stderr]   --> tests/macros_tests/pass_cases/date_type_test.rs:17:70
[INFO] [stderr]    |
[INFO] [stderr] 17 |     let create_table_statement = ActiveModel::create_table_statement(DbBackend::Postgres);
[INFO] [stderr]    |                                                                      ^^^^^^^^^ use of undeclared type `DbBackend`
[INFO] [stderr] 
[INFO] [stderr] error[E0433]: failed to resolve: use of undeclared type `ColumnType`
[INFO] [stderr]   --> tests/macros_tests/pass_cases/date_type_test.rs:25:131
[INFO] [stderr]    |
[INFO] [stderr] 25 | ...ate_time" && col.get_column_type() == Some(&ColumnType::TimestampWithTimeZone)).collect();
[INFO] [stderr]    |                                                ^^^^^^^^^^ use of undeclared type `ColumnType`
[INFO] [stderr] ┈┈┈┈┈┈┈┈┈┈┈┈┈┈┈┈┈┈┈┈┈┈┈┈┈┈┈┈┈┈┈┈┈┈┈┈┈┈┈┈┈┈┈┈┈┈┈┈┈┈┈┈┈┈┈┈┈┈┈┈
[INFO] [stderr] 
[INFO] [stderr] test tests/macros_tests/pass_cases/json_type_test.rs ... error
[INFO] [stderr] ┈┈┈┈┈┈┈┈┈┈┈┈┈┈┈┈┈┈┈┈┈┈┈┈┈┈┈┈┈┈┈┈┈┈┈┈┈┈┈┈┈┈┈┈┈┈┈┈┈┈┈┈┈┈┈┈┈┈┈┈
[INFO] [stderr] error[E0433]: failed to resolve: could not find `db` in `tardis`
[INFO] [stderr]  --> tests/macros_tests/pass_cases/json_type_test.rs:1:13
[INFO] [stderr]   |
[INFO] [stderr] 1 | use tardis::db::reldb_client::TardisActiveModel;
[INFO] [stderr]   |             ^^ could not find `db` in `tardis`
[INFO] [stderr]   |
[INFO] [stderr] note: found an item that was configured out
[INFO] [stderr]  --> src/lib.rs
[INFO] [stderr]   |
[INFO] [stderr]   | pub mod db;
[INFO] [stderr]   |         ^^
[INFO] [stderr] note: the item is gated behind the `reldb-core` feature
[INFO] [stderr]  --> src/lib.rs
[INFO] [stderr]   |
[INFO] [stderr]   | #[cfg(feature = "reldb-core")]
[INFO] [stderr]   |       ^^^^^^^^^^^^^^^^^^^^^^
[INFO] [stderr] 
[INFO] [stderr] error[E0433]: failed to resolve: could not find `db` in `tardis`
[INFO] [stderr]  --> tests/macros_tests/pass_cases/json_type_test.rs:3:13
[INFO] [stderr]   |
[INFO] [stderr] 3 | use tardis::db::sea_orm::prelude::Json;
[INFO] [stderr]   |             ^^ could not find `db` in `tardis`
[INFO] [stderr]   |
[INFO] [stderr] note: found an item that was configured out
[INFO] [stderr]  --> src/lib.rs
[INFO] [stderr]   |
[INFO] [stderr]   | pub mod db;
[INFO] [stderr]   |         ^^
[INFO] [stderr] note: the item is gated behind the `reldb-core` feature
[INFO] [stderr]  --> src/lib.rs
[INFO] [stderr]   |
[INFO] [stderr]   | #[cfg(feature = "reldb-core")]
[INFO] [stderr]   |       ^^^^^^^^^^^^^^^^^^^^^^
[INFO] [stderr] 
[INFO] [stderr] error[E0433]: failed to resolve: could not find `db` in `tardis`
[INFO] [stderr]  --> tests/macros_tests/pass_cases/json_type_test.rs:4:13
[INFO] [stderr]   |
[INFO] [stderr] 4 | use tardis::db::sea_orm::*;
[INFO] [stderr]   |             ^^ could not find `db` in `tardis`
[INFO] [stderr]   |
[INFO] [stderr] note: found an item that was configured out
[INFO] [stderr]  --> src/lib.rs
[INFO] [stderr]   |
[INFO] [stderr]   | pub mod db;
[INFO] [stderr]   |         ^^
[INFO] [stderr] note: the item is gated behind the `reldb-core` feature
[INFO] [stderr]  --> src/lib.rs
[INFO] [stderr]   |
[INFO] [stderr]   | #[cfg(feature = "reldb-core")]
[INFO] [stderr]   |       ^^^^^^^^^^^^^^^^^^^^^^
[INFO] [stderr] 
[INFO] [stderr] error[E0432]: unresolved import `tardis::db`
[INFO] [stderr]  --> tests/macros_tests/pass_cases/json_type_test.rs:2:13
[INFO] [stderr]   |
[INFO] [stderr] 2 | use tardis::db::sea_orm;
[INFO] [stderr]   |             ^^ could not find `db` in `tardis`
[INFO] [stderr]   |
[INFO] [stderr] note: found an item that was configured out
[INFO] [stderr]  --> src/lib.rs
[INFO] [stderr]   |
[INFO] [stderr]   | pub mod db;
[INFO] [stderr]   |         ^^
[INFO] [stderr] note: the item is gated behind the `reldb-core` feature
[INFO] [stderr]  --> src/lib.rs
[INFO] [stderr]   |
[INFO] [stderr]   | #[cfg(feature = "reldb-core")]
[INFO] [stderr]   |       ^^^^^^^^^^^^^^^^^^^^^^
[INFO] [stderr] 
[INFO] [stderr] error[E0432]: unresolved imports `tardis::TardisCreateEntity`, `tardis::TardisEmptyBehavior`, `tardis::TardisEmptyRelation`
[INFO] [stderr]  --> tests/macros_tests/pass_cases/json_type_test.rs:6:14
[INFO] [stderr]   |
[INFO] [stderr] 6 | use tardis::{TardisCreateEntity, TardisEmptyBehavior, TardisEmptyRelation};
[INFO] [stderr]   |              ^^^^^^^^^^^^^^^^^^  ^^^^^^^^^^^^^^^^^^^  ^^^^^^^^^^^^^^^^^^^ no `TardisEmptyRelation` in the root
[INFO] [stderr]   |              |                   |
[INFO] [stderr]   |              |                   no `TardisEmptyBehavior` in the root
[INFO] [stderr]   |              no `TardisCreateEntity` in the root
[INFO] [stderr]   |
[INFO] [stderr] note: found an item that was configured out
[INFO] [stderr]  --> src/lib.rs
[INFO] [stderr]   |
[INFO] [stderr]   | pub use tardis_macros::{TardisCreateEntity, TardisCreateIndex, TardisCreateTable, TardisEmptyBehavior, TardisEmptyRelation};
[INFO] [stderr]   |                         ^^^^^^^^^^^^^^^^^^
[INFO] [stderr] note: the item is gated here
[INFO] [stderr]  --> src/lib.rs
[INFO] [stderr]   |
[INFO] [stderr]   | #[cfg(any(feature = "reldb-postgres", feature = "reldb-mysql", feature = "reldb-sqlite"))]
[INFO] [stderr]   | ^^^^^^^^^^^^^^^^^^^^^^^^^^^^^^^^^^^^^^^^^^^^^^^^^^^^^^^^^^^^^^^^^^^^^^^^^^^^^^^^^^^^^^^^^^
[INFO] [stderr] note: found an item that was configured out
[INFO] [stderr]  --> src/lib.rs
[INFO] [stderr]   |
[INFO] [stderr]   | pub use tardis_macros::{TardisCreateEntity, TardisCreateIndex, TardisCreateTable, TardisEmptyBehavior, TardisEmptyRelation};
[INFO] [stderr]   |                                                                                   ^^^^^^^^^^^^^^^^^^^
[INFO] [stderr] note: the item is gated here
[INFO] [stderr]  --> src/lib.rs
[INFO] [stderr]   |
[INFO] [stderr]   | #[cfg(any(feature = "reldb-postgres", feature = "reldb-mysql", feature = "reldb-sqlite"))]
[INFO] [stderr]   | ^^^^^^^^^^^^^^^^^^^^^^^^^^^^^^^^^^^^^^^^^^^^^^^^^^^^^^^^^^^^^^^^^^^^^^^^^^^^^^^^^^^^^^^^^^
[INFO] [stderr] note: found an item that was configured out
[INFO] [stderr]  --> src/lib.rs
[INFO] [stderr]   |
[INFO] [stderr]   | pub use tardis_macros::{TardisCreateEntity, TardisCreateIndex, TardisCreateTable, TardisEmptyBehavior, TardisEmptyRelation};
[INFO] [stderr]   |                                                                                                        ^^^^^^^^^^^^^^^^^^^
[INFO] [stderr] note: the item is gated here
[INFO] [stderr]  --> src/lib.rs
[INFO] [stderr]   |
[INFO] [stderr]   | #[cfg(any(feature = "reldb-postgres", feature = "reldb-mysql", feature = "reldb-sqlite"))]
[INFO] [stderr]   | ^^^^^^^^^^^^^^^^^^^^^^^^^^^^^^^^^^^^^^^^^^^^^^^^^^^^^^^^^^^^^^^^^^^^^^^^^^^^^^^^^^^^^^^^^^
[INFO] [stderr] 
[INFO] [stderr] error: cannot find derive macro `DeriveEntityModel` in this scope
[INFO] [stderr]  --> tests/macros_tests/pass_cases/json_type_test.rs:8:35
[INFO] [stderr]   |
[INFO] [stderr] 8 | #[derive(Clone, Debug, PartialEq, DeriveEntityModel, TardisCreateEntity, TardisEmptyBehavior, TardisEmptyRelation)]
[INFO] [stderr]   |                                   ^^^^^^^^^^^^^^^^^
[INFO] [stderr] 
[INFO] [stderr] warning: unused import: `self`
[INFO] [stderr]  --> tests/macros_tests/pass_cases/json_type_test.rs:5:26
[INFO] [stderr]   |
[INFO] [stderr] 5 | use tardis::serde_json::{self, Value};
[INFO] [stderr]   |                          ^^^^
[INFO] [stderr]   |
[INFO] [stderr]   = note: `#[warn(unused_imports)]` on by default
[INFO] [stderr] 
[INFO] [stderr] error[E0433]: failed to resolve: use of undeclared type `ActiveModel`
[INFO] [stderr]   --> tests/macros_tests/pass_cases/json_type_test.rs:32:34
[INFO] [stderr]    |
[INFO] [stderr] 32 |     let create_table_statement = ActiveModel::create_table_statement(DbBackend::Postgres);
[INFO] [stderr]    |                                  ^^^^^^^^^^^ use of undeclared type `ActiveModel`
[INFO] [stderr] 
[INFO] [stderr] error[E0433]: failed to resolve: use of undeclared type `DbBackend`
[INFO] [stderr]   --> tests/macros_tests/pass_cases/json_type_test.rs:32:70
[INFO] [stderr]    |
[INFO] [stderr] 32 |     let create_table_statement = ActiveModel::create_table_statement(DbBackend::Postgres);
[INFO] [stderr]    |                                                                      ^^^^^^^^^ use of undeclared type `DbBackend`
[INFO] [stderr] 
[INFO] [stderr] error[E0433]: failed to resolve: use of undeclared type `ColumnType`
[INFO] [stderr]   --> tests/macros_tests/pass_cases/json_type_test.rs:40:89
[INFO] [stderr]    |
[INFO] [stderr] 40 |     let find_id: Vec<_> = table_cols.iter().filter(|col| col.get_column_type() == Some(&ColumnType::Json)).collect();
[INFO] [stderr]    |                                                                                         ^^^^^^^^^^ use of undeclared type `ColumnType`
[INFO] [stderr] ┈┈┈┈┈┈┈┈┈┈┈┈┈┈┈┈┈┈┈┈┈┈┈┈┈┈┈┈┈┈┈┈┈┈┈┈┈┈┈┈┈┈┈┈┈┈┈┈┈┈┈┈┈┈┈┈┈┈┈┈
[INFO] [stderr] 
[INFO] [stderr] test tests/macros_tests/pass_cases/muti_custom_len_test.rs ... error
[INFO] [stderr] ┈┈┈┈┈┈┈┈┈┈┈┈┈┈┈┈┈┈┈┈┈┈┈┈┈┈┈┈┈┈┈┈┈┈┈┈┈┈┈┈┈┈┈┈┈┈┈┈┈┈┈┈┈┈┈┈┈┈┈┈
[INFO] [stderr] error[E0433]: failed to resolve: could not find `db` in `tardis`
[INFO] [stderr]  --> tests/macros_tests/pass_cases/muti_custom_len_test.rs:2:13
[INFO] [stderr]   |
[INFO] [stderr] 2 | use tardis::db::reldb_client::TardisActiveModel;
[INFO] [stderr]   |             ^^ could not find `db` in `tardis`
[INFO] [stderr]   |
[INFO] [stderr] note: found an item that was configured out
[INFO] [stderr]  --> src/lib.rs
[INFO] [stderr]   |
[INFO] [stderr]   | pub mod db;
[INFO] [stderr]   |         ^^
[INFO] [stderr] note: the item is gated behind the `reldb-core` feature
[INFO] [stderr]  --> src/lib.rs
[INFO] [stderr]   |
[INFO] [stderr]   | #[cfg(feature = "reldb-core")]
[INFO] [stderr]   |       ^^^^^^^^^^^^^^^^^^^^^^
[INFO] [stderr] 
[INFO] [stderr] error[E0433]: failed to resolve: could not find `db` in `tardis`
[INFO] [stderr]  --> tests/macros_tests/pass_cases/muti_custom_len_test.rs:4:13
[INFO] [stderr]   |
[INFO] [stderr] 4 | use tardis::db::sea_orm::*;
[INFO] [stderr]   |             ^^ could not find `db` in `tardis`
[INFO] [stderr]   |
[INFO] [stderr] note: found an item that was configured out
[INFO] [stderr]  --> src/lib.rs
[INFO] [stderr]   |
[INFO] [stderr]   | pub mod db;
[INFO] [stderr]   |         ^^
[INFO] [stderr] note: the item is gated behind the `reldb-core` feature
[INFO] [stderr]  --> src/lib.rs
[INFO] [stderr]   |
[INFO] [stderr]   | #[cfg(feature = "reldb-core")]
[INFO] [stderr]   |       ^^^^^^^^^^^^^^^^^^^^^^
[INFO] [stderr] 
[INFO] [stderr] error[E0432]: unresolved import `tardis::db`
[INFO] [stderr]  --> tests/macros_tests/pass_cases/muti_custom_len_test.rs:3:13
[INFO] [stderr]   |
[INFO] [stderr] 3 | use tardis::db::sea_orm;
[INFO] [stderr]   |             ^^ could not find `db` in `tardis`
[INFO] [stderr]   |
[INFO] [stderr] note: found an item that was configured out
[INFO] [stderr]  --> src/lib.rs
[INFO] [stderr]   |
[INFO] [stderr]   | pub mod db;
[INFO] [stderr]   |         ^^
[INFO] [stderr] note: the item is gated behind the `reldb-core` feature
[INFO] [stderr]  --> src/lib.rs
[INFO] [stderr]   |
[INFO] [stderr]   | #[cfg(feature = "reldb-core")]
[INFO] [stderr]   |       ^^^^^^^^^^^^^^^^^^^^^^
[INFO] [stderr] 
[INFO] [stderr] error[E0432]: unresolved imports `tardis::TardisCreateEntity`, `tardis::TardisEmptyBehavior`, `tardis::TardisEmptyRelation`
[INFO] [stderr]  --> tests/macros_tests/pass_cases/muti_custom_len_test.rs:5:14
[INFO] [stderr]   |
[INFO] [stderr] 5 | use tardis::{TardisCreateEntity, TardisEmptyBehavior, TardisEmptyRelation};
[INFO] [stderr]   |              ^^^^^^^^^^^^^^^^^^  ^^^^^^^^^^^^^^^^^^^  ^^^^^^^^^^^^^^^^^^^ no `TardisEmptyRelation` in the root
[INFO] [stderr]   |              |                   |
[INFO] [stderr]   |              |                   no `TardisEmptyBehavior` in the root
[INFO] [stderr]   |              no `TardisCreateEntity` in the root
[INFO] [stderr]   |
[INFO] [stderr] note: found an item that was configured out
[INFO] [stderr]  --> src/lib.rs
[INFO] [stderr]   |
[INFO] [stderr]   | pub use tardis_macros::{TardisCreateEntity, TardisCreateIndex, TardisCreateTable, TardisEmptyBehavior, TardisEmptyRelation};
[INFO] [stderr]   |                         ^^^^^^^^^^^^^^^^^^
[INFO] [stderr] note: the item is gated here
[INFO] [stderr]  --> src/lib.rs
[INFO] [stderr]   |
[INFO] [stderr]   | #[cfg(any(feature = "reldb-postgres", feature = "reldb-mysql", feature = "reldb-sqlite"))]
[INFO] [stderr]   | ^^^^^^^^^^^^^^^^^^^^^^^^^^^^^^^^^^^^^^^^^^^^^^^^^^^^^^^^^^^^^^^^^^^^^^^^^^^^^^^^^^^^^^^^^^
[INFO] [stderr] note: found an item that was configured out
[INFO] [stderr]  --> src/lib.rs
[INFO] [stderr]   |
[INFO] [stderr]   | pub use tardis_macros::{TardisCreateEntity, TardisCreateIndex, TardisCreateTable, TardisEmptyBehavior, TardisEmptyRelation};
[INFO] [stderr]   |                                                                                   ^^^^^^^^^^^^^^^^^^^
[INFO] [stderr] note: the item is gated here
[INFO] [stderr]  --> src/lib.rs
[INFO] [stderr]   |
[INFO] [stderr]   | #[cfg(any(feature = "reldb-postgres", feature = "reldb-mysql", feature = "reldb-sqlite"))]
[INFO] [stderr]   | ^^^^^^^^^^^^^^^^^^^^^^^^^^^^^^^^^^^^^^^^^^^^^^^^^^^^^^^^^^^^^^^^^^^^^^^^^^^^^^^^^^^^^^^^^^
[INFO] [stderr] note: found an item that was configured out
[INFO] [stderr]  --> src/lib.rs
[INFO] [stderr]   |
[INFO] [stderr]   | pub use tardis_macros::{TardisCreateEntity, TardisCreateIndex, TardisCreateTable, TardisEmptyBehavior, TardisEmptyRelation};
[INFO] [stderr]   |                                                                                                        ^^^^^^^^^^^^^^^^^^^
[INFO] [stderr] note: the item is gated here
[INFO] [stderr]  --> src/lib.rs
[INFO] [stderr]   |
[INFO] [stderr]   | #[cfg(any(feature = "reldb-postgres", feature = "reldb-mysql", feature = "reldb-sqlite"))]
[INFO] [stderr]   | ^^^^^^^^^^^^^^^^^^^^^^^^^^^^^^^^^^^^^^^^^^^^^^^^^^^^^^^^^^^^^^^^^^^^^^^^^^^^^^^^^^^^^^^^^^
[INFO] [stderr] 
[INFO] [stderr] error: cannot find derive macro `DeriveEntityModel` in this scope
[INFO] [stderr]  --> tests/macros_tests/pass_cases/muti_custom_len_test.rs:7:35
[INFO] [stderr]   |
[INFO] [stderr] 7 | #[derive(Clone, Debug, PartialEq, DeriveEntityModel, TardisCreateEntity, TardisEmptyBehavior, TardisEmptyRelation)]
[INFO] [stderr]   |                                   ^^^^^^^^^^^^^^^^^
[INFO] [stderr] 
[INFO] [stderr] error: cannot find attribute `tardis_entity` in this scope
[INFO] [stderr]   --> tests/macros_tests/pass_cases/muti_custom_len_test.rs:12:7
[INFO] [stderr]    |
[INFO] [stderr] 12 |     #[tardis_entity(custom_len = "10", custom_len = "2")]
[INFO] [stderr]    |       ^^^^^^^^^^^^^
[INFO] [stderr] 
[INFO] [stderr] error: cannot find attribute `tardis_entity` in this scope
[INFO] [stderr]   --> tests/macros_tests/pass_cases/muti_custom_len_test.rs:14:7
[INFO] [stderr]    |
[INFO] [stderr] 14 |     #[tardis_entity(custom_type = "Money", custom_len = "10", custom_len = "2")]
[INFO] [stderr]    |       ^^^^^^^^^^^^^
[INFO] [stderr] 
[INFO] [stderr] error[E0433]: failed to resolve: use of undeclared type `ActiveModel`
[INFO] [stderr]   --> tests/macros_tests/pass_cases/muti_custom_len_test.rs:20:34
[INFO] [stderr]    |
[INFO] [stderr] 20 |     let create_table_statement = ActiveModel::create_table_statement(DbBackend::Postgres);
[INFO] [stderr]    |                                  ^^^^^^^^^^^ use of undeclared type `ActiveModel`
[INFO] [stderr] 
[INFO] [stderr] error[E0433]: failed to resolve: use of undeclared type `DbBackend`
[INFO] [stderr]   --> tests/macros_tests/pass_cases/muti_custom_len_test.rs:20:70
[INFO] [stderr]    |
[INFO] [stderr] 20 |     let create_table_statement = ActiveModel::create_table_statement(DbBackend::Postgres);
[INFO] [stderr]    |                                                                      ^^^^^^^^^ use of undeclared type `DbBackend`
[INFO] [stderr] 
[INFO] [stderr] error[E0433]: failed to resolve: use of undeclared type `ColumnType`
[INFO] [stderr]   --> tests/macros_tests/pass_cases/muti_custom_len_test.rs:28:130
[INFO] [stderr]    |
[INFO] [stderr] 28 | ..._decimal" && col.get_column_type() == Some(&ColumnType::Decimal(Some((10, 2))))).collect();
[INFO] [stderr]    |                                                ^^^^^^^^^^ use of undeclared type `ColumnType`
[INFO] [stderr] 
[INFO] [stderr] error[E0433]: failed to resolve: use of undeclared type `ColumnType`
[INFO] [stderr]   --> tests/macros_tests/pass_cases/muti_custom_len_test.rs:30:128
[INFO] [stderr]    |
[INFO] [stderr] 30 | ...be_money" && col.get_column_type() == Some(&ColumnType::Money(Some((10, 2))))).collect();
[INFO] [stderr]    |                                                ^^^^^^^^^^ use of undeclared type `ColumnType`
[INFO] [stderr] ┈┈┈┈┈┈┈┈┈┈┈┈┈┈┈┈┈┈┈┈┈┈┈┈┈┈┈┈┈┈┈┈┈┈┈┈┈┈┈┈┈┈┈┈┈┈┈┈┈┈┈┈┈┈┈┈┈┈┈┈
[INFO] [stderr] 
[INFO] [stderr] 
[INFO] [stderr] 
[INFO] [stdout] test test_all ... FAILED
[INFO] [stdout] 
[INFO] [stdout] failures:
[INFO] [stdout] 
[INFO] [stdout] ---- test_all stdout ----
[INFO] [stdout] thread 'test_all' panicked at /opt/rustwide/cargo-home/registry/src/index.crates.io-6f17d22bba15001f/trybuild-1.0.101/src/run.rs:101:13:
[INFO] [stdout] 5 of 5 tests failed
[INFO] [stdout] stack backtrace:
[INFO] [stdout]    0:     0x610bb0e7f8ca - std::backtrace_rs::backtrace::libunwind::trace::h207520d6e9873551
[INFO] [stdout]                                at /rustc/df4ca44d3fbc9301ee17f30f4d474e6ae4b05252/library/std/src/../../backtrace/src/backtrace/libunwind.rs:116:5
[INFO] [stdout]    1:     0x610bb0e7f8ca - std::backtrace_rs::backtrace::trace_unsynchronized::h2ed7433f370e3eca
[INFO] [stdout]                                at /rustc/df4ca44d3fbc9301ee17f30f4d474e6ae4b05252/library/std/src/../../backtrace/src/backtrace/mod.rs:66:5
[INFO] [stdout]    2:     0x610bb0e7f8ca - std::sys::backtrace::_print_fmt::h916fac51166b18d7
[INFO] [stdout]                                at /rustc/df4ca44d3fbc9301ee17f30f4d474e6ae4b05252/library/std/src/sys/backtrace.rs:66:9
[INFO] [stdout]    3:     0x610bb0e7f8ca - <std::sys::backtrace::BacktraceLock::print::DisplayBacktrace as core::fmt::Display>::fmt::ha0a4c9b8ce3802e6
[INFO] [stdout]                                at /rustc/df4ca44d3fbc9301ee17f30f4d474e6ae4b05252/library/std/src/sys/backtrace.rs:39:26
[INFO] [stdout]    4:     0x610bb0ea9d73 - core::fmt::rt::Argument::fmt::h4cfc8587d52b3eb5
[INFO] [stdout]                                at /rustc/df4ca44d3fbc9301ee17f30f4d474e6ae4b05252/library/core/src/fmt/rt.rs:177:76
[INFO] [stdout]    5:     0x610bb0ea9d73 - core::fmt::write::h522cc39e5b36ae9f
[INFO] [stdout]                                at /rustc/df4ca44d3fbc9301ee17f30f4d474e6ae4b05252/library/core/src/fmt/mod.rs:1190:21
[INFO] [stdout]    6:     0x610bb0e7b903 - std::io::Write::write_fmt::h7d3c26752da97734
[INFO] [stdout]                                at /rustc/df4ca44d3fbc9301ee17f30f4d474e6ae4b05252/library/std/src/io/mod.rs:1839:15
[INFO] [stdout]    7:     0x610bb0e7f712 - std::sys::backtrace::BacktraceLock::print::h4b9e00b29e9c0942
[INFO] [stdout]                                at /rustc/df4ca44d3fbc9301ee17f30f4d474e6ae4b05252/library/std/src/sys/backtrace.rs:42:9
[INFO] [stdout]    8:     0x610bb0e8135a - std::panicking::default_hook::{{closure}}::hb59b88280d0324d9
[INFO] [stdout]                                at /rustc/df4ca44d3fbc9301ee17f30f4d474e6ae4b05252/library/std/src/panicking.rs:268:22
[INFO] [stdout]    9:     0x610bb0e81164 - std::panicking::default_hook::he1dd496665be4a29
[INFO] [stdout]                                at /rustc/df4ca44d3fbc9301ee17f30f4d474e6ae4b05252/library/std/src/panicking.rs:292:9
[INFO] [stdout]   10:     0x610bb0e47e59 - <alloc::boxed::Box<F,A> as core::ops::function::Fn<Args>>::call::h4ff71de18744e1dc
[INFO] [stdout]                                at /rustc/df4ca44d3fbc9301ee17f30f4d474e6ae4b05252/library/alloc/src/boxed.rs:2468:9
[INFO] [stdout]   11:     0x610bb0e47e59 - test::test_main::{{closure}}::hcf7c055ce117aa81
[INFO] [stdout]                                at /rustc/df4ca44d3fbc9301ee17f30f4d474e6ae4b05252/library/test/src/lib.rs:133:21
[INFO] [stdout]   12:     0x610bb0e81a58 - <alloc::boxed::Box<F,A> as core::ops::function::Fn<Args>>::call::h1d66c6bbd60c9692
[INFO] [stdout]                                at /rustc/df4ca44d3fbc9301ee17f30f4d474e6ae4b05252/library/alloc/src/boxed.rs:2468:9
[INFO] [stdout]   13:     0x610bb0e81a58 - std::panicking::rust_panic_with_hook::h2ff17fe8f26dfcf8
[INFO] [stdout]                                at /rustc/df4ca44d3fbc9301ee17f30f4d474e6ae4b05252/library/std/src/panicking.rs:809:13
[INFO] [stdout]   14:     0x610bb0e8181a - std::panicking::begin_panic_handler::{{closure}}::h4fad77951c07e101
[INFO] [stdout]                                at /rustc/df4ca44d3fbc9301ee17f30f4d474e6ae4b05252/library/std/src/panicking.rs:674:13
[INFO] [stdout]   15:     0x610bb0e7fda9 - std::sys::backtrace::__rust_end_short_backtrace::hb1a25b3da5d0ea08
[INFO] [stdout]                                at /rustc/df4ca44d3fbc9301ee17f30f4d474e6ae4b05252/library/std/src/sys/backtrace.rs:170:18
[INFO] [stdout]   16:     0x610bb0e814ac - rust_begin_unwind
[INFO] [stdout]                                at /rustc/df4ca44d3fbc9301ee17f30f4d474e6ae4b05252/library/std/src/panicking.rs:665:5
[INFO] [stdout]   17:     0x610bb0ea8120 - core::panicking::panic_fmt::ha9db07b529f9b256
[INFO] [stdout]                                at /rustc/df4ca44d3fbc9301ee17f30f4d474e6ae4b05252/library/core/src/panicking.rs:75:14
[INFO] [stdout]   18:     0x610bb0b6350f - trybuild::run::<impl trybuild::Runner>::run::h64c30ec48e03f734
[INFO] [stdout]                                at /opt/rustwide/cargo-home/registry/src/index.crates.io-6f17d22bba15001f/trybuild-1.0.101/src/run.rs:101:13
[INFO] [stdout]   19:     0x610bb0b68a18 - <trybuild::TestCases as core::ops::drop::Drop>::drop::hc92375690b993ad5
[INFO] [stdout]                                at /opt/rustwide/cargo-home/registry/src/index.crates.io-6f17d22bba15001f/trybuild-1.0.101/src/lib.rs:340:13
[INFO] [stdout]   20:     0x610bb0b54497 - core::ptr::drop_in_place<trybuild::TestCases>::hbe90cb2a8da45309
[INFO] [stdout]                                at /rustc/df4ca44d3fbc9301ee17f30f4d474e6ae4b05252/library/core/src/ptr/mod.rs:521:1
[INFO] [stdout]   21:     0x610bb0b54be3 - macros_test_all::test_all::hb3f0f2c50bb12a89
[INFO] [stdout]                                at /opt/rustwide/workdir/tests/macros_test_all.rs:6:1
[INFO] [stdout]   22:     0x610bb0b54b77 - macros_test_all::test_all::{{closure}}::h850d5a006dbdfaaa
[INFO] [stdout]                                at /opt/rustwide/workdir/tests/macros_test_all.rs:2:14
[INFO] [stdout]   23:     0x610bb0b543f6 - core::ops::function::FnOnce::call_once::h3e320e96fb83c1b0
[INFO] [stdout]                                at /rustc/df4ca44d3fbc9301ee17f30f4d474e6ae4b05252/library/core/src/ops/function.rs:250:5
[INFO] [stdout]   24:     0x610bb0e4c72b - core::ops::function::FnOnce::call_once::h22c3ba5715e93f05
[INFO] [stdout]                                at /rustc/df4ca44d3fbc9301ee17f30f4d474e6ae4b05252/library/core/src/ops/function.rs:250:5
[INFO] [stdout]   25:     0x610bb0e4c72b - test::__rust_begin_short_backtrace::h8e82d8113d0da17f
[INFO] [stdout]                                at /rustc/df4ca44d3fbc9301ee17f30f4d474e6ae4b05252/library/test/src/lib.rs:621:18
[INFO] [stdout]   26:     0x610bb0e4c0a7 - test::run_test_in_process::{{closure}}::h33235f4f20b7b7c7
[INFO] [stdout]                                at /rustc/df4ca44d3fbc9301ee17f30f4d474e6ae4b05252/library/test/src/lib.rs:644:60
[INFO] [stdout]   27:     0x610bb0e4c0a7 - <core::panic::unwind_safe::AssertUnwindSafe<F> as core::ops::function::FnOnce<()>>::call_once::hb5043206310c586f
[INFO] [stdout]                                at /rustc/df4ca44d3fbc9301ee17f30f4d474e6ae4b05252/library/core/src/panic/unwind_safe.rs:272:9
[INFO] [stdout]   28:     0x610bb0e4c0a7 - std::panicking::try::do_call::h9ad4731a60ab23e2
[INFO] [stdout]                                at /rustc/df4ca44d3fbc9301ee17f30f4d474e6ae4b05252/library/std/src/panicking.rs:557:40
[INFO] [stdout]   29:     0x610bb0e4c0a7 - std::panicking::try::h3824d23db772a716
[INFO] [stdout]                                at /rustc/df4ca44d3fbc9301ee17f30f4d474e6ae4b05252/library/std/src/panicking.rs:520:19
[INFO] [stdout]   30:     0x610bb0e4c0a7 - std::panic::catch_unwind::h5afd514605fde46b
[INFO] [stdout]                                at /rustc/df4ca44d3fbc9301ee17f30f4d474e6ae4b05252/library/std/src/panic.rs:358:14
[INFO] [stdout]   31:     0x610bb0e4c0a7 - test::run_test_in_process::h0d5cbfa7067d1720
[INFO] [stdout]                                at /rustc/df4ca44d3fbc9301ee17f30f4d474e6ae4b05252/library/test/src/lib.rs:644:27
[INFO] [stdout]   32:     0x610bb0e4c0a7 - test::run_test::{{closure}}::h708eb8872708115d
[INFO] [stdout]                                at /rustc/df4ca44d3fbc9301ee17f30f4d474e6ae4b05252/library/test/src/lib.rs:565:43
[INFO] [stdout]   33:     0x610bb0e0f7c4 - test::run_test::{{closure}}::h392c51cee94713ab
[INFO] [stdout]                                at /rustc/df4ca44d3fbc9301ee17f30f4d474e6ae4b05252/library/test/src/lib.rs:595:41
[INFO] [stdout]   34:     0x610bb0e0f7c4 - std::sys::backtrace::__rust_begin_short_backtrace::h2f40290710935a8b
[INFO] [stdout]                                at /rustc/df4ca44d3fbc9301ee17f30f4d474e6ae4b05252/library/std/src/sys/backtrace.rs:154:18
[INFO] [stdout]   35:     0x610bb0e12f6e - std::thread::Builder::spawn_unchecked_::{{closure}}::{{closure}}::h3fd968d89053a903
[INFO] [stdout]                                at /rustc/df4ca44d3fbc9301ee17f30f4d474e6ae4b05252/library/std/src/thread/mod.rs:541:17
[INFO] [stdout]   36:     0x610bb0e12f6e - <core::panic::unwind_safe::AssertUnwindSafe<F> as core::ops::function::FnOnce<()>>::call_once::h743f637ba4229880
[INFO] [stdout]                                at /rustc/df4ca44d3fbc9301ee17f30f4d474e6ae4b05252/library/core/src/panic/unwind_safe.rs:272:9
[INFO] [stdout]   37:     0x610bb0e12f6e - std::panicking::try::do_call::h07440897322525a6
[INFO] [stdout]                                at /rustc/df4ca44d3fbc9301ee17f30f4d474e6ae4b05252/library/std/src/panicking.rs:557:40
[INFO] [stdout]   38:     0x610bb0e12f6e - std::panicking::try::he5a2e00188156637
[INFO] [stdout]                                at /rustc/df4ca44d3fbc9301ee17f30f4d474e6ae4b05252/library/std/src/panicking.rs:520:19
[INFO] [stdout]   39:     0x610bb0e12f6e - std::panic::catch_unwind::hbaf3cae49b3c6433
[INFO] [stdout]                                at /rustc/df4ca44d3fbc9301ee17f30f4d474e6ae4b05252/library/std/src/panic.rs:358:14
[INFO] [stdout]   40:     0x610bb0e12f6e - std::thread::Builder::spawn_unchecked_::{{closure}}::h8e141ea224820bce
[INFO] [stdout]                                at /rustc/df4ca44d3fbc9301ee17f30f4d474e6ae4b05252/library/std/src/thread/mod.rs:540:30
[INFO] [stdout]   41:     0x610bb0e12f6e - core::ops::function::FnOnce::call_once{{vtable.shim}}::h90d312fedd7b8ea8
[INFO] [stdout]                                at /rustc/df4ca44d3fbc9301ee17f30f4d474e6ae4b05252/library/core/src/ops/function.rs:250:5
[INFO] [stdout]   42:     0x610bb0e8681b - <alloc::boxed::Box<F,A> as core::ops::function::FnOnce<Args>>::call_once::h69aa08ddb6adb8b6
[INFO] [stdout]                                at /rustc/df4ca44d3fbc9301ee17f30f4d474e6ae4b05252/library/alloc/src/boxed.rs:2454:9
[INFO] [stdout]   43:     0x610bb0e8681b - <alloc::boxed::Box<F,A> as core::ops::function::FnOnce<Args>>::call_once::h5aa36efdb79c806f
[INFO] [stdout]                                at /rustc/df4ca44d3fbc9301ee17f30f4d474e6ae4b05252/library/alloc/src/boxed.rs:2454:9
[INFO] [stdout]   44:     0x610bb0e8681b - std::sys::pal::unix::thread::Thread::new::thread_start::h6cd80a1b4be5158d
[INFO] [stdout]                                at /rustc/df4ca44d3fbc9301ee17f30f4d474e6ae4b05252/library/std/src/sys/pal/unix/thread.rs:105:17
[INFO] [stdout]   45:     0x75bc4adcaac3 - <unknown>
[INFO] [stdout]   46:     0x75bc4ae5ba04 - clone
[INFO] [stdout]   47:                0x0 - <unknown>
[INFO] [stdout] 
[INFO] [stdout] 
[INFO] [stdout] failures:
[INFO] [stdout]     test_all
[INFO] [stdout] 
[INFO] [stdout] test result: FAILED. 0 passed; 1 failed; 0 ignored; 0 measured; 0 filtered out; finished in 139.33s
[INFO] [stdout] 
[INFO] [stderr] error: test failed, to rerun pass `--test macros_test_all`
[INFO] running `Command { std: "docker" "inspect" "fa86d8a2023379662b72841e47e8470a92565b79b8e23382e475b9bd980d4a54", kill_on_drop: false }`
[INFO] running `Command { std: "docker" "rm" "-f" "fa86d8a2023379662b72841e47e8470a92565b79b8e23382e475b9bd980d4a54", kill_on_drop: false }`
[INFO] [stdout] fa86d8a2023379662b72841e47e8470a92565b79b8e23382e475b9bd980d4a54
