[INFO] fetching crate taos-query 0.12.4...
[INFO] testing taos-query-0.12.4 against nightly-2024-10-28+rustflags=-Zrandomize-layout for randomize-layout
[INFO] extracting crate taos-query 0.12.4 into /workspace/builds/worker-0-tc2/source
[INFO] validating manifest of crates.io crate taos-query 0.12.4 on toolchain nightly-2024-10-28
[INFO] running `Command { std: CARGO_HOME="/workspace/cargo-home" RUSTUP_HOME="/workspace/rustup-home" "/workspace/cargo-home/bin/cargo" "+nightly-2024-10-28" "metadata" "--manifest-path" "Cargo.toml" "--no-deps", kill_on_drop: false }`
[INFO] started tweaking crates.io crate taos-query 0.12.4
[INFO] finished tweaking crates.io crate taos-query 0.12.4
[INFO] tweaked toml for crates.io crate taos-query 0.12.4 written to /workspace/builds/worker-0-tc2/source/Cargo.toml
[INFO] running `Command { std: CARGO_HOME="/workspace/cargo-home" RUSTUP_HOME="/workspace/rustup-home" "/workspace/cargo-home/bin/cargo" "+nightly-2024-10-28" "generate-lockfile" "--manifest-path" "Cargo.toml", kill_on_drop: false }`
[INFO] [stderr]     Updating crates.io index
[INFO] [stderr]      Locking 198 packages to latest compatible versions
[INFO] [stderr]       Adding deadpool v0.10.0 (available: v0.12.1)
[INFO] [stderr]       Adding derive_builder v0.12.0 (available: v0.20.2)
[INFO] [stderr]       Adding derive_more v0.99.18 (available: v1.0.0)
[INFO] running `Command { std: CARGO_HOME="/workspace/cargo-home" RUSTUP_HOME="/workspace/rustup-home" "/workspace/cargo-home/bin/cargo" "+nightly-2024-10-28" "fetch" "--manifest-path" "Cargo.toml", kill_on_drop: false }`
[INFO] running `Command { std: "docker" "create" "-v" "/var/lib/crater-agent-workspace/builds/worker-0-tc2/target:/opt/rustwide/target:rw,Z" "-v" "/var/lib/crater-agent-workspace/builds/worker-0-tc2/source:/opt/rustwide/workdir:ro,Z" "-v" "/var/lib/crater-agent-workspace/cargo-home:/opt/rustwide/cargo-home:ro,Z" "-v" "/var/lib/crater-agent-workspace/rustup-home:/opt/rustwide/rustup-home:ro,Z" "-e" "SOURCE_DIR=/opt/rustwide/workdir" "-e" "CARGO_TARGET_DIR=/opt/rustwide/target" "-e" "CARGO_HOME=/opt/rustwide/cargo-home" "-e" "RUSTUP_HOME=/opt/rustwide/rustup-home" "-w" "/opt/rustwide/workdir" "-m" "1610612736" "--user" "0:0" "--network" "none" "ghcr.io/rust-lang/crates-build-env/linux@sha256:4a844ea9eb2546a2d2c7022eacef16ef2e8229c7fbb2c7d4d55a9ceca922f72d" "/opt/rustwide/cargo-home/bin/cargo" "+nightly-2024-10-28" "metadata" "--no-deps" "--format-version=1", kill_on_drop: false }`
[INFO] [stdout] 5c0dfb1f474f3760bfadef9a49ceb648e0a21fc24bedd20557a80d45954bcbba
[INFO] running `Command { std: "docker" "start" "-a" "5c0dfb1f474f3760bfadef9a49ceb648e0a21fc24bedd20557a80d45954bcbba", kill_on_drop: false }`
[INFO] running `Command { std: "docker" "inspect" "5c0dfb1f474f3760bfadef9a49ceb648e0a21fc24bedd20557a80d45954bcbba", kill_on_drop: false }`
[INFO] running `Command { std: "docker" "rm" "-f" "5c0dfb1f474f3760bfadef9a49ceb648e0a21fc24bedd20557a80d45954bcbba", kill_on_drop: false }`
[INFO] [stdout] 5c0dfb1f474f3760bfadef9a49ceb648e0a21fc24bedd20557a80d45954bcbba
[INFO] running `Command { std: "docker" "create" "-v" "/var/lib/crater-agent-workspace/builds/worker-0-tc2/target:/opt/rustwide/target:rw,Z" "-v" "/var/lib/crater-agent-workspace/builds/worker-0-tc2/source:/opt/rustwide/workdir:ro,Z" "-v" "/var/lib/crater-agent-workspace/cargo-home:/opt/rustwide/cargo-home:ro,Z" "-v" "/var/lib/crater-agent-workspace/rustup-home:/opt/rustwide/rustup-home:ro,Z" "-e" "SOURCE_DIR=/opt/rustwide/workdir" "-e" "CARGO_TARGET_DIR=/opt/rustwide/target" "-e" "CARGO_INCREMENTAL=0" "-e" "RUST_BACKTRACE=full" "-e" "RUSTFLAGS=--cap-lints=forbid -Zrandomize-layout" "-e" "RUSTDOCFLAGS=--cap-lints=forbid" "-e" "CARGO_HOME=/opt/rustwide/cargo-home" "-e" "RUSTUP_HOME=/opt/rustwide/rustup-home" "-w" "/opt/rustwide/workdir" "-m" "1610612736" "--user" "0:0" "--network" "none" "ghcr.io/rust-lang/crates-build-env/linux@sha256:4a844ea9eb2546a2d2c7022eacef16ef2e8229c7fbb2c7d4d55a9ceca922f72d" "/opt/rustwide/cargo-home/bin/cargo" "+nightly-2024-10-28" "build" "--frozen" "--message-format=json", kill_on_drop: false }`
[INFO] [stdout] f8275e07a68aec2fec4902b19913aceb1cdeacc6f3250f0ba937b00069618c01
[INFO] running `Command { std: "docker" "start" "-a" "f8275e07a68aec2fec4902b19913aceb1cdeacc6f3250f0ba937b00069618c01", kill_on_drop: false }`
[INFO] [stderr]    Compiling num-traits v0.2.19
[INFO] [stderr]    Compiling strsim v0.10.0
[INFO] [stderr]    Compiling ident_case v1.0.1
[INFO] [stderr]    Compiling fnv v1.0.7
[INFO] [stderr]    Compiling syn v2.0.86
[INFO] [stderr]    Compiling pin-project-lite v0.2.15
[INFO] [stderr]    Compiling num-bigint v0.2.6
[INFO] [stderr]    Compiling slab v0.4.9
[INFO] [stderr]    Compiling num-complex v0.2.4
[INFO] [stderr]    Compiling num-rational v0.2.4
[INFO] [stderr]    Compiling futures-sink v0.3.31
[INFO] [stderr]    Compiling darling_core v0.14.4
[INFO] [stderr]    Compiling toml_datetime v0.6.8
[INFO] [stderr]    Compiling gimli v0.31.1
[INFO] [stderr]    Compiling futures-core v0.3.31
[INFO] [stderr]    Compiling winnow v0.6.20
[INFO] [stderr]    Compiling futures-channel v0.3.31
[INFO] [stderr]    Compiling miniz_oxide v0.8.0
[INFO] [stderr]    Compiling num_cpus v1.16.0
[INFO] [stderr]    Compiling dirs-sys-next v0.1.2
[INFO] [stderr]    Compiling object v0.36.5
[INFO] [stderr]    Compiling anyhow v1.0.92
[INFO] [stderr]    Compiling futures-task v0.3.31
[INFO] [stderr]    Compiling rustc-demangle v0.1.24
[INFO] [stderr]    Compiling pin-utils v0.1.0
[INFO] [stderr]    Compiling num-integer v0.1.46
[INFO] [stderr]    Compiling futures-io v0.3.31
[INFO] [stderr]    Compiling num-iter v0.1.45
[INFO] [stderr]    Compiling dirs-next v2.0.0
[INFO] [stderr]    Compiling unicode-normalization v0.1.24
[INFO] [stderr]    Compiling taos-error v0.12.4
[INFO] [stderr]    Compiling csv-core v0.1.11
[INFO] [stderr]    Compiling urlencoding v2.1.3
[INFO] [stderr]    Compiling unicode-bidi v0.3.17
[INFO] [stderr]    Compiling darling_macro v0.14.4
[INFO] [stderr]    Compiling toml_edit v0.22.22
[INFO] [stderr]    Compiling darling v0.14.4
[INFO] [stderr]    Compiling derive_builder_core v0.12.0
[INFO] [stderr]    Compiling addr2line v0.24.2
[INFO] [stderr]    Compiling rust_decimal v1.36.0
[INFO] [stderr]    Compiling num v0.2.1
[INFO] [stderr]    Compiling idna v0.5.0
[INFO] [stderr]    Compiling term v0.7.0
[INFO] [stderr]    Compiling taos-query v0.12.4 (/opt/rustwide/workdir)
[INFO] [stderr]    Compiling is-terminal v0.4.13
[INFO] [stderr]    Compiling simdutf8 v0.1.5
[INFO] [stderr]    Compiling arrayvec v0.7.6
[INFO] [stderr]    Compiling derive_builder_macro v0.12.0
[INFO] [stderr]    Compiling encode_unicode v1.0.0
[INFO] [stderr]    Compiling url v2.5.2
[INFO] [stderr]    Compiling parse_duration v2.1.1
[INFO] [stderr]    Compiling derive_builder v0.12.0
[INFO] [stderr]    Compiling proc-macro-crate v3.2.0
[INFO] [stderr]    Compiling backtrace v0.3.74
[INFO] [stderr]    Compiling serde_derive v1.0.214
[INFO] [stderr]    Compiling futures-macro v0.3.31
[INFO] [stderr]    Compiling thiserror-impl v1.0.66
[INFO] [stderr]    Compiling tokio-macros v2.4.0
[INFO] [stderr]    Compiling async-trait v0.1.83
[INFO] [stderr]    Compiling num_enum_derive v0.7.3
[INFO] [stderr]    Compiling derive_more v0.99.18
[INFO] [stderr]    Compiling serde_repr v0.1.19
[INFO] [stderr]    Compiling futures-util v0.3.31
[INFO] [stderr]    Compiling thiserror v1.0.66
[INFO] [stderr]    Compiling num_enum v0.7.3
[INFO] [stderr]    Compiling serde v1.0.214
[INFO] [stderr]    Compiling futures-executor v0.3.31
[INFO] [stderr]    Compiling futures v0.3.31
[INFO] [stderr]    Compiling either v1.13.0
[INFO] [stderr]    Compiling bytes v1.8.0
[INFO] [stderr]    Compiling csv v1.3.0
[INFO] [stderr]    Compiling chrono v0.4.38
[INFO] [stderr]    Compiling serde_json v1.0.132
[INFO] [stderr]    Compiling itertools v0.13.0
[INFO] [stderr]    Compiling rayon v1.10.0
[INFO] [stderr]    Compiling tokio v1.41.0
[INFO] [stderr]    Compiling faststr v0.2.23
[INFO] [stderr]    Compiling prettytable v0.10.0
[INFO] [stderr]    Compiling mdsn v0.2.25
[INFO] [stderr]    Compiling deadpool-runtime v0.1.4
[INFO] [stderr]    Compiling deadpool v0.10.0
[INFO] [stdout] warning: elided lifetime has a name
[INFO] [stdout]    --> src/common/raw/mod.rs:720:40
[INFO] [stdout]     |
[INFO] [stdout] 718 |     pub fn deserialize<'de, 'a: 'de, T>(
[INFO] [stdout]     |                             -- lifetime `'a` declared here
[INFO] [stdout] 719 |         &'a self,
[INFO] [stdout] 720 |     ) -> std::iter::Map<rows::RowsIter<'_>, fn(RowView<'a>) -> Result<T, DeError>>
[INFO] [stdout]     |                                        ^^ this elided lifetime gets resolved as `'a`
[INFO] [stdout]     |
[INFO] [stdout]     = note: `#[warn(elided_named_lifetimes)]` on by default
[INFO] [stdout] 
[INFO] [stdout] 
[INFO] [stderr]     Finished `dev` profile [unoptimized + debuginfo] target(s) in 31.28s
[INFO] running `Command { std: "docker" "inspect" "f8275e07a68aec2fec4902b19913aceb1cdeacc6f3250f0ba937b00069618c01", kill_on_drop: false }`
[INFO] running `Command { std: "docker" "rm" "-f" "f8275e07a68aec2fec4902b19913aceb1cdeacc6f3250f0ba937b00069618c01", kill_on_drop: false }`
[INFO] [stdout] f8275e07a68aec2fec4902b19913aceb1cdeacc6f3250f0ba937b00069618c01
[INFO] running `Command { std: "docker" "create" "-v" "/var/lib/crater-agent-workspace/builds/worker-0-tc2/target:/opt/rustwide/target:rw,Z" "-v" "/var/lib/crater-agent-workspace/builds/worker-0-tc2/source:/opt/rustwide/workdir:ro,Z" "-v" "/var/lib/crater-agent-workspace/cargo-home:/opt/rustwide/cargo-home:ro,Z" "-v" "/var/lib/crater-agent-workspace/rustup-home:/opt/rustwide/rustup-home:ro,Z" "-e" "SOURCE_DIR=/opt/rustwide/workdir" "-e" "CARGO_TARGET_DIR=/opt/rustwide/target" "-e" "CARGO_INCREMENTAL=0" "-e" "RUST_BACKTRACE=full" "-e" "RUSTFLAGS=--cap-lints=forbid -Zrandomize-layout" "-e" "RUSTDOCFLAGS=--cap-lints=forbid" "-e" "CARGO_HOME=/opt/rustwide/cargo-home" "-e" "RUSTUP_HOME=/opt/rustwide/rustup-home" "-w" "/opt/rustwide/workdir" "-m" "1610612736" "--user" "0:0" "--network" "none" "ghcr.io/rust-lang/crates-build-env/linux@sha256:4a844ea9eb2546a2d2c7022eacef16ef2e8229c7fbb2c7d4d55a9ceca922f72d" "/opt/rustwide/cargo-home/bin/cargo" "+nightly-2024-10-28" "test" "--frozen" "--no-run" "--message-format=json", kill_on_drop: false }`
[INFO] [stdout] 080d9ef572da2dd5086e7a9b43d42c95416522f22413886b3052c893049041bc
[INFO] running `Command { std: "docker" "start" "-a" "080d9ef572da2dd5086e7a9b43d42c95416522f22413886b3052c893049041bc", kill_on_drop: false }`
[INFO] [stderr]    Compiling miniz_oxide v0.8.0
[INFO] [stderr]    Compiling zerocopy-derive v0.7.35
[INFO] [stderr]    Compiling getrandom v0.2.15
[INFO] [stderr]    Compiling humantime v2.1.0
[INFO] [stderr]    Compiling rand_core v0.6.4
[INFO] [stderr]    Compiling env_logger v0.10.2
[INFO] [stderr]    Compiling pretty_env_logger v0.5.0
[INFO] [stderr]    Compiling backtrace v0.3.74
[INFO] [stderr]    Compiling flate2 v1.0.34
[INFO] [stderr]    Compiling zerocopy v0.7.35
[INFO] [stderr]    Compiling anyhow v1.0.92
[INFO] [stderr]    Compiling taos-error v0.12.4
[INFO] [stderr]    Compiling taos-query v0.12.4 (/opt/rustwide/workdir)
[INFO] [stderr]    Compiling ppv-lite86 v0.2.20
[INFO] [stderr]    Compiling rand_chacha v0.3.1
[INFO] [stdout] warning: elided lifetime has a name
[INFO] [stdout]    --> src/common/raw/mod.rs:720:40
[INFO] [stdout]     |
[INFO] [stdout] 718 |     pub fn deserialize<'de, 'a: 'de, T>(
[INFO] [stdout]     |                             -- lifetime `'a` declared here
[INFO] [stdout] 719 |         &'a self,
[INFO] [stdout] 720 |     ) -> std::iter::Map<rows::RowsIter<'_>, fn(RowView<'a>) -> Result<T, DeError>>
[INFO] [stdout]     |                                        ^^ this elided lifetime gets resolved as `'a`
[INFO] [stdout]     |
[INFO] [stdout]     = note: `#[warn(elided_named_lifetimes)]` on by default
[INFO] [stdout] 
[INFO] [stdout] 
[INFO] [stderr]    Compiling rand v0.8.5
[INFO] [stdout] warning: elided lifetime has a name
[INFO] [stdout]    --> src/common/raw/mod.rs:720:40
[INFO] [stdout]     |
[INFO] [stdout] 718 |     pub fn deserialize<'de, 'a: 'de, T>(
[INFO] [stdout]     |                             -- lifetime `'a` declared here
[INFO] [stdout] 719 |         &'a self,
[INFO] [stdout] 720 |     ) -> std::iter::Map<rows::RowsIter<'_>, fn(RowView<'a>) -> Result<T, DeError>>
[INFO] [stdout]     |                                        ^^ this elided lifetime gets resolved as `'a`
[INFO] [stdout]     |
[INFO] [stdout]     = note: `#[warn(elided_named_lifetimes)]` on by default
[INFO] [stdout] 
[INFO] [stdout] 
[INFO] [stdout] warning: creating a mutable reference to mutable static is discouraged
[INFO] [stdout]    --> src/lib.rs:410:22
[INFO] [stdout]     |
[INFO] [stdout] 410 |             unsafe { F.get_or_insert(vec![Field::new("a", Ty::TinyInt, 1)]) };
[INFO] [stdout]     |                      ^^^^^^^^^^^^^^^^^^^^^^^^^^^^^^^^^^^^^^^^^^^^^^^^^^^^^^ mutable reference to mutable static
[INFO] [stdout]     |
[INFO] [stdout]     = note: for more information, see <https://doc.rust-lang.org/nightly/edition-guide/rust-2024/static-mut-references.html>
[INFO] [stdout]     = note: mutable references to mutable statics are dangerous; it's undefined behavior if any other pointer to the static is used or if any other reference is created for the static while the mutable reference lives
[INFO] [stdout]     = note: `#[warn(static_mut_refs)]` on by default
[INFO] [stdout] 
[INFO] [stdout] 
[INFO] [stdout] warning: creating a shared reference to mutable static is discouraged
[INFO] [stdout]    --> src/lib.rs:411:22
[INFO] [stdout]     |
[INFO] [stdout] 411 |             unsafe { F.as_ref().unwrap() }
[INFO] [stdout]     |                      ^^^^^^^^^^ shared reference to mutable static
[INFO] [stdout]     |
[INFO] [stdout]     = note: for more information, see <https://doc.rust-lang.org/nightly/edition-guide/rust-2024/static-mut-references.html>
[INFO] [stdout]     = note: shared references to mutable statics are dangerous; it's undefined behavior if the static is mutated or if a mutable reference is created for it while the shared reference lives
[INFO] [stdout] 
[INFO] [stdout] 
[INFO] [stdout] warning: creating a shared reference to mutable static is discouraged
[INFO] [stdout]    --> src/lib.rs:431:20
[INFO] [stdout]     |
[INFO] [stdout] 431 |                 if B.load(std::sync::atomic::Ordering::SeqCst) == 0 {
[INFO] [stdout]     |                    ^^^^^^^^^^^^^^^^^^^^^^^^^^^^^^^^^^^^^^^^^^^ shared reference to mutable static
[INFO] [stdout]     |
[INFO] [stdout]     = note: for more information, see <https://doc.rust-lang.org/nightly/edition-guide/rust-2024/static-mut-references.html>
[INFO] [stdout]     = note: shared references to mutable statics are dangerous; it's undefined behavior if the static is mutated or if a mutable reference is created for it while the shared reference lives
[INFO] [stdout] 
[INFO] [stdout] 
[INFO] [stdout] warning: creating a shared reference to mutable static is discouraged
[INFO] [stdout]    --> src/lib.rs:435:22
[INFO] [stdout]     |
[INFO] [stdout] 435 |             unsafe { B.fetch_sub(1, std::sync::atomic::Ordering::SeqCst) };
[INFO] [stdout]     |                      ^^^^^^^^^^^^^^^^^^^^^^^^^^^^^^^^^^^^^^^^^^^^^^^^^^^ shared reference to mutable static
[INFO] [stdout]     |
[INFO] [stdout]     = note: for more information, see <https://doc.rust-lang.org/nightly/edition-guide/rust-2024/static-mut-references.html>
[INFO] [stdout]     = note: shared references to mutable statics are dangerous; it's undefined behavior if the static is mutated or if a mutable reference is created for it while the shared reference lives
[INFO] [stdout] 
[INFO] [stdout] 
[INFO] [stderr]     Finished `test` profile [unoptimized + debuginfo] target(s) in 10.99s
[INFO] running `Command { std: "docker" "inspect" "080d9ef572da2dd5086e7a9b43d42c95416522f22413886b3052c893049041bc", kill_on_drop: false }`
[INFO] running `Command { std: "docker" "rm" "-f" "080d9ef572da2dd5086e7a9b43d42c95416522f22413886b3052c893049041bc", kill_on_drop: false }`
[INFO] [stdout] 080d9ef572da2dd5086e7a9b43d42c95416522f22413886b3052c893049041bc
[INFO] running `Command { std: "docker" "create" "-v" "/var/lib/crater-agent-workspace/builds/worker-0-tc2/target:/opt/rustwide/target:rw,Z" "-v" "/var/lib/crater-agent-workspace/builds/worker-0-tc2/source:/opt/rustwide/workdir:ro,Z" "-v" "/var/lib/crater-agent-workspace/cargo-home:/opt/rustwide/cargo-home:ro,Z" "-v" "/var/lib/crater-agent-workspace/rustup-home:/opt/rustwide/rustup-home:ro,Z" "-e" "SOURCE_DIR=/opt/rustwide/workdir" "-e" "CARGO_TARGET_DIR=/opt/rustwide/target" "-e" "CARGO_INCREMENTAL=0" "-e" "RUST_BACKTRACE=full" "-e" "RUSTFLAGS=--cap-lints=forbid -Zrandomize-layout" "-e" "RUSTDOCFLAGS=--cap-lints=forbid" "-e" "CARGO_HOME=/opt/rustwide/cargo-home" "-e" "RUSTUP_HOME=/opt/rustwide/rustup-home" "-w" "/opt/rustwide/workdir" "-m" "1610612736" "--user" "0:0" "--network" "none" "ghcr.io/rust-lang/crates-build-env/linux@sha256:4a844ea9eb2546a2d2c7022eacef16ef2e8229c7fbb2c7d4d55a9ceca922f72d" "/opt/rustwide/cargo-home/bin/cargo" "+nightly-2024-10-28" "test" "--frozen", kill_on_drop: false }`
[INFO] [stdout] 0944c3372b3300bf0bcb03bac5436523b9e99edf213122e7463df769e384697c
[INFO] running `Command { std: "docker" "start" "-a" "0944c3372b3300bf0bcb03bac5436523b9e99edf213122e7463df769e384697c", kill_on_drop: false }`
[INFO] [stderr] warning: elided lifetime has a name
[INFO] [stderr]    --> src/common/raw/mod.rs:720:40
[INFO] [stderr]     |
[INFO] [stderr] 718 |     pub fn deserialize<'de, 'a: 'de, T>(
[INFO] [stderr]     |                             -- lifetime `'a` declared here
[INFO] [stderr] 719 |         &'a self,
[INFO] [stderr] 720 |     ) -> std::iter::Map<rows::RowsIter<'_>, fn(RowView<'a>) -> Result<T, DeError>>
[INFO] [stderr]     |                                        ^^ this elided lifetime gets resolved as `'a`
[INFO] [stderr]     |
[INFO] [stderr]     = note: `#[warn(elided_named_lifetimes)]` on by default
[INFO] [stderr] 
[INFO] [stderr] warning: `taos-query` (lib) generated 1 warning
[INFO] [stderr] warning: creating a mutable reference to mutable static is discouraged
[INFO] [stderr]    --> src/lib.rs:410:22
[INFO] [stderr]     |
[INFO] [stderr] 410 |             unsafe { F.get_or_insert(vec![Field::new("a", Ty::TinyInt, 1)]) };
[INFO] [stderr]     |                      ^^^^^^^^^^^^^^^^^^^^^^^^^^^^^^^^^^^^^^^^^^^^^^^^^^^^^^ mutable reference to mutable static
[INFO] [stderr]     |
[INFO] [stderr]     = note: for more information, see <https://doc.rust-lang.org/nightly/edition-guide/rust-2024/static-mut-references.html>
[INFO] [stderr]     = note: mutable references to mutable statics are dangerous; it's undefined behavior if any other pointer to the static is used or if any other reference is created for the static while the mutable reference lives
[INFO] [stderr]     = note: `#[warn(static_mut_refs)]` on by default
[INFO] [stderr] 
[INFO] [stderr] warning: creating a shared reference to mutable static is discouraged
[INFO] [stderr]    --> src/lib.rs:411:22
[INFO] [stderr]     |
[INFO] [stderr] 411 |             unsafe { F.as_ref().unwrap() }
[INFO] [stderr]     |                      ^^^^^^^^^^ shared reference to mutable static
[INFO] [stderr]     |
[INFO] [stderr]     = note: for more information, see <https://doc.rust-lang.org/nightly/edition-guide/rust-2024/static-mut-references.html>
[INFO] [stderr]     = note: shared references to mutable statics are dangerous; it's undefined behavior if the static is mutated or if a mutable reference is created for it while the shared reference lives
[INFO] [stderr] 
[INFO] [stderr] warning: creating a shared reference to mutable static is discouraged
[INFO] [stderr]    --> src/lib.rs:431:20
[INFO] [stderr]     |
[INFO] [stderr] 431 |                 if B.load(std::sync::atomic::Ordering::SeqCst) == 0 {
[INFO] [stderr]     |                    ^^^^^^^^^^^^^^^^^^^^^^^^^^^^^^^^^^^^^^^^^^^ shared reference to mutable static
[INFO] [stderr]     |
[INFO] [stderr]     = note: for more information, see <https://doc.rust-lang.org/nightly/edition-guide/rust-2024/static-mut-references.html>
[INFO] [stderr]     = note: shared references to mutable statics are dangerous; it's undefined behavior if the static is mutated or if a mutable reference is created for it while the shared reference lives
[INFO] [stderr] 
[INFO] [stderr] warning: creating a shared reference to mutable static is discouraged
[INFO] [stderr]    --> src/lib.rs:435:22
[INFO] [stderr]     |
[INFO] [stderr] 435 |             unsafe { B.fetch_sub(1, std::sync::atomic::Ordering::SeqCst) };
[INFO] [stderr]     |                      ^^^^^^^^^^^^^^^^^^^^^^^^^^^^^^^^^^^^^^^^^^^^^^^^^^^ shared reference to mutable static
[INFO] [stderr]     |
[INFO] [stderr]     = note: for more information, see <https://doc.rust-lang.org/nightly/edition-guide/rust-2024/static-mut-references.html>
[INFO] [stderr]     = note: shared references to mutable statics are dangerous; it's undefined behavior if the static is mutated or if a mutable reference is created for it while the shared reference lives
[INFO] [stderr] 
[INFO] [stderr] warning: `taos-query` (lib test) generated 5 warnings (1 duplicate)
[INFO] [stderr]     Finished `test` profile [unoptimized + debuginfo] target(s) in 0.12s
[INFO] [stderr]      Running unittests src/lib.rs (/opt/rustwide/target/debug/deps/taos_query-ec9e9f3aba80a2bd)
[INFO] [stdout] 
[INFO] [stdout] running 89 tests
[INFO] [stdout] test common::field::test_c_field_t ... ok
[INFO] [stdout] test common::raw::layout::test_layout ... ok
[INFO] [stdout] test common::precision::tests::de ... ok
[INFO] [stdout] test common::raw::meta::test_meta_create_to_sql ... ok
[INFO] [stdout] test common::raw::meta::test_json_meta_compress ... ok
[INFO] [stdout] test common::raw::meta::test_json_meta_plural ... ok
[INFO] [stdout] test common::raw::test_from_v2 ... ok
[INFO] [stdout] test common::raw::test_raw_from_v2 ... ok
[INFO] [stdout] test common::raw::test_v2_null ... ok
[INFO] [stdout] test common::raw::views::big_int_view::test_slice ... ok
[INFO] [stdout] test common::raw::views::bool_view::test_bool_slice ... ok
[INFO] [stdout] test common::raw::views::double_view::test_slice ... ok
[INFO] [stdout] test common::raw::views::big_int_unsigned_view::test_slice ... ok
[INFO] [stdout] test common::raw::views::float_view::test_slice ... ok
[INFO] [stdout] test common::raw::views::int_unsigned_view::test_slice ... ok
[INFO] [stdout] test common::raw::views::int_view::test_slice ... ok
[INFO] [stdout] test common::raw::views::json_view::test_slice ... ok
[INFO] [stdout] test common::raw::views::lengths::test_lengths_mut ... ok
[INFO] [stdout] test common::raw::views::n_char_view::test_slice ... ok
[INFO] [stdout] test common::raw::test_v2_full ... ok
[INFO] [stdout] test common::raw::views::nulls::test_null_bits ... ok
[INFO] [stdout] test common::raw::views::offsets::test_slice ... ok
[INFO] [stdout] test common::raw::views::schema::test_bin ... ok
[INFO] [stdout] test common::raw::views::schema::col_schema ... ok
[INFO] [stdout] test common::raw::views::smallint_view::test_slice ... ok
[INFO] [stdout] test common::raw::views::tests::test_column_view_bool ... ok
[INFO] [stdout] test common::raw::views::tests::test_column_view_null ... ok
[INFO] [stdout] test common::raw::views::tests::test_concat_iter ... ok
[INFO] [stdout] test common::raw::views::small_int_unsigned_view::test_slice ... ok
[INFO] [stdout] test common::raw::views::tinyint_unsigned_view::test_slice ... ok
[INFO] [stdout] test common::raw::views::timestamp_view::test_slice ... ok
[INFO] [stdout] test common::raw::views::tinyint_view::test_slice ... ok
[INFO] [stdout] test common::raw::views::var_char_view::test_slice ... ok
[INFO] [stdout] test common::timestamp::tests::ts_new ... ok
[INFO] [stdout] test common::timestamp::tests::ts_cast_precision ... ok
[INFO] [stdout] test common::value::de::borrowed::tests::de_newtype_struct ... ok
[INFO] [stdout] test common::value::de::borrowed::tests::de_value_as_inner ... ok
[INFO] [stdout] test common::value::de::borrowed::tests::de_borrowed_str ... ok
[INFO] [stdout] test common::value::de::ref_value::tests::de_borrowed_str ... ok
[INFO] [stdout] test common::value::de::borrowed::tests::de_json ... ok
[INFO] [stdout] test common::value::de::ref_value::tests::de_string ... ok
[INFO] [stdout] test common::value::de::ref_value::tests::de_newtype_struct ... ok
[INFO] [stdout] test common::value::de::ref_value::tests::de_json ... ok
[INFO] [stdout] test common::value::de::ref_value::tests::de_value_as_inner ... ok
[INFO] [stdout] test common::value::de::value::tests::de_value_as_inner ... ok
[INFO] [stdout] test common::value::de::ref_value::tests::value_de_value_ref ... ok
[INFO] [stdout] test common::value::de::value::tests::value_de_value ... ok
[INFO] [stdout] test common::value::de::value::tests::de_json ... ok
[INFO] [stdout] test common::value::de::value::tests::de_newtype_struct ... ok
[INFO] [stdout] test common::value::tests::test_big_int_value ... ok
[INFO] [stdout] test common::value::tests::test_bool_value ... ok
[INFO] [stdout] test common::value::tests::test_borrowed_value_to_native ... ok
[INFO] [stdout] test common::value::tests::test_double_value ... ok
[INFO] [stdout] test common::value::tests::test_float_value ... ok
[INFO] [stdout] test common::value::tests::test_nchar_value ... ok
[INFO] [stdout] test common::value::tests::test_null_value ... ok
[INFO] [stdout] test common::value::tests::test_small_int_value ... ok
[INFO] [stdout] test common::value::tests::test_timestamp_value ... ok
[INFO] [stdout] test common::value::tests::test_tiny_int_value ... ok
[INFO] [stdout] test common::value::tests::test_to_json_value ... ok
[INFO] [stdout] test common::value::tests::test_to_sql_value ... ok
[INFO] [stdout] test common::value::tests::test_ty ... ok
[INFO] [stdout] test common::value::tests::test_ubig_int_value ... ok
[INFO] [stdout] test common::value::tests::test_int_value ... ok
[INFO] [stdout] test common::value::tests::test_usmall_int_value ... ok
[INFO] [stdout] test common::value::tests::test_json_value ... ok
[INFO] [stdout] test common::value::tests::test_uint_value ... ok
[INFO] [stdout] test common::value::tests::test_utiny_int_value ... ok
[INFO] [stdout] test helpers::describe::serde_meta ... ok
[INFO] [stdout] test common::value::tests::test_var_char_value ... ok
[INFO] [stdout] test helpers::database::db_prop_from_str ... ok
[INFO] [stdout] test prelude::r#async::test ... ok
[INFO] [stdout] test tests::block_deserialize_borrowed ... ok
[INFO] [stdout] test tests::block_deserialize_borrowed_bytes_stream ... ok
[INFO] [stdout] test tests::with_iter ... ok
[INFO] [stdout] test tests::block_deserialize_borrowed_bytes ... ok
[INFO] [stdout] test tests::query_deserialize ... ok
[INFO] [stdout] test util::hex::test_inline_lines ... ok
[INFO] [stdout] test util::inline_bytes::test_inline_lines ... ok
[INFO] [stdout] test util::inline_json::test_inline_str ... ok
[INFO] [stdout] test util::inline_nchar::test_inline_nchar ... ok
[INFO] [stdout] test util::inline_nchar::test_inline_nchar_2 ... ok
[INFO] [stdout] test util::inline_str::test_empty_inline ... ok
[INFO] [stdout] test util::inlined_bytes ... ok
[INFO] [stdout] test util::inline_str::test_inline_str ... ok
[INFO] [stdout] test common::timestamp::tests::ts_debug ... FAILED
[INFO] [stdout] test common::value::de::borrowed::tests::de_string ... FAILED
[INFO] [stdout] test common::value::de::value::tests::de_str ... FAILED
[INFO] [stdout] test common::raw::views::nulls::test_null_bits_slice ... ok
[INFO] [stdout] 
[INFO] [stdout] failures:
[INFO] [stdout] 
[INFO] [stdout] ---- common::timestamp::tests::ts_debug stdout ----
[INFO] [stdout] thread 'common::timestamp::tests::ts_debug' panicked at src/common/timestamp.rs:170:9:
[INFO] [stdout] assertion `left == right` failed
[INFO] [stdout]   left: "1970-01-01T00:00:00+00:00"
[INFO] [stdout]  right: "1970-01-01T08:00:00+08:00"
[INFO] [stdout] stack backtrace:
[INFO] [stdout]    0:     0x64b481cdc6da - std::backtrace_rs::backtrace::libunwind::trace::h207520d6e9873551
[INFO] [stdout]                                at /rustc/df4ca44d3fbc9301ee17f30f4d474e6ae4b05252/library/std/src/../../backtrace/src/backtrace/libunwind.rs:116:5
[INFO] [stdout]    1:     0x64b481cdc6da - std::backtrace_rs::backtrace::trace_unsynchronized::h2ed7433f370e3eca
[INFO] [stdout]                                at /rustc/df4ca44d3fbc9301ee17f30f4d474e6ae4b05252/library/std/src/../../backtrace/src/backtrace/mod.rs:66:5
[INFO] [stdout]    2:     0x64b481cdc6da - std::sys::backtrace::_print_fmt::h916fac51166b18d7
[INFO] [stdout]                                at /rustc/df4ca44d3fbc9301ee17f30f4d474e6ae4b05252/library/std/src/sys/backtrace.rs:66:9
[INFO] [stdout]    3:     0x64b481cdc6da - <std::sys::backtrace::BacktraceLock::print::DisplayBacktrace as core::fmt::Display>::fmt::ha0a4c9b8ce3802e6
[INFO] [stdout]                                at /rustc/df4ca44d3fbc9301ee17f30f4d474e6ae4b05252/library/std/src/sys/backtrace.rs:39:26
[INFO] [stdout]    4:     0x64b481d07053 - core::fmt::rt::Argument::fmt::h4cfc8587d52b3eb5
[INFO] [stdout]                                at /rustc/df4ca44d3fbc9301ee17f30f4d474e6ae4b05252/library/core/src/fmt/rt.rs:177:76
[INFO] [stdout]    5:     0x64b481d07053 - core::fmt::write::h522cc39e5b36ae9f
[INFO] [stdout]                                at /rustc/df4ca44d3fbc9301ee17f30f4d474e6ae4b05252/library/core/src/fmt/mod.rs:1190:21
[INFO] [stdout]    6:     0x64b481cd8e43 - std::io::Write::write_fmt::h7d3c26752da97734
[INFO] [stdout]                                at /rustc/df4ca44d3fbc9301ee17f30f4d474e6ae4b05252/library/std/src/io/mod.rs:1839:15
[INFO] [stdout]    7:     0x64b481cdc522 - std::sys::backtrace::BacktraceLock::print::h4b9e00b29e9c0942
[INFO] [stdout]                                at /rustc/df4ca44d3fbc9301ee17f30f4d474e6ae4b05252/library/std/src/sys/backtrace.rs:42:9
[INFO] [stdout]    8:     0x64b481cddb6a - std::panicking::default_hook::{{closure}}::hb59b88280d0324d9
[INFO] [stdout]                                at /rustc/df4ca44d3fbc9301ee17f30f4d474e6ae4b05252/library/std/src/panicking.rs:268:22
[INFO] [stdout]    9:     0x64b481cdd974 - std::panicking::default_hook::he1dd496665be4a29
[INFO] [stdout]                                at /rustc/df4ca44d3fbc9301ee17f30f4d474e6ae4b05252/library/std/src/panicking.rs:292:9
[INFO] [stdout]   10:     0x64b481b61a59 - <alloc::boxed::Box<F,A> as core::ops::function::Fn<Args>>::call::h4ff71de18744e1dc
[INFO] [stdout]                                at /rustc/df4ca44d3fbc9301ee17f30f4d474e6ae4b05252/library/alloc/src/boxed.rs:2468:9
[INFO] [stdout]   11:     0x64b481b61a59 - test::test_main::{{closure}}::hcf7c055ce117aa81
[INFO] [stdout]                                at /rustc/df4ca44d3fbc9301ee17f30f4d474e6ae4b05252/library/test/src/lib.rs:133:21
[INFO] [stdout]   12:     0x64b481cde268 - <alloc::boxed::Box<F,A> as core::ops::function::Fn<Args>>::call::h1d66c6bbd60c9692
[INFO] [stdout]                                at /rustc/df4ca44d3fbc9301ee17f30f4d474e6ae4b05252/library/alloc/src/boxed.rs:2468:9
[INFO] [stdout]   13:     0x64b481cde268 - std::panicking::rust_panic_with_hook::h2ff17fe8f26dfcf8
[INFO] [stdout]                                at /rustc/df4ca44d3fbc9301ee17f30f4d474e6ae4b05252/library/std/src/panicking.rs:809:13
[INFO] [stdout]   14:     0x64b481cde02a - std::panicking::begin_panic_handler::{{closure}}::h4fad77951c07e101
[INFO] [stdout]                                at /rustc/df4ca44d3fbc9301ee17f30f4d474e6ae4b05252/library/std/src/panicking.rs:674:13
[INFO] [stdout]   15:     0x64b481cdcbb9 - std::sys::backtrace::__rust_end_short_backtrace::hb1a25b3da5d0ea08
[INFO] [stdout]                                at /rustc/df4ca44d3fbc9301ee17f30f4d474e6ae4b05252/library/std/src/sys/backtrace.rs:170:18
[INFO] [stdout]   16:     0x64b481cddcbc - rust_begin_unwind
[INFO] [stdout]                                at /rustc/df4ca44d3fbc9301ee17f30f4d474e6ae4b05252/library/std/src/panicking.rs:665:5
[INFO] [stdout]   17:     0x64b481d044d0 - core::panicking::panic_fmt::ha9db07b529f9b256
[INFO] [stdout]                                at /rustc/df4ca44d3fbc9301ee17f30f4d474e6ae4b05252/library/core/src/panicking.rs:75:14
[INFO] [stdout]   18:     0x64b481d04935 - core::panicking::assert_failed_inner::h04f38944d74a80a8
[INFO] [stdout]   19:     0x64b48192c782 - core::panicking::assert_failed::hf867cb8a36a8c832
[INFO] [stdout]                                at /rustc/df4ca44d3fbc9301ee17f30f4d474e6ae4b05252/library/core/src/panicking.rs:377:5
[INFO] [stdout]   20:     0x64b481907df7 - taos_query::common::timestamp::tests::ts_debug::h6c655f7354a45175
[INFO] [stdout]                                at /opt/rustwide/workdir/src/common/timestamp.rs:170:9
[INFO] [stdout]   21:     0x64b481907897 - taos_query::common::timestamp::tests::ts_debug::{{closure}}::h6eb3654f0ffd5cbe
[INFO] [stdout]                                at /opt/rustwide/workdir/src/common/timestamp.rs:166:18
[INFO] [stdout]   22:     0x64b4819fadf6 - core::ops::function::FnOnce::call_once::h3ccf9b92bfe808ef
[INFO] [stdout]                                at /rustc/df4ca44d3fbc9301ee17f30f4d474e6ae4b05252/library/core/src/ops/function.rs:250:5
[INFO] [stdout]   23:     0x64b481b6632b - core::ops::function::FnOnce::call_once::h22c3ba5715e93f05
[INFO] [stdout]                                at /rustc/df4ca44d3fbc9301ee17f30f4d474e6ae4b05252/library/core/src/ops/function.rs:250:5
[INFO] [stdout]   24:     0x64b481b6632b - test::__rust_begin_short_backtrace::h8e82d8113d0da17f
[INFO] [stdout]                                at /rustc/df4ca44d3fbc9301ee17f30f4d474e6ae4b05252/library/test/src/lib.rs:621:18
[INFO] [stdout]   25:     0x64b481b65ca7 - test::run_test_in_process::{{closure}}::h33235f4f20b7b7c7
[INFO] [stdout]                                at /rustc/df4ca44d3fbc9301ee17f30f4d474e6ae4b05252/library/test/src/lib.rs:644:60
[INFO] [stdout]   26:     0x64b481b65ca7 - <core::panic::unwind_safe::AssertUnwindSafe<F> as core::ops::function::FnOnce<()>>::call_once::hb5043206310c586f
[INFO] [stdout]                                at /rustc/df4ca44d3fbc9301ee17f30f4d474e6ae4b05252/library/core/src/panic/unwind_safe.rs:272:9
[INFO] [stdout]   27:     0x64b481b65ca7 - std::panicking::try::do_call::h9ad4731a60ab23e2
[INFO] [stdout]                                at /rustc/df4ca44d3fbc9301ee17f30f4d474e6ae4b05252/library/std/src/panicking.rs:557:40
[INFO] [stdout]   28:     0x64b481b65ca7 - std::panicking::try::h3824d23db772a716
[INFO] [stdout]                                at /rustc/df4ca44d3fbc9301ee17f30f4d474e6ae4b05252/library/std/src/panicking.rs:520:19
[INFO] [stdout]   29:     0x64b481b65ca7 - std::panic::catch_unwind::h5afd514605fde46b
[INFO] [stdout]                                at /rustc/df4ca44d3fbc9301ee17f30f4d474e6ae4b05252/library/std/src/panic.rs:358:14
[INFO] [stdout]   30:     0x64b481b65ca7 - test::run_test_in_process::h0d5cbfa7067d1720
[INFO] [stdout]                                at /rustc/df4ca44d3fbc9301ee17f30f4d474e6ae4b05252/library/test/src/lib.rs:644:27
[INFO] [stdout]   31:     0x64b481b65ca7 - test::run_test::{{closure}}::h708eb8872708115d
[INFO] [stdout]                                at /rustc/df4ca44d3fbc9301ee17f30f4d474e6ae4b05252/library/test/src/lib.rs:565:43
[INFO] [stdout]   32:     0x64b481b293c4 - test::run_test::{{closure}}::h392c51cee94713ab
[INFO] [stdout]                                at /rustc/df4ca44d3fbc9301ee17f30f4d474e6ae4b05252/library/test/src/lib.rs:595:41
[INFO] [stdout]   33:     0x64b481b293c4 - std::sys::backtrace::__rust_begin_short_backtrace::h2f40290710935a8b
[INFO] [stdout]                                at /rustc/df4ca44d3fbc9301ee17f30f4d474e6ae4b05252/library/std/src/sys/backtrace.rs:154:18
[INFO] [stdout]   34:     0x64b481b2cb6e - std::thread::Builder::spawn_unchecked_::{{closure}}::{{closure}}::h3fd968d89053a903
[INFO] [stdout]                                at /rustc/df4ca44d3fbc9301ee17f30f4d474e6ae4b05252/library/std/src/thread/mod.rs:541:17
[INFO] [stdout]   35:     0x64b481b2cb6e - <core::panic::unwind_safe::AssertUnwindSafe<F> as core::ops::function::FnOnce<()>>::call_once::h743f637ba4229880
[INFO] [stdout]                                at /rustc/df4ca44d3fbc9301ee17f30f4d474e6ae4b05252/library/core/src/panic/unwind_safe.rs:272:9
[INFO] [stdout]   36:     0x64b481b2cb6e - std::panicking::try::do_call::h07440897322525a6
[INFO] [stdout]                                at /rustc/df4ca44d3fbc9301ee17f30f4d474e6ae4b05252/library/std/src/panicking.rs:557:40
[INFO] [stdout]   37:     0x64b481b2cb6e - std::panicking::try::he5a2e00188156637
[INFO] [stdout]                                at /rustc/df4ca44d3fbc9301ee17f30f4d474e6ae4b05252/library/std/src/panicking.rs:520:19
[INFO] [stdout]   38:     0x64b481b2cb6e - std::panic::catch_unwind::hbaf3cae49b3c6433
[INFO] [stdout]                                at /rustc/df4ca44d3fbc9301ee17f30f4d474e6ae4b05252/library/std/src/panic.rs:358:14
[INFO] [stdout]   39:     0x64b481b2cb6e - std::thread::Builder::spawn_unchecked_::{{closure}}::h8e141ea224820bce
[INFO] [stdout]                                at /rustc/df4ca44d3fbc9301ee17f30f4d474e6ae4b05252/library/std/src/thread/mod.rs:540:30
[INFO] [stdout]   40:     0x64b481b2cb6e - core::ops::function::FnOnce::call_once{{vtable.shim}}::h90d312fedd7b8ea8
[INFO] [stdout]                                at /rustc/df4ca44d3fbc9301ee17f30f4d474e6ae4b05252/library/core/src/ops/function.rs:250:5
[INFO] [stdout]   41:     0x64b481ce243b - <alloc::boxed::Box<F,A> as core::ops::function::FnOnce<Args>>::call_once::h69aa08ddb6adb8b6
[INFO] [stdout]                                at /rustc/df4ca44d3fbc9301ee17f30f4d474e6ae4b05252/library/alloc/src/boxed.rs:2454:9
[INFO] [stdout]   42:     0x64b481ce243b - <alloc::boxed::Box<F,A> as core::ops::function::FnOnce<Args>>::call_once::h5aa36efdb79c806f
[INFO] [stdout]                                at /rustc/df4ca44d3fbc9301ee17f30f4d474e6ae4b05252/library/alloc/src/boxed.rs:2454:9
[INFO] [stdout]   43:     0x64b481ce243b - std::sys::pal::unix::thread::Thread::new::thread_start::h6cd80a1b4be5158d
[INFO] [stdout]                                at /rustc/df4ca44d3fbc9301ee17f30f4d474e6ae4b05252/library/std/src/sys/pal/unix/thread.rs:105:17
[INFO] [stdout]   44:     0x77247a809ac3 - <unknown>
[INFO] [stdout]   45:     0x77247a89aa04 - clone
[INFO] [stdout]   46:                0x0 - <unknown>
[INFO] [stdout] 
[INFO] [stdout] ---- common::value::de::borrowed::tests::de_string stdout ----
[INFO] [stdout] thread 'common::value::de::borrowed::tests::de_string' panicked at src/common/value/de/borrowed.rs:548:9:
[INFO] [stdout] assertion `left == right` failed
[INFO] [stdout]   left: "1970-01-01T00:00:00+00:00"
[INFO] [stdout]  right: "1970-01-01T08:00:00+08:00"
[INFO] [stdout] stack backtrace:
[INFO] [stdout]    0:     0x64b481cdc6da - std::backtrace_rs::backtrace::libunwind::trace::h207520d6e9873551
[INFO] [stdout]                                at /rustc/df4ca44d3fbc9301ee17f30f4d474e6ae4b05252/library/std/src/../../backtrace/src/backtrace/libunwind.rs:116:5
[INFO] [stdout]    1:     0x64b481cdc6da - std::backtrace_rs::backtrace::trace_unsynchronized::h2ed7433f370e3eca
[INFO] [stdout]                                at /rustc/df4ca44d3fbc9301ee17f30f4d474e6ae4b05252/library/std/src/../../backtrace/src/backtrace/mod.rs:66:5
[INFO] [stdout]    2:     0x64b481cdc6da - std::sys::backtrace::_print_fmt::h916fac51166b18d7
[INFO] [stdout]                                at /rustc/df4ca44d3fbc9301ee17f30f4d474e6ae4b05252/library/std/src/sys/backtrace.rs:66:9
[INFO] [stdout]    3:     0x64b481cdc6da - <std::sys::backtrace::BacktraceLock::print::DisplayBacktrace as core::fmt::Display>::fmt::ha0a4c9b8ce3802e6
[INFO] [stdout]                                at /rustc/df4ca44d3fbc9301ee17f30f4d474e6ae4b05252/library/std/src/sys/backtrace.rs:39:26
[INFO] [stdout]    4:     0x64b481d07053 - core::fmt::rt::Argument::fmt::h4cfc8587d52b3eb5
[INFO] [stdout]                                at /rustc/df4ca44d3fbc9301ee17f30f4d474e6ae4b05252/library/core/src/fmt/rt.rs:177:76
[INFO] [stdout]    5:     0x64b481d07053 - core::fmt::write::h522cc39e5b36ae9f
[INFO] [stdout]                                at /rustc/df4ca44d3fbc9301ee17f30f4d474e6ae4b05252/library/core/src/fmt/mod.rs:1190:21
[INFO] [stdout]    6:     0x64b481cd8e43 - std::io::Write::write_fmt::h7d3c26752da97734
[INFO] [stdout]                                at /rustc/df4ca44d3fbc9301ee17f30f4d474e6ae4b05252/library/std/src/io/mod.rs:1839:15
[INFO] [stdout]    7:     0x64b481cdc522 - std::sys::backtrace::BacktraceLock::print::h4b9e00b29e9c0942
[INFO] [stdout]                                at /rustc/df4ca44d3fbc9301ee17f30f4d474e6ae4b05252/library/std/src/sys/backtrace.rs:42:9
[INFO] [stdout]    8:     0x64b481cddb6a - std::panicking::default_hook::{{closure}}::hb59b88280d0324d9
[INFO] [stdout]                                at /rustc/df4ca44d3fbc9301ee17f30f4d474e6ae4b05252/library/std/src/panicking.rs:268:22
[INFO] [stdout]    9:     0x64b481cdd974 - std::panicking::default_hook::he1dd496665be4a29
[INFO] [stdout]                                at /rustc/df4ca44d3fbc9301ee17f30f4d474e6ae4b05252/library/std/src/panicking.rs:292:9
[INFO] [stdout]   10:     0x64b481b61a59 - <alloc::boxed::Box<F,A> as core::ops::function::Fn<Args>>::call::h4ff71de18744e1dc
[INFO] [stdout]                                at /rustc/df4ca44d3fbc9301ee17f30f4d474e6ae4b05252/library/alloc/src/boxed.rs:2468:9
[INFO] [stdout]   11:     0x64b481b61a59 - test::test_main::{{closure}}::hcf7c055ce117aa81
[INFO] [stdout]                                at /rustc/df4ca44d3fbc9301ee17f30f4d474e6ae4b05252/library/test/src/lib.rs:133:21
[INFO] [stdout]   12:     0x64b481cde268 - <alloc::boxed::Box<F,A> as core::ops::function::Fn<Args>>::call::h1d66c6bbd60c9692
[INFO] [stdout]                                at /rustc/df4ca44d3fbc9301ee17f30f4d474e6ae4b05252/library/alloc/src/boxed.rs:2468:9
[INFO] [stdout]   13:     0x64b481cde268 - std::panicking::rust_panic_with_hook::h2ff17fe8f26dfcf8
[INFO] [stdout]                                at /rustc/df4ca44d3fbc9301ee17f30f4d474e6ae4b05252/library/std/src/panicking.rs:809:13
[INFO] [stdout]   14:     0x64b481cde02a - std::panicking::begin_panic_handler::{{closure}}::h4fad77951c07e101
[INFO] [stdout]                                at /rustc/df4ca44d3fbc9301ee17f30f4d474e6ae4b05252/library/std/src/panicking.rs:674:13
[INFO] [stdout]   15:     0x64b481cdcbb9 - std::sys::backtrace::__rust_end_short_backtrace::hb1a25b3da5d0ea08
[INFO] [stdout]                                at /rustc/df4ca44d3fbc9301ee17f30f4d474e6ae4b05252/library/std/src/sys/backtrace.rs:170:18
[INFO] [stdout]   16:     0x64b481cddcbc - rust_begin_unwind
[INFO] [stdout]                                at /rustc/df4ca44d3fbc9301ee17f30f4d474e6ae4b05252/library/std/src/panicking.rs:665:5
[INFO] [stdout]   17:     0x64b481d044d0 - core::panicking::panic_fmt::ha9db07b529f9b256
[INFO] [stdout]                                at /rustc/df4ca44d3fbc9301ee17f30f4d474e6ae4b05252/library/core/src/panicking.rs:75:14
[INFO] [stdout]   18:     0x64b481d04935 - core::panicking::assert_failed_inner::h04f38944d74a80a8
[INFO] [stdout]   19:     0x64b48192c782 - core::panicking::assert_failed::hf867cb8a36a8c832
[INFO] [stdout]                                at /rustc/df4ca44d3fbc9301ee17f30f4d474e6ae4b05252/library/core/src/panicking.rs:377:5
[INFO] [stdout]   20:     0x64b48194615d - taos_query::common::value::de::borrowed::tests::de_string::hee44173ea62ec8c5
[INFO] [stdout]                                at /opt/rustwide/workdir/src/common/value/de/borrowed.rs:534:17
[INFO] [stdout]   21:     0x64b481945d67 - taos_query::common::value::de::borrowed::tests::de_string::{{closure}}::h96d315a5533ed150
[INFO] [stdout]                                at /opt/rustwide/workdir/src/common/value/de/borrowed.rs:525:19
[INFO] [stdout]   22:     0x64b4819fbc66 - core::ops::function::FnOnce::call_once::h7f16e9d0a74af2e5
[INFO] [stdout]                                at /rustc/df4ca44d3fbc9301ee17f30f4d474e6ae4b05252/library/core/src/ops/function.rs:250:5
[INFO] [stdout]   23:     0x64b481b6632b - core::ops::function::FnOnce::call_once::h22c3ba5715e93f05
[INFO] [stdout]                                at /rustc/df4ca44d3fbc9301ee17f30f4d474e6ae4b05252/library/core/src/ops/function.rs:250:5
[INFO] [stdout]   24:     0x64b481b6632b - test::__rust_begin_short_backtrace::h8e82d8113d0da17f
[INFO] [stdout]                                at /rustc/df4ca44d3fbc9301ee17f30f4d474e6ae4b05252/library/test/src/lib.rs:621:18
[INFO] [stdout]   25:     0x64b481b65ca7 - test::run_test_in_process::{{closure}}::h33235f4f20b7b7c7
[INFO] [stdout]                                at /rustc/df4ca44d3fbc9301ee17f30f4d474e6ae4b05252/library/test/src/lib.rs:644:60
[INFO] [stdout]   26:     0x64b481b65ca7 - <core::panic::unwind_safe::AssertUnwindSafe<F> as core::ops::function::FnOnce<()>>::call_once::hb5043206310c586f
[INFO] [stdout]                                at /rustc/df4ca44d3fbc9301ee17f30f4d474e6ae4b05252/library/core/src/panic/unwind_safe.rs:272:9
[INFO] [stdout]   27:     0x64b481b65ca7 - std::panicking::try::do_call::h9ad4731a60ab23e2
[INFO] [stdout]                                at /rustc/df4ca44d3fbc9301ee17f30f4d474e6ae4b05252/library/std/src/panicking.rs:557:40
[INFO] [stdout]   28:     0x64b481b65ca7 - std::panicking::try::h3824d23db772a716
[INFO] [stdout]                                at /rustc/df4ca44d3fbc9301ee17f30f4d474e6ae4b05252/library/std/src/panicking.rs:520:19
[INFO] [stdout]   29:     0x64b481b65ca7 - std::panic::catch_unwind::h5afd514605fde46b
[INFO] [stdout]                                at /rustc/df4ca44d3fbc9301ee17f30f4d474e6ae4b05252/library/std/src/panic.rs:358:14
[INFO] [stdout]   30:     0x64b481b65ca7 - test::run_test_in_process::h0d5cbfa7067d1720
[INFO] [stdout]                                at /rustc/df4ca44d3fbc9301ee17f30f4d474e6ae4b05252/library/test/src/lib.rs:644:27
[INFO] [stdout]   31:     0x64b481b65ca7 - test::run_test::{{closure}}::h708eb8872708115d
[INFO] [stdout]                                at /rustc/df4ca44d3fbc9301ee17f30f4d474e6ae4b05252/library/test/src/lib.rs:565:43
[INFO] [stdout]   32:     0x64b481b293c4 - test::run_test::{{closure}}::h392c51cee94713ab
[INFO] [stdout]                                at /rustc/df4ca44d3fbc9301ee17f30f4d474e6ae4b05252/library/test/src/lib.rs:595:41
[INFO] [stdout]   33:     0x64b481b293c4 - std::sys::backtrace::__rust_begin_short_backtrace::h2f40290710935a8b
[INFO] [stdout]                                at /rustc/df4ca44d3fbc9301ee17f30f4d474e6ae4b05252/library/std/src/sys/backtrace.rs:154:18
[INFO] [stdout]   34:     0x64b481b2cb6e - std::thread::Builder::spawn_unchecked_::{{closure}}::{{closure}}::h3fd968d89053a903
[INFO] [stdout]                                at /rustc/df4ca44d3fbc9301ee17f30f4d474e6ae4b05252/library/std/src/thread/mod.rs:541:17
[INFO] [stdout]   35:     0x64b481b2cb6e - <core::panic::unwind_safe::AssertUnwindSafe<F> as core::ops::function::FnOnce<()>>::call_once::h743f637ba4229880
[INFO] [stdout]                                at /rustc/df4ca44d3fbc9301ee17f30f4d474e6ae4b05252/library/core/src/panic/unwind_safe.rs:272:9
[INFO] [stdout]   36:     0x64b481b2cb6e - std::panicking::try::do_call::h07440897322525a6
[INFO] [stdout]                                at /rustc/df4ca44d3fbc9301ee17f30f4d474e6ae4b05252/library/std/src/panicking.rs:557:40
[INFO] [stdout]   37:     0x64b481b2cb6e - std::panicking::try::he5a2e00188156637
[INFO] [stdout]                                at /rustc/df4ca44d3fbc9301ee17f30f4d474e6ae4b05252/library/std/src/panicking.rs:520:19
[INFO] [stdout]   38:     0x64b481b2cb6e - std::panic::catch_unwind::hbaf3cae49b3c6433
[INFO] [stdout]                                at /rustc/df4ca44d3fbc9301ee17f30f4d474e6ae4b05252/library/std/src/panic.rs:358:14
[INFO] [stdout]   39:     0x64b481b2cb6e - std::thread::Builder::spawn_unchecked_::{{closure}}::h8e141ea224820bce
[INFO] [stdout]                                at /rustc/df4ca44d3fbc9301ee17f30f4d474e6ae4b05252/library/std/src/thread/mod.rs:540:30
[INFO] [stdout]   40:     0x64b481b2cb6e - core::ops::function::FnOnce::call_once{{vtable.shim}}::h90d312fedd7b8ea8
[INFO] [stdout]                                at /rustc/df4ca44d3fbc9301ee17f30f4d474e6ae4b05252/library/core/src/ops/function.rs:250:5
[INFO] [stdout]   41:     0x64b481ce243b - <alloc::boxed::Box<F,A> as core::ops::function::FnOnce<Args>>::call_once::h69aa08ddb6adb8b6
[INFO] [stdout]                                at /rustc/df4ca44d3fbc9301ee17f30f4d474e6ae4b05252/library/alloc/src/boxed.rs:2454:9
[INFO] [stdout]   42:     0x64b481ce243b - <alloc::boxed::Box<F,A> as core::ops::function::FnOnce<Args>>::call_once::h5aa36efdb79c806f
[INFO] [stdout]                                at /rustc/df4ca44d3fbc9301ee17f30f4d474e6ae4b05252/library/alloc/src/boxed.rs:2454:9
[INFO] [stdout]   43:     0x64b481ce243b - std::sys::pal::unix::thread::Thread::new::thread_start::h6cd80a1b4be5158d
[INFO] [stdout]                                at /rustc/df4ca44d3fbc9301ee17f30f4d474e6ae4b05252/library/std/src/sys/pal/unix/thread.rs:105:17
[INFO] [stdout]   44:     0x77247a809ac3 - <unknown>
[INFO] [stdout]   45:     0x77247a89aa04 - clone
[INFO] [stdout]   46:                0x0 - <unknown>
[INFO] [stdout] 
[INFO] [stdout] ---- common::value::de::value::tests::de_str stdout ----
[INFO] [stdout] thread 'common::value::de::value::tests::de_str' panicked at src/common/value/de/value.rs:460:9:
[INFO] [stdout] assertion `left == right` failed
[INFO] [stdout]   left: "1970-01-01T00:00:00+00:00"
[INFO] [stdout]  right: "1970-01-01T08:00:00+08:00"
[INFO] [stdout] stack backtrace:
[INFO] [stdout]    0:     0x64b481cdc6da - std::backtrace_rs::backtrace::libunwind::trace::h207520d6e9873551
[INFO] [stdout]                                at /rustc/df4ca44d3fbc9301ee17f30f4d474e6ae4b05252/library/std/src/../../backtrace/src/backtrace/libunwind.rs:116:5
[INFO] [stdout]    1:     0x64b481cdc6da - std::backtrace_rs::backtrace::trace_unsynchronized::h2ed7433f370e3eca
[INFO] [stdout]                                at /rustc/df4ca44d3fbc9301ee17f30f4d474e6ae4b05252/library/std/src/../../backtrace/src/backtrace/mod.rs:66:5
[INFO] [stdout]    2:     0x64b481cdc6da - std::sys::backtrace::_print_fmt::h916fac51166b18d7
[INFO] [stdout]                                at /rustc/df4ca44d3fbc9301ee17f30f4d474e6ae4b05252/library/std/src/sys/backtrace.rs:66:9
[INFO] [stdout]    3:     0x64b481cdc6da - <std::sys::backtrace::BacktraceLock::print::DisplayBacktrace as core::fmt::Display>::fmt::ha0a4c9b8ce3802e6
[INFO] [stdout]                                at /rustc/df4ca44d3fbc9301ee17f30f4d474e6ae4b05252/library/std/src/sys/backtrace.rs:39:26
[INFO] [stdout]    4:     0x64b481d07053 - core::fmt::rt::Argument::fmt::h4cfc8587d52b3eb5
[INFO] [stdout]                                at /rustc/df4ca44d3fbc9301ee17f30f4d474e6ae4b05252/library/core/src/fmt/rt.rs:177:76
[INFO] [stdout]    5:     0x64b481d07053 - core::fmt::write::h522cc39e5b36ae9f
[INFO] [stdout]                                at /rustc/df4ca44d3fbc9301ee17f30f4d474e6ae4b05252/library/core/src/fmt/mod.rs:1190:21
[INFO] [stdout]    6:     0x64b481cd8e43 - std::io::Write::write_fmt::h7d3c26752da97734
[INFO] [stdout]                                at /rustc/df4ca44d3fbc9301ee17f30f4d474e6ae4b05252/library/std/src/io/mod.rs:1839:15
[INFO] [stdout]    7:     0x64b481cdc522 - std::sys::backtrace::BacktraceLock::print::h4b9e00b29e9c0942
[INFO] [stdout]                                at /rustc/df4ca44d3fbc9301ee17f30f4d474e6ae4b05252/library/std/src/sys/backtrace.rs:42:9
[INFO] [stdout]    8:     0x64b481cddb6a - std::panicking::default_hook::{{closure}}::hb59b88280d0324d9
[INFO] [stdout]                                at /rustc/df4ca44d3fbc9301ee17f30f4d474e6ae4b05252/library/std/src/panicking.rs:268:22
[INFO] [stdout]    9:     0x64b481cdd974 - std::panicking::default_hook::he1dd496665be4a29
[INFO] [stdout]                                at /rustc/df4ca44d3fbc9301ee17f30f4d474e6ae4b05252/library/std/src/panicking.rs:292:9
[INFO] [stdout]   10:     0x64b481b61a59 - <alloc::boxed::Box<F,A> as core::ops::function::Fn<Args>>::call::h4ff71de18744e1dc
[INFO] [stdout]                                at /rustc/df4ca44d3fbc9301ee17f30f4d474e6ae4b05252/library/alloc/src/boxed.rs:2468:9
[INFO] [stdout]   11:     0x64b481b61a59 - test::test_main::{{closure}}::hcf7c055ce117aa81
[INFO] [stdout]                                at /rustc/df4ca44d3fbc9301ee17f30f4d474e6ae4b05252/library/test/src/lib.rs:133:21
[INFO] [stdout]   12:     0x64b481cde268 - <alloc::boxed::Box<F,A> as core::ops::function::Fn<Args>>::call::h1d66c6bbd60c9692
[INFO] [stdout]                                at /rustc/df4ca44d3fbc9301ee17f30f4d474e6ae4b05252/library/alloc/src/boxed.rs:2468:9
[INFO] [stdout]   13:     0x64b481cde268 - std::panicking::rust_panic_with_hook::h2ff17fe8f26dfcf8
[INFO] [stdout]                                at /rustc/df4ca44d3fbc9301ee17f30f4d474e6ae4b05252/library/std/src/panicking.rs:809:13
[INFO] [stdout]   14:     0x64b481cde02a - std::panicking::begin_panic_handler::{{closure}}::h4fad77951c07e101
[INFO] [stdout]                                at /rustc/df4ca44d3fbc9301ee17f30f4d474e6ae4b05252/library/std/src/panicking.rs:674:13
[INFO] [stdout]   15:     0x64b481cdcbb9 - std::sys::backtrace::__rust_end_short_backtrace::hb1a25b3da5d0ea08
[INFO] [stdout]                                at /rustc/df4ca44d3fbc9301ee17f30f4d474e6ae4b05252/library/std/src/sys/backtrace.rs:170:18
[INFO] [stdout]   16:     0x64b481cddcbc - rust_begin_unwind
[INFO] [stdout]                                at /rustc/df4ca44d3fbc9301ee17f30f4d474e6ae4b05252/library/std/src/panicking.rs:665:5
[INFO] [stdout]   17:     0x64b481d044d0 - core::panicking::panic_fmt::ha9db07b529f9b256
[INFO] [stdout]                                at /rustc/df4ca44d3fbc9301ee17f30f4d474e6ae4b05252/library/core/src/panicking.rs:75:14
[INFO] [stdout]   18:     0x64b481d04935 - core::panicking::assert_failed_inner::h04f38944d74a80a8
[INFO] [stdout]   19:     0x64b48192c782 - core::panicking::assert_failed::hf867cb8a36a8c832
[INFO] [stdout]                                at /rustc/df4ca44d3fbc9301ee17f30f4d474e6ae4b05252/library/core/src/panicking.rs:377:5
[INFO] [stdout]   20:     0x64b48198cb95 - taos_query::common::value::de::value::tests::de_str::h7100d2e290966843
[INFO] [stdout]                                at /opt/rustwide/workdir/src/common/value/de/value.rs:442:17
[INFO] [stdout]   21:     0x64b48198c267 - taos_query::common::value::de::value::tests::de_str::{{closure}}::h2b8de9c9c7919f7f
[INFO] [stdout]                                at /opt/rustwide/workdir/src/common/value/de/value.rs:433:16
[INFO] [stdout]   22:     0x64b4819fa746 - core::ops::function::FnOnce::call_once::h18b93d0bac1b60d9
[INFO] [stdout]                                at /rustc/df4ca44d3fbc9301ee17f30f4d474e6ae4b05252/library/core/src/ops/function.rs:250:5
[INFO] [stdout]   23:     0x64b481b6632b - core::ops::function::FnOnce::call_once::h22c3ba5715e93f05
[INFO] [stdout]                                at /rustc/df4ca44d3fbc9301ee17f30f4d474e6ae4b05252/library/core/src/ops/function.rs:250:5
[INFO] [stdout]   24:     0x64b481b6632b - test::__rust_begin_short_backtrace::h8e82d8113d0da17f
[INFO] [stdout]                                at /rustc/df4ca44d3fbc9301ee17f30f4d474e6ae4b05252/library/test/src/lib.rs:621:18
[INFO] [stdout]   25:     0x64b481b65ca7 - test::run_test_in_process::{{closure}}::h33235f4f20b7b7c7
[INFO] [stdout]                                at /rustc/df4ca44d3fbc9301ee17f30f4d474e6ae4b05252/library/test/src/lib.rs:644:60
[INFO] [stdout]   26:     0x64b481b65ca7 - <core::panic::unwind_safe::AssertUnwindSafe<F> as core::ops::function::FnOnce<()>>::call_once::hb5043206310c586f
[INFO] [stdout]                                at /rustc/df4ca44d3fbc9301ee17f30f4d474e6ae4b05252/library/core/src/panic/unwind_safe.rs:272:9
[INFO] [stdout]   27:     0x64b481b65ca7 - std::panicking::try::do_call::h9ad4731a60ab23e2
[INFO] [stdout]                                at /rustc/df4ca44d3fbc9301ee17f30f4d474e6ae4b05252/library/std/src/panicking.rs:557:40
[INFO] [stdout]   28:     0x64b481b65ca7 - std::panicking::try::h3824d23db772a716
[INFO] [stdout]                                at /rustc/df4ca44d3fbc9301ee17f30f4d474e6ae4b05252/library/std/src/panicking.rs:520:19
[INFO] [stdout]   29:     0x64b481b65ca7 - std::panic::catch_unwind::h5afd514605fde46b
[INFO] [stdout]                                at /rustc/df4ca44d3fbc9301ee17f30f4d474e6ae4b05252/library/std/src/panic.rs:358:14
[INFO] [stdout]   30:     0x64b481b65ca7 - test::run_test_in_process::h0d5cbfa7067d1720
[INFO] [stdout]                                at /rustc/df4ca44d3fbc9301ee17f30f4d474e6ae4b05252/library/test/src/lib.rs:644:27
[INFO] [stdout]   31:     0x64b481b65ca7 - test::run_test::{{closure}}::h708eb8872708115d
[INFO] [stdout]                                at /rustc/df4ca44d3fbc9301ee17f30f4d474e6ae4b05252/library/test/src/lib.rs:565:43
[INFO] [stdout]   32:     0x64b481b293c4 - test::run_test::{{closure}}::h392c51cee94713ab
[INFO] [stdout]                                at /rustc/df4ca44d3fbc9301ee17f30f4d474e6ae4b05252/library/test/src/lib.rs:595:41
[INFO] [stdout]   33:     0x64b481b293c4 - std::sys::backtrace::__rust_begin_short_backtrace::h2f40290710935a8b
[INFO] [stdout]                                at /rustc/df4ca44d3fbc9301ee17f30f4d474e6ae4b05252/library/std/src/sys/backtrace.rs:154:18
[INFO] [stdout]   34:     0x64b481b2cb6e - std::thread::Builder::spawn_unchecked_::{{closure}}::{{closure}}::h3fd968d89053a903
[INFO] [stdout]                                at /rustc/df4ca44d3fbc9301ee17f30f4d474e6ae4b05252/library/std/src/thread/mod.rs:541:17
[INFO] [stdout]   35:     0x64b481b2cb6e - <core::panic::unwind_safe::AssertUnwindSafe<F> as core::ops::function::FnOnce<()>>::call_once::h743f637ba4229880
[INFO] [stdout]                                at /rustc/df4ca44d3fbc9301ee17f30f4d474e6ae4b05252/library/core/src/panic/unwind_safe.rs:272:9
[INFO] [stdout]   36:     0x64b481b2cb6e - std::panicking::try::do_call::h07440897322525a6
[INFO] [stdout]                                at /rustc/df4ca44d3fbc9301ee17f30f4d474e6ae4b05252/library/std/src/panicking.rs:557:40
[INFO] [stdout]   37:     0x64b481b2cb6e - std::panicking::try::he5a2e00188156637
[INFO] [stdout]                                at /rustc/df4ca44d3fbc9301ee17f30f4d474e6ae4b05252/library/std/src/panicking.rs:520:19
[INFO] [stdout]   38:     0x64b481b2cb6e - std::panic::catch_unwind::hbaf3cae49b3c6433
[INFO] [stdout]                                at /rustc/df4ca44d3fbc9301ee17f30f4d474e6ae4b05252/library/std/src/panic.rs:358:14
[INFO] [stdout]   39:     0x64b481b2cb6e - std::thread::Builder::spawn_unchecked_::{{closure}}::h8e141ea224820bce
[INFO] [stdout]                                at /rustc/df4ca44d3fbc9301ee17f30f4d474e6ae4b05252/library/std/src/thread/mod.rs:540:30
[INFO] [stdout]   40:     0x64b481b2cb6e - core::ops::function::FnOnce::call_once{{vtable.shim}}::h90d312fedd7b8ea8
[INFO] [stdout]                                at /rustc/df4ca44d3fbc9301ee17f30f4d474e6ae4b05252/library/core/src/ops/function.rs:250:5
[INFO] [stdout]   41:     0x64b481ce243b - <alloc::boxed::Box<F,A> as core::ops::function::FnOnce<Args>>::call_once::h69aa08ddb6adb8b6
[INFO] [stdout]                                at /rustc/df4ca44d3fbc9301ee17f30f4d474e6ae4b05252/library/alloc/src/boxed.rs:2454:9
[INFO] [stdout]   42:     0x64b481ce243b - <alloc::boxed::Box<F,A> as core::ops::function::FnOnce<Args>>::call_once::h5aa36efdb79c806f
[INFO] [stdout]                                at /rustc/df4ca44d3fbc9301ee17f30f4d474e6ae4b05252/library/alloc/src/boxed.rs:2454:9
[INFO] [stdout]   43:     0x64b481ce243b - std::sys::pal::unix::thread::Thread::new::thread_start::h6cd80a1b4be5158d
[INFO] [stdout]                                at /rustc/df4ca44d3fbc9301ee17f30f4d474e6ae4b05252/library/std/src/sys/pal/unix/thread.rs:105:17
[INFO] [stdout]   44:     0x77247a809ac3 - <unknown>
[INFO] [stdout]   45:     0x77247a89aa04 - clone
[INFO] [stdout]   46:                0x0 - <unknown>
[INFO] [stdout] 
[INFO] [stdout] 
[INFO] [stdout] failures:
[INFO] [stdout]     common::timestamp::tests::ts_debug
[INFO] [stdout]     common::value::de::borrowed::tests::de_string
[INFO] [stdout]     common::value::de::value::tests::de_str
[INFO] [stdout] 
[INFO] [stdout] test result: FAILED. 86 passed; 3 failed; 0 ignored; 0 measured; 0 filtered out; finished in 1.79s
[INFO] [stdout] 
[INFO] [stderr] error: test failed, to rerun pass `--lib`
[INFO] running `Command { std: "docker" "inspect" "0944c3372b3300bf0bcb03bac5436523b9e99edf213122e7463df769e384697c", kill_on_drop: false }`
[INFO] running `Command { std: "docker" "rm" "-f" "0944c3372b3300bf0bcb03bac5436523b9e99edf213122e7463df769e384697c", kill_on_drop: false }`
[INFO] [stdout] 0944c3372b3300bf0bcb03bac5436523b9e99edf213122e7463df769e384697c
