[INFO] fetching crate tag2upload-service-manager 0.1.0...
[INFO] testing tag2upload-service-manager-0.1.0 against nightly-2024-10-28+rustflags=-Zrandomize-layout for randomize-layout
[INFO] extracting crate tag2upload-service-manager 0.1.0 into /workspace/builds/worker-5-tc2/source
[INFO] validating manifest of crates.io crate tag2upload-service-manager 0.1.0 on toolchain nightly-2024-10-28
[INFO] running `Command { std: CARGO_HOME="/workspace/cargo-home" RUSTUP_HOME="/workspace/rustup-home" "/workspace/cargo-home/bin/cargo" "+nightly-2024-10-28" "metadata" "--manifest-path" "Cargo.toml" "--no-deps", kill_on_drop: false }`
[INFO] started tweaking crates.io crate tag2upload-service-manager 0.1.0
[INFO] finished tweaking crates.io crate tag2upload-service-manager 0.1.0
[INFO] tweaked toml for crates.io crate tag2upload-service-manager 0.1.0 written to /workspace/builds/worker-5-tc2/source/Cargo.toml
[INFO] crate crates.io crate tag2upload-service-manager 0.1.0 already has a lockfile, it will not be regenerated
[INFO] running `Command { std: CARGO_HOME="/workspace/cargo-home" RUSTUP_HOME="/workspace/rustup-home" "/workspace/cargo-home/bin/cargo" "+nightly-2024-10-28" "fetch" "--manifest-path" "Cargo.toml", kill_on_drop: false }`
[INFO] running `Command { std: "docker" "create" "-v" "/var/lib/crater-agent-workspace/builds/worker-5-tc2/target:/opt/rustwide/target:rw,Z" "-v" "/var/lib/crater-agent-workspace/builds/worker-5-tc2/source:/opt/rustwide/workdir:ro,Z" "-v" "/var/lib/crater-agent-workspace/cargo-home:/opt/rustwide/cargo-home:ro,Z" "-v" "/var/lib/crater-agent-workspace/rustup-home:/opt/rustwide/rustup-home:ro,Z" "-e" "SOURCE_DIR=/opt/rustwide/workdir" "-e" "CARGO_TARGET_DIR=/opt/rustwide/target" "-e" "CARGO_HOME=/opt/rustwide/cargo-home" "-e" "RUSTUP_HOME=/opt/rustwide/rustup-home" "-w" "/opt/rustwide/workdir" "-m" "1610612736" "--user" "0:0" "--network" "none" "ghcr.io/rust-lang/crates-build-env/linux@sha256:4a844ea9eb2546a2d2c7022eacef16ef2e8229c7fbb2c7d4d55a9ceca922f72d" "/opt/rustwide/cargo-home/bin/cargo" "+nightly-2024-10-28" "metadata" "--no-deps" "--format-version=1", kill_on_drop: false }`
[INFO] [stdout] e218cf3ad383ae3a8f4ad46b74ebaa9266119387c4a496b6f71e8cb0a1406da5
[INFO] running `Command { std: "docker" "start" "-a" "e218cf3ad383ae3a8f4ad46b74ebaa9266119387c4a496b6f71e8cb0a1406da5", kill_on_drop: false }`
[INFO] running `Command { std: "docker" "inspect" "e218cf3ad383ae3a8f4ad46b74ebaa9266119387c4a496b6f71e8cb0a1406da5", kill_on_drop: false }`
[INFO] running `Command { std: "docker" "rm" "-f" "e218cf3ad383ae3a8f4ad46b74ebaa9266119387c4a496b6f71e8cb0a1406da5", kill_on_drop: false }`
[INFO] [stdout] e218cf3ad383ae3a8f4ad46b74ebaa9266119387c4a496b6f71e8cb0a1406da5
[INFO] running `Command { std: "docker" "create" "-v" "/var/lib/crater-agent-workspace/builds/worker-5-tc2/target:/opt/rustwide/target:rw,Z" "-v" "/var/lib/crater-agent-workspace/builds/worker-5-tc2/source:/opt/rustwide/workdir:ro,Z" "-v" "/var/lib/crater-agent-workspace/cargo-home:/opt/rustwide/cargo-home:ro,Z" "-v" "/var/lib/crater-agent-workspace/rustup-home:/opt/rustwide/rustup-home:ro,Z" "-e" "SOURCE_DIR=/opt/rustwide/workdir" "-e" "CARGO_TARGET_DIR=/opt/rustwide/target" "-e" "CARGO_INCREMENTAL=0" "-e" "RUST_BACKTRACE=full" "-e" "RUSTFLAGS=--cap-lints=forbid -Zrandomize-layout" "-e" "RUSTDOCFLAGS=--cap-lints=forbid" "-e" "CARGO_HOME=/opt/rustwide/cargo-home" "-e" "RUSTUP_HOME=/opt/rustwide/rustup-home" "-w" "/opt/rustwide/workdir" "-m" "1610612736" "--user" "0:0" "--network" "none" "ghcr.io/rust-lang/crates-build-env/linux@sha256:4a844ea9eb2546a2d2c7022eacef16ef2e8229c7fbb2c7d4d55a9ceca922f72d" "/opt/rustwide/cargo-home/bin/cargo" "+nightly-2024-10-28" "build" "--frozen" "--message-format=json", kill_on_drop: false }`
[INFO] [stdout] 3e410f63cfb68072ccd6e10b8d86b13caf570cacaab0ca5b26dec2d687793cf5
[INFO] running `Command { std: "docker" "start" "-a" "3e410f63cfb68072ccd6e10b8d86b13caf570cacaab0ca5b26dec2d687793cf5", kill_on_drop: false }`
[INFO] [stderr]    Compiling proc-macro2 v1.0.86
[INFO] [stderr]    Compiling libc v0.2.159
[INFO] [stderr]    Compiling once_cell v1.20.2
[INFO] [stderr]    Compiling memchr v2.7.4
[INFO] [stderr]    Compiling pin-project-lite v0.2.14
[INFO] [stderr]    Compiling serde v1.0.210
[INFO] [stderr]    Compiling bytes v1.7.2
[INFO] [stderr]    Compiling equivalent v1.0.1
[INFO] [stderr]    Compiling hashbrown v0.15.0
[INFO] [stderr]    Compiling futures-core v0.3.31
[INFO] [stderr]    Compiling pin-utils v0.1.0
[INFO] [stderr]    Compiling fnv v1.0.7
[INFO] [stderr]    Compiling slab v0.4.9
[INFO] [stderr]    Compiling futures-sink v0.3.31
[INFO] [stderr]    Compiling tracing-core v0.1.32
[INFO] [stderr]    Compiling futures-channel v0.3.31
[INFO] [stderr]    Compiling smallvec v1.13.2
[INFO] [stderr]    Compiling quote v1.0.37
[INFO] [stderr]    Compiling syn v2.0.79
[INFO] [stderr]    Compiling bitflags v2.6.0
[INFO] [stderr]    Compiling vcpkg v0.2.15
[INFO] [stderr]    Compiling futures-task v0.3.31
[INFO] [stderr]    Compiling pkg-config v0.3.31
[INFO] [stderr]    Compiling futures-io v0.3.31
[INFO] [stderr]    Compiling proc-macro2-diagnostics v0.10.1
[INFO] [stderr]    Compiling log v0.4.22
[INFO] [stderr]    Compiling httparse v1.9.5
[INFO] [stderr]    Compiling futures-util v0.3.31
[INFO] [stderr]    Compiling byteorder v1.5.0
[INFO] [stderr]    Compiling yansi v1.0.1
[INFO] [stderr]    Compiling percent-encoding v2.3.1
[INFO] [stderr]    Compiling shlex v1.3.0
[INFO] [stderr]    Compiling mio v1.0.2
[INFO] [stderr]    Compiling signal-hook-registry v1.4.2
[INFO] [stderr]    Compiling socket2 v0.5.7
[INFO] [stderr]    Compiling try-lock v0.2.5
[INFO] [stderr]    Compiling siphasher v0.3.11
[INFO] [stderr]    Compiling want v0.3.1
[INFO] [stderr]    Compiling cc v1.1.28
[INFO] [stderr]    Compiling http v1.1.0
[INFO] [stderr]    Compiling thiserror v1.0.64
[INFO] [stderr]    Compiling heck v0.5.0
[INFO] [stderr]    Compiling tower-service v0.3.3
[INFO] [stderr]    Compiling typenum v1.17.0
[INFO] [stderr]    Compiling phf_shared v0.11.2
[INFO] [stderr]    Compiling http v0.2.12
[INFO] [stderr]    Compiling aho-corasick v1.1.3
[INFO] [stderr]    Compiling regex-syntax v0.8.5
[INFO] [stderr]    Compiling tinyvec_macros v0.1.1
[INFO] [stderr]    Compiling rand_core v0.6.4
[INFO] [stderr]    Compiling winnow v0.6.20
[INFO] [stderr]    Compiling openssl-sys v0.9.103
[INFO] [stderr]    Compiling rand v0.8.5
[INFO] [stderr]    Compiling regex-automata v0.4.8
[INFO] [stderr]    Compiling tinyvec v1.8.0
[INFO] [stderr]    Compiling generic-array v0.14.7
[INFO] [stderr]    Compiling getrandom v0.2.15
[INFO] [stderr]    Compiling indexmap v2.6.0
[INFO] [stderr]    Compiling either v1.13.0
[INFO] [stderr]    Compiling num-conv v0.1.0
[INFO] [stderr]    Compiling inlinable_string v0.1.15
[INFO] [stderr]    Compiling powerfmt v0.2.0
[INFO] [stderr]    Compiling crossbeam-utils v0.8.20
[INFO] [stderr]    Compiling time-core v0.1.2
[INFO] [stderr]    Compiling time-macros v0.2.18
[INFO] [stderr]    Compiling regex v1.11.0
[INFO] [stderr]    Compiling deranged v0.3.11
[INFO] [stderr]    Compiling unicode-normalization v0.1.24
[INFO] [stderr]    Compiling phf_generator v0.11.2
[INFO] [stderr]    Compiling serde_derive v1.0.210
[INFO] [stderr]    Compiling tokio-macros v2.4.0
[INFO] [stderr]    Compiling tracing-attributes v0.1.27
[INFO] [stderr]    Compiling zerocopy-derive v0.7.35
[INFO] [stderr]    Compiling thiserror-impl v1.0.64
[INFO] [stderr]    Compiling tokio v1.40.0
[INFO] [stderr]    Compiling pear_codegen v0.2.9
[INFO] [stderr]    Compiling zerocopy v0.7.35
[INFO] [stderr]    Compiling http-body v0.4.6
[INFO] [stderr]    Compiling cookie v0.18.1
[INFO] [stderr]    Compiling rustversion v1.0.17
[INFO] [stderr]    Compiling openssl v0.10.66
[INFO] [stderr]    Compiling unicode-bidi v0.3.17
[INFO] [stderr]    Compiling ref-cast v1.0.23
[INFO] [stderr]    Compiling foreign-types-shared v0.1.1
[INFO] [stderr]    Compiling httpdate v1.0.3
[INFO] [stderr]    Compiling tracing v0.1.40
[INFO] [stderr]    Compiling ppv-lite86 v0.2.20
[INFO] [stderr]    Compiling foreign-types v0.3.2
[INFO] [stderr]    Compiling time v0.3.36
[INFO] [stderr]    Compiling rand_chacha v0.3.1
[INFO] [stderr]    Compiling ref-cast-impl v1.0.23
[INFO] [stderr]    Compiling openssl-macros v0.1.1
[INFO] [stderr]    Compiling phf_codegen v0.11.2
[INFO] [stderr]    Compiling parse-zoneinfo v0.3.1
[INFO] [stderr]    Compiling http-body v1.0.1
[INFO] [stderr]    Compiling phf v0.11.2
[INFO] [stderr]    Compiling is-terminal v0.4.13
[INFO] [stderr]    Compiling form_urlencoded v1.2.1
[INFO] [stderr]    Compiling num-traits v0.2.19
[INFO] [stderr]    Compiling uncased v0.9.10
[INFO] [stderr]    Compiling ahash v0.8.11
[INFO] [stderr]    Compiling lock_api v0.4.12
[INFO] [stderr]    Compiling native-tls v0.2.12
[INFO] [stderr]    Compiling parking_lot_core v0.9.10
[INFO] [stderr]    Compiling serde_json v1.0.128
[INFO] [stderr]    Compiling cfg_aliases v0.2.1
[INFO] [stderr]    Compiling atomic-waker v1.1.2
[INFO] [stderr]    Compiling ucd-trie v0.1.7
[INFO] [stderr]    Compiling nix v0.29.0
[INFO] [stderr]    Compiling devise_core v0.4.2
[INFO] [stderr]    Compiling pest v2.7.13
[INFO] [stderr]    Compiling chrono-tz-build v0.3.0
[INFO] [stderr]    Compiling crossbeam-epoch v0.9.18
[INFO] [stderr]    Compiling tokio-util v0.7.12
[INFO] [stderr]    Compiling idna v0.5.0
[INFO] [stderr]    Compiling block-buffer v0.10.4
[INFO] [stderr]    Compiling crypto-common v0.1.6
[INFO] [stderr]    Compiling bstr v1.10.0
[INFO] [stderr]    Compiling stable-pattern v0.1.0
[INFO] [stderr]    Compiling rustix v0.38.37
[INFO] [stderr]    Compiling state v0.6.0
[INFO] [stderr]    Compiling libm v0.2.8
[INFO] [stderr]    Compiling regex-syntax v0.6.29
[INFO] [stderr]    Compiling toml_datetime v0.6.8
[INFO] [stderr]    Compiling scopeguard v1.2.0
[INFO] [stderr]    Compiling openssl-probe v0.1.5
[INFO] [stderr]    Compiling utf8parse v0.2.2
[INFO] [stderr]    Compiling lazy_static v1.5.0
[INFO] [stderr]    Compiling unic-char-range v0.9.0
[INFO] [stderr]    Compiling unic-common v0.9.0
[INFO] [stderr]    Compiling anstyle-parse v0.2.5
[INFO] [stderr]    Compiling unic-ucd-version v0.9.0
[INFO] [stderr]    Compiling unic-char-property v0.9.0
[INFO] [stderr]    Compiling serde_spanned v0.6.8
[INFO] [stderr]    Compiling ipnet v2.10.1
[INFO] [stderr]    Compiling toml_edit v0.22.22
[INFO] [stderr]    Compiling h2 v0.4.6
[INFO] [stderr]    Compiling hyper v0.14.30
[INFO] [stderr]    Compiling regex-automata v0.1.10
[INFO] [stderr]    Compiling h2 v0.3.26
[INFO] [stderr]    Compiling globset v0.4.15
[INFO] [stderr]    Compiling futures v0.3.31
[INFO] [stderr]    Compiling url v2.5.2
[INFO] [stderr]    Compiling strum_macros v0.26.4
[INFO] [stderr]    Compiling hyper v1.4.1
[INFO] [stderr]    Compiling digest v0.10.7
[INFO] [stderr]    Compiling crossbeam-deque v0.8.5
[INFO] [stderr]    Compiling chrono-tz v0.9.0
[INFO] [stderr]    Compiling pest_meta v2.7.13
[INFO] [stderr]    Compiling devise_codegen v0.4.2
[INFO] [stderr]    Compiling pear v0.2.9
[INFO] [stderr]    Compiling async-trait v0.1.83
[INFO] [stderr]    Compiling libsqlite3-sys v0.30.1
[INFO] [stderr]    Compiling multer v3.1.0
[INFO] [stderr]    Compiling encoding_rs v0.8.34
[INFO] [stderr]    Compiling figment v0.10.19
[INFO] [stderr]    Compiling iana-time-zone v0.1.61
[INFO] [stderr]    Compiling mime v0.3.17
[INFO] [stderr]    Compiling anstyle v1.0.8
[INFO] [stderr]    Compiling match_cfg v0.1.0
[INFO] [stderr]    Compiling derive-deftly-macros v0.14.2
[INFO] [stderr]    Compiling anstyle-query v1.1.1
[INFO] [stderr]    Compiling colorchoice v1.0.2
[INFO] [stderr]    Compiling is_terminal_polyfill v1.70.1
[INFO] [stderr]    Compiling keccak v0.1.5
[INFO] [stderr]    Compiling linux-raw-sys v0.4.14
[INFO] [stderr]    Compiling overload v0.1.1
[INFO] [stderr]    Compiling nu-ansi-term v0.46.0
[INFO] [stderr]    Compiling sha3 v0.10.8
[INFO] [stderr]    Compiling rocket_http v0.5.1
[INFO] [stderr]    Compiling anstream v0.6.15
[INFO] [stderr]    Compiling hostname v0.3.1
[INFO] [stderr]    Compiling chrono v0.4.38
[INFO] [stderr]    Compiling parking_lot v0.12.3
[INFO] [stderr]    Compiling strum v0.26.3
[INFO] [stderr]    Compiling hashbrown v0.14.5
[INFO] [stderr]    Compiling pest_generator v2.7.13
[INFO] [stderr]    Compiling hyper-util v0.1.9
[INFO] [stderr]    Compiling devise v0.4.2
[INFO] [stderr]    Compiling ignore v0.4.23
[INFO] [stderr]    Compiling tokio-native-tls v0.3.1
[INFO] [stderr]    Compiling matchers v0.1.0
[INFO] [stderr]    Compiling toml v0.8.19
[INFO] [stderr]    Compiling proc-macro-crate v3.2.0
[INFO] [stderr]    Compiling unic-ucd-segment v0.9.0
[INFO] [stderr]    Compiling sharded-slab v0.1.7
[INFO] [stderr]    Compiling http-body-util v0.1.2
[INFO] [stderr]    Compiling idna v0.4.0
[INFO] [stderr]    Compiling enum-as-inner v0.6.1
[INFO] [stderr]    Compiling async-stream-impl v0.3.6
[INFO] [stderr]    Compiling itertools v0.13.0
[INFO] [stderr]    Compiling tracing-log v0.2.0
[INFO] [stderr]    Compiling thread_local v1.1.8
[INFO] [stderr]    Compiling rocket v0.5.1
[INFO] [stderr]    Compiling cvt v0.1.2
[INFO] [stderr]    Compiling linked-hash-map v0.5.6
[INFO] [stderr]    Compiling anyhow v1.0.89
[INFO] [stderr]    Compiling quick-error v1.2.3
[INFO] [stderr]    Compiling deunicode v1.6.0
[INFO] [stderr]    Compiling data-encoding v2.6.0
[INFO] [stderr]    Compiling strsim v0.11.1
[INFO] [stderr]    Compiling fastrand v2.1.1
[INFO] [stderr]    Compiling void v1.0.2
[INFO] [stderr]    Compiling paste v1.0.15
[INFO] [stderr]    Compiling clap_lex v0.7.2
[INFO] [stderr]    Compiling spin v0.9.8
[INFO] [stderr]    Compiling unicode-xid v0.2.6
[INFO] [stderr]    Compiling rustls-pki-types v1.9.0
[INFO] [stderr]    Compiling glob v0.3.1
[INFO] [stderr]    Compiling rustls-pemfile v2.2.0
[INFO] [stderr]    Compiling clap_builder v4.5.19
[INFO] [stderr]    Compiling hickory-proto v0.24.1
[INFO] [stderr]    Compiling tempfile v3.13.0
[INFO] [stderr]    Compiling slug v0.1.6
[INFO] [stderr]    Compiling lru-cache v0.1.2
[INFO] [stderr]    Compiling rocket_codegen v0.5.1
[INFO] [stderr]    Compiling async-stream v0.3.6
[INFO] [stderr]    Compiling resolv-conf v0.7.0
[INFO] [stderr]    Compiling fs_at v0.2.1
[INFO] [stderr]    Compiling tracing-subscriber v0.3.18
[INFO] [stderr]    Compiling unic-segment v0.9.0
[INFO] [stderr]    Compiling hyper-tls v0.6.0
[INFO] [stderr]    Compiling humansize v2.1.3
[INFO] [stderr]    Compiling globwalk v0.9.1
[INFO] [stderr]    Compiling pest_derive v2.7.13
[INFO] [stderr]    Compiling hashlink v0.9.1
[INFO] [stderr]    Compiling ubyte v0.10.4
[INFO] [stderr]    Compiling serde_urlencoded v0.7.1
[INFO] [stderr]    Compiling tokio-stream v0.1.16
[INFO] [stderr]    Compiling clap_derive v4.5.18
[INFO] [stderr]    Compiling tracing-test-macro v0.2.5
[INFO] [stderr]    Compiling num_cpus v1.16.0
[INFO] [stderr]    Compiling sync_wrapper v1.0.1
[INFO] [stderr]    Compiling normpath v1.3.0
[INFO] [stderr]    Compiling humantime v2.1.0
[INFO] [stderr]    Compiling binascii v0.1.4
[INFO] [stderr]    Compiling fallible-iterator v0.3.0
[INFO] [stderr]    Compiling convert_case v0.4.0
[INFO] [stderr]    Compiling base64 v0.22.1
[INFO] [stderr]    Compiling atomic v0.5.3
[INFO] [stderr]    Compiling fallible-streaming-iterator v0.1.9
[INFO] [stderr]    Compiling humantime-serde v1.1.1
[INFO] [stderr]    Compiling remove_dir_all v0.8.4
[INFO] [stderr]    Compiling reqwest v0.12.8
[INFO] [stderr]    Compiling derive_more v0.99.18
[INFO] [stderr]    Compiling rusqlite v0.32.1
[INFO] [stderr]    Compiling tracing-test v0.2.5
[INFO] [stderr]    Compiling derive-deftly v0.14.2
[INFO] [stderr]    Compiling tera v1.20.0
[INFO] [stderr]    Compiling hickory-resolver v0.24.1
[INFO] [stderr]    Compiling clap v4.5.19
[INFO] [stderr]    Compiling maybe-owned v0.3.4
[INFO] [stderr]    Compiling easy-ext v1.0.2
[INFO] [stderr]    Compiling unicode-properties v0.1.3
[INFO] [stderr]    Compiling hex_fmt v0.3.0
[INFO] [stderr]    Compiling inventory v0.3.15
[INFO] [stderr]    Compiling tag2upload-service-manager v0.1.0 (/opt/rustwide/workdir)
[INFO] [stdout] warning: attribute is typically applied to `main` function
[INFO] [stdout]   --> src/cli.rs:16:1
[INFO] [stdout]    |
[INFO] [stdout] 16 | #[rocket::main]
[INFO] [stdout]    | ^^^^^^^^^^^^^^^
[INFO] [stdout]    |
[INFO] [stdout] note: this function is not `main`
[INFO] [stdout]   --> src/cli.rs:17:14
[INFO] [stdout]    |
[INFO] [stdout] 17 | pub async fn main_entrypoint() -> Result<(), AE> {
[INFO] [stdout]    |              ^^^^^^^^^^^^^^^
[INFO] [stdout]    = note: this warning originates in the attribute macro `rocket::main` (in Nightly builds, run with -Z macro-backtrace for more info)
[INFO] [stdout] 
[INFO] [stdout] 
[INFO] [stderr]     Finished `dev` profile [unoptimized + debuginfo] target(s) in 4m 01s
[INFO] running `Command { std: "docker" "inspect" "3e410f63cfb68072ccd6e10b8d86b13caf570cacaab0ca5b26dec2d687793cf5", kill_on_drop: false }`
[INFO] running `Command { std: "docker" "rm" "-f" "3e410f63cfb68072ccd6e10b8d86b13caf570cacaab0ca5b26dec2d687793cf5", kill_on_drop: false }`
[INFO] [stdout] 3e410f63cfb68072ccd6e10b8d86b13caf570cacaab0ca5b26dec2d687793cf5
[INFO] running `Command { std: "docker" "create" "-v" "/var/lib/crater-agent-workspace/builds/worker-5-tc2/target:/opt/rustwide/target:rw,Z" "-v" "/var/lib/crater-agent-workspace/builds/worker-5-tc2/source:/opt/rustwide/workdir:ro,Z" "-v" "/var/lib/crater-agent-workspace/cargo-home:/opt/rustwide/cargo-home:ro,Z" "-v" "/var/lib/crater-agent-workspace/rustup-home:/opt/rustwide/rustup-home:ro,Z" "-e" "SOURCE_DIR=/opt/rustwide/workdir" "-e" "CARGO_TARGET_DIR=/opt/rustwide/target" "-e" "CARGO_INCREMENTAL=0" "-e" "RUST_BACKTRACE=full" "-e" "RUSTFLAGS=--cap-lints=forbid -Zrandomize-layout" "-e" "RUSTDOCFLAGS=--cap-lints=forbid" "-e" "CARGO_HOME=/opt/rustwide/cargo-home" "-e" "RUSTUP_HOME=/opt/rustwide/rustup-home" "-w" "/opt/rustwide/workdir" "-m" "1610612736" "--user" "0:0" "--network" "none" "ghcr.io/rust-lang/crates-build-env/linux@sha256:4a844ea9eb2546a2d2c7022eacef16ef2e8229c7fbb2c7d4d55a9ceca922f72d" "/opt/rustwide/cargo-home/bin/cargo" "+nightly-2024-10-28" "test" "--frozen" "--no-run" "--message-format=json", kill_on_drop: false }`
[INFO] [stdout] 2b91668b79ed0377aa24b952dc5e13b0405c30359adde0220bcaf7abb01b353a
[INFO] running `Command { std: "docker" "start" "-a" "2b91668b79ed0377aa24b952dc5e13b0405c30359adde0220bcaf7abb01b353a", kill_on_drop: false }`
[INFO] [stderr]    Compiling aho-corasick v1.1.3
[INFO] [stderr]    Compiling num-traits v0.2.19
[INFO] [stderr]    Compiling syn v1.0.109
[INFO] [stderr]    Compiling unicode-segmentation v1.12.0
[INFO] [stderr]    Compiling testresult v0.4.1
[INFO] [stderr]    Compiling convert_case v0.6.0
[INFO] [stderr]    Compiling derive_more-impl v1.0.0
[INFO] [stderr]    Compiling num-integer v0.1.46
[INFO] [stderr]    Compiling regex-automata v0.4.8
[INFO] [stderr]    Compiling num-bigint v0.4.6
[INFO] [stderr]    Compiling enum-ordinalize v3.1.15
[INFO] [stderr]    Compiling educe v0.4.23
[INFO] [stderr]    Compiling regex v1.11.0
[INFO] [stderr]    Compiling parse-zoneinfo v0.3.1
[INFO] [stderr]    Compiling derive_more v1.0.0
[INFO] [stderr]    Compiling lazy-regex-proc_macros v3.3.0
[INFO] [stderr]    Compiling chrono-tz-build v0.3.0
[INFO] [stderr]    Compiling chrono-tz v0.9.0
[INFO] [stderr]    Compiling lazy-regex v3.3.0
[INFO] [stderr]    Compiling test-temp-dir v0.3.0
[INFO] [stderr]    Compiling tera v1.20.0
[INFO] [stderr]    Compiling tag2upload-service-manager v0.1.0 (/opt/rustwide/workdir)
[INFO] [stdout] warning: attribute is typically applied to `main` function
[INFO] [stdout]   --> src/cli.rs:16:1
[INFO] [stdout]    |
[INFO] [stdout] 16 | #[rocket::main]
[INFO] [stdout]    | ^^^^^^^^^^^^^^^
[INFO] [stdout]    |
[INFO] [stdout] note: this function is not `main`
[INFO] [stdout]   --> src/cli.rs:17:14
[INFO] [stdout]    |
[INFO] [stdout] 17 | pub async fn main_entrypoint() -> Result<(), AE> {
[INFO] [stdout]    |              ^^^^^^^^^^^^^^^
[INFO] [stdout]    = note: this warning originates in the attribute macro `rocket::main` (in Nightly builds, run with -Z macro-backtrace for more info)
[INFO] [stdout] 
[INFO] [stdout] 
[INFO] [stderr]     Finished `test` profile [unoptimized + debuginfo] target(s) in 1m 04s
[INFO] running `Command { std: "docker" "inspect" "2b91668b79ed0377aa24b952dc5e13b0405c30359adde0220bcaf7abb01b353a", kill_on_drop: false }`
[INFO] running `Command { std: "docker" "rm" "-f" "2b91668b79ed0377aa24b952dc5e13b0405c30359adde0220bcaf7abb01b353a", kill_on_drop: false }`
[INFO] [stdout] 2b91668b79ed0377aa24b952dc5e13b0405c30359adde0220bcaf7abb01b353a
[INFO] running `Command { std: "docker" "create" "-v" "/var/lib/crater-agent-workspace/builds/worker-5-tc2/target:/opt/rustwide/target:rw,Z" "-v" "/var/lib/crater-agent-workspace/builds/worker-5-tc2/source:/opt/rustwide/workdir:ro,Z" "-v" "/var/lib/crater-agent-workspace/cargo-home:/opt/rustwide/cargo-home:ro,Z" "-v" "/var/lib/crater-agent-workspace/rustup-home:/opt/rustwide/rustup-home:ro,Z" "-e" "SOURCE_DIR=/opt/rustwide/workdir" "-e" "CARGO_TARGET_DIR=/opt/rustwide/target" "-e" "CARGO_INCREMENTAL=0" "-e" "RUST_BACKTRACE=full" "-e" "RUSTFLAGS=--cap-lints=forbid -Zrandomize-layout" "-e" "RUSTDOCFLAGS=--cap-lints=forbid" "-e" "CARGO_HOME=/opt/rustwide/cargo-home" "-e" "RUSTUP_HOME=/opt/rustwide/rustup-home" "-w" "/opt/rustwide/workdir" "-m" "1610612736" "--user" "0:0" "--network" "none" "ghcr.io/rust-lang/crates-build-env/linux@sha256:4a844ea9eb2546a2d2c7022eacef16ef2e8229c7fbb2c7d4d55a9ceca922f72d" "/opt/rustwide/cargo-home/bin/cargo" "+nightly-2024-10-28" "test" "--frozen", kill_on_drop: false }`
[INFO] [stdout] 027fac86f97e12f977df485bc05c235f359cf134de59c6a68e60369ef49aba47
[INFO] running `Command { std: "docker" "start" "-a" "027fac86f97e12f977df485bc05c235f359cf134de59c6a68e60369ef49aba47", kill_on_drop: false }`
[INFO] [stderr] warning: attribute is typically applied to `main` function
[INFO] [stderr]   --> src/cli.rs:16:1
[INFO] [stderr]    |
[INFO] [stderr] 16 | #[rocket::main]
[INFO] [stderr]    | ^^^^^^^^^^^^^^^
[INFO] [stderr]    |
[INFO] [stderr] note: this function is not `main`
[INFO] [stderr]   --> src/cli.rs:17:14
[INFO] [stderr]    |
[INFO] [stderr] 17 | pub async fn main_entrypoint() -> Result<(), AE> {
[INFO] [stderr]    |              ^^^^^^^^^^^^^^^
[INFO] [stderr]    = note: this warning originates in the attribute macro `rocket::main` (in Nightly builds, run with -Z macro-backtrace for more info)
[INFO] [stderr] 
[INFO] [stderr] warning: `tag2upload-service-manager` (lib) generated 1 warning
[INFO] [stderr]     Finished `test` profile [unoptimized + debuginfo] target(s) in 0.54s
[INFO] [stderr]      Running unittests src/lib.rs (/opt/rustwide/target/debug/deps/tag2upload_service_manager-08fef1189d5a7932)
[INFO] [stdout] 
[INFO] [stdout] running 22 tests
[INFO] [stdout] test config::timeouts_defaults ... ok
[INFO] [stdout] test dns::chk_allowed_caller ... ok
[INFO] [stdout] test fmt_cmp::test ... ok
[INFO] [stdout] test t2umeta_abstract::test::debug_tag_meta ... ok
[INFO] [stdout] test mini_sqlite_dump::text::test::roundtrips_report ... ok
[INFO] [stdout] test types::hostname_tests ... ok
[INFO] [stdout] test test::t_misc::with_let_compiles ... ok
[INFO] [stdout] test types::suitable_for_none_is_empty_test_git_object_id_or_null ... ok
[INFO] [stdout] test types::suitable_for_none_is_empty_test_package_name ... ok
[INFO] [stdout] test types::suitable_for_none_is_empty_test_processing_info ... ok
[INFO] [stdout] test types::suitable_for_none_is_empty_test_tag_object_data ... ok
[INFO] [stdout] test types::suitable_for_none_is_empty_test_version_string ... ok
[INFO] [stdout] test types::suitable_for_none_is_empty_test_worker_id ... ok
[INFO] [stdout] test mini_sqlite_dump::text::test::roundtrips_decompose ... ok
[INFO] [stdout] test utils::ht_duration ... ok
[INFO] [stdout] test routes_abstract::check_embedded_tera_templates ... ok
[INFO] [stdout] test types::check_system_time_max ... ok
[INFO] [stdout] test utils::ht_time_t ... ok
[INFO] [stdout] test mini_sqlite_dump::test::roundtrip ... FAILED
[INFO] [stdout] test types::suitable_for_none_is_empty_test_hostname ... ok
[INFO] [stdout] test mini_sqlite_dump::text::test::roundtrips_reassemble ... ok
[INFO] [stdout] 2024-11-01T16:14:01.324288Z TRACE tag2upload_service_manager::test: <!-- dropping StateSupplement -->
[INFO] [stdout] test test::t_comprehensive::comprehensive ... FAILED
[INFO] [stdout] 
[INFO] [stdout] failures:
[INFO] [stdout] 
[INFO] [stdout] ---- mini_sqlite_dump::test::roundtrip stdout ----
[INFO] [stdout] test tag2upload_service_manager::mini_sqlite_dump::test::roundtrip: TEST_TEMP_RETAIN not enabled, using ephemeral temp dir
[INFO] [stdout] ----------
[INFO] [stdout] -- db rows dump (prepared by mini_sqlite_dump)
[INFO] [stdout] --
[INFO] [stdout] -- NB: Not all tables, indices, etc., are included!
[INFO] [stdout] -- NB: Sufficiently unusual "TEXT" data might be encoded with CHAR or in hex!
[INFO] [stdout] --
[INFO] [stdout] BEGIN IMMEDIATE;
[INFO] [stdout] CREATE TABLE t (
[INFO] [stdout]             seq  INTEGER NOT NULL,
[INFO] [stdout]             i    INTEGER,
[INFO] [stdout]             f    REAL,
[INFO] [stdout]             t    TEXT,
[INFO] [stdout]             b    BLOB
[INFO] [stdout]         );
[INFO] [stdout] INSERT INTO t VALUES (0,-9223372036854775808,-1e999,'',x'');
[INFO] [stdout] INSERT INTO t VALUES (1,-1,-1.7976931348623157e308,CHAR(0),x'00');
[INFO] [stdout] INSERT INTO t VALUES (2,0,-1e0,'a',x'61');
[INFO] [stdout] INSERT INTO t VALUES (3,1,-2.220446049250313e-16,'één',x'c3a9c3a96e');
[INFO] [stdout] INSERT INTO t VALUES (4,9223372036854775807,-2.2250738585072014e-308,CAST(x'ff' AS TEXT),x'ff');
[INFO] [stdout] INSERT INTO t VALUES (5,NULL,1e999,'',x'');
[INFO] [stdout] INSERT INTO t VALUES (6,-9223372036854775808,1.7976931348623157e308,CHAR(0),x'00');
[INFO] [stdout] INSERT INTO t VALUES (7,-1,1e0,'a',x'61');
[INFO] [stdout] INSERT INTO t VALUES (8,0,2.220446049250313e-16,'één',x'c3a9c3a96e');
[INFO] [stdout] INSERT INTO t VALUES (9,1,2.2250738585072014e-308,CAST(x'ff' AS TEXT),x'ff');
[INFO] [stdout] INSERT INTO t VALUES (10,9223372036854775807,ieee754_from_blob(x'8000000000000000'),'',x'');
[INFO] [stdout] INSERT INTO t VALUES (11,NULL,ieee754_from_blob(x'fff8000000000000'),CHAR(0),x'00');
[INFO] [stdout] INSERT INTO t VALUES (12,-9223372036854775808,ieee754_from_blob(x'8000000000000000'),'a',x'61');
[INFO] [stdout] INSERT INTO t VALUES (13,-1,ieee754_from_blob(x'800fffffffffffff'),'één',x'c3a9c3a96e');
[INFO] [stdout] INSERT INTO t VALUES (14,0,ieee754_from_blob(x'fff0000000000001'),CAST(x'ff' AS TEXT),x'ff');
[INFO] [stdout] INSERT INTO t VALUES (15,1,ieee754_from_blob(x'fff8abcd01234567'),'',x'');
[INFO] [stdout] INSERT INTO t VALUES (16,9223372036854775807,0.,CHAR(0),x'00');
[INFO] [stdout] INSERT INTO t VALUES (17,NULL,ieee754_from_blob(x'7ff8000000000000'),'a',x'61');
[INFO] [stdout] INSERT INTO t VALUES (18,-9223372036854775808,0.,'één',x'c3a9c3a96e');
[INFO] [stdout] INSERT INTO t VALUES (19,-1,ieee754_from_blob(x'000fffffffffffff'),CAST(x'ff' AS TEXT),x'ff');
[INFO] [stdout] INSERT INTO t VALUES (20,0,ieee754_from_blob(x'7ff0000000000001'),'',x'');
[INFO] [stdout] INSERT INTO t VALUES (21,1,ieee754_from_blob(x'7ff8abcd01234567'),CHAR(0),x'00');
[INFO] [stdout] COMMIT;
[INFO] [stdout] ----------
[INFO] [stdout] thread 'mini_sqlite_dump::test::roundtrip' panicked at src/mini_sqlite_dump/test.rs:69:14:
[INFO] [stdout] error: std::io::error::Error - No such file or directory (os error 2)
[INFO] [stdout] stack backtrace:
[INFO] [stdout]    0:     0x5a0bb3c3c64a - std::backtrace_rs::backtrace::libunwind::trace::h207520d6e9873551
[INFO] [stdout]                                at /rustc/df4ca44d3fbc9301ee17f30f4d474e6ae4b05252/library/std/src/../../backtrace/src/backtrace/libunwind.rs:116:5
[INFO] [stdout]    1:     0x5a0bb3c3c64a - std::backtrace_rs::backtrace::trace_unsynchronized::h2ed7433f370e3eca
[INFO] [stdout]                                at /rustc/df4ca44d3fbc9301ee17f30f4d474e6ae4b05252/library/std/src/../../backtrace/src/backtrace/mod.rs:66:5
[INFO] [stdout]    2:     0x5a0bb3c3c64a - std::sys::backtrace::_print_fmt::h916fac51166b18d7
[INFO] [stdout]                                at /rustc/df4ca44d3fbc9301ee17f30f4d474e6ae4b05252/library/std/src/sys/backtrace.rs:66:9
[INFO] [stdout]    3:     0x5a0bb3c3c64a - <std::sys::backtrace::BacktraceLock::print::DisplayBacktrace as core::fmt::Display>::fmt::ha0a4c9b8ce3802e6
[INFO] [stdout]                                at /rustc/df4ca44d3fbc9301ee17f30f4d474e6ae4b05252/library/std/src/sys/backtrace.rs:39:26
[INFO] [stdout]    4:     0x5a0bb3c6d333 - core::fmt::rt::Argument::fmt::h4cfc8587d52b3eb5
[INFO] [stdout]                                at /rustc/df4ca44d3fbc9301ee17f30f4d474e6ae4b05252/library/core/src/fmt/rt.rs:177:76
[INFO] [stdout]    5:     0x5a0bb3c6d333 - core::fmt::write::h522cc39e5b36ae9f
[INFO] [stdout]                                at /rustc/df4ca44d3fbc9301ee17f30f4d474e6ae4b05252/library/core/src/fmt/mod.rs:1190:21
[INFO] [stdout]    6:     0x5a0bb3c379b3 - std::io::Write::write_fmt::h7d3c26752da97734
[INFO] [stdout]                                at /rustc/df4ca44d3fbc9301ee17f30f4d474e6ae4b05252/library/std/src/io/mod.rs:1839:15
[INFO] [stdout]    7:     0x5a0bb3c3c492 - std::sys::backtrace::BacktraceLock::print::h4b9e00b29e9c0942
[INFO] [stdout]                                at /rustc/df4ca44d3fbc9301ee17f30f4d474e6ae4b05252/library/std/src/sys/backtrace.rs:42:9
[INFO] [stdout]    8:     0x5a0bb3c3db5a - std::panicking::default_hook::{{closure}}::hb59b88280d0324d9
[INFO] [stdout]                                at /rustc/df4ca44d3fbc9301ee17f30f4d474e6ae4b05252/library/std/src/panicking.rs:268:22
[INFO] [stdout]    9:     0x5a0bb3c3d964 - std::panicking::default_hook::he1dd496665be4a29
[INFO] [stdout]                                at /rustc/df4ca44d3fbc9301ee17f30f4d474e6ae4b05252/library/std/src/panicking.rs:292:9
[INFO] [stdout]   10:     0x5a0bb2c44159 - <alloc::boxed::Box<F,A> as core::ops::function::Fn<Args>>::call::h4ff71de18744e1dc
[INFO] [stdout]                                at /rustc/df4ca44d3fbc9301ee17f30f4d474e6ae4b05252/library/alloc/src/boxed.rs:2468:9
[INFO] [stdout]   11:     0x5a0bb2c44159 - test::test_main::{{closure}}::hcf7c055ce117aa81
[INFO] [stdout]                                at /rustc/df4ca44d3fbc9301ee17f30f4d474e6ae4b05252/library/test/src/lib.rs:133:21
[INFO] [stdout]   12:     0x5a0bb3c3e258 - <alloc::boxed::Box<F,A> as core::ops::function::Fn<Args>>::call::h1d66c6bbd60c9692
[INFO] [stdout]                                at /rustc/df4ca44d3fbc9301ee17f30f4d474e6ae4b05252/library/alloc/src/boxed.rs:2468:9
[INFO] [stdout]   13:     0x5a0bb3c3e258 - std::panicking::rust_panic_with_hook::h2ff17fe8f26dfcf8
[INFO] [stdout]                                at /rustc/df4ca44d3fbc9301ee17f30f4d474e6ae4b05252/library/std/src/panicking.rs:809:13
[INFO] [stdout]   14:     0x5a0bb3c3e01a - std::panicking::begin_panic_handler::{{closure}}::h4fad77951c07e101
[INFO] [stdout]                                at /rustc/df4ca44d3fbc9301ee17f30f4d474e6ae4b05252/library/std/src/panicking.rs:674:13
[INFO] [stdout]   15:     0x5a0bb3c3cb29 - std::sys::backtrace::__rust_end_short_backtrace::hb1a25b3da5d0ea08
[INFO] [stdout]                                at /rustc/df4ca44d3fbc9301ee17f30f4d474e6ae4b05252/library/std/src/sys/backtrace.rs:170:18
[INFO] [stdout]   16:     0x5a0bb3c3dcac - rust_begin_unwind
[INFO] [stdout]                                at /rustc/df4ca44d3fbc9301ee17f30f4d474e6ae4b05252/library/std/src/panicking.rs:665:5
[INFO] [stdout]   17:     0x5a0bb3c69ef0 - core::panicking::panic_fmt::ha9db07b529f9b256
[INFO] [stdout]                                at /rustc/df4ca44d3fbc9301ee17f30f4d474e6ae4b05252/library/core/src/panicking.rs:75:14
[INFO] [stdout]   18:     0x5a0bb286845c - <testresult::TestError as core::convert::From<T>>::from::hee6bcdfb4a95b09e
[INFO] [stdout]                                at /opt/rustwide/cargo-home/registry/src/index.crates.io-6f17d22bba15001f/testresult-0.4.1/src/lib.rs:24:9
[INFO] [stdout]   19:     0x5a0bb28f2cc6 - <core::result::Result<T,F> as core::ops::try_trait::FromResidual<core::result::Result<core::convert::Infallible,E>>>::from_residual::h383d39df650ef827
[INFO] [stdout]                                at /rustc/df4ca44d3fbc9301ee17f30f4d474e6ae4b05252/library/core/src/result.rs:2008:27
[INFO] [stdout]   20:     0x5a0bb2a3d663 - tag2upload_service_manager::mini_sqlite_dump::test::execute_cli_batch::h7f7b7b7b3e5ca8f8
[INFO] [stdout]                                at /opt/rustwide/workdir/src/mini_sqlite_dump/test.rs:69:14
[INFO] [stdout]   21:     0x5a0bb2a4f2ad - tag2upload_service_manager::mini_sqlite_dump::test::roundtrip::{{closure}}::hfa6a885c071a2a3a
[INFO] [stdout]                                at /opt/rustwide/workdir/src/mini_sqlite_dump/test.rs:219:5
[INFO] [stdout]   22:     0x5a0bb26b5b46 - test_temp_dir::TestTempDir::used_by::hda7455da0a632934
[INFO] [stdout]                                at /opt/rustwide/cargo-home/registry/src/index.crates.io-6f17d22bba15001f/test-temp-dir-0.3.0/src/lib.rs:267:21
[INFO] [stdout]   23:     0x5a0bb2a4e1cb - tag2upload_service_manager::mini_sqlite_dump::test::roundtrip::h7215106f75657a8d
[INFO] [stdout]                                at /opt/rustwide/workdir/src/mini_sqlite_dump/test.rs:135:37
[INFO] [stdout]   24:     0x5a0bb2a4e187 - tag2upload_service_manager::mini_sqlite_dump::test::roundtrip::{{closure}}::h829df80326a90969
[INFO] [stdout]                                at /opt/rustwide/workdir/src/mini_sqlite_dump/test.rs:135:19
[INFO] [stdout]   25:     0x5a0bb26ba9a6 - core::ops::function::FnOnce::call_once::h81e8d9990c395f18
[INFO] [stdout]                                at /rustc/df4ca44d3fbc9301ee17f30f4d474e6ae4b05252/library/core/src/ops/function.rs:250:5
[INFO] [stdout]   26:     0x5a0bb2c48a2b - core::ops::function::FnOnce::call_once::h22c3ba5715e93f05
[INFO] [stdout]                                at /rustc/df4ca44d3fbc9301ee17f30f4d474e6ae4b05252/library/core/src/ops/function.rs:250:5
[INFO] [stdout]   27:     0x5a0bb2c48a2b - test::__rust_begin_short_backtrace::h8e82d8113d0da17f
[INFO] [stdout]                                at /rustc/df4ca44d3fbc9301ee17f30f4d474e6ae4b05252/library/test/src/lib.rs:621:18
[INFO] [stdout]   28:     0x5a0bb2c483a7 - test::run_test_in_process::{{closure}}::h33235f4f20b7b7c7
[INFO] [stdout]                                at /rustc/df4ca44d3fbc9301ee17f30f4d474e6ae4b05252/library/test/src/lib.rs:644:60
[INFO] [stdout]   29:     0x5a0bb2c483a7 - <core::panic::unwind_safe::AssertUnwindSafe<F> as core::ops::function::FnOnce<()>>::call_once::hb5043206310c586f
[INFO] [stdout]                                at /rustc/df4ca44d3fbc9301ee17f30f4d474e6ae4b05252/library/core/src/panic/unwind_safe.rs:272:9
[INFO] [stdout]   30:     0x5a0bb2c483a7 - std::panicking::try::do_call::h9ad4731a60ab23e2
[INFO] [stdout]                                at /rustc/df4ca44d3fbc9301ee17f30f4d474e6ae4b05252/library/std/src/panicking.rs:557:40
[INFO] [stdout]   31:     0x5a0bb2c483a7 - std::panicking::try::h3824d23db772a716
[INFO] [stdout]                                at /rustc/df4ca44d3fbc9301ee17f30f4d474e6ae4b05252/library/std/src/panicking.rs:520:19
[INFO] [stdout]   32:     0x5a0bb2c483a7 - std::panic::catch_unwind::h5afd514605fde46b
[INFO] [stdout]                                at /rustc/df4ca44d3fbc9301ee17f30f4d474e6ae4b05252/library/std/src/panic.rs:358:14
[INFO] [stdout]   33:     0x5a0bb2c483a7 - test::run_test_in_process::h0d5cbfa7067d1720
[INFO] [stdout]                                at /rustc/df4ca44d3fbc9301ee17f30f4d474e6ae4b05252/library/test/src/lib.rs:644:27
[INFO] [stdout]   34:     0x5a0bb2c483a7 - test::run_test::{{closure}}::h708eb8872708115d
[INFO] [stdout]                                at /rustc/df4ca44d3fbc9301ee17f30f4d474e6ae4b05252/library/test/src/lib.rs:565:43
[INFO] [stdout]   35:     0x5a0bb2c0bac4 - test::run_test::{{closure}}::h392c51cee94713ab
[INFO] [stdout]                                at /rustc/df4ca44d3fbc9301ee17f30f4d474e6ae4b05252/library/test/src/lib.rs:595:41
[INFO] [stdout]   36:     0x5a0bb2c0bac4 - std::sys::backtrace::__rust_begin_short_backtrace::h2f40290710935a8b
[INFO] [stdout]                                at /rustc/df4ca44d3fbc9301ee17f30f4d474e6ae4b05252/library/std/src/sys/backtrace.rs:154:18
[INFO] [stdout]   37:     0x5a0bb2c0f26e - std::thread::Builder::spawn_unchecked_::{{closure}}::{{closure}}::h3fd968d89053a903
[INFO] [stdout]                                at /rustc/df4ca44d3fbc9301ee17f30f4d474e6ae4b05252/library/std/src/thread/mod.rs:541:17
[INFO] [stdout]   38:     0x5a0bb2c0f26e - <core::panic::unwind_safe::AssertUnwindSafe<F> as core::ops::function::FnOnce<()>>::call_once::h743f637ba4229880
[INFO] [stdout]                                at /rustc/df4ca44d3fbc9301ee17f30f4d474e6ae4b05252/library/core/src/panic/unwind_safe.rs:272:9
[INFO] [stdout]   39:     0x5a0bb2c0f26e - std::panicking::try::do_call::h07440897322525a6
[INFO] [stdout]                                at /rustc/df4ca44d3fbc9301ee17f30f4d474e6ae4b05252/library/std/src/panicking.rs:557:40
[INFO] [stdout]   40:     0x5a0bb2c0f26e - std::panicking::try::he5a2e00188156637
[INFO] [stdout]                                at /rustc/df4ca44d3fbc9301ee17f30f4d474e6ae4b05252/library/std/src/panicking.rs:520:19
[INFO] [stdout]   41:     0x5a0bb2c0f26e - std::panic::catch_unwind::hbaf3cae49b3c6433
[INFO] [stdout]                                at /rustc/df4ca44d3fbc9301ee17f30f4d474e6ae4b05252/library/std/src/panic.rs:358:14
[INFO] [stdout]   42:     0x5a0bb2c0f26e - std::thread::Builder::spawn_unchecked_::{{closure}}::h8e141ea224820bce
[INFO] [stdout]                                at /rustc/df4ca44d3fbc9301ee17f30f4d474e6ae4b05252/library/std/src/thread/mod.rs:540:30
[INFO] [stdout]   43:     0x5a0bb2c0f26e - core::ops::function::FnOnce::call_once{{vtable.shim}}::h90d312fedd7b8ea8
[INFO] [stdout]                                at /rustc/df4ca44d3fbc9301ee17f30f4d474e6ae4b05252/library/core/src/ops/function.rs:250:5
[INFO] [stdout]   44:     0x5a0bb3c442cb - <alloc::boxed::Box<F,A> as core::ops::function::FnOnce<Args>>::call_once::h69aa08ddb6adb8b6
[INFO] [stdout]                                at /rustc/df4ca44d3fbc9301ee17f30f4d474e6ae4b05252/library/alloc/src/boxed.rs:2454:9
[INFO] [stdout]   45:     0x5a0bb3c442cb - <alloc::boxed::Box<F,A> as core::ops::function::FnOnce<Args>>::call_once::h5aa36efdb79c806f
[INFO] [stdout]                                at /rustc/df4ca44d3fbc9301ee17f30f4d474e6ae4b05252/library/alloc/src/boxed.rs:2454:9
[INFO] [stdout]   46:     0x5a0bb3c442cb - std::sys::pal::unix::thread::Thread::new::thread_start::h6cd80a1b4be5158d
[INFO] [stdout]                                at /rustc/df4ca44d3fbc9301ee17f30f4d474e6ae4b05252/library/std/src/sys/pal/unix/thread.rs:105:17
[INFO] [stdout]   47:     0x75b3e5ee6ac3 - <unknown>
[INFO] [stdout]   48:     0x75b3e5f77a04 - clone
[INFO] [stdout]   49:                0x0 - <unknown>
[INFO] [stdout] 
[INFO] [stdout] ---- test::t_comprehensive::comprehensive stdout ----
[INFO] [stdout] test tag2upload_service_manager::test::t_comprehensive::comprehensive: TEST_TEMP_RETAIN not enabled, using ephemeral temp dir
[INFO] [stdout] 2024-11-01T16:14:00.037329Z DEBUG comprehensive: tag2upload_service_manager::test::t_comprehensive: tar printed:
[INFO] [stdout] 
[INFO] [stdout] 2024-11-01T16:14:00.168678Z TRACE comprehensive: tag2upload_service_manager::routes_abstract: loading builtin templat name="recent-note.part.html"
[INFO] [stdout] 2024-11-01T16:14:00.169116Z TRACE comprehensive: tag2upload_service_manager::routes_abstract: loading builtin templat name="navbar.part.html"
[INFO] [stdout] 2024-11-01T16:14:00.173424Z TRACE comprehensive: tag2upload_service_manager::routes_abstract: loading builtin templat name="footer.part.html"
[INFO] [stdout] 2024-11-01T16:14:00.173875Z TRACE comprehensive: tag2upload_service_manager::routes_abstract: loading builtin templat name="jobtable.part.html"
[INFO] [stdout] 2024-11-01T16:14:00.175862Z TRACE comprehensive: tag2upload_service_manager::routes_abstract: loading builtin templat name="all-jobs.html"
[INFO] [stdout] 2024-11-01T16:14:00.176215Z TRACE comprehensive: tag2upload_service_manager::routes_abstract: loading builtin templat name="recent.html"
[INFO] [stdout] 2024-11-01T16:14:00.176595Z TRACE comprehensive: tag2upload_service_manager::routes_abstract: loading builtin templat name="queue.html"
[INFO] [stdout] 2024-11-01T16:14:00.176896Z TRACE comprehensive: tag2upload_service_manager::routes_abstract: loading builtin templat name="toplevel.html"
[INFO] [stdout] 2024-11-01T16:14:00.208903Z TRACE comprehensive: tag2upload_service_manager::test::t_bsql: bsql! executed loc=src/db_workflow.rs:279:27
[INFO] [stdout] 2024-11-01T16:14:00.209217Z TRACE comprehensive: tag2upload_service_manager::test::t_bsql: bsql! executed loc=src/db_workflow.rs:285:27
[INFO] [stdout] 2024-11-01T16:14:00.209457Z DEBUG comprehensive: tag2upload_service_manager::o2m_listener: listening path="/tmp/.tmpvZ9KSI/o2m"
[INFO] [stdout] 2024-11-01T16:14:00.211006Z TRACE comprehensive: tag2upload_service_manager::global: writing port file="/tmp/.tmpvZ9KSI/port"
[INFO] [stdout] 2024-11-01T16:14:00.211140Z  INFO comprehensive: tag2upload_service_manager::global: running running=Running { port: 39319 }
[INFO] [stdout] Rocket has launched from http://127.0.0.1:39319
[INFO] [stdout] 2024-11-01T16:14:00.211416Z TRACE comprehensive: tag2upload_service_manager::test: simulated time now=2024-09-07T12:52:59.211406809Z when=startup
[INFO] [stdout] 2024-11-01T16:14:00.288887Z TRACE comprehensive: tag2upload_service_manager::test::t_bsql: bsql! executed loc=src/routes.rs:96:17
[INFO] [stdout] 2024-11-01T16:14:00.288975Z TRACE comprehensive: tag2upload_service_manager::test::t_bsql: bsql! executed loc=src/routes.rs:30:30
[INFO] [stdout] 2024-11-01T16:14:00.289005Z TRACE comprehensive: tag2upload_service_manager::test::t_bsql: bsql! executed loc=src/routes.rs:6:5
[INFO] [stdout] 2024-11-01T16:14:00.289235Z TRACE comprehensive: tag2upload_service_manager::test::t_bsql: bsql! executed loc=src/routes.rs:105:17
[INFO] [stdout] 2024-11-01T16:14:00.289268Z TRACE comprehensive: tag2upload_service_manager::test::t_bsql: bsql! executed loc=src/routes.rs:35:31
[INFO] [stdout] 2024-11-01T16:14:00.292053Z DEBUG comprehensive: tag2upload_service_manager::test::t_tera: "/" => "<html>\n  <head><title>tag2upload service</title></head>\n  <body>\n    <b>service</b> | <a href=/queue><b>queue</b></a> | <a href=/recent><b>recent</b></a> | <a href=/all-jobs><b>all jobs</b></a> || <a href=\"https://wiki.debian.org/tag2upload\">wiki</a>\n\n\n    <h1>tag2upload service</h1>\n\n    <h2>Service status</h2>\n\n\t<dl>\n\t  <dt>Manager</dt>\n\t  <dd>running</dd>\n\t  <dt>Workers</dt>\n\t  <dd>\n\t    0 busy /\n\t    0 up\n\t  </dd>\n\t</dl>\n\n    <h2>Queued and recent jobs</h2>\n\n      <table rules=\"all\">\n\t<tr>\n\t  <th>status</th>\n\t  <th>job count</th>\n\t</tr>\n      \n\t<tr>\n\t  <td>Noticed</td>\n\t  <td align=\"right\">0</td>\n\t</tr>\n      \n\t<tr>\n\t  <td>Queued</td>\n\t  <td align=\"right\">0</td>\n\t</tr>\n      \n\t<tr>\n\t  <td>Building</td>\n\t  <td align=\"right\">0</td>\n\t</tr>\n      \n\t<tr>\n\t  <td>NotForUs</td>\n\t  <td align=\"right\">0</td>\n\t</tr>\n      \n\t<tr>\n\t  <td>Failed</td>\n\t  <td align=\"right\">0</td>\n\t</tr>\n      \n\t<tr>\n\t  <td>Irrecoverable</td>\n\t  <td align=\"right\">0</td>\n\t</tr>\n      \n\t<tr>\n\t  <td>Uploaded</td>\n\t  <td align=\"right\">0</td>\n\t</tr>\n      \n      </table>\n\n            <p>\n      (Recent means jobs touched after 2024-09-06T12:52:59Z.)\n\n\n\n    <h2>Workers</h2>\n\n      <table rules=\"all\">\n\t<tr>\n\t  <th colspan=\"3\">worker</th>\n\t  <th colspan=\"4\">current/last job</th>\n\t</tr>\n\t<tr>\n\t  <th>ident</th>\n\t  <th>last contact</th>\n\t  <th>phase</th>\n\t  <th>source</th>\n\t  <th>version</th>\n\t  <th>status</th>\n\t  <th>info</th>\n\t</tr>\n      \n\t<tr>\n\t  <td colspan=\"7\">\n\t    No workers connected.\n\t  </td>\n\t</tr>\n      \n      </table>\n\n  </body>\n  <hr>\n<address>\n  tag2upload Service Manager.\n\n  Part of the Debian\n  <a href=\"https://wiki.debian.org/tag2upload\">tag2upload service</a>.\n\n  <a href=\"https://salsa.debian.org/dgit-team/tag2upload-service-manager\">Manager\n    source code</a>\n  includes templates for these web pages.\n\n  Oracle, Builder, and tag utility source code is in the\n  <a href=\"https://salsa.debian.org/dgit-team/dgit\">dgit repository</a>.\n</address>\n\n</html>\n"
[INFO] [stdout] 2024-11-01T16:14:00.352491Z TRACE comprehensive: tag2upload_service_manager::test::t_bsql: bsql! executed loc=src/routes.rs:181:35
[INFO] [stdout] 2024-11-01T16:14:00.352578Z TRACE comprehensive: tag2upload_service_manager::test::t_bsql: bsql! executed loc=src/routes.rs:30:30
[INFO] [stdout] 2024-11-01T16:14:00.352598Z TRACE comprehensive: tag2upload_service_manager::test::t_bsql: bsql! executed loc=src/routes.rs:6:5
[INFO] [stdout] 2024-11-01T16:14:00.352613Z TRACE comprehensive: tag2upload_service_manager::test::t_bsql: bsql! executed loc=src/routes.rs:35:31
[INFO] [stdout] 2024-11-01T16:14:00.354659Z DEBUG comprehensive: tag2upload_service_manager::test::t_tera: "/recent" => "<html>\n  <head><title>tag2upload recent and queued jobs</title></head>\n  <body>\n    <a href=/><b>service</b></a> | <a href=/queue><b>queue</b></a> | <b>recent</b> | <a href=/all-jobs><b>all jobs</b></a> || <a href=\"https://wiki.debian.org/tag2upload\">wiki</a>\n\n\n    <h1>tag2upload recent and queued jobs</h1>\n        <table rules=\"all\">\n      <tr>\n\t<th>job</th>\n\t<th>received</th>\n\t<th>source</th>\n\t<th>version</th>\n\t<th>url</th>\n\t<th>last_update</th>\n\t<th>status</th>\n\t<th>info</th>\n\t<th>processing</th>\n\t<th>dupe of</th>\n      </tr>\n    \n      <tr>\n\t<td colspan=\"10\">\n\t  No jobs.\n\t</td>\n      </tr>\n    \n    </table>\n\n\n          <p>\n      (Recent means jobs touched after 2024-09-06T12:52:59Z.)\n\n\n\n  </body>\n  <hr>\n<address>\n  tag2upload Service Manager.\n\n  Part of the Debian\n  <a href=\"https://wiki.debian.org/tag2upload\">tag2upload service</a>.\n\n  <a href=\"https://salsa.debian.org/dgit-team/tag2upload-service-manager\">Manager\n    source code</a>\n  includes templates for these web pages.\n\n  Oracle, Builder, and tag utility source code is in the\n  <a href=\"https://salsa.debian.org/dgit-team/dgit\">dgit repository</a>.\n</address>\n\n</html>\n"
[INFO] [stdout] 2024-11-01T16:14:00.411054Z TRACE comprehensive: tag2upload_service_manager::test::t_bsql: bsql! executed loc=src/webhook.rs:198:39
[INFO] [stdout] 2024-11-01T16:14:00.411448Z TRACE comprehensive: tag2upload_service_manager::test::t_bsql: bsql! executed loc=src/db_workflow.rs:219:61
[INFO] [stdout] 2024-11-01T16:14:00.411483Z TRACE comprehensive: tag2upload_service_manager::test::t_bsql: bsql! executed loc=src/db_workflow.rs:213:22
[INFO] [stdout] 2024-11-01T16:14:00.419012Z  INFO comprehensive: tag2upload_service_manager::webhook: [salsa.debian.org] received jid=1 now=Noticed info=job received, tag not yet fetched
[INFO] [stdout] 2024-11-01T16:14:00.420627Z TRACE comprehensive: tag2upload_service_manager::test::t_comprehensive: resp="job received, jid=1"
[INFO] [stdout] 2024-11-01T16:14:00.425970Z TRACE comprehensive: tag2upload_service_manager::test::t_comprehensive: jid=JobId(1)
[INFO] [stdout] 2024-11-01T16:14:00.426037Z TRACE comprehensive: tag2upload_service_manager::test::t_bsql: bsql! executed loc=src/test/t_utils.rs:7:53
[INFO] [stdout] 2024-11-01T16:14:00.426273Z TRACE comprehensive: tag2upload_service_manager::test::t_utils: job=Some(JobRow { jid: JobId(1), data: JobData { repo_git_url: "https://salsa.debian.org/dgit-team/dgit-test-dummy.git", tag_objectid: "7f7f6fec9edb867d7d73ec4b9c2cf9923dc07e12", tag_name: "debian/1.40", forge_host: "salsa.debian.org", forge_namever: "gitlab-1", forge_data: "36575", tag_meta: Parsed { source: "dgit-test-dummy", version: "1.40" } }, received: TimeT(1725713579 2024-09-07T12:52:59Z), last_update: TimeT(1725713579 2024-09-07T12:52:59Z), tag_data: NoneIsEmpty(None), status: Noticed, processing: NoneIsEmpty(None), info: "job received, tag not yet fetched", duplicate_of: None })
[INFO] [stdout] 2024-11-01T16:14:00.426657Z TRACE comprehensive: tag2upload_service_manager::db_workflow: [host=salsa.debian.org] fetch: looking for a job
[INFO] [stdout] 2024-11-01T16:14:00.426731Z TRACE comprehensive: tag2upload_service_manager::test::t_bsql: bsql! executed loc=src/db_workflow.rs:77:61
[INFO] [stdout] 2024-11-01T16:14:00.426759Z TRACE comprehensive: tag2upload_service_manager::test::t_bsql: bsql! executed loc=src/db_workflow.rs:29:13
[INFO] [stdout] 2024-11-01T16:14:00.427033Z TRACE comprehensive: tag2upload_service_manager::test::t_bsql: bsql! executed loc=src/db_workflow.rs:166:34
[INFO] [stdout] 2024-11-01T16:14:00.434367Z  INFO comprehensive: tag2upload_service_manager::db_workflow: [host=salsa.debian.org] found (fetch) jid=1 now=Noticed info="fetching tag from forge"
[INFO] [stdout] 2024-11-01T16:14:00.434415Z TRACE comprehensive: tag2upload_service_manager::gitlab: fetching tag host=salsa.debian.org jid=1
[INFO] [stdout] 2024-11-01T16:14:00.434504Z TRACE comprehensive: tag2upload_service_manager::gitlab: gitab tag info jid=1 url=https://salsa.debian.org/api/v4/projects/36575/repository/tags/debian%2F1.40
[INFO] [stdout] 2024-11-01T16:14:00.435723Z  INFO comprehensive: tag2upload_service_manager::test::t_data: mocking 36575 "debian/1.40"
[INFO] [stdout] 2024-11-01T16:14:00.436297Z TRACE comprehensive: tag2upload_service_manager::gitlab: gitab tag date jid=1 created_at=SystemTime { tv_sec: 1725709192, tv_nsec: 0 }
[INFO] [stdout] 2024-11-01T16:14:00.436428Z TRACE comprehensive: tag2upload_service_manager::gitclone: git ... jid=1 args=["init", "--bare"]
[INFO] [stdout] 2024-11-01T16:14:00.462344Z TRACE comprehensive: tag2upload_service_manager::gitclone: git succeeded jid=1 args=["init", "--bare"] stdout="Initialized empty Git repository in /tmp/.tmpvZ9KSI/scratch/fetch,gitlab-1,salsa.debian.org,1/package.git/\n"
[INFO] [stdout] 2024-11-01T16:14:00.462454Z DEBUG comprehensive: tag2upload_service_manager::gitclone: git fetch... jid=1 url="file:///tmp/.tmpvZ9KSI/dgit-test-dummy.git"
[INFO] [stdout] 2024-11-01T16:14:00.462484Z TRACE comprehensive: tag2upload_service_manager::gitclone: git ... jid=1 args=["fetch", "--progress", "--depth", "1", "file:///tmp/.tmpvZ9KSI/dgit-test-dummy.git", "+refs/tags/debian/1.40:refs/tags/debian/1.40"]
[INFO] [stdout] 2024-11-01T16:14:00.564314Z TRACE comprehensive: tag2upload_service_manager::gitclone: git succeeded jid=1 args=["fetch", "--progress", "--depth", "1", "file:///tmp/.tmpvZ9KSI/dgit-test-dummy.git", "+refs/tags/debian/1.40:refs/tags/debian/1.40"] stdout=""
[INFO] [stdout] 2024-11-01T16:14:00.564427Z TRACE comprehensive: tag2upload_service_manager::gitclone: git ... jid=1 args=["rev-parse", "refs/tags/debian/1.40"]
[INFO] [stdout] 2024-11-01T16:14:00.568368Z TRACE comprehensive: tag2upload_service_manager::gitclone: git succeeded jid=1 args=["rev-parse", "refs/tags/debian/1.40"] stdout="7f7f6fec9edb867d7d73ec4b9c2cf9923dc07e12\n"
[INFO] [stdout] 2024-11-01T16:14:00.568425Z TRACE comprehensive: tag2upload_service_manager::gitclone: git ... jid=1 args=["cat-file", "-t", "refs/tags/debian/1.40"]
[INFO] [stdout] 2024-11-01T16:14:00.574126Z TRACE comprehensive: tag2upload_service_manager::gitclone: git succeeded jid=1 args=["cat-file", "-t", "refs/tags/debian/1.40"] stdout="tag\n"
[INFO] [stdout] 2024-11-01T16:14:00.574202Z TRACE comprehensive: tag2upload_service_manager::gitclone: git ... jid=1 args=["cat-file", "tag", "refs/tags/debian/1.40"]
[INFO] [stdout] 2024-11-01T16:14:00.580442Z TRACE comprehensive: tag2upload_service_manager::gitclone: git succeeded jid=1 args=["cat-file", "tag", "refs/tags/debian/1.40"] stdout="object b8e6d37e61b2eebc030752f0f4962960d87c1af4\ntype commit\ntag debian/1.40\ntagger Ian Jackson <ijackson@chiark.greenend.org.uk> 1725709192 +0100\n\ndgit-test-dummy release 1.40 for experimental\n\n[dgit distro=debian split]\n[dgit please-upload source=dgit-test-dummy version=1.40]\n-----BEGIN PGP SIGNATURE-----\n\niQFUBAABCAA+FiEEVZrkbC1rbTJl58uh4+M5I0i1DTkFAmbcO4ggHGlqYWNrc29u\nQGNoaWFyay5ncmVlbmVuZC5vcmcudWsACgkQ4+M5I0i1DTmD4gf/Q8xD7Eic90CV\nA8WQV9boU0j0oUEPioIiMqsKO3fHf66xPMukEFtpYcX5KOvPrpRGDYseP1JiPUNM\n/mYWfwLXECSkypjidFRvKEMFivvvDFZfJnyqQ6MTIvTsIPYAy/sZnUd/1+v5wcMb\n4kGYMBXJJZ749N5voi+wHfZfEHgOmvfOnO7pwk60xgm07lUGHdQCxN7ndIqOHmxg\nFJZHJu0ajp4qfx7kqIdwPWxW2gmN4iqzLsTNcOuQAiIKBn2LtetMRfxBHHjoYv2j\n1OzZ0OcDXAp/2OkxT3iYmFjTrobOJTlmg3WRGCwqzA/aYz8T8kelqgVXS8uR4tcF\nnmuEyTw7YA==\n=rZZP\n-----END PGP SIGNATURE-----\n"
[INFO] [stdout] 2024-11-01T16:14:00.580529Z TRACE comprehensive: tag2upload_service_manager::gitclone: git ... jid=1 args=["for-each-ref", "--format=%(taggerdate:raw)", "[r]efs/tags/debian/1.40"]
[INFO] [stdout] 2024-11-01T16:14:00.586503Z TRACE comprehensive: tag2upload_service_manager::gitclone: git succeeded jid=1 args=["for-each-ref", "--format=%(taggerdate:raw)", "[r]efs/tags/debian/1.40"] stdout="1725709192 +0100\n"
[INFO] [stdout] 2024-11-01T16:14:00.586570Z DEBUG comprehensive: tag2upload_service_manager::fetcher: fetched tag OK host=salsa.debian.org jid=1
[INFO] [stdout] 2024-11-01T16:14:00.586737Z TRACE comprehensive: tag2upload_service_manager::test::t_bsql: bsql! executed loc=src/db_workflow.rs:166:34
[INFO] [stdout] 2024-11-01T16:14:00.590754Z  INFO comprehensive: tag2upload_service_manager::db_workflow: [host=salsa.debian.org] updated (fetch) jid=1 now=Queued info="tag fetched, ready to process"
[INFO] [stdout] 2024-11-01T16:14:00.590791Z TRACE comprehensive: tag2upload_service_manager::fetcher: tag fetch work complete host=salsa.debian.org jid=1
[INFO] [stdout] 2024-11-01T16:14:00.590891Z TRACE comprehensive: tag2upload_service_manager::test::t_bsql: bsql! executed loc=src/db_workflow.rs:340:43
[INFO] [stdout] 2024-11-01T16:14:00.591094Z TRACE comprehensive: tag2upload_service_manager::test::t_bsql: bsql! executed loc=src/db_workflow.rs:219:61
[INFO] [stdout] 2024-11-01T16:14:00.591126Z TRACE comprehensive: tag2upload_service_manager::test::t_bsql: bsql! executed loc=src/db_workflow.rs:213:22
[INFO] [stdout] 2024-11-01T16:14:00.605955Z TRACE comprehensive: tag2upload_service_manager::db_workflow: [host=salsa.debian.org] fetch: looking for a job
[INFO] [stdout] 2024-11-01T16:14:00.606098Z TRACE comprehensive: tag2upload_service_manager::test::t_bsql: bsql! executed loc=src/db_workflow.rs:77:61
[INFO] [stdout] 2024-11-01T16:14:00.606133Z TRACE comprehensive: tag2upload_service_manager::test::t_bsql: bsql! executed loc=src/db_workflow.rs:29:13
[INFO] [stdout] 2024-11-01T16:14:00.606411Z TRACE comprehensive: tag2upload_service_manager::db_workflow: [host=salsa.debian.org] fetch: waiting for a job
[INFO] [stdout] 2024-11-01T16:14:00.677541Z TRACE comprehensive: tag2upload_service_manager::test::t_bsql: bsql! executed loc=src/routes.rs:96:17
[INFO] [stdout] 2024-11-01T16:14:00.677607Z TRACE comprehensive: tag2upload_service_manager::test::t_bsql: bsql! executed loc=src/routes.rs:30:30
[INFO] [stdout] 2024-11-01T16:14:00.677625Z TRACE comprehensive: tag2upload_service_manager::test::t_bsql: bsql! executed loc=src/routes.rs:6:5
[INFO] [stdout] 2024-11-01T16:14:00.677754Z TRACE comprehensive: tag2upload_service_manager::test::t_bsql: bsql! executed loc=src/routes.rs:105:17
[INFO] [stdout] 2024-11-01T16:14:00.677784Z TRACE comprehensive: tag2upload_service_manager::test::t_bsql: bsql! executed loc=src/routes.rs:35:31
[INFO] [stdout] 2024-11-01T16:14:00.679382Z DEBUG comprehensive: tag2upload_service_manager::test::t_tera: "/" => "<html>\n  <head><title>tag2upload service</title></head>\n  <body>\n    <b>service</b> | <a href=/queue><b>queue</b></a> | <a href=/recent><b>recent</b></a> | <a href=/all-jobs><b>all jobs</b></a> || <a href=\"https://wiki.debian.org/tag2upload\">wiki</a>\n\n\n    <h1>tag2upload service</h1>\n\n    <h2>Service status</h2>\n\n\t<dl>\n\t  <dt>Manager</dt>\n\t  <dd>running</dd>\n\t  <dt>Workers</dt>\n\t  <dd>\n\t    0 busy /\n\t    0 up\n\t  </dd>\n\t</dl>\n\n    <h2>Queued and recent jobs</h2>\n\n      <table rules=\"all\">\n\t<tr>\n\t  <th>status</th>\n\t  <th>job count</th>\n\t</tr>\n      \n\t<tr>\n\t  <td>Noticed</td>\n\t  <td align=\"right\">0</td>\n\t</tr>\n      \n\t<tr>\n\t  <td>Queued</td>\n\t  <td align=\"right\">1</td>\n\t</tr>\n      \n\t<tr>\n\t  <td>Building</td>\n\t  <td align=\"right\">0</td>\n\t</tr>\n      \n\t<tr>\n\t  <td>NotForUs</td>\n\t  <td align=\"right\">0</td>\n\t</tr>\n      \n\t<tr>\n\t  <td>Failed</td>\n\t  <td align=\"right\">0</td>\n\t</tr>\n      \n\t<tr>\n\t  <td>Irrecoverable</td>\n\t  <td align=\"right\">0</td>\n\t</tr>\n      \n\t<tr>\n\t  <td>Uploaded</td>\n\t  <td align=\"right\">0</td>\n\t</tr>\n      \n      </table>\n\n            <p>\n      (Recent means jobs touched after 2024-09-06T12:52:59Z.)\n\n\n\n    <h2>Workers</h2>\n\n      <table rules=\"all\">\n\t<tr>\n\t  <th colspan=\"3\">worker</th>\n\t  <th colspan=\"4\">current/last job</th>\n\t</tr>\n\t<tr>\n\t  <th>ident</th>\n\t  <th>last contact</th>\n\t  <th>phase</th>\n\t  <th>source</th>\n\t  <th>version</th>\n\t  <th>status</th>\n\t  <th>info</th>\n\t</tr>\n      \n\t<tr>\n\t  <td colspan=\"7\">\n\t    No workers connected.\n\t  </td>\n\t</tr>\n      \n      </table>\n\n  </body>\n  <hr>\n<address>\n  tag2upload Service Manager.\n\n  Part of the Debian\n  <a href=\"https://wiki.debian.org/tag2upload\">tag2upload service</a>.\n\n  <a href=\"https://salsa.debian.org/dgit-team/tag2upload-service-manager\">Manager\n    source code</a>\n  includes templates for these web pages.\n\n  Oracle, Builder, and tag utility source code is in the\n  <a href=\"https://salsa.debian.org/dgit-team/dgit\">dgit repository</a>.\n</address>\n\n</html>\n"
[INFO] [stdout] 2024-11-01T16:14:00.744347Z TRACE comprehensive: tag2upload_service_manager::test::t_bsql: bsql! executed loc=src/db_workflow.rs:319:42
[INFO] [stdout] 2024-11-01T16:14:00.744409Z TRACE comprehensive: tag2upload_service_manager::test::t_bsql: bsql! executed loc=src/routes.rs:6:5
[INFO] [stdout] 2024-11-01T16:14:00.744429Z TRACE comprehensive: tag2upload_service_manager::test::t_bsql: bsql! executed loc=src/routes.rs:162:9
[INFO] [stdout] 2024-11-01T16:14:00.745952Z DEBUG comprehensive: tag2upload_service_manager::test::t_tera: "/queue" => "<html>\n  <head><title>tag2upload build queue</title></head>\n  <body>\n    <a href=/><b>service</b></a> | <b>queue</b> | <a href=/recent><b>recent</b></a> | <a href=/all-jobs><b>all jobs</b></a> || <a href=\"https://wiki.debian.org/tag2upload\">wiki</a>\n\n\n    <h1>tag2upload build queue</h1>\n        <table rules=\"all\">\n      <tr>\n\t<th>job</th>\n\t<th>received</th>\n\t<th>source</th>\n\t<th>version</th>\n\t<th>url</th>\n\t<th>last_update</th>\n\t<th>status</th>\n\t<th>info</th>\n\t<th>processing</th>\n\t<th>dupe of</th>\n      </tr>\n    \n      <tr>\n\t<td>1</td>\n\t<td>2024-09-07T12:52:59Z</td>\n\t<td>dgit-test-dummy</td>\n\t<td>1.40</td>\n\t<td>https:&#x2F;&#x2F;salsa.debian.org&#x2F;dgit-team&#x2F;dgit-test-dummy.git</td>\n\t<td>2024-09-07T12:52:59Z</td>\n\t<td>Queued</td>\n\t<td>tag fetched, ready to process</td>\n\t<td></td>\n\t<td></td>\n      </tr>\n    \n    </table>\n\n  </body>\n  <hr>\n<address>\n  tag2upload Service Manager.\n\n  Part of the Debian\n  <a href=\"https://wiki.debian.org/tag2upload\">tag2upload service</a>.\n\n  <a href=\"https://salsa.debian.org/dgit-team/tag2upload-service-manager\">Manager\n    source code</a>\n  includes templates for these web pages.\n\n  Oracle, Builder, and tag utility source code is in the\n  <a href=\"https://salsa.debian.org/dgit-team/dgit\">dgit repository</a>.\n</address>\n\n</html>\n"
[INFO] [stdout] 2024-11-01T16:14:00.809008Z TRACE comprehensive: tag2upload_service_manager::test::t_bsql: bsql! executed loc=src/routes.rs:181:35
[INFO] [stdout] 2024-11-01T16:14:00.809085Z TRACE comprehensive: tag2upload_service_manager::test::t_bsql: bsql! executed loc=src/routes.rs:30:30
[INFO] [stdout] 2024-11-01T16:14:00.809106Z TRACE comprehensive: tag2upload_service_manager::test::t_bsql: bsql! executed loc=src/routes.rs:6:5
[INFO] [stdout] 2024-11-01T16:14:00.809122Z TRACE comprehensive: tag2upload_service_manager::test::t_bsql: bsql! executed loc=src/routes.rs:35:31
[INFO] [stdout] 2024-11-01T16:14:00.810838Z DEBUG comprehensive: tag2upload_service_manager::test::t_tera: "/recent" => "<html>\n  <head><title>tag2upload recent and queued jobs</title></head>\n  <body>\n    <a href=/><b>service</b></a> | <a href=/queue><b>queue</b></a> | <b>recent</b> | <a href=/all-jobs><b>all jobs</b></a> || <a href=\"https://wiki.debian.org/tag2upload\">wiki</a>\n\n\n    <h1>tag2upload recent and queued jobs</h1>\n        <table rules=\"all\">\n      <tr>\n\t<th>job</th>\n\t<th>received</th>\n\t<th>source</th>\n\t<th>version</th>\n\t<th>url</th>\n\t<th>last_update</th>\n\t<th>status</th>\n\t<th>info</th>\n\t<th>processing</th>\n\t<th>dupe of</th>\n      </tr>\n    \n      <tr>\n\t<td>1</td>\n\t<td>2024-09-07T12:52:59Z</td>\n\t<td>dgit-test-dummy</td>\n\t<td>1.40</td>\n\t<td>https:&#x2F;&#x2F;salsa.debian.org&#x2F;dgit-team&#x2F;dgit-test-dummy.git</td>\n\t<td>2024-09-07T12:52:59Z</td>\n\t<td>Queued</td>\n\t<td>tag fetched, ready to process</td>\n\t<td></td>\n\t<td></td>\n      </tr>\n    \n    </table>\n\n\n          <p>\n      (Recent means jobs touched after 2024-09-06T12:52:59Z.)\n\n\n\n  </body>\n  <hr>\n<address>\n  tag2upload Service Manager.\n\n  Part of the Debian\n  <a href=\"https://wiki.debian.org/tag2upload\">tag2upload service</a>.\n\n  <a href=\"https://salsa.debian.org/dgit-team/tag2upload-service-manager\">Manager\n    source code</a>\n  includes templates for these web pages.\n\n  Oracle, Builder, and tag utility source code is in the\n  <a href=\"https://salsa.debian.org/dgit-team/dgit\">dgit repository</a>.\n</address>\n\n</html>\n"
[INFO] [stdout] 2024-11-01T16:14:00.865546Z TRACE comprehensive: tag2upload_service_manager::test::t_bsql: bsql! executed loc=src/db_workflow.rs:319:42
[INFO] [stdout] 2024-11-01T16:14:00.865612Z TRACE comprehensive: tag2upload_service_manager::test::t_bsql: bsql! executed loc=src/routes.rs:215:9
[INFO] [stdout] 2024-11-01T16:14:00.865632Z TRACE comprehensive: tag2upload_service_manager::test::t_bsql: bsql! executed loc=src/routes.rs:216:9
[INFO] [stdout] 2024-11-01T16:14:00.867206Z DEBUG comprehensive: tag2upload_service_manager::test::t_tera: "/all-jobs" => "<html>\n  <head><title>tag2upload all jobs</title></head>\n  <body>\n    <a href=/><b>service</b></a> | <a href=/queue><b>queue</b></a> | <a href=/recent><b>recent</b></a> | <b>all jobs</b> || <a href=\"https://wiki.debian.org/tag2upload\">wiki</a>\n\n\n    <h1>tag2upload all jobs</h1>\n        <table rules=\"all\">\n      <tr>\n\t<th>job</th>\n\t<th>received</th>\n\t<th>source</th>\n\t<th>version</th>\n\t<th>url</th>\n\t<th>last_update</th>\n\t<th>status</th>\n\t<th>info</th>\n\t<th>processing</th>\n\t<th>dupe of</th>\n      </tr>\n    \n      <tr>\n\t<td>1</td>\n\t<td>2024-09-07T12:52:59Z</td>\n\t<td>dgit-test-dummy</td>\n\t<td>1.40</td>\n\t<td>https:&#x2F;&#x2F;salsa.debian.org&#x2F;dgit-team&#x2F;dgit-test-dummy.git</td>\n\t<td>2024-09-07T12:52:59Z</td>\n\t<td>Queued</td>\n\t<td>tag fetched, ready to process</td>\n\t<td></td>\n\t<td></td>\n      </tr>\n    \n    </table>\n\n  </body>\n  <hr>\n<address>\n  tag2upload Service Manager.\n\n  Part of the Debian\n  <a href=\"https://wiki.debian.org/tag2upload\">tag2upload service</a>.\n\n  <a href=\"https://salsa.debian.org/dgit-team/tag2upload-service-manager\">Manager\n    source code</a>\n  includes templates for these web pages.\n\n  Oracle, Builder, and tag utility source code is in the\n  <a href=\"https://salsa.debian.org/dgit-team/dgit\">dgit repository</a>.\n</address>\n\n</html>\n"
[INFO] [stdout] 2024-11-01T16:14:00.913625Z DEBUG comprehensive: tag2upload_service_manager::o2m_listener: accepted conn=#1
[INFO] [stdout] 2024-11-01T16:14:00.913675Z TRACE comprehensive: tag2upload_service_manager::o2m_support: #1 > t2u-manager-ready
[INFO] [stdout] 2024-11-01T16:14:00.914396Z TRACE comprehensive: tag2upload_service_manager::test::t_bsql: bsql! executed loc=src/routes.rs:96:17
[INFO] [stdout] 2024-11-01T16:14:00.914431Z TRACE comprehensive: tag2upload_service_manager::test::t_bsql: bsql! executed loc=src/routes.rs:30:30
[INFO] [stdout] 2024-11-01T16:14:00.914443Z TRACE comprehensive: tag2upload_service_manager::test::t_bsql: bsql! executed loc=src/routes.rs:6:5
[INFO] [stdout] 2024-11-01T16:14:00.914553Z TRACE comprehensive: tag2upload_service_manager::test::t_bsql: bsql! executed loc=src/routes.rs:105:17
[INFO] [stdout] 2024-11-01T16:14:00.914577Z TRACE comprehensive: tag2upload_service_manager::test::t_bsql: bsql! executed loc=src/routes.rs:35:31
[INFO] [stdout] 2024-11-01T16:14:00.916005Z DEBUG comprehensive: tag2upload_service_manager::test::t_tera: "/" => "<html>\n  <head><title>tag2upload service</title></head>\n  <body>\n    <b>service</b> | <a href=/queue><b>queue</b></a> | <a href=/recent><b>recent</b></a> | <a href=/all-jobs><b>all jobs</b></a> || <a href=\"https://wiki.debian.org/tag2upload\">wiki</a>\n\n\n    <h1>tag2upload service</h1>\n\n    <h2>Service status</h2>\n\n\t<dl>\n\t  <dt>Manager</dt>\n\t  <dd>running</dd>\n\t  <dt>Workers</dt>\n\t  <dd>\n\t    0 busy /\n\t    0 up\n\t  </dd>\n\t</dl>\n\n    <h2>Queued and recent jobs</h2>\n\n      <table rules=\"all\">\n\t<tr>\n\t  <th>status</th>\n\t  <th>job count</th>\n\t</tr>\n      \n\t<tr>\n\t  <td>Noticed</td>\n\t  <td align=\"right\">0</td>\n\t</tr>\n      \n\t<tr>\n\t  <td>Queued</td>\n\t  <td align=\"right\">1</td>\n\t</tr>\n      \n\t<tr>\n\t  <td>Building</td>\n\t  <td align=\"right\">0</td>\n\t</tr>\n      \n\t<tr>\n\t  <td>NotForUs</td>\n\t  <td align=\"right\">0</td>\n\t</tr>\n      \n\t<tr>\n\t  <td>Failed</td>\n\t  <td align=\"right\">0</td>\n\t</tr>\n      \n\t<tr>\n\t  <td>Irrecoverable</td>\n\t  <td align=\"right\">0</td>\n\t</tr>\n      \n\t<tr>\n\t  <td>Uploaded</td>\n\t  <td align=\"right\">0</td>\n\t</tr>\n      \n      </table>\n\n            <p>\n      (Recent means jobs touched after 2024-09-06T12:52:59Z.)\n\n\n\n    <h2>Workers</h2>\n\n      <table rules=\"all\">\n\t<tr>\n\t  <th colspan=\"3\">worker</th>\n\t  <th colspan=\"4\">current/last job</th>\n\t</tr>\n\t<tr>\n\t  <th>ident</th>\n\t  <th>last contact</th>\n\t  <th>phase</th>\n\t  <th>source</th>\n\t  <th>version</th>\n\t  <th>status</th>\n\t  <th>info</th>\n\t</tr>\n      \n\t<tr>\n\t  <td>1</td>\n\t  <td>2024-09-07T12:52:59Z</td>\n\t  <td>Init</td>\n\t  <td></td>\n\t  <td></td>\n\t  <td></td>\n\t  <td></td>\n\t</tr>\n      \n      </table>\n\n  </body>\n  <hr>\n<address>\n  tag2upload Service Manager.\n\n  Part of the Debian\n  <a href=\"https://wiki.debian.org/tag2upload\">tag2upload service</a>.\n\n  <a href=\"https://salsa.debian.org/dgit-team/tag2upload-service-manager\">Manager\n    source code</a>\n  includes templates for these web pages.\n\n  Oracle, Builder, and tag utility source code is in the\n  <a href=\"https://salsa.debian.org/dgit-team/dgit\">dgit repository</a>.\n</address>\n\n</html>\n"
[INFO] [stdout] 2024-11-01T16:14:00.916475Z TRACE comprehensive: tag2upload_service_manager::test::t_bsql: bsql! executed loc=src/global.rs:310:27
[INFO] [stdout] 2024-11-01T16:14:00.916613Z TRACE comprehensive: tag2upload_service_manager::test::t_utils: deferring shutdown? job=None
[INFO] [stdout] 2024-11-01T16:14:00.916762Z TRACE comprehensive: tag2upload_service_manager::o2m_support: #1 < t2u-oracle-version 1
[INFO] [stdout] 2024-11-01T16:14:00.916803Z TRACE comprehensive: tag2upload_service_manager::o2m_support: #1 < worker-id worker.example.org
[INFO] [stdout] 2024-11-01T16:14:00.916849Z TRACE comprehensive: tag2upload_service_manager::o2m_support: worker.example.org > ayt
[INFO] [stdout] 2024-11-01T16:14:00.964047Z TRACE comprehensive: tag2upload_service_manager::test::t_bsql: bsql! executed loc=src/routes.rs:96:17
[INFO] [stdout] 2024-11-01T16:14:00.964117Z TRACE comprehensive: tag2upload_service_manager::test::t_bsql: bsql! executed loc=src/routes.rs:30:30
[INFO] [stdout] 2024-11-01T16:14:00.964133Z TRACE comprehensive: tag2upload_service_manager::test::t_bsql: bsql! executed loc=src/routes.rs:6:5
[INFO] [stdout] 2024-11-01T16:14:00.964272Z TRACE comprehensive: tag2upload_service_manager::test::t_bsql: bsql! executed loc=src/routes.rs:105:17
[INFO] [stdout] 2024-11-01T16:14:00.964299Z TRACE comprehensive: tag2upload_service_manager::test::t_bsql: bsql! executed loc=src/routes.rs:35:31
[INFO] [stdout] 2024-11-01T16:14:00.966041Z DEBUG comprehensive: tag2upload_service_manager::test::t_tera: "/" => "<html>\n  <head><title>tag2upload service</title></head>\n  <body>\n    <b>service</b> | <a href=/queue><b>queue</b></a> | <a href=/recent><b>recent</b></a> | <a href=/all-jobs><b>all jobs</b></a> || <a href=\"https://wiki.debian.org/tag2upload\">wiki</a>\n\n\n    <h1>tag2upload service</h1>\n\n    <h2>Service status</h2>\n\n\t<dl>\n\t  <dt>Manager</dt>\n\t  <dd>running</dd>\n\t  <dt>Workers</dt>\n\t  <dd>\n\t    0 busy /\n\t    0 up\n\t  </dd>\n\t</dl>\n\n    <h2>Queued and recent jobs</h2>\n\n      <table rules=\"all\">\n\t<tr>\n\t  <th>status</th>\n\t  <th>job count</th>\n\t</tr>\n      \n\t<tr>\n\t  <td>Noticed</td>\n\t  <td align=\"right\">0</td>\n\t</tr>\n      \n\t<tr>\n\t  <td>Queued</td>\n\t  <td align=\"right\">1</td>\n\t</tr>\n      \n\t<tr>\n\t  <td>Building</td>\n\t  <td align=\"right\">0</td>\n\t</tr>\n      \n\t<tr>\n\t  <td>NotForUs</td>\n\t  <td align=\"right\">0</td>\n\t</tr>\n      \n\t<tr>\n\t  <td>Failed</td>\n\t  <td align=\"right\">0</td>\n\t</tr>\n      \n\t<tr>\n\t  <td>Irrecoverable</td>\n\t  <td align=\"right\">0</td>\n\t</tr>\n      \n\t<tr>\n\t  <td>Uploaded</td>\n\t  <td align=\"right\">0</td>\n\t</tr>\n      \n      </table>\n\n            <p>\n      (Recent means jobs touched after 2024-09-06T12:52:59Z.)\n\n\n\n    <h2>Workers</h2>\n\n      <table rules=\"all\">\n\t<tr>\n\t  <th colspan=\"3\">worker</th>\n\t  <th colspan=\"4\">current/last job</th>\n\t</tr>\n\t<tr>\n\t  <th>ident</th>\n\t  <th>last contact</th>\n\t  <th>phase</th>\n\t  <th>source</th>\n\t  <th>version</th>\n\t  <th>status</th>\n\t  <th>info</th>\n\t</tr>\n      \n\t<tr>\n\t  <td>worker.example.org</td>\n\t  <td>2024-09-07T12:52:59Z</td>\n\t  <td>Init</td>\n\t  <td></td>\n\t  <td></td>\n\t  <td></td>\n\t  <td></td>\n\t</tr>\n      \n      </table>\n\n  </body>\n  <hr>\n<address>\n  tag2upload Service Manager.\n\n  Part of the Debian\n  <a href=\"https://wiki.debian.org/tag2upload\">tag2upload service</a>.\n\n  <a href=\"https://salsa.debian.org/dgit-team/tag2upload-service-manager\">Manager\n    source code</a>\n  includes templates for these web pages.\n\n  Oracle, Builder, and tag utility source code is in the\n  <a href=\"https://salsa.debian.org/dgit-team/dgit\">dgit repository</a>.\n</address>\n\n</html>\n"
[INFO] [stdout] 2024-11-01T16:14:00.966495Z TRACE comprehensive: tag2upload_service_manager::test::t_bsql: bsql! executed loc=src/global.rs:310:27
[INFO] [stdout] 2024-11-01T16:14:00.966627Z TRACE comprehensive: tag2upload_service_manager::test::t_utils: deferring shutdown? job=None
[INFO] [stdout] 2024-11-01T16:14:00.966777Z TRACE comprehensive: tag2upload_service_manager::o2m_support: worker.example.org < ack
[INFO] [stdout] 2024-11-01T16:14:00.966888Z TRACE comprehensive: tag2upload_service_manager::db_workflow: [worker.example.org] build: looking for a job
[INFO] [stdout] 2024-11-01T16:14:00.966979Z TRACE comprehensive: tag2upload_service_manager::test::t_bsql: bsql! executed loc=src/db_workflow.rs:77:61
[INFO] [stdout] 2024-11-01T16:14:00.967005Z TRACE comprehensive: tag2upload_service_manager::test::t_bsql: bsql! executed loc=src/o2m_listener.rs:181:17
[INFO] [stdout] 2024-11-01T16:14:00.967276Z TRACE comprehensive: tag2upload_service_manager::test::t_bsql: bsql! executed loc=src/db_workflow.rs:166:34
[INFO] [stdout] 2024-11-01T16:14:00.974232Z  INFO comprehensive: tag2upload_service_manager::db_workflow: [worker.example.org] found (build) jid=1 now=Queued info="selected for build [worker.example.org]"
[INFO] [stdout] 2024-11-01T16:14:00.974285Z TRACE comprehensive: tag2upload_service_manager::o2m_support: worker.example.org > ayt
[INFO] [stdout] 2024-11-01T16:14:01.029166Z TRACE comprehensive: tag2upload_service_manager::test::t_bsql: bsql! executed loc=src/routes.rs:96:17
[INFO] [stdout] 2024-11-01T16:14:01.029300Z TRACE comprehensive: tag2upload_service_manager::test::t_bsql: bsql! executed loc=src/routes.rs:30:30
[INFO] [stdout] 2024-11-01T16:14:01.029320Z TRACE comprehensive: tag2upload_service_manager::test::t_bsql: bsql! executed loc=src/routes.rs:6:5
[INFO] [stdout] 2024-11-01T16:14:01.029479Z TRACE comprehensive: tag2upload_service_manager::test::t_bsql: bsql! executed loc=src/routes.rs:105:17
[INFO] [stdout] 2024-11-01T16:14:01.029508Z TRACE comprehensive: tag2upload_service_manager::test::t_bsql: bsql! executed loc=src/routes.rs:35:31
[INFO] [stdout] 2024-11-01T16:14:01.031295Z DEBUG comprehensive: tag2upload_service_manager::test::t_tera: "/" => "<html>\n  <head><title>tag2upload service</title></head>\n  <body>\n    <b>service</b> | <a href=/queue><b>queue</b></a> | <a href=/recent><b>recent</b></a> | <a href=/all-jobs><b>all jobs</b></a> || <a href=\"https://wiki.debian.org/tag2upload\">wiki</a>\n\n\n    <h1>tag2upload service</h1>\n\n    <h2>Service status</h2>\n\n\t<dl>\n\t  <dt>Manager</dt>\n\t  <dd>running</dd>\n\t  <dt>Workers</dt>\n\t  <dd>\n\t    1 busy /\n\t    1 up\n\t  </dd>\n\t</dl>\n\n    <h2>Queued and recent jobs</h2>\n\n      <table rules=\"all\">\n\t<tr>\n\t  <th>status</th>\n\t  <th>job count</th>\n\t</tr>\n      \n\t<tr>\n\t  <td>Noticed</td>\n\t  <td align=\"right\">0</td>\n\t</tr>\n      \n\t<tr>\n\t  <td>Queued</td>\n\t  <td align=\"right\">1</td>\n\t</tr>\n      \n\t<tr>\n\t  <td>Building</td>\n\t  <td align=\"right\">0</td>\n\t</tr>\n      \n\t<tr>\n\t  <td>NotForUs</td>\n\t  <td align=\"right\">0</td>\n\t</tr>\n      \n\t<tr>\n\t  <td>Failed</td>\n\t  <td align=\"right\">0</td>\n\t</tr>\n      \n\t<tr>\n\t  <td>Irrecoverable</td>\n\t  <td align=\"right\">0</td>\n\t</tr>\n      \n\t<tr>\n\t  <td>Uploaded</td>\n\t  <td align=\"right\">0</td>\n\t</tr>\n      \n      </table>\n\n            <p>\n      (Recent means jobs touched after 2024-09-06T12:53:00Z.)\n\n\n\n    <h2>Workers</h2>\n\n      <table rules=\"all\">\n\t<tr>\n\t  <th colspan=\"3\">worker</th>\n\t  <th colspan=\"4\">current/last job</th>\n\t</tr>\n\t<tr>\n\t  <th>ident</th>\n\t  <th>last contact</th>\n\t  <th>phase</th>\n\t  <th>source</th>\n\t  <th>version</th>\n\t  <th>status</th>\n\t  <th>info</th>\n\t</tr>\n      \n\t<tr>\n\t  <td>worker.example.org</td>\n\t  <td>2024-09-07T12:52:59Z</td>\n\t  <td>Selected</td>\n\t  <td>dgit-test-dummy</td>\n\t  <td>1.40</td>\n\t  <td>Queued</td>\n\t  <td>tag fetched, ready to process</td>\n\t</tr>\n      \n      </table>\n\n  </body>\n  <hr>\n<address>\n  tag2upload Service Manager.\n\n  Part of the Debian\n  <a href=\"https://wiki.debian.org/tag2upload\">tag2upload service</a>.\n\n  <a href=\"https://salsa.debian.org/dgit-team/tag2upload-service-manager\">Manager\n    source code</a>\n  includes templates for these web pages.\n\n  Oracle, Builder, and tag utility source code is in the\n  <a href=\"https://salsa.debian.org/dgit-team/dgit\">dgit repository</a>.\n</address>\n\n</html>\n"
[INFO] [stdout] 2024-11-01T16:14:01.031774Z TRACE comprehensive: tag2upload_service_manager::test::t_bsql: bsql! executed loc=src/global.rs:310:27
[INFO] [stdout] 2024-11-01T16:14:01.031915Z TRACE comprehensive: tag2upload_service_manager::test::t_utils: deferring shutdown? job=None
[INFO] [stdout] 2024-11-01T16:14:01.032081Z TRACE comprehensive: tag2upload_service_manager::o2m_support: worker.example.org < ack
[INFO] [stdout] 2024-11-01T16:14:01.032244Z TRACE comprehensive: tag2upload_service_manager::test::t_bsql: bsql! executed loc=src/db_workflow.rs:166:34
[INFO] [stdout] 2024-11-01T16:14:01.036369Z  INFO comprehensive: tag2upload_service_manager::db_workflow: [worker.example.org] updated (build) jid=1 now=Building info="building [worker.example.org]"
[INFO] [stdout] 2024-11-01T16:14:01.036420Z TRACE comprehensive: tag2upload_service_manager::o2m_support: worker.example.org > job https://salsa.debian.org/dgit-team/dgit-test-dummy.git
[INFO] [stdout] 2024-11-01T16:14:01.036464Z TRACE comprehensive: tag2upload_service_manager::o2m_support: worker.example.org >...
[INFO] [stdout] 2024-11-01T16:14:01.090857Z TRACE comprehensive: tag2upload_service_manager::test::t_bsql: bsql! executed loc=src/routes.rs:96:17
[INFO] [stdout] 2024-11-01T16:14:01.090902Z TRACE comprehensive: tag2upload_service_manager::test::t_bsql: bsql! executed loc=src/routes.rs:30:30
[INFO] [stdout] 2024-11-01T16:14:01.090919Z TRACE comprehensive: tag2upload_service_manager::test::t_bsql: bsql! executed loc=src/routes.rs:6:5
[INFO] [stdout] 2024-11-01T16:14:01.091094Z TRACE comprehensive: tag2upload_service_manager::test::t_bsql: bsql! executed loc=src/routes.rs:105:17
[INFO] [stdout] 2024-11-01T16:14:01.091126Z TRACE comprehensive: tag2upload_service_manager::test::t_bsql: bsql! executed loc=src/routes.rs:35:31
[INFO] [stdout] 2024-11-01T16:14:01.092484Z DEBUG comprehensive: tag2upload_service_manager::test::t_tera: "/" => "<html>\n  <head><title>tag2upload service</title></head>\n  <body>\n    <b>service</b> | <a href=/queue><b>queue</b></a> | <a href=/recent><b>recent</b></a> | <a href=/all-jobs><b>all jobs</b></a> || <a href=\"https://wiki.debian.org/tag2upload\">wiki</a>\n\n\n    <h1>tag2upload service</h1>\n\n    <h2>Service status</h2>\n\n\t<dl>\n\t  <dt>Manager</dt>\n\t  <dd>running</dd>\n\t  <dt>Workers</dt>\n\t  <dd>\n\t    1 busy /\n\t    1 up\n\t  </dd>\n\t</dl>\n\n    <h2>Queued and recent jobs</h2>\n\n      <table rules=\"all\">\n\t<tr>\n\t  <th>status</th>\n\t  <th>job count</th>\n\t</tr>\n      \n\t<tr>\n\t  <td>Noticed</td>\n\t  <td align=\"right\">0</td>\n\t</tr>\n      \n\t<tr>\n\t  <td>Queued</td>\n\t  <td align=\"right\">0</td>\n\t</tr>\n      \n\t<tr>\n\t  <td>Building</td>\n\t  <td align=\"right\">1</td>\n\t</tr>\n      \n\t<tr>\n\t  <td>NotForUs</td>\n\t  <td align=\"right\">0</td>\n\t</tr>\n      \n\t<tr>\n\t  <td>Failed</td>\n\t  <td align=\"right\">0</td>\n\t</tr>\n      \n\t<tr>\n\t  <td>Irrecoverable</td>\n\t  <td align=\"right\">0</td>\n\t</tr>\n      \n\t<tr>\n\t  <td>Uploaded</td>\n\t  <td align=\"right\">0</td>\n\t</tr>\n      \n      </table>\n\n            <p>\n      (Recent means jobs touched after 2024-09-06T12:53:00Z.)\n\n\n\n    <h2>Workers</h2>\n\n      <table rules=\"all\">\n\t<tr>\n\t  <th colspan=\"3\">worker</th>\n\t  <th colspan=\"4\">current/last job</th>\n\t</tr>\n\t<tr>\n\t  <th>ident</th>\n\t  <th>last contact</th>\n\t  <th>phase</th>\n\t  <th>source</th>\n\t  <th>version</th>\n\t  <th>status</th>\n\t  <th>info</th>\n\t</tr>\n      \n\t<tr>\n\t  <td>worker.example.org</td>\n\t  <td>2024-09-07T12:53:00Z</td>\n\t  <td>Building</td>\n\t  <td>dgit-test-dummy</td>\n\t  <td>1.40</td>\n\t  <td>Queued</td>\n\t  <td>tag fetched, ready to process</td>\n\t</tr>\n      \n      </table>\n\n  </body>\n  <hr>\n<address>\n  tag2upload Service Manager.\n\n  Part of the Debian\n  <a href=\"https://wiki.debian.org/tag2upload\">tag2upload service</a>.\n\n  <a href=\"https://salsa.debian.org/dgit-team/tag2upload-service-manager\">Manager\n    source code</a>\n  includes templates for these web pages.\n\n  Oracle, Builder, and tag utility source code is in the\n  <a href=\"https://salsa.debian.org/dgit-team/dgit\">dgit repository</a>.\n</address>\n\n</html>\n"
[INFO] [stdout] 2024-11-01T16:14:01.092918Z TRACE comprehensive: tag2upload_service_manager::test::t_bsql: bsql! executed loc=src/global.rs:310:27
[INFO] [stdout] 2024-11-01T16:14:01.093151Z TRACE comprehensive: tag2upload_service_manager::test::t_utils: deferring shutdown? job=Some(JobRow { jid: JobId(1), data: JobData { repo_git_url: "https://salsa.debian.org/dgit-team/dgit-test-dummy.git", tag_objectid: "7f7f6fec9edb867d7d73ec4b9c2cf9923dc07e12", tag_name: "debian/1.40", forge_host: "salsa.debian.org", forge_namever: "gitlab-1", forge_data: "36575", tag_meta: Parsed { source: "dgit-test-dummy", version: "1.40" } }, received: TimeT(1725713579 2024-09-07T12:52:59Z), last_update: TimeT(1725713580 2024-09-07T12:53:00Z), tag_data: NoneIsEmpty(Some("object b8e6d37e61b2eebc030752f0f4962960d87c1af4\ntype commit\ntag debian/1.40\ntagger Ian Jackson <ijackson@chiark.greenend.org.uk> 1725709192 +0100\n\ndgit-test-dummy release 1.40 for experimental\n\n[dgit distro=debian split]\n[dgit please-upload source=dgit-test-dummy version=1.40]\n-----BEGIN PGP SIGNATURE-----\n\niQFUBAABCAA+FiEEVZrkbC1rbTJl58uh4+M5I0i1DTkFAmbcO4ggHGlqYWNrc29u\nQGNoaWFyay5ncmVlbmVuZC5vcmcudWsACgkQ4+M5I0i1DTmD4gf/Q8xD7Eic90CV\nA8WQV9boU0j0oUEPioIiMqsKO3fHf66xPMukEFtpYcX5KOvPrpRGDYseP1JiPUNM\n/mYWfwLXECSkypjidFRvKEMFivvvDFZfJnyqQ6MTIvTsIPYAy/sZnUd/1+v5wcMb\n4kGYMBXJJZ749N5voi+wHfZfEHgOmvfOnO7pwk60xgm07lUGHdQCxN7ndIqOHmxg\nFJZHJu0ajp4qfx7kqIdwPWxW2gmN4iqzLsTNcOuQAiIKBn2LtetMRfxBHHjoYv2j\n1OzZ0OcDXAp/2OkxT3iYmFjTrobOJTlmg3WRGCwqzA/aYz8T8kelqgVXS8uR4tcF\nnmuEyTw7YA==\n=rZZP\n-----END PGP SIGNATURE-----\n")), status: Building, processing: NoneIsEmpty(Some("build")), info: "building [worker.example.org]", duplicate_of: None })
[INFO] [stdout] 2024-11-01T16:14:01.093238Z DEBUG comprehensive: tag2upload_service_manager::test::t_comprehensive: n_ayts=2 "job https://salsa.debian.org/dgit-team/dgit-test-dummy.git" l=811
[INFO] [stdout] 2024-11-01T16:14:01.093288Z TRACE comprehensive: tag2upload_service_manager::test::t_bsql: bsql! executed loc=src/global.rs:310:27
[INFO] [stdout] 2024-11-01T16:14:01.093502Z TRACE comprehensive: tag2upload_service_manager::test::t_utils: deferring shutdown? job=Some(JobRow { jid: JobId(1), data: JobData { repo_git_url: "https://salsa.debian.org/dgit-team/dgit-test-dummy.git", tag_objectid: "7f7f6fec9edb867d7d73ec4b9c2cf9923dc07e12", tag_name: "debian/1.40", forge_host: "salsa.debian.org", forge_namever: "gitlab-1", forge_data: "36575", tag_meta: Parsed { source: "dgit-test-dummy", version: "1.40" } }, received: TimeT(1725713579 2024-09-07T12:52:59Z), last_update: TimeT(1725713580 2024-09-07T12:53:00Z), tag_data: NoneIsEmpty(Some("object b8e6d37e61b2eebc030752f0f4962960d87c1af4\ntype commit\ntag debian/1.40\ntagger Ian Jackson <ijackson@chiark.greenend.org.uk> 1725709192 +0100\n\ndgit-test-dummy release 1.40 for experimental\n\n[dgit distro=debian split]\n[dgit please-upload source=dgit-test-dummy version=1.40]\n-----BEGIN PGP SIGNATURE-----\n\niQFUBAABCAA+FiEEVZrkbC1rbTJl58uh4+M5I0i1DTkFAmbcO4ggHGlqYWNrc29u\nQGNoaWFyay5ncmVlbmVuZC5vcmcudWsACgkQ4+M5I0i1DTmD4gf/Q8xD7Eic90CV\nA8WQV9boU0j0oUEPioIiMqsKO3fHf66xPMukEFtpYcX5KOvPrpRGDYseP1JiPUNM\n/mYWfwLXECSkypjidFRvKEMFivvvDFZfJnyqQ6MTIvTsIPYAy/sZnUd/1+v5wcMb\n4kGYMBXJJZ749N5voi+wHfZfEHgOmvfOnO7pwk60xgm07lUGHdQCxN7ndIqOHmxg\nFJZHJu0ajp4qfx7kqIdwPWxW2gmN4iqzLsTNcOuQAiIKBn2LtetMRfxBHHjoYv2j\n1OzZ0OcDXAp/2OkxT3iYmFjTrobOJTlmg3WRGCwqzA/aYz8T8kelqgVXS8uR4tcF\nnmuEyTw7YA==\n=rZZP\n-----END PGP SIGNATURE-----\n")), status: Building, processing: NoneIsEmpty(Some("build")), info: "building [worker.example.org]", duplicate_of: None })
[INFO] [stdout] 2024-11-01T16:14:01.093683Z TRACE comprehensive: tag2upload_service_manager::o2m_support: worker.example.org < message Tested OK!
[INFO] [stdout] 2024-11-01T16:14:01.093731Z TRACE comprehensive: tag2upload_service_manager::o2m_support: worker.example.org < uploaded
[INFO] [stdout] 2024-11-01T16:14:01.093847Z TRACE comprehensive: tag2upload_service_manager::test::t_bsql: bsql! executed loc=src/db_workflow.rs:166:34
[INFO] [stdout] 2024-11-01T16:14:01.097362Z  INFO comprehensive: tag2upload_service_manager::db_workflow: [worker.example.org] updated (build) jid=1 now=Uploaded info="uploaded [worker.example.org]: Tested OK!"
[INFO] [stdout] 2024-11-01T16:14:01.097469Z TRACE comprehensive: tag2upload_service_manager::test::t_bsql: bsql! executed loc=src/db_workflow.rs:340:43
[INFO] [stdout] 2024-11-01T16:14:01.097666Z TRACE comprehensive: tag2upload_service_manager::test::t_bsql: bsql! executed loc=src/db_workflow.rs:219:61
[INFO] [stdout] 2024-11-01T16:14:01.097697Z TRACE comprehensive: tag2upload_service_manager::test::t_bsql: bsql! executed loc=src/db_workflow.rs:213:22
[INFO] [stdout] 2024-11-01T16:14:01.097905Z TRACE comprehensive: tag2upload_service_manager::test::t_bsql: bsql! executed loc=src/db_workflow.rs:242:27
[INFO] [stdout] 2024-11-01T16:14:01.097935Z TRACE comprehensive: tag2upload_service_manager::test::t_bsql: bsql! executed loc=src/db_workflow.rs:213:22
[INFO] [stdout] 2024-11-01T16:14:01.100505Z TRACE comprehensive: tag2upload_service_manager::o2m_support: worker.example.org > ayt
[INFO] [stdout] 2024-11-01T16:14:01.100660Z TRACE comprehensive: tag2upload_service_manager::db_workflow: [host=salsa.debian.org] fetch: looking for a job
[INFO] [stdout] 2024-11-01T16:14:01.100742Z TRACE comprehensive: tag2upload_service_manager::test::t_bsql: bsql! executed loc=src/db_workflow.rs:77:61
[INFO] [stdout] 2024-11-01T16:14:01.100768Z TRACE comprehensive: tag2upload_service_manager::test::t_bsql: bsql! executed loc=src/db_workflow.rs:29:13
[INFO] [stdout] 2024-11-01T16:14:01.100928Z TRACE comprehensive: tag2upload_service_manager::db_workflow: [host=salsa.debian.org] fetch: waiting for a job
[INFO] [stdout] 2024-11-01T16:14:01.153223Z TRACE comprehensive: tag2upload_service_manager::test::t_bsql: bsql! executed loc=src/routes.rs:96:17
[INFO] [stdout] 2024-11-01T16:14:01.153291Z TRACE comprehensive: tag2upload_service_manager::test::t_bsql: bsql! executed loc=src/routes.rs:30:30
[INFO] [stdout] 2024-11-01T16:14:01.153304Z TRACE comprehensive: tag2upload_service_manager::test::t_bsql: bsql! executed loc=src/routes.rs:6:5
[INFO] [stdout] 2024-11-01T16:14:01.153420Z TRACE comprehensive: tag2upload_service_manager::test::t_bsql: bsql! executed loc=src/routes.rs:105:17
[INFO] [stdout] 2024-11-01T16:14:01.153447Z TRACE comprehensive: tag2upload_service_manager::test::t_bsql: bsql! executed loc=src/routes.rs:35:31
[INFO] [stdout] 2024-11-01T16:14:01.155133Z DEBUG comprehensive: tag2upload_service_manager::test::t_tera: "/" => "<html>\n  <head><title>tag2upload service</title></head>\n  <body>\n    <b>service</b> | <a href=/queue><b>queue</b></a> | <a href=/recent><b>recent</b></a> | <a href=/all-jobs><b>all jobs</b></a> || <a href=\"https://wiki.debian.org/tag2upload\">wiki</a>\n\n\n    <h1>tag2upload service</h1>\n\n    <h2>Service status</h2>\n\n\t<dl>\n\t  <dt>Manager</dt>\n\t  <dd>running</dd>\n\t  <dt>Workers</dt>\n\t  <dd>\n\t    0 busy /\n\t    1 up\n\t  </dd>\n\t</dl>\n\n    <h2>Queued and recent jobs</h2>\n\n      <table rules=\"all\">\n\t<tr>\n\t  <th>status</th>\n\t  <th>job count</th>\n\t</tr>\n      \n\t<tr>\n\t  <td>Noticed</td>\n\t  <td align=\"right\">0</td>\n\t</tr>\n      \n\t<tr>\n\t  <td>Queued</td>\n\t  <td align=\"right\">0</td>\n\t</tr>\n      \n\t<tr>\n\t  <td>Building</td>\n\t  <td align=\"right\">0</td>\n\t</tr>\n      \n\t<tr>\n\t  <td>NotForUs</td>\n\t  <td align=\"right\">0</td>\n\t</tr>\n      \n\t<tr>\n\t  <td>Failed</td>\n\t  <td align=\"right\">0</td>\n\t</tr>\n      \n\t<tr>\n\t  <td>Irrecoverable</td>\n\t  <td align=\"right\">0</td>\n\t</tr>\n      \n\t<tr>\n\t  <td>Uploaded</td>\n\t  <td align=\"right\">1</td>\n\t</tr>\n      \n      </table>\n\n            <p>\n      (Recent means jobs touched after 2024-09-06T12:53:00Z.)\n\n\n\n    <h2>Workers</h2>\n\n      <table rules=\"all\">\n\t<tr>\n\t  <th colspan=\"3\">worker</th>\n\t  <th colspan=\"4\">current/last job</th>\n\t</tr>\n\t<tr>\n\t  <th>ident</th>\n\t  <th>last contact</th>\n\t  <th>phase</th>\n\t  <th>source</th>\n\t  <th>version</th>\n\t  <th>status</th>\n\t  <th>info</th>\n\t</tr>\n      \n\t<tr>\n\t  <td>worker.example.org</td>\n\t  <td>2024-09-07T12:53:00Z</td>\n\t  <td>Idle</td>\n\t  <td>dgit-test-dummy</td>\n\t  <td>1.40</td>\n\t  <td>Uploaded</td>\n\t  <td>uploaded [worker.example.org]: Tested OK!</td>\n\t</tr>\n      \n      </table>\n\n  </body>\n  <hr>\n<address>\n  tag2upload Service Manager.\n\n  Part of the Debian\n  <a href=\"https://wiki.debian.org/tag2upload\">tag2upload service</a>.\n\n  <a href=\"https://salsa.debian.org/dgit-team/tag2upload-service-manager\">Manager\n    source code</a>\n  includes templates for these web pages.\n\n  Oracle, Builder, and tag utility source code is in the\n  <a href=\"https://salsa.debian.org/dgit-team/dgit\">dgit repository</a>.\n</address>\n\n</html>\n"
[INFO] [stdout] 2024-11-01T16:14:01.204079Z TRACE comprehensive: tag2upload_service_manager::test::t_bsql: bsql! executed loc=src/routes.rs:181:35
[INFO] [stdout] 2024-11-01T16:14:01.204125Z TRACE comprehensive: tag2upload_service_manager::test::t_bsql: bsql! executed loc=src/routes.rs:30:30
[INFO] [stdout] 2024-11-01T16:14:01.204136Z TRACE comprehensive: tag2upload_service_manager::test::t_bsql: bsql! executed loc=src/routes.rs:6:5
[INFO] [stdout] 2024-11-01T16:14:01.204147Z TRACE comprehensive: tag2upload_service_manager::test::t_bsql: bsql! executed loc=src/routes.rs:35:31
[INFO] [stdout] 2024-11-01T16:14:01.205653Z DEBUG comprehensive: tag2upload_service_manager::test::t_tera: "/recent" => "<html>\n  <head><title>tag2upload recent and queued jobs</title></head>\n  <body>\n    <a href=/><b>service</b></a> | <a href=/queue><b>queue</b></a> | <b>recent</b> | <a href=/all-jobs><b>all jobs</b></a> || <a href=\"https://wiki.debian.org/tag2upload\">wiki</a>\n\n\n    <h1>tag2upload recent and queued jobs</h1>\n        <table rules=\"all\">\n      <tr>\n\t<th>job</th>\n\t<th>received</th>\n\t<th>source</th>\n\t<th>version</th>\n\t<th>url</th>\n\t<th>last_update</th>\n\t<th>status</th>\n\t<th>info</th>\n\t<th>processing</th>\n\t<th>dupe of</th>\n      </tr>\n    \n      <tr>\n\t<td>1</td>\n\t<td>2024-09-07T12:52:59Z</td>\n\t<td>dgit-test-dummy</td>\n\t<td>1.40</td>\n\t<td>https:&#x2F;&#x2F;salsa.debian.org&#x2F;dgit-team&#x2F;dgit-test-dummy.git</td>\n\t<td>2024-09-07T12:53:00Z</td>\n\t<td>Uploaded</td>\n\t<td>uploaded [worker.example.org]: Tested OK!</td>\n\t<td></td>\n\t<td></td>\n      </tr>\n    \n    </table>\n\n\n          <p>\n      (Recent means jobs touched after 2024-09-06T12:53:00Z.)\n\n\n\n  </body>\n  <hr>\n<address>\n  tag2upload Service Manager.\n\n  Part of the Debian\n  <a href=\"https://wiki.debian.org/tag2upload\">tag2upload service</a>.\n\n  <a href=\"https://salsa.debian.org/dgit-team/tag2upload-service-manager\">Manager\n    source code</a>\n  includes templates for these web pages.\n\n  Oracle, Builder, and tag utility source code is in the\n  <a href=\"https://salsa.debian.org/dgit-team/dgit\">dgit repository</a>.\n</address>\n\n</html>\n"
[INFO] [stdout] 2024-11-01T16:14:01.206050Z TRACE comprehensive: tag2upload_service_manager::test::t_bsql: bsql! executed loc=src/global.rs:310:27
[INFO] [stdout] 2024-11-01T16:14:01.206204Z TRACE comprehensive: tag2upload_service_manager::test::t_utils: deferring shutdown? job=None
[INFO] [stdout] 2024-11-01T16:14:01.206244Z TRACE comprehensive: tag2upload_service_manager::test::t_bsql: bsql! executed loc=src/test/t_utils.rs:7:53
[INFO] [stdout] 2024-11-01T16:14:01.206414Z TRACE comprehensive: tag2upload_service_manager::test::t_utils: job=Some(JobRow { jid: JobId(1), data: JobData { repo_git_url: "https://salsa.debian.org/dgit-team/dgit-test-dummy.git", tag_objectid: "7f7f6fec9edb867d7d73ec4b9c2cf9923dc07e12", tag_name: "debian/1.40", forge_host: "salsa.debian.org", forge_namever: "gitlab-1", forge_data: "36575", tag_meta: Parsed { source: "dgit-test-dummy", version: "1.40" } }, received: TimeT(1725713579 2024-09-07T12:52:59Z), last_update: TimeT(1725713580 2024-09-07T12:53:00Z), tag_data: NoneIsEmpty(Some("object b8e6d37e61b2eebc030752f0f4962960d87c1af4\ntype commit\ntag debian/1.40\ntagger Ian Jackson <ijackson@chiark.greenend.org.uk> 1725709192 +0100\n\ndgit-test-dummy release 1.40 for experimental\n\n[dgit distro=debian split]\n[dgit please-upload source=dgit-test-dummy version=1.40]\n-----BEGIN PGP SIGNATURE-----\n\niQFUBAABCAA+FiEEVZrkbC1rbTJl58uh4+M5I0i1DTkFAmbcO4ggHGlqYWNrc29u\nQGNoaWFyay5ncmVlbmVuZC5vcmcudWsACgkQ4+M5I0i1DTmD4gf/Q8xD7Eic90CV\nA8WQV9boU0j0oUEPioIiMqsKO3fHf66xPMukEFtpYcX5KOvPrpRGDYseP1JiPUNM\n/mYWfwLXECSkypjidFRvKEMFivvvDFZfJnyqQ6MTIvTsIPYAy/sZnUd/1+v5wcMb\n4kGYMBXJJZ749N5voi+wHfZfEHgOmvfOnO7pwk60xgm07lUGHdQCxN7ndIqOHmxg\nFJZHJu0ajp4qfx7kqIdwPWxW2gmN4iqzLsTNcOuQAiIKBn2LtetMRfxBHHjoYv2j\n1OzZ0OcDXAp/2OkxT3iYmFjTrobOJTlmg3WRGCwqzA/aYz8T8kelqgVXS8uR4tcF\nnmuEyTw7YA==\n=rZZP\n-----END PGP SIGNATURE-----\n")), status: Uploaded, processing: NoneIsEmpty(None), info: "uploaded [worker.example.org]: Tested OK!", duplicate_of: None })
[INFO] [stdout] 2024-11-01T16:14:01.206846Z TRACE comprehensive: tag2upload_service_manager::test::t_bsql: bsql! executed loc=src/expire.rs:69:13
[INFO] [stdout] 2024-11-01T16:14:01.206931Z  INFO comprehensive: tag2upload_service_manager::expire: nothing expired n_expired=0 oldest_to_keep=2024-08-23T12:53:00Z
[INFO] [stdout] 2024-11-01T16:14:01.206969Z TRACE comprehensive: tag2upload_service_manager::test::t_bsql: bsql! executed loc=src/test/t_utils.rs:7:53
[INFO] [stdout] 2024-11-01T16:14:01.207128Z TRACE comprehensive: tag2upload_service_manager::test::t_utils: job=Some(JobRow { jid: JobId(1), data: JobData { repo_git_url: "https://salsa.debian.org/dgit-team/dgit-test-dummy.git", tag_objectid: "7f7f6fec9edb867d7d73ec4b9c2cf9923dc07e12", tag_name: "debian/1.40", forge_host: "salsa.debian.org", forge_namever: "gitlab-1", forge_data: "36575", tag_meta: Parsed { source: "dgit-test-dummy", version: "1.40" } }, received: TimeT(1725713579 2024-09-07T12:52:59Z), last_update: TimeT(1725713580 2024-09-07T12:53:00Z), tag_data: NoneIsEmpty(Some("object b8e6d37e61b2eebc030752f0f4962960d87c1af4\ntype commit\ntag debian/1.40\ntagger Ian Jackson <ijackson@chiark.greenend.org.uk> 1725709192 +0100\n\ndgit-test-dummy release 1.40 for experimental\n\n[dgit distro=debian split]\n[dgit please-upload source=dgit-test-dummy version=1.40]\n-----BEGIN PGP SIGNATURE-----\n\niQFUBAABCAA+FiEEVZrkbC1rbTJl58uh4+M5I0i1DTkFAmbcO4ggHGlqYWNrc29u\nQGNoaWFyay5ncmVlbmVuZC5vcmcudWsACgkQ4+M5I0i1DTmD4gf/Q8xD7Eic90CV\nA8WQV9boU0j0oUEPioIiMqsKO3fHf66xPMukEFtpYcX5KOvPrpRGDYseP1JiPUNM\n/mYWfwLXECSkypjidFRvKEMFivvvDFZfJnyqQ6MTIvTsIPYAy/sZnUd/1+v5wcMb\n4kGYMBXJJZ749N5voi+wHfZfEHgOmvfOnO7pwk60xgm07lUGHdQCxN7ndIqOHmxg\nFJZHJu0ajp4qfx7kqIdwPWxW2gmN4iqzLsTNcOuQAiIKBn2LtetMRfxBHHjoYv2j\n1OzZ0OcDXAp/2OkxT3iYmFjTrobOJTlmg3WRGCwqzA/aYz8T8kelqgVXS8uR4tcF\nnmuEyTw7YA==\n=rZZP\n-----END PGP SIGNATURE-----\n")), status: Uploaded, processing: NoneIsEmpty(None), info: "uploaded [worker.example.org]: Tested OK!", duplicate_of: None })
[INFO] [stdout] 2024-11-01T16:14:01.207206Z TRACE comprehensive: tag2upload_service_manager::test: simulated time now=2024-09-07T12:53:00.207202285Z when=before advance
[INFO] [stdout] 2024-11-01T16:14:01.207225Z TRACE comprehensive: tag2upload_service_manager::test: simulated time now=2024-09-22T13:09:40.207224974Z when=after advance
[INFO] [stdout] 2024-11-01T16:14:01.207487Z TRACE comprehensive: tag2upload_service_manager::test::t_bsql: bsql! executed loc=src/expire.rs:69:13
[INFO] [stdout] 2024-11-01T16:14:01.208191Z TRACE comprehensive: tag2upload_service_manager::test::t_bsql: bsql! executed loc=src/expire.rs:94:46
[INFO] [stdout] 2024-11-01T16:14:01.222937Z  INFO comprehensive: tag2upload_service_manager::expire: expired n_expired=1 oldest_to_keep=2024-09-07T13:09:40Z archive="expired-2024-09-22T13:09:40Z.dump.txt"
[INFO] [stdout] 2024-11-01T16:14:01.222990Z TRACE comprehensive: tag2upload_service_manager::test::t_bsql: bsql! executed loc=src/test/t_utils.rs:7:53
[INFO] [stdout] 2024-11-01T16:14:01.223090Z TRACE comprehensive: tag2upload_service_manager::test::t_utils: job=None
[INFO] [stdout] 2024-11-01T16:14:01.286807Z TRACE comprehensive: tag2upload_service_manager::test::t_bsql: bsql! executed loc=src/routes.rs:96:17
[INFO] [stdout] 2024-11-01T16:14:01.286882Z TRACE comprehensive: tag2upload_service_manager::test::t_bsql: bsql! executed loc=src/routes.rs:30:30
[INFO] [stdout] 2024-11-01T16:14:01.286897Z TRACE comprehensive: tag2upload_service_manager::test::t_bsql: bsql! executed loc=src/routes.rs:6:5
[INFO] [stdout] 2024-11-01T16:14:01.287025Z TRACE comprehensive: tag2upload_service_manager::test::t_bsql: bsql! executed loc=src/routes.rs:105:17
[INFO] [stdout] 2024-11-01T16:14:01.287052Z TRACE comprehensive: tag2upload_service_manager::test::t_bsql: bsql! executed loc=src/routes.rs:35:31
[INFO] [stdout] 2024-11-01T16:14:01.289588Z DEBUG comprehensive: tag2upload_service_manager::test::t_tera: "/" => "<html>\n  <head><title>tag2upload service</title></head>\n  <body>\n    <b>service</b> | <a href=/queue><b>queue</b></a> | <a href=/recent><b>recent</b></a> | <a href=/all-jobs><b>all jobs</b></a> || <a href=\"https://wiki.debian.org/tag2upload\">wiki</a>\n\n\n    <h1>tag2upload service</h1>\n\n    <h2>Service status</h2>\n\n\t<dl>\n\t  <dt>Manager</dt>\n\t  <dd>running</dd>\n\t  <dt>Workers</dt>\n\t  <dd>\n\t    0 busy /\n\t    1 up\n\t  </dd>\n\t</dl>\n\n    <h2>Queued and recent jobs</h2>\n\n      <table rules=\"all\">\n\t<tr>\n\t  <th>status</th>\n\t  <th>job count</th>\n\t</tr>\n      \n\t<tr>\n\t  <td>Noticed</td>\n\t  <td align=\"right\">0</td>\n\t</tr>\n      \n\t<tr>\n\t  <td>Queued</td>\n\t  <td align=\"right\">0</td>\n\t</tr>\n      \n\t<tr>\n\t  <td>Building</td>\n\t  <td align=\"right\">0</td>\n\t</tr>\n      \n\t<tr>\n\t  <td>NotForUs</td>\n\t  <td align=\"right\">0</td>\n\t</tr>\n      \n\t<tr>\n\t  <td>Failed</td>\n\t  <td align=\"right\">0</td>\n\t</tr>\n      \n\t<tr>\n\t  <td>Irrecoverable</td>\n\t  <td align=\"right\">0</td>\n\t</tr>\n      \n\t<tr>\n\t  <td>Uploaded</td>\n\t  <td align=\"right\">0</td>\n\t</tr>\n      \n      </table>\n\n            <p>\n      (Recent means jobs touched after 2024-09-21T13:09:40Z.)\n\n\n\n    <h2>Workers</h2>\n\n      <table rules=\"all\">\n\t<tr>\n\t  <th colspan=\"3\">worker</th>\n\t  <th colspan=\"4\">current/last job</th>\n\t</tr>\n\t<tr>\n\t  <th>ident</th>\n\t  <th>last contact</th>\n\t  <th>phase</th>\n\t  <th>source</th>\n\t  <th>version</th>\n\t  <th>status</th>\n\t  <th>info</th>\n\t</tr>\n      \n\t<tr>\n\t  <td>worker.example.org</td>\n\t  <td>2024-09-07T12:53:00Z</td>\n\t  <td>Idle</td>\n\t  <td>dgit-test-dummy</td>\n\t  <td>1.40</td>\n\t  <td>Uploaded</td>\n\t  <td>uploaded [worker.example.org]: Tested OK!</td>\n\t</tr>\n      \n      </table>\n\n  </body>\n  <hr>\n<address>\n  tag2upload Service Manager.\n\n  Part of the Debian\n  <a href=\"https://wiki.debian.org/tag2upload\">tag2upload service</a>.\n\n  <a href=\"https://salsa.debian.org/dgit-team/tag2upload-service-manager\">Manager\n    source code</a>\n  includes templates for these web pages.\n\n  Oracle, Builder, and tag utility source code is in the\n  <a href=\"https://salsa.debian.org/dgit-team/dgit\">dgit repository</a>.\n</address>\n\n</html>\n"
[INFO] [stdout] 2024-11-01T16:14:01.290310Z DEBUG comprehensive: tag2upload_service_manager::test::t_utils: cmd="sqlite3" "-batch" "/tmp/.tmpvZ9KSI/expired-reload.db"
[INFO] [stdout] thread 'test::t_comprehensive::comprehensive' panicked at src/test/t_utils.rs:106:22:
[INFO] [stdout] error: anyhow::Error - run: No such file or directory (os error 2)
[INFO] [stdout] stack backtrace:
[INFO] [stdout]    0:     0x5a0bb3c3c64a - std::backtrace_rs::backtrace::libunwind::trace::h207520d6e9873551
[INFO] [stdout]                                at /rustc/df4ca44d3fbc9301ee17f30f4d474e6ae4b05252/library/std/src/../../backtrace/src/backtrace/libunwind.rs:116:5
[INFO] [stdout]    1:     0x5a0bb3c3c64a - std::backtrace_rs::backtrace::trace_unsynchronized::h2ed7433f370e3eca
[INFO] [stdout]                                at /rustc/df4ca44d3fbc9301ee17f30f4d474e6ae4b05252/library/std/src/../../backtrace/src/backtrace/mod.rs:66:5
[INFO] [stdout]    2:     0x5a0bb3c3c64a - std::sys::backtrace::_print_fmt::h916fac51166b18d7
[INFO] [stdout]                                at /rustc/df4ca44d3fbc9301ee17f30f4d474e6ae4b05252/library/std/src/sys/backtrace.rs:66:9
[INFO] [stdout]    3:     0x5a0bb3c3c64a - <std::sys::backtrace::BacktraceLock::print::DisplayBacktrace as core::fmt::Display>::fmt::ha0a4c9b8ce3802e6
[INFO] [stdout]                                at /rustc/df4ca44d3fbc9301ee17f30f4d474e6ae4b05252/library/std/src/sys/backtrace.rs:39:26
[INFO] [stdout]    4:     0x5a0bb3c6d333 - core::fmt::rt::Argument::fmt::h4cfc8587d52b3eb5
[INFO] [stdout]                                at /rustc/df4ca44d3fbc9301ee17f30f4d474e6ae4b05252/library/core/src/fmt/rt.rs:177:76
[INFO] [stdout]    5:     0x5a0bb3c6d333 - core::fmt::write::h522cc39e5b36ae9f
[INFO] [stdout]                                at /rustc/df4ca44d3fbc9301ee17f30f4d474e6ae4b05252/library/core/src/fmt/mod.rs:1190:21
[INFO] [stdout]    6:     0x5a0bb3c379b3 - std::io::Write::write_fmt::h7d3c26752da97734
[INFO] [stdout]                                at /rustc/df4ca44d3fbc9301ee17f30f4d474e6ae4b05252/library/std/src/io/mod.rs:1839:15
[INFO] [stdout]    7:     0x5a0bb3c3c492 - std::sys::backtrace::BacktraceLock::print::h4b9e00b29e9c0942
[INFO] [stdout]                                at /rustc/df4ca44d3fbc9301ee17f30f4d474e6ae4b05252/library/std/src/sys/backtrace.rs:42:9
[INFO] [stdout]    8:     0x5a0bb3c3db5a - std::panicking::default_hook::{{closure}}::hb59b88280d0324d9
[INFO] [stdout]                                at /rustc/df4ca44d3fbc9301ee17f30f4d474e6ae4b05252/library/std/src/panicking.rs:268:22
[INFO] [stdout]    9:     0x5a0bb3c3d964 - std::panicking::default_hook::he1dd496665be4a29
[INFO] [stdout]                                at /rustc/df4ca44d3fbc9301ee17f30f4d474e6ae4b05252/library/std/src/panicking.rs:292:9
[INFO] [stdout]   10:     0x5a0bb2c44159 - <alloc::boxed::Box<F,A> as core::ops::function::Fn<Args>>::call::h4ff71de18744e1dc
[INFO] [stdout]                                at /rustc/df4ca44d3fbc9301ee17f30f4d474e6ae4b05252/library/alloc/src/boxed.rs:2468:9
[INFO] [stdout]   11:     0x5a0bb2c44159 - test::test_main::{{closure}}::hcf7c055ce117aa81
[INFO] [stdout]                                at /rustc/df4ca44d3fbc9301ee17f30f4d474e6ae4b05252/library/test/src/lib.rs:133:21
[INFO] [stdout]   12:     0x5a0bb3c3e258 - <alloc::boxed::Box<F,A> as core::ops::function::Fn<Args>>::call::h1d66c6bbd60c9692
[INFO] [stdout]                                at /rustc/df4ca44d3fbc9301ee17f30f4d474e6ae4b05252/library/alloc/src/boxed.rs:2468:9
[INFO] [stdout]   13:     0x5a0bb3c3e258 - std::panicking::rust_panic_with_hook::h2ff17fe8f26dfcf8
[INFO] [stdout]                                at /rustc/df4ca44d3fbc9301ee17f30f4d474e6ae4b05252/library/std/src/panicking.rs:809:13
[INFO] [stdout]   14:     0x5a0bb3c3e01a - std::panicking::begin_panic_handler::{{closure}}::h4fad77951c07e101
[INFO] [stdout]                                at /rustc/df4ca44d3fbc9301ee17f30f4d474e6ae4b05252/library/std/src/panicking.rs:674:13
[INFO] [stdout]   15:     0x5a0bb3c3cb29 - std::sys::backtrace::__rust_end_short_backtrace::hb1a25b3da5d0ea08
[INFO] [stdout]                                at /rustc/df4ca44d3fbc9301ee17f30f4d474e6ae4b05252/library/std/src/sys/backtrace.rs:170:18
[INFO] [stdout]   16:     0x5a0bb3c3dcac - rust_begin_unwind
[INFO] [stdout]                                at /rustc/df4ca44d3fbc9301ee17f30f4d474e6ae4b05252/library/std/src/panicking.rs:665:5
[INFO] [stdout]   17:     0x5a0bb3c69ef0 - core::panicking::panic_fmt::ha9db07b529f9b256
[INFO] [stdout]                                at /rustc/df4ca44d3fbc9301ee17f30f4d474e6ae4b05252/library/core/src/panicking.rs:75:14
[INFO] [stdout]   18:     0x5a0bb28650bc - <testresult::TestError as core::convert::From<T>>::from::h30557be2af024ae6
[INFO] [stdout]                                at /opt/rustwide/cargo-home/registry/src/index.crates.io-6f17d22bba15001f/testresult-0.4.1/src/lib.rs:24:9
[INFO] [stdout]   19:     0x5a0bb28f212a - <core::result::Result<T,F> as core::ops::try_trait::FromResidual<core::result::Result<core::convert::Infallible,E>>>::from_residual::h154e124da49b5e44
[INFO] [stdout]                                at /rustc/df4ca44d3fbc9301ee17f30f4d474e6ae4b05252/library/core/src/result.rs:2008:27
[INFO] [stdout]   20:     0x5a0bb28dfb8f - <std::process::Command as tag2upload_service_manager::test::t_utils::CommandExt>::stdout_checked::h72c72166beafc363
[INFO] [stdout]                                at /opt/rustwide/workdir/src/test/t_utils.rs:106:22
[INFO] [stdout]   21:     0x5a0bb2a413a0 - tag2upload_service_manager::test::t_utils::t_run_sqlite_batch_general::hce4f333c0542422e
[INFO] [stdout]                                at /opt/rustwide/workdir/src/test/t_utils.rs:83:5
[INFO] [stdout]   22:     0x5a0bb2a41507 - tag2upload_service_manager::test::t_utils::t_run_sqlite_batch_file::h8a8ddf8068e5420c
[INFO] [stdout]                                at /opt/rustwide/workdir/src/test/t_utils.rs:98:5
[INFO] [stdout]   23:     0x5a0bb28eb30d - tag2upload_service_manager::test::t_comprehensive::comprehensive::{{closure}}::{{closure}}::hd1e9240a14a8ca36
[INFO] [stdout]                                at /opt/rustwide/workdir/src/test/t_comprehensive.rs:344:9
[INFO] [stdout]   24:     0x5a0bb28dca16 - tag2upload_service_manager::test::t_wrapper::run_async_test::{{closure}}::h00121364f66b1031
[INFO] [stdout]                                at /opt/rustwide/workdir/src/test/t_wrapper.rs:61:17
[INFO] [stdout]   25:     0x5a0bb26e60ad - <core::pin::Pin<P> as core::future::future::Future>::poll::h1c70bbec1ffacdb2
[INFO] [stdout]                                at /rustc/df4ca44d3fbc9301ee17f30f4d474e6ae4b05252/library/core/src/future/future.rs:123:9
[INFO] [stdout]   26:     0x5a0bb297aedf - tokio::runtime::task::core::Core<T,S>::poll::{{closure}}::h68d0ba91a0c179c3
[INFO] [stdout]                                at /opt/rustwide/cargo-home/registry/src/index.crates.io-6f17d22bba15001f/tokio-1.40.0/src/runtime/task/core.rs:331:17
[INFO] [stdout]   27:     0x5a0bb297853d - tokio::loom::std::unsafe_cell::UnsafeCell<T>::with_mut::h8c743bf2603f2b7b
[INFO] [stdout]                                at /opt/rustwide/cargo-home/registry/src/index.crates.io-6f17d22bba15001f/tokio-1.40.0/src/loom/std/unsafe_cell.rs:16:9
[INFO] [stdout]   28:     0x5a0bb297853d - tokio::runtime::task::core::Core<T,S>::poll::haa499eb7c59c1bca
[INFO] [stdout]                                at /opt/rustwide/cargo-home/registry/src/index.crates.io-6f17d22bba15001f/tokio-1.40.0/src/runtime/task/core.rs:320:13
[INFO] [stdout]   29:     0x5a0bb2788e5a - tokio::runtime::task::harness::poll_future::{{closure}}::h336bb318ae5f1dcb
[INFO] [stdout]                                at /opt/rustwide/cargo-home/registry/src/index.crates.io-6f17d22bba15001f/tokio-1.40.0/src/runtime/task/harness.rs:500:19
[INFO] [stdout]   30:     0x5a0bb2773d30 - <core::panic::unwind_safe::AssertUnwindSafe<F> as core::ops::function::FnOnce<()>>::call_once::h3e9d9ecf63a61109
[INFO] [stdout]                                at /rustc/df4ca44d3fbc9301ee17f30f4d474e6ae4b05252/library/core/src/panic/unwind_safe.rs:272:9
[INFO] [stdout]   31:     0x5a0bb2a04408 - std::panicking::try::do_call::h335bd4c188b8893f
[INFO] [stdout]                                at /rustc/df4ca44d3fbc9301ee17f30f4d474e6ae4b05252/library/std/src/panicking.rs:557:40
[INFO] [stdout]   32:     0x5a0bb281572b - __rust_try
[INFO] [stdout]   33:     0x5a0bb27f9e56 - std::panicking::try::hab453b09d2e4f5b2
[INFO] [stdout]                                at /rustc/df4ca44d3fbc9301ee17f30f4d474e6ae4b05252/library/std/src/panicking.rs:520:19
[INFO] [stdout]   34:     0x5a0bb27f9e56 - std::panic::catch_unwind::h77faeecd018f6a2f
[INFO] [stdout]                                at /rustc/df4ca44d3fbc9301ee17f30f4d474e6ae4b05252/library/std/src/panic.rs:358:14
[INFO] [stdout]   35:     0x5a0bb278488f - tokio::runtime::task::harness::poll_future::h8bb44f1cbd3fff4f
[INFO] [stdout]                                at /opt/rustwide/cargo-home/registry/src/index.crates.io-6f17d22bba15001f/tokio-1.40.0/src/runtime/task/harness.rs:488:18
[INFO] [stdout]   36:     0x5a0bb278c097 - tokio::runtime::task::harness::Harness<T,S>::poll_inner::h1e33923631035318
[INFO] [stdout]                                at /opt/rustwide/cargo-home/registry/src/index.crates.io-6f17d22bba15001f/tokio-1.40.0/src/runtime/task/harness.rs:209:27
[INFO] [stdout]   37:     0x5a0bb2799063 - tokio::runtime::task::harness::Harness<T,S>::poll::hffc7f7e0a0aa0725
[INFO] [stdout]                                at /opt/rustwide/cargo-home/registry/src/index.crates.io-6f17d22bba15001f/tokio-1.40.0/src/runtime/task/harness.rs:154:15
[INFO] [stdout]   38:     0x5a0bb282641b - tokio::runtime::task::raw::poll::he25b144e2f86206c
[INFO] [stdout]                                at /opt/rustwide/cargo-home/registry/src/index.crates.io-6f17d22bba15001f/tokio-1.40.0/src/runtime/task/raw.rs:271:5
[INFO] [stdout]   39:     0x5a0bb3b53988 - tokio::runtime::task::raw::RawTask::poll::h94c19b189054bf1e
[INFO] [stdout]                                at /opt/rustwide/cargo-home/registry/src/index.crates.io-6f17d22bba15001f/tokio-1.40.0/src/runtime/task/raw.rs:201:18
[INFO] [stdout]   40:     0x5a0bb2a80dd2 - tokio::runtime::task::LocalNotified<S>::run::h7c184ef9cd870f1c
[INFO] [stdout]                                at /opt/rustwide/cargo-home/registry/src/index.crates.io-6f17d22bba15001f/tokio-1.40.0/src/runtime/task/mod.rs:436:9
[INFO] [stdout]   41:     0x5a0bb26a10fb - tokio::runtime::scheduler::current_thread::CoreGuard::block_on::{{closure}}::{{closure}}::h3c462f1576fe0d81
[INFO] [stdout]                                at /opt/rustwide/cargo-home/registry/src/index.crates.io-6f17d22bba15001f/tokio-1.40.0/src/runtime/scheduler/current_thread/mod.rs:737:25
[INFO] [stdout]   42:     0x5a0bb269ef99 - tokio::runtime::coop::with_budget::heed6dbb711b9e854
[INFO] [stdout]                                at /opt/rustwide/cargo-home/registry/src/index.crates.io-6f17d22bba15001f/tokio-1.40.0/src/runtime/coop.rs:107:5
[INFO] [stdout]   43:     0x5a0bb269ef99 - tokio::runtime::coop::budget::hb226b38bf082bee5
[INFO] [stdout]                                at /opt/rustwide/cargo-home/registry/src/index.crates.io-6f17d22bba15001f/tokio-1.40.0/src/runtime/coop.rs:73:5
[INFO] [stdout]   44:     0x5a0bb269ef99 - tokio::runtime::scheduler::current_thread::Context::run_task::{{closure}}::h1177ee516d7ff65b
[INFO] [stdout]                                at /opt/rustwide/cargo-home/registry/src/index.crates.io-6f17d22bba15001f/tokio-1.40.0/src/runtime/scheduler/current_thread/mod.rs:359:43
[INFO] [stdout]   45:     0x5a0bb269e0c6 - tokio::runtime::scheduler::current_thread::Context::enter::h6166cd7b614cb041
[INFO] [stdout]                                at /opt/rustwide/cargo-home/registry/src/index.crates.io-6f17d22bba15001f/tokio-1.40.0/src/runtime/scheduler/current_thread/mod.rs:423:19
[INFO] [stdout]   46:     0x5a0bb269ed1e - tokio::runtime::scheduler::current_thread::Context::run_task::h0e014c947e13db18
[INFO] [stdout]                                at /opt/rustwide/cargo-home/registry/src/index.crates.io-6f17d22bba15001f/tokio-1.40.0/src/runtime/scheduler/current_thread/mod.rs:359:23
[INFO] [stdout]   47:     0x5a0bb26a04dd - tokio::runtime::scheduler::current_thread::CoreGuard::block_on::{{closure}}::h457135b2d46edbbd
[INFO] [stdout]                                at /opt/rustwide/cargo-home/registry/src/index.crates.io-6f17d22bba15001f/tokio-1.40.0/src/runtime/scheduler/current_thread/mod.rs:736:35
[INFO] [stdout]   48:     0x5a0bb269fa9b - tokio::runtime::scheduler::current_thread::CoreGuard::enter::{{closure}}::he32798d972d99034
[INFO] [stdout]                                at /opt/rustwide/cargo-home/registry/src/index.crates.io-6f17d22bba15001f/tokio-1.40.0/src/runtime/scheduler/current_thread/mod.rs:774:68
[INFO] [stdout]   49:     0x5a0bb26968fa - tokio::runtime::context::scoped::Scoped<T>::set::ha9d9653428217524
[INFO] [stdout]                                at /opt/rustwide/cargo-home/registry/src/index.crates.io-6f17d22bba15001f/tokio-1.40.0/src/runtime/context/scoped.rs:40:9
[INFO] [stdout]   50:     0x5a0bb272c13a - tokio::runtime::context::set_scheduler::{{closure}}::hecfadd3a2530a6ec
[INFO] [stdout]                                at /opt/rustwide/cargo-home/registry/src/index.crates.io-6f17d22bba15001f/tokio-1.40.0/src/runtime/context.rs:180:26
[INFO] [stdout]   51:     0x5a0bb2630f5a - std::thread::local::LocalKey<T>::try_with::h3b64b2dff090c7ac
[INFO] [stdout]                                at /rustc/df4ca44d3fbc9301ee17f30f4d474e6ae4b05252/library/std/src/thread/local.rs:283:12
[INFO] [stdout]   52:     0x5a0bb262f94d - std::thread::local::LocalKey<T>::with::h945b70322a474e85
[INFO] [stdout]                                at /rustc/df4ca44d3fbc9301ee17f30f4d474e6ae4b05252/library/std/src/thread/local.rs:260:9
[INFO] [stdout]   53:     0x5a0bb272c081 - tokio::runtime::context::set_scheduler::h93700dd1c4ae1268
[INFO] [stdout]                                at /opt/rustwide/cargo-home/registry/src/index.crates.io-6f17d22bba15001f/tokio-1.40.0/src/runtime/context.rs:180:9
[INFO] [stdout]   54:     0x5a0bb269f376 - tokio::runtime::scheduler::current_thread::CoreGuard::enter::h9f8ebaced190f7cb
[INFO] [stdout]                                at /opt/rustwide/cargo-home/registry/src/index.crates.io-6f17d22bba15001f/tokio-1.40.0/src/runtime/scheduler/current_thread/mod.rs:774:27
[INFO] [stdout]   55:     0x5a0bb269fb82 - tokio::runtime::scheduler::current_thread::CoreGuard::block_on::h47e754b82547fb5d
[INFO] [stdout]                                at /opt/rustwide/cargo-home/registry/src/index.crates.io-6f17d22bba15001f/tokio-1.40.0/src/runtime/scheduler/current_thread/mod.rs:683:19
[INFO] [stdout]   56:     0x5a0bb2698931 - tokio::runtime::scheduler::current_thread::CurrentThread::block_on::{{closure}}::hba948e6cd6d240a4
[INFO] [stdout]                                at /opt/rustwide/cargo-home/registry/src/index.crates.io-6f17d22bba15001f/tokio-1.40.0/src/runtime/scheduler/current_thread/mod.rs:191:28
[INFO] [stdout]   57:     0x5a0bb2696a57 - tokio::runtime::context::runtime::enter_runtime::h55239730b4ece854
[INFO] [stdout]                                at /opt/rustwide/cargo-home/registry/src/index.crates.io-6f17d22bba15001f/tokio-1.40.0/src/runtime/context/runtime.rs:65:16
[INFO] [stdout]   58:     0x5a0bb2698188 - tokio::runtime::scheduler::current_thread::CurrentThread::block_on::h32574ab3c89bc2a8
[INFO] [stdout]                                at /opt/rustwide/cargo-home/registry/src/index.crates.io-6f17d22bba15001f/tokio-1.40.0/src/runtime/scheduler/current_thread/mod.rs:179:9
[INFO] [stdout]   59:     0x5a0bb26979d2 - tokio::runtime::runtime::Runtime::block_on_inner::h96b0c2f8eadfb179
[INFO] [stdout]                                at /opt/rustwide/cargo-home/registry/src/index.crates.io-6f17d22bba15001f/tokio-1.40.0/src/runtime/runtime.rs:361:47
[INFO] [stdout]   60:     0x5a0bb2697f50 - tokio::runtime::runtime::Runtime::block_on::had128e7fe354fec5
[INFO] [stdout]                                at /opt/rustwide/cargo-home/registry/src/index.crates.io-6f17d22bba15001f/tokio-1.40.0/src/runtime/runtime.rs:335:13
[INFO] [stdout]   61:     0x5a0bb28dc54b - tag2upload_service_manager::test::t_wrapper::run_async_test::h0546190748cebd1b
[INFO] [stdout]                                at /opt/rustwide/workdir/src/test/t_wrapper.rs:78:11
[INFO] [stdout]   62:     0x5a0bb28e0404 - tag2upload_service_manager::test::t_comprehensive::comprehensive::h4d09ae618124a33e
[INFO] [stdout]                                at /opt/rustwide/workdir/src/test/t_wrapper.rs:10:5
[INFO] [stdout]   63:     0x5a0bb28dff87 - tag2upload_service_manager::test::t_comprehensive::comprehensive::{{closure}}::h92da9aa290055fab
[INFO] [stdout]                                at /opt/rustwide/workdir/src/test/t_wrapper.rs:24:15
[INFO] [stdout]   64:     0x5a0bb26bc0d6 - core::ops::function::FnOnce::call_once::hc3710e1a736fd5e2
[INFO] [stdout]                                at /rustc/df4ca44d3fbc9301ee17f30f4d474e6ae4b05252/library/core/src/ops/function.rs:250:5
[INFO] [stdout]   65:     0x5a0bb2c48a2b - core::ops::function::FnOnce::call_once::h22c3ba5715e93f05
[INFO] [stdout]                                at /rustc/df4ca44d3fbc9301ee17f30f4d474e6ae4b05252/library/core/src/ops/function.rs:250:5
[INFO] [stdout]   66:     0x5a0bb2c48a2b - test::__rust_begin_short_backtrace::h8e82d8113d0da17f
[INFO] [stdout]                                at /rustc/df4ca44d3fbc9301ee17f30f4d474e6ae4b05252/library/test/src/lib.rs:621:18
[INFO] [stdout]   67:     0x5a0bb2c483a7 - test::run_test_in_process::{{closure}}::h33235f4f20b7b7c7
[INFO] [stdout]                                at /rustc/df4ca44d3fbc9301ee17f30f4d474e6ae4b05252/library/test/src/lib.rs:644:60
[INFO] [stdout]   68:     0x5a0bb2c483a7 - <core::panic::unwind_safe::AssertUnwindSafe<F> as core::ops::function::FnOnce<()>>::call_once::hb5043206310c586f
[INFO] [stdout]                                at /rustc/df4ca44d3fbc9301ee17f30f4d474e6ae4b05252/library/core/src/panic/unwind_safe.rs:272:9
[INFO] [stdout]   69:     0x5a0bb2c483a7 - std::panicking::try::do_call::h9ad4731a60ab23e2
[INFO] [stdout]                                at /rustc/df4ca44d3fbc9301ee17f30f4d474e6ae4b05252/library/std/src/panicking.rs:557:40
[INFO] [stdout]   70:     0x5a0bb2c483a7 - std::panicking::try::h3824d23db772a716
[INFO] [stdout]                                at /rustc/df4ca44d3fbc9301ee17f30f4d474e6ae4b05252/library/std/src/panicking.rs:520:19
[INFO] [stdout]   71:     0x5a0bb2c483a7 - std::panic::catch_unwind::h5afd514605fde46b
[INFO] [stdout]                                at /rustc/df4ca44d3fbc9301ee17f30f4d474e6ae4b05252/library/std/src/panic.rs:358:14
[INFO] [stdout]   72:     0x5a0bb2c483a7 - test::run_test_in_process::h0d5cbfa7067d1720
[INFO] [stdout]                                at /rustc/df4ca44d3fbc9301ee17f30f4d474e6ae4b05252/library/test/src/lib.rs:644:27
[INFO] [stdout]   73:     0x5a0bb2c483a7 - test::run_test::{{closure}}::h708eb8872708115d
[INFO] [stdout]                                at /rustc/df4ca44d3fbc9301ee17f30f4d474e6ae4b05252/library/test/src/lib.rs:565:43
[INFO] [stdout]   74:     0x5a0bb2c0bac4 - test::run_test::{{closure}}::h392c51cee94713ab
[INFO] [stdout]                                at /rustc/df4ca44d3fbc9301ee17f30f4d474e6ae4b05252/library/test/src/lib.rs:595:41
[INFO] [stdout]   75:     0x5a0bb2c0bac4 - std::sys::backtrace::__rust_begin_short_backtrace::h2f40290710935a8b
[INFO] [stdout]                                at /rustc/df4ca44d3fbc9301ee17f30f4d474e6ae4b05252/library/std/src/sys/backtrace.rs:154:18
[INFO] [stdout]   76:     0x5a0bb2c0f26e - std::thread::Builder::spawn_unchecked_::{{closure}}::{{closure}}::h3fd968d89053a903
[INFO] [stdout]                                at /rustc/df4ca44d3fbc9301ee17f30f4d474e6ae4b05252/library/std/src/thread/mod.rs:541:17
[INFO] [stdout]   77:     0x5a0bb2c0f26e - <core::panic::unwind_safe::AssertUnwindSafe<F> as core::ops::function::FnOnce<()>>::call_once::h743f637ba4229880
[INFO] [stdout]                                at /rustc/df4ca44d3fbc9301ee17f30f4d474e6ae4b05252/library/core/src/panic/unwind_safe.rs:272:9
[INFO] [stdout]   78:     0x5a0bb2c0f26e - std::panicking::try::do_call::h07440897322525a6
[INFO] [stdout]                                at /rustc/df4ca44d3fbc9301ee17f30f4d474e6ae4b05252/library/std/src/panicking.rs:557:40
[INFO] [stdout]   79:     0x5a0bb2c0f26e - std::panicking::try::he5a2e00188156637
[INFO] [stdout]                                at /rustc/df4ca44d3fbc9301ee17f30f4d474e6ae4b05252/library/std/src/panicking.rs:520:19
[INFO] [stdout]   80:     0x5a0bb2c0f26e - std::panic::catch_unwind::hbaf3cae49b3c6433
[INFO] [stdout]                                at /rustc/df4ca44d3fbc9301ee17f30f4d474e6ae4b05252/library/std/src/panic.rs:358:14
[INFO] [stdout]   81:     0x5a0bb2c0f26e - std::thread::Builder::spawn_unchecked_::{{closure}}::h8e141ea224820bce
[INFO] [stdout]                                at /rustc/df4ca44d3fbc9301ee17f30f4d474e6ae4b05252/library/std/src/thread/mod.rs:540:30
[INFO] [stdout]   82:     0x5a0bb2c0f26e - core::ops::function::FnOnce::call_once{{vtable.shim}}::h90d312fedd7b8ea8
[INFO] [stdout]                                at /rustc/df4ca44d3fbc9301ee17f30f4d474e6ae4b05252/library/core/src/ops/function.rs:250:5
[INFO] [stdout]   83:     0x5a0bb3c442cb - <alloc::boxed::Box<F,A> as core::ops::function::FnOnce<Args>>::call_once::h69aa08ddb6adb8b6
[INFO] [stdout]                                at /rustc/df4ca44d3fbc9301ee17f30f4d474e6ae4b05252/library/alloc/src/boxed.rs:2454:9
[INFO] [stdout]   84:     0x5a0bb3c442cb - <alloc::boxed::Box<F,A> as core::ops::function::FnOnce<Args>>::call_once::h5aa36efdb79c806f
[INFO] [stdout]                                at /rustc/df4ca44d3fbc9301ee17f30f4d474e6ae4b05252/library/alloc/src/boxed.rs:2454:9
[INFO] [stdout]   85:     0x5a0bb3c442cb - std::sys::pal::unix::thread::Thread::new::thread_start::h6cd80a1b4be5158d
[INFO] [stdout]                                at /rustc/df4ca44d3fbc9301ee17f30f4d474e6ae4b05252/library/std/src/sys/pal/unix/thread.rs:105:17
[INFO] [stdout]   86:     0x75b3e5ee6ac3 - <unknown>
[INFO] [stdout]   87:     0x75b3e5f77a04 - clone
[INFO] [stdout]   88:                0x0 - <unknown>
[INFO] [stdout] thread 'test::t_comprehensive::comprehensive' panicked at src/test/t_wrapper.rs:81:20:
[INFO] [stdout] test aborted/paniced: JoinError::Panic(Id(1), "error: anyhow::Error - run: No such file or directory (os error 2)", ...)
[INFO] [stdout] stack backtrace:
[INFO] [stdout]    0:     0x5a0bb3c3c64a - std::backtrace_rs::backtrace::libunwind::trace::h207520d6e9873551
[INFO] [stdout]                                at /rustc/df4ca44d3fbc9301ee17f30f4d474e6ae4b05252/library/std/src/../../backtrace/src/backtrace/libunwind.rs:116:5
[INFO] [stdout]    1:     0x5a0bb3c3c64a - std::backtrace_rs::backtrace::trace_unsynchronized::h2ed7433f370e3eca
[INFO] [stdout]                                at /rustc/df4ca44d3fbc9301ee17f30f4d474e6ae4b05252/library/std/src/../../backtrace/src/backtrace/mod.rs:66:5
[INFO] [stdout]    2:     0x5a0bb3c3c64a - std::sys::backtrace::_print_fmt::h916fac51166b18d7
[INFO] [stdout]                                at /rustc/df4ca44d3fbc9301ee17f30f4d474e6ae4b05252/library/std/src/sys/backtrace.rs:66:9
[INFO] [stdout]    3:     0x5a0bb3c3c64a - <std::sys::backtrace::BacktraceLock::print::DisplayBacktrace as core::fmt::Display>::fmt::ha0a4c9b8ce3802e6
[INFO] [stdout]                                at /rustc/df4ca44d3fbc9301ee17f30f4d474e6ae4b05252/library/std/src/sys/backtrace.rs:39:26
[INFO] [stdout]    4:     0x5a0bb3c6d333 - core::fmt::rt::Argument::fmt::h4cfc8587d52b3eb5
[INFO] [stdout]                                at /rustc/df4ca44d3fbc9301ee17f30f4d474e6ae4b05252/library/core/src/fmt/rt.rs:177:76
[INFO] [stdout]    5:     0x5a0bb3c6d333 - core::fmt::write::h522cc39e5b36ae9f
[INFO] [stdout]                                at /rustc/df4ca44d3fbc9301ee17f30f4d474e6ae4b05252/library/core/src/fmt/mod.rs:1190:21
[INFO] [stdout]    6:     0x5a0bb3c379b3 - std::io::Write::write_fmt::h7d3c26752da97734
[INFO] [stdout]                                at /rustc/df4ca44d3fbc9301ee17f30f4d474e6ae4b05252/library/std/src/io/mod.rs:1839:15
[INFO] [stdout]    7:     0x5a0bb3c3c492 - std::sys::backtrace::BacktraceLock::print::h4b9e00b29e9c0942
[INFO] [stdout]                                at /rustc/df4ca44d3fbc9301ee17f30f4d474e6ae4b05252/library/std/src/sys/backtrace.rs:42:9
[INFO] [stdout]    8:     0x5a0bb3c3db5a - std::panicking::default_hook::{{closure}}::hb59b88280d0324d9
[INFO] [stdout]                                at /rustc/df4ca44d3fbc9301ee17f30f4d474e6ae4b05252/library/std/src/panicking.rs:268:22
[INFO] [stdout]    9:     0x5a0bb3c3d964 - std::panicking::default_hook::he1dd496665be4a29
[INFO] [stdout]                                at /rustc/df4ca44d3fbc9301ee17f30f4d474e6ae4b05252/library/std/src/panicking.rs:292:9
[INFO] [stdout]   10:     0x5a0bb2c44159 - <alloc::boxed::Box<F,A> as core::ops::function::Fn<Args>>::call::h4ff71de18744e1dc
[INFO] [stdout]                                at /rustc/df4ca44d3fbc9301ee17f30f4d474e6ae4b05252/library/alloc/src/boxed.rs:2468:9
[INFO] [stdout]   11:     0x5a0bb2c44159 - test::test_main::{{closure}}::hcf7c055ce117aa81
[INFO] [stdout]                                at /rustc/df4ca44d3fbc9301ee17f30f4d474e6ae4b05252/library/test/src/lib.rs:133:21
[INFO] [stdout]   12:     0x5a0bb3c3e258 - <alloc::boxed::Box<F,A> as core::ops::function::Fn<Args>>::call::h1d66c6bbd60c9692
[INFO] [stdout]                                at /rustc/df4ca44d3fbc9301ee17f30f4d474e6ae4b05252/library/alloc/src/boxed.rs:2468:9
[INFO] [stdout]   13:     0x5a0bb3c3e258 - std::panicking::rust_panic_with_hook::h2ff17fe8f26dfcf8
[INFO] [stdout]                                at /rustc/df4ca44d3fbc9301ee17f30f4d474e6ae4b05252/library/std/src/panicking.rs:809:13
[INFO] [stdout]   14:     0x5a0bb3c3e01a - std::panicking::begin_panic_handler::{{closure}}::h4fad77951c07e101
[INFO] [stdout]                                at /rustc/df4ca44d3fbc9301ee17f30f4d474e6ae4b05252/library/std/src/panicking.rs:674:13
[INFO] [stdout]   15:     0x5a0bb3c3cb29 - std::sys::backtrace::__rust_end_short_backtrace::hb1a25b3da5d0ea08
[INFO] [stdout]                                at /rustc/df4ca44d3fbc9301ee17f30f4d474e6ae4b05252/library/std/src/sys/backtrace.rs:170:18
[INFO] [stdout]   16:     0x5a0bb3c3dcac - rust_begin_unwind
[INFO] [stdout]                                at /rustc/df4ca44d3fbc9301ee17f30f4d474e6ae4b05252/library/std/src/panicking.rs:665:5
[INFO] [stdout]   17:     0x5a0bb3c69ef0 - core::panicking::panic_fmt::ha9db07b529f9b256
[INFO] [stdout]                                at /rustc/df4ca44d3fbc9301ee17f30f4d474e6ae4b05252/library/core/src/panicking.rs:75:14
[INFO] [stdout]   18:     0x5a0bb28dc6c4 - tag2upload_service_manager::test::t_wrapper::run_async_test::h0546190748cebd1b
[INFO] [stdout]                                at /opt/rustwide/workdir/src/test/t_wrapper.rs:81:20
[INFO] [stdout]   19:     0x5a0bb28e0404 - tag2upload_service_manager::test::t_comprehensive::comprehensive::h4d09ae618124a33e
[INFO] [stdout]                                at /opt/rustwide/workdir/src/test/t_wrapper.rs:10:5
[INFO] [stdout]   20:     0x5a0bb28dff87 - tag2upload_service_manager::test::t_comprehensive::comprehensive::{{closure}}::h92da9aa290055fab
[INFO] [stdout]                                at /opt/rustwide/workdir/src/test/t_wrapper.rs:24:15
[INFO] [stdout]   21:     0x5a0bb26bc0d6 - core::ops::function::FnOnce::call_once::hc3710e1a736fd5e2
[INFO] [stdout]                                at /rustc/df4ca44d3fbc9301ee17f30f4d474e6ae4b05252/library/core/src/ops/function.rs:250:5
[INFO] [stdout]   22:     0x5a0bb2c48a2b - core::ops::function::FnOnce::call_once::h22c3ba5715e93f05
[INFO] [stdout]                                at /rustc/df4ca44d3fbc9301ee17f30f4d474e6ae4b05252/library/core/src/ops/function.rs:250:5
[INFO] [stdout]   23:     0x5a0bb2c48a2b - test::__rust_begin_short_backtrace::h8e82d8113d0da17f
[INFO] [stdout]                                at /rustc/df4ca44d3fbc9301ee17f30f4d474e6ae4b05252/library/test/src/lib.rs:621:18
[INFO] [stdout]   24:     0x5a0bb2c483a7 - test::run_test_in_process::{{closure}}::h33235f4f20b7b7c7
[INFO] [stdout]                                at /rustc/df4ca44d3fbc9301ee17f30f4d474e6ae4b05252/library/test/src/lib.rs:644:60
[INFO] [stdout]   25:     0x5a0bb2c483a7 - <core::panic::unwind_safe::AssertUnwindSafe<F> as core::ops::function::FnOnce<()>>::call_once::hb5043206310c586f
[INFO] [stdout]                                at /rustc/df4ca44d3fbc9301ee17f30f4d474e6ae4b05252/library/core/src/panic/unwind_safe.rs:272:9
[INFO] [stdout]   26:     0x5a0bb2c483a7 - std::panicking::try::do_call::h9ad4731a60ab23e2
[INFO] [stdout]                                at /rustc/df4ca44d3fbc9301ee17f30f4d474e6ae4b05252/library/std/src/panicking.rs:557:40
[INFO] [stdout]   27:     0x5a0bb2c483a7 - std::panicking::try::h3824d23db772a716
[INFO] [stdout]                                at /rustc/df4ca44d3fbc9301ee17f30f4d474e6ae4b05252/library/std/src/panicking.rs:520:19
[INFO] [stdout]   28:     0x5a0bb2c483a7 - std::panic::catch_unwind::h5afd514605fde46b
[INFO] [stdout]                                at /rustc/df4ca44d3fbc9301ee17f30f4d474e6ae4b05252/library/std/src/panic.rs:358:14
[INFO] [stdout]   29:     0x5a0bb2c483a7 - test::run_test_in_process::h0d5cbfa7067d1720
[INFO] [stdout]                                at /rustc/df4ca44d3fbc9301ee17f30f4d474e6ae4b05252/library/test/src/lib.rs:644:27
[INFO] [stdout]   30:     0x5a0bb2c483a7 - test::run_test::{{closure}}::h708eb8872708115d
[INFO] [stdout]                                at /rustc/df4ca44d3fbc9301ee17f30f4d474e6ae4b05252/library/test/src/lib.rs:565:43
[INFO] [stdout]   31:     0x5a0bb2c0bac4 - test::run_test::{{closure}}::h392c51cee94713ab
[INFO] [stdout]                                at /rustc/df4ca44d3fbc9301ee17f30f4d474e6ae4b05252/library/test/src/lib.rs:595:41
[INFO] [stdout]   32:     0x5a0bb2c0bac4 - std::sys::backtrace::__rust_begin_short_backtrace::h2f40290710935a8b
[INFO] [stdout]                                at /rustc/df4ca44d3fbc9301ee17f30f4d474e6ae4b05252/library/std/src/sys/backtrace.rs:154:18
[INFO] [stdout]   33:     0x5a0bb2c0f26e - std::thread::Builder::spawn_unchecked_::{{closure}}::{{closure}}::h3fd968d89053a903
[INFO] [stdout]                                at /rustc/df4ca44d3fbc9301ee17f30f4d474e6ae4b05252/library/std/src/thread/mod.rs:541:17
[INFO] [stdout]   34:     0x5a0bb2c0f26e - <core::panic::unwind_safe::AssertUnwindSafe<F> as core::ops::function::FnOnce<()>>::call_once::h743f637ba4229880
[INFO] [stdout]                                at /rustc/df4ca44d3fbc9301ee17f30f4d474e6ae4b05252/library/core/src/panic/unwind_safe.rs:272:9
[INFO] [stdout]   35:     0x5a0bb2c0f26e - std::panicking::try::do_call::h07440897322525a6
[INFO] [stdout]                                at /rustc/df4ca44d3fbc9301ee17f30f4d474e6ae4b05252/library/std/src/panicking.rs:557:40
[INFO] [stdout]   36:     0x5a0bb2c0f26e - std::panicking::try::he5a2e00188156637
[INFO] [stdout]                                at /rustc/df4ca44d3fbc9301ee17f30f4d474e6ae4b05252/library/std/src/panicking.rs:520:19
[INFO] [stdout]   37:     0x5a0bb2c0f26e - std::panic::catch_unwind::hbaf3cae49b3c6433
[INFO] [stdout]                                at /rustc/df4ca44d3fbc9301ee17f30f4d474e6ae4b05252/library/std/src/panic.rs:358:14
[INFO] [stdout]   38:     0x5a0bb2c0f26e - std::thread::Builder::spawn_unchecked_::{{closure}}::h8e141ea224820bce
[INFO] [stdout]                                at /rustc/df4ca44d3fbc9301ee17f30f4d474e6ae4b05252/library/std/src/thread/mod.rs:540:30
[INFO] [stdout]   39:     0x5a0bb2c0f26e - core::ops::function::FnOnce::call_once{{vtable.shim}}::h90d312fedd7b8ea8
[INFO] [stdout]                                at /rustc/df4ca44d3fbc9301ee17f30f4d474e6ae4b05252/library/core/src/ops/function.rs:250:5
[INFO] [stdout]   40:     0x5a0bb3c442cb - <alloc::boxed::Box<F,A> as core::ops::function::FnOnce<Args>>::call_once::h69aa08ddb6adb8b6
[INFO] [stdout]                                at /rustc/df4ca44d3fbc9301ee17f30f4d474e6ae4b05252/library/alloc/src/boxed.rs:2454:9
[INFO] [stdout]   41:     0x5a0bb3c442cb - <alloc::boxed::Box<F,A> as core::ops::function::FnOnce<Args>>::call_once::h5aa36efdb79c806f
[INFO] [stdout]                                at /rustc/df4ca44d3fbc9301ee17f30f4d474e6ae4b05252/library/alloc/src/boxed.rs:2454:9
[INFO] [stdout]   42:     0x5a0bb3c442cb - std::sys::pal::unix::thread::Thread::new::thread_start::h6cd80a1b4be5158d
[INFO] [stdout]                                at /rustc/df4ca44d3fbc9301ee17f30f4d474e6ae4b05252/library/std/src/sys/pal/unix/thread.rs:105:17
[INFO] [stdout]   43:     0x75b3e5ee6ac3 - <unknown>
[INFO] [stdout]   44:     0x75b3e5f77a04 - clone
[INFO] [stdout]   45:                0x0 - <unknown>
[INFO] [stdout] 
[INFO] [stdout] 
[INFO] [stdout] failures:
[INFO] [stdout]     mini_sqlite_dump::test::roundtrip
[INFO] [stdout]     test::t_comprehensive::comprehensive
[INFO] [stdout] 
[INFO] [stdout] test result: FAILED. 20 passed; 2 failed; 0 ignored; 0 measured; 0 filtered out; finished in 1.42s
[INFO] [stdout] 
[INFO] [stderr] error: test failed, to rerun pass `--lib`
[INFO] running `Command { std: "docker" "inspect" "027fac86f97e12f977df485bc05c235f359cf134de59c6a68e60369ef49aba47", kill_on_drop: false }`
[INFO] running `Command { std: "docker" "rm" "-f" "027fac86f97e12f977df485bc05c235f359cf134de59c6a68e60369ef49aba47", kill_on_drop: false }`
[INFO] [stdout] 027fac86f97e12f977df485bc05c235f359cf134de59c6a68e60369ef49aba47
