[INFO] fetching crate tacit 0.1.2...
[INFO] testing tacit-0.1.2 against nightly-2024-10-28+rustflags=-Zrandomize-layout for randomize-layout
[INFO] extracting crate tacit 0.1.2 into /workspace/builds/worker-6-tc2/source
[INFO] validating manifest of crates.io crate tacit 0.1.2 on toolchain nightly-2024-10-28
[INFO] running `Command { std: CARGO_HOME="/workspace/cargo-home" RUSTUP_HOME="/workspace/rustup-home" "/workspace/cargo-home/bin/cargo" "+nightly-2024-10-28" "metadata" "--manifest-path" "Cargo.toml" "--no-deps", kill_on_drop: false }`
[INFO] started tweaking crates.io crate tacit 0.1.2
[INFO] finished tweaking crates.io crate tacit 0.1.2
[INFO] tweaked toml for crates.io crate tacit 0.1.2 written to /workspace/builds/worker-6-tc2/source/Cargo.toml
[INFO] running `Command { std: CARGO_HOME="/workspace/cargo-home" RUSTUP_HOME="/workspace/rustup-home" "/workspace/cargo-home/bin/cargo" "+nightly-2024-10-28" "generate-lockfile" "--manifest-path" "Cargo.toml", kill_on_drop: false }`
[INFO] [stderr]     Updating crates.io index
[INFO] [stderr]      Locking 6 packages to latest compatible versions
[INFO] running `Command { std: CARGO_HOME="/workspace/cargo-home" RUSTUP_HOME="/workspace/rustup-home" "/workspace/cargo-home/bin/cargo" "+nightly-2024-10-28" "fetch" "--manifest-path" "Cargo.toml", kill_on_drop: false }`
[INFO] running `Command { std: "docker" "create" "-v" "/var/lib/crater-agent-workspace/builds/worker-6-tc2/target:/opt/rustwide/target:rw,Z" "-v" "/var/lib/crater-agent-workspace/builds/worker-6-tc2/source:/opt/rustwide/workdir:ro,Z" "-v" "/var/lib/crater-agent-workspace/cargo-home:/opt/rustwide/cargo-home:ro,Z" "-v" "/var/lib/crater-agent-workspace/rustup-home:/opt/rustwide/rustup-home:ro,Z" "-e" "SOURCE_DIR=/opt/rustwide/workdir" "-e" "CARGO_TARGET_DIR=/opt/rustwide/target" "-e" "CARGO_HOME=/opt/rustwide/cargo-home" "-e" "RUSTUP_HOME=/opt/rustwide/rustup-home" "-w" "/opt/rustwide/workdir" "-m" "1610612736" "--user" "0:0" "--network" "none" "ghcr.io/rust-lang/crates-build-env/linux@sha256:4a844ea9eb2546a2d2c7022eacef16ef2e8229c7fbb2c7d4d55a9ceca922f72d" "/opt/rustwide/cargo-home/bin/cargo" "+nightly-2024-10-28" "metadata" "--no-deps" "--format-version=1", kill_on_drop: false }`
[INFO] [stdout] da21dbeb681467248141d3af2e59afa1eeb4565cb9f951bb25d88cf91d4ba5a3
[INFO] running `Command { std: "docker" "start" "-a" "da21dbeb681467248141d3af2e59afa1eeb4565cb9f951bb25d88cf91d4ba5a3", kill_on_drop: false }`
[INFO] running `Command { std: "docker" "inspect" "da21dbeb681467248141d3af2e59afa1eeb4565cb9f951bb25d88cf91d4ba5a3", kill_on_drop: false }`
[INFO] running `Command { std: "docker" "rm" "-f" "da21dbeb681467248141d3af2e59afa1eeb4565cb9f951bb25d88cf91d4ba5a3", kill_on_drop: false }`
[INFO] [stdout] da21dbeb681467248141d3af2e59afa1eeb4565cb9f951bb25d88cf91d4ba5a3
[INFO] running `Command { std: "docker" "create" "-v" "/var/lib/crater-agent-workspace/builds/worker-6-tc2/target:/opt/rustwide/target:rw,Z" "-v" "/var/lib/crater-agent-workspace/builds/worker-6-tc2/source:/opt/rustwide/workdir:ro,Z" "-v" "/var/lib/crater-agent-workspace/cargo-home:/opt/rustwide/cargo-home:ro,Z" "-v" "/var/lib/crater-agent-workspace/rustup-home:/opt/rustwide/rustup-home:ro,Z" "-e" "SOURCE_DIR=/opt/rustwide/workdir" "-e" "CARGO_TARGET_DIR=/opt/rustwide/target" "-e" "CARGO_INCREMENTAL=0" "-e" "RUST_BACKTRACE=full" "-e" "RUSTFLAGS=--cap-lints=forbid -Zrandomize-layout" "-e" "RUSTDOCFLAGS=--cap-lints=forbid" "-e" "CARGO_HOME=/opt/rustwide/cargo-home" "-e" "RUSTUP_HOME=/opt/rustwide/rustup-home" "-w" "/opt/rustwide/workdir" "-m" "1610612736" "--user" "0:0" "--network" "none" "ghcr.io/rust-lang/crates-build-env/linux@sha256:4a844ea9eb2546a2d2c7022eacef16ef2e8229c7fbb2c7d4d55a9ceca922f72d" "/opt/rustwide/cargo-home/bin/cargo" "+nightly-2024-10-28" "build" "--frozen" "--message-format=json", kill_on_drop: false }`
[INFO] [stdout] d9334d2998dbdda9ca9fd775ebca0e8ce04e96fbd9dd9670fd2b57ace7c2c38f
[INFO] running `Command { std: "docker" "start" "-a" "d9334d2998dbdda9ca9fd775ebca0e8ce04e96fbd9dd9670fd2b57ace7c2c38f", kill_on_drop: false }`
[INFO] [stderr]    Compiling proc-macro2 v1.0.89
[INFO] [stderr]    Compiling serde v1.0.214
[INFO] [stderr]    Compiling quote v1.0.37
[INFO] [stderr]    Compiling syn v2.0.86
[INFO] [stderr]    Compiling serde_derive v1.0.214
[INFO] [stderr]    Compiling tacit v0.1.2 (/opt/rustwide/workdir)
[INFO] [stderr]     Finished `dev` profile [unoptimized + debuginfo] target(s) in 4.50s
[INFO] running `Command { std: "docker" "inspect" "d9334d2998dbdda9ca9fd775ebca0e8ce04e96fbd9dd9670fd2b57ace7c2c38f", kill_on_drop: false }`
[INFO] running `Command { std: "docker" "rm" "-f" "d9334d2998dbdda9ca9fd775ebca0e8ce04e96fbd9dd9670fd2b57ace7c2c38f", kill_on_drop: false }`
[INFO] [stdout] d9334d2998dbdda9ca9fd775ebca0e8ce04e96fbd9dd9670fd2b57ace7c2c38f
[INFO] running `Command { std: "docker" "create" "-v" "/var/lib/crater-agent-workspace/builds/worker-6-tc2/target:/opt/rustwide/target:rw,Z" "-v" "/var/lib/crater-agent-workspace/builds/worker-6-tc2/source:/opt/rustwide/workdir:ro,Z" "-v" "/var/lib/crater-agent-workspace/cargo-home:/opt/rustwide/cargo-home:ro,Z" "-v" "/var/lib/crater-agent-workspace/rustup-home:/opt/rustwide/rustup-home:ro,Z" "-e" "SOURCE_DIR=/opt/rustwide/workdir" "-e" "CARGO_TARGET_DIR=/opt/rustwide/target" "-e" "CARGO_INCREMENTAL=0" "-e" "RUST_BACKTRACE=full" "-e" "RUSTFLAGS=--cap-lints=forbid -Zrandomize-layout" "-e" "RUSTDOCFLAGS=--cap-lints=forbid" "-e" "CARGO_HOME=/opt/rustwide/cargo-home" "-e" "RUSTUP_HOME=/opt/rustwide/rustup-home" "-w" "/opt/rustwide/workdir" "-m" "1610612736" "--user" "0:0" "--network" "none" "ghcr.io/rust-lang/crates-build-env/linux@sha256:4a844ea9eb2546a2d2c7022eacef16ef2e8229c7fbb2c7d4d55a9ceca922f72d" "/opt/rustwide/cargo-home/bin/cargo" "+nightly-2024-10-28" "test" "--frozen" "--no-run" "--message-format=json", kill_on_drop: false }`
[INFO] [stdout] 7d852f78854d78c2087544b36b5f14ec1b53c4fa46085365086df0576014f661
[INFO] running `Command { std: "docker" "start" "-a" "7d852f78854d78c2087544b36b5f14ec1b53c4fa46085365086df0576014f661", kill_on_drop: false }`
[INFO] [stderr]    Compiling tacit v0.1.2 (/opt/rustwide/workdir)
[INFO] [stderr]     Finished `test` profile [unoptimized + debuginfo] target(s) in 0.09s
[INFO] running `Command { std: "docker" "inspect" "7d852f78854d78c2087544b36b5f14ec1b53c4fa46085365086df0576014f661", kill_on_drop: false }`
[INFO] running `Command { std: "docker" "rm" "-f" "7d852f78854d78c2087544b36b5f14ec1b53c4fa46085365086df0576014f661", kill_on_drop: false }`
[INFO] [stdout] 7d852f78854d78c2087544b36b5f14ec1b53c4fa46085365086df0576014f661
[INFO] running `Command { std: "docker" "create" "-v" "/var/lib/crater-agent-workspace/builds/worker-6-tc2/target:/opt/rustwide/target:rw,Z" "-v" "/var/lib/crater-agent-workspace/builds/worker-6-tc2/source:/opt/rustwide/workdir:ro,Z" "-v" "/var/lib/crater-agent-workspace/cargo-home:/opt/rustwide/cargo-home:ro,Z" "-v" "/var/lib/crater-agent-workspace/rustup-home:/opt/rustwide/rustup-home:ro,Z" "-e" "SOURCE_DIR=/opt/rustwide/workdir" "-e" "CARGO_TARGET_DIR=/opt/rustwide/target" "-e" "CARGO_INCREMENTAL=0" "-e" "RUST_BACKTRACE=full" "-e" "RUSTFLAGS=--cap-lints=forbid -Zrandomize-layout" "-e" "RUSTDOCFLAGS=--cap-lints=forbid" "-e" "CARGO_HOME=/opt/rustwide/cargo-home" "-e" "RUSTUP_HOME=/opt/rustwide/rustup-home" "-w" "/opt/rustwide/workdir" "-m" "1610612736" "--user" "0:0" "--network" "none" "ghcr.io/rust-lang/crates-build-env/linux@sha256:4a844ea9eb2546a2d2c7022eacef16ef2e8229c7fbb2c7d4d55a9ceca922f72d" "/opt/rustwide/cargo-home/bin/cargo" "+nightly-2024-10-28" "test" "--frozen", kill_on_drop: false }`
[INFO] [stdout] 3ffb34c873acd24d918db94c86554e829fa0acb5fb9fa9f93532da34b631dd2e
[INFO] running `Command { std: "docker" "start" "-a" "3ffb34c873acd24d918db94c86554e829fa0acb5fb9fa9f93532da34b631dd2e", kill_on_drop: false }`
[INFO] [stderr]     Finished `test` profile [unoptimized + debuginfo] target(s) in 0.01s
[INFO] [stderr]      Running unittests src/lib.rs (/opt/rustwide/target/debug/deps/tacit-89f0311b4b3ec311)
[INFO] [stdout] 
[INFO] [stdout] running 0 tests
[INFO] [stdout] 
[INFO] [stdout] test result: ok. 0 passed; 0 failed; 0 ignored; 0 measured; 0 filtered out; finished in 0.00s
[INFO] [stdout] 
[INFO] [stderr]    Doc-tests tacit
[INFO] [stdout] 
[INFO] [stdout] running 4 tests
[INFO] [stdout] test src/lib.rs - Tacit (line 99) ... FAILED
[INFO] [stdout] test src/lib.rs - tacit (line 28) ... FAILED
[INFO] [stdout] test src/lib.rs - tacit (line 18) ... FAILED
[INFO] [stdout] test src/lib.rs - tacit (line 24) ... FAILED
[INFO] [stdout] 
[INFO] [stdout] failures:
[INFO] [stdout] 
[INFO] [stdout] ---- src/lib.rs - Tacit (line 99) stdout ----
[INFO] [stdout] error[E0412]: cannot find type `Tacit` in this scope
[INFO] [stdout]  --> src/lib.rs:101:17
[INFO] [stdout]   |
[INFO] [stdout] 4 | pub type MyId = Tacit<Arc<str>, _MyId>;
[INFO] [stdout]   |                 ^^^^^ not found in this scope
[INFO] [stdout]   |
[INFO] [stdout] help: consider importing this struct
[INFO] [stdout]   |
[INFO] [stdout] 2 + use tacit::Tacit;
[INFO] [stdout]   |
[INFO] [stdout] 
[INFO] [stdout] error[E0412]: cannot find type `Arc` in this scope
[INFO] [stdout]  --> src/lib.rs:101:23
[INFO] [stdout]   |
[INFO] [stdout] 4 | pub type MyId = Tacit<Arc<str>, _MyId>;
[INFO] [stdout]   |                       ^^^ not found in this scope
[INFO] [stdout]   |
[INFO] [stdout] help: consider importing this struct
[INFO] [stdout]   |
[INFO] [stdout] 2 + use std::sync::Arc;
[INFO] [stdout]   |
[INFO] [stdout] 
[INFO] [stdout] error: aborting due to 2 previous errors
[INFO] [stdout] 
[INFO] [stdout] For more information about this error, try `rustc --explain E0412`.
[INFO] [stdout] Couldn't compile the test.
[INFO] [stdout] ---- src/lib.rs - tacit (line 28) stdout ----
[INFO] [stdout] error: cannot find macro `tacit` in this scope
[INFO] [stdout]  --> src/lib.rs:30:1
[INFO] [stdout]   |
[INFO] [stdout] 5 | tacit!(
[INFO] [stdout]   | ^^^^^
[INFO] [stdout]   |
[INFO] [stdout] note: `tacit` is imported here, but it is a crate, not a macro
[INFO] [stdout]  --> src/lib.rs:28:1
[INFO] [stdout]   |
[INFO] [stdout] 3 | extern crate r#tacit;
[INFO] [stdout]   | ^^^^^^^^^^^^^^^^^^^^^
[INFO] [stdout] help: consider importing this macro
[INFO] [stdout]   |
[INFO] [stdout] 2 + use tacit::tacit;
[INFO] [stdout]   |
[INFO] [stdout] 
[INFO] [stdout] error: aborting due to 1 previous error
[INFO] [stdout] 
[INFO] [stdout] Couldn't compile the test.
[INFO] [stdout] ---- src/lib.rs - tacit (line 18) stdout ----
[INFO] [stdout] error: cannot find macro `tacit` in this scope
[INFO] [stdout]  --> src/lib.rs:20:1
[INFO] [stdout]   |
[INFO] [stdout] 5 | tacit!(namespace::NewType -> OldType);
[INFO] [stdout]   | ^^^^^
[INFO] [stdout]   |
[INFO] [stdout] note: `tacit` is imported here, but it is a crate, not a macro
[INFO] [stdout]  --> src/lib.rs:18:1
[INFO] [stdout]   |
[INFO] [stdout] 3 | extern crate r#tacit;
[INFO] [stdout]   | ^^^^^^^^^^^^^^^^^^^^^
[INFO] [stdout] help: consider importing this macro
[INFO] [stdout]   |
[INFO] [stdout] 2 + use tacit::tacit;
[INFO] [stdout]   |
[INFO] [stdout] 
[INFO] [stdout] error: aborting due to 1 previous error
[INFO] [stdout] 
[INFO] [stdout] Couldn't compile the test.
[INFO] [stdout] ---- src/lib.rs - tacit (line 24) stdout ----
[INFO] [stdout] error: cannot find macro `tacit` in this scope
[INFO] [stdout]  --> src/lib.rs:26:1
[INFO] [stdout]   |
[INFO] [stdout] 5 | tacit!(id::Id -> Arc<str>);
[INFO] [stdout]   | ^^^^^
[INFO] [stdout]   |
[INFO] [stdout] note: `tacit` is imported here, but it is a crate, not a macro
[INFO] [stdout]  --> src/lib.rs:24:1
[INFO] [stdout]   |
[INFO] [stdout] 3 | extern crate r#tacit;
[INFO] [stdout]   | ^^^^^^^^^^^^^^^^^^^^^
[INFO] [stdout] help: consider importing this macro
[INFO] [stdout]   |
[INFO] [stdout] 2 + use tacit::tacit;
[INFO] [stdout]   |
[INFO] [stdout] 
[INFO] [stdout] error: aborting due to 1 previous error
[INFO] [stdout] 
[INFO] [stdout] Couldn't compile the test.
[INFO] [stdout] 
[INFO] [stdout] failures:
[INFO] [stdout]     src/lib.rs - Tacit (line 99)
[INFO] [stdout]     src/lib.rs - tacit (line 18)
[INFO] [stdout]     src/lib.rs - tacit (line 24)
[INFO] [stdout]     src/lib.rs - tacit (line 28)
[INFO] [stdout] 
[INFO] [stdout] test result: FAILED. 0 passed; 4 failed; 0 ignored; 0 measured; 0 filtered out; finished in 0.04s
[INFO] [stdout] 
[INFO] [stderr] error: doctest failed, to rerun pass `--doc`
[INFO] running `Command { std: "docker" "inspect" "3ffb34c873acd24d918db94c86554e829fa0acb5fb9fa9f93532da34b631dd2e", kill_on_drop: false }`
[INFO] running `Command { std: "docker" "rm" "-f" "3ffb34c873acd24d918db94c86554e829fa0acb5fb9fa9f93532da34b631dd2e", kill_on_drop: false }`
[INFO] [stdout] 3ffb34c873acd24d918db94c86554e829fa0acb5fb9fa9f93532da34b631dd2e
