[INFO] fetching crate table-format 0.0.5...
[INFO] testing table-format-0.0.5 against nightly-2024-10-28+rustflags=-Zrandomize-layout for randomize-layout
[INFO] extracting crate table-format 0.0.5 into /workspace/builds/worker-4-tc2/source
[INFO] validating manifest of crates.io crate table-format 0.0.5 on toolchain nightly-2024-10-28
[INFO] running `Command { std: CARGO_HOME="/workspace/cargo-home" RUSTUP_HOME="/workspace/rustup-home" "/workspace/cargo-home/bin/cargo" "+nightly-2024-10-28" "metadata" "--manifest-path" "Cargo.toml" "--no-deps", kill_on_drop: false }`
[INFO] started tweaking crates.io crate table-format 0.0.5
[INFO] finished tweaking crates.io crate table-format 0.0.5
[INFO] tweaked toml for crates.io crate table-format 0.0.5 written to /workspace/builds/worker-4-tc2/source/Cargo.toml
[INFO] running `Command { std: CARGO_HOME="/workspace/cargo-home" RUSTUP_HOME="/workspace/rustup-home" "/workspace/cargo-home/bin/cargo" "+nightly-2024-10-28" "generate-lockfile" "--manifest-path" "Cargo.toml", kill_on_drop: false }`
[INFO] [stderr]     Updating crates.io index
[INFO] [stderr]      Locking 11 packages to latest compatible versions
[INFO] running `Command { std: CARGO_HOME="/workspace/cargo-home" RUSTUP_HOME="/workspace/rustup-home" "/workspace/cargo-home/bin/cargo" "+nightly-2024-10-28" "fetch" "--manifest-path" "Cargo.toml", kill_on_drop: false }`
[INFO] running `Command { std: "docker" "create" "-v" "/var/lib/crater-agent-workspace/builds/worker-4-tc2/target:/opt/rustwide/target:rw,Z" "-v" "/var/lib/crater-agent-workspace/builds/worker-4-tc2/source:/opt/rustwide/workdir:ro,Z" "-v" "/var/lib/crater-agent-workspace/cargo-home:/opt/rustwide/cargo-home:ro,Z" "-v" "/var/lib/crater-agent-workspace/rustup-home:/opt/rustwide/rustup-home:ro,Z" "-e" "SOURCE_DIR=/opt/rustwide/workdir" "-e" "CARGO_TARGET_DIR=/opt/rustwide/target" "-e" "CARGO_HOME=/opt/rustwide/cargo-home" "-e" "RUSTUP_HOME=/opt/rustwide/rustup-home" "-w" "/opt/rustwide/workdir" "-m" "1610612736" "--user" "0:0" "--network" "none" "ghcr.io/rust-lang/crates-build-env/linux@sha256:4a844ea9eb2546a2d2c7022eacef16ef2e8229c7fbb2c7d4d55a9ceca922f72d" "/opt/rustwide/cargo-home/bin/cargo" "+nightly-2024-10-28" "metadata" "--no-deps" "--format-version=1", kill_on_drop: false }`
[INFO] [stdout] 587226b36d3a3efdf05aeb5f0b98a2fd423a084dc1f0ac25bb44232aa116c502
[INFO] running `Command { std: "docker" "start" "-a" "587226b36d3a3efdf05aeb5f0b98a2fd423a084dc1f0ac25bb44232aa116c502", kill_on_drop: false }`
[INFO] running `Command { std: "docker" "inspect" "587226b36d3a3efdf05aeb5f0b98a2fd423a084dc1f0ac25bb44232aa116c502", kill_on_drop: false }`
[INFO] running `Command { std: "docker" "rm" "-f" "587226b36d3a3efdf05aeb5f0b98a2fd423a084dc1f0ac25bb44232aa116c502", kill_on_drop: false }`
[INFO] [stdout] 587226b36d3a3efdf05aeb5f0b98a2fd423a084dc1f0ac25bb44232aa116c502
[INFO] running `Command { std: "docker" "create" "-v" "/var/lib/crater-agent-workspace/builds/worker-4-tc2/target:/opt/rustwide/target:rw,Z" "-v" "/var/lib/crater-agent-workspace/builds/worker-4-tc2/source:/opt/rustwide/workdir:ro,Z" "-v" "/var/lib/crater-agent-workspace/cargo-home:/opt/rustwide/cargo-home:ro,Z" "-v" "/var/lib/crater-agent-workspace/rustup-home:/opt/rustwide/rustup-home:ro,Z" "-e" "SOURCE_DIR=/opt/rustwide/workdir" "-e" "CARGO_TARGET_DIR=/opt/rustwide/target" "-e" "CARGO_INCREMENTAL=0" "-e" "RUST_BACKTRACE=full" "-e" "RUSTFLAGS=--cap-lints=forbid -Zrandomize-layout" "-e" "RUSTDOCFLAGS=--cap-lints=forbid" "-e" "CARGO_HOME=/opt/rustwide/cargo-home" "-e" "RUSTUP_HOME=/opt/rustwide/rustup-home" "-w" "/opt/rustwide/workdir" "-m" "1610612736" "--user" "0:0" "--network" "none" "ghcr.io/rust-lang/crates-build-env/linux@sha256:4a844ea9eb2546a2d2c7022eacef16ef2e8229c7fbb2c7d4d55a9ceca922f72d" "/opt/rustwide/cargo-home/bin/cargo" "+nightly-2024-10-28" "build" "--frozen" "--message-format=json", kill_on_drop: false }`
[INFO] [stdout] e29f5829f1b6b46ce8a70ee209ca6025f78179144054f07e7bf3d12e9e229534
[INFO] running `Command { std: "docker" "start" "-a" "e29f5829f1b6b46ce8a70ee209ca6025f78179144054f07e7bf3d12e9e229534", kill_on_drop: false }`
[INFO] [stderr]    Compiling lazy_static v1.5.0
[INFO] [stderr]    Compiling colored v2.1.0
[INFO] [stderr]    Compiling table-format v0.0.5 (/opt/rustwide/workdir)
[INFO] [stdout] warning: trait `DataSource` is never used
[INFO] [stdout]  --> src/data_source.rs:1:11
[INFO] [stdout]   |
[INFO] [stdout] 1 | pub trait DataSource {
[INFO] [stdout]   |           ^^^^^^^^^^
[INFO] [stdout]   |
[INFO] [stdout]   = note: `#[warn(dead_code)]` on by default
[INFO] [stdout] 
[INFO] [stdout] 
[INFO] [stdout] warning: trait `TableDataSource` is never used
[INFO] [stdout]  --> src/table_data_source.rs:3:11
[INFO] [stdout]   |
[INFO] [stdout] 3 | pub trait TableDataSource {
[INFO] [stdout]   |           ^^^^^^^^^^^^^^^
[INFO] [stdout] 
[INFO] [stdout] 
[INFO] [stdout] warning: field `row_headers` is never read
[INFO] [stdout]   --> src/table.rs:45:5
[INFO] [stdout]    |
[INFO] [stdout] 41 | pub struct Table {
[INFO] [stdout]    |            ----- field in this struct
[INFO] [stdout] ...
[INFO] [stdout] 45 |     row_headers: Vec<Cell>,
[INFO] [stdout]    |     ^^^^^^^^^^^
[INFO] [stdout]    |
[INFO] [stdout]    = note: `Table` has a derived impl for the trait `Debug`, but this is intentionally ignored during dead code analysis
[INFO] [stdout] 
[INFO] [stdout] 
[INFO] [stderr]     Finished `dev` profile [unoptimized + debuginfo] target(s) in 0.35s
[INFO] running `Command { std: "docker" "inspect" "e29f5829f1b6b46ce8a70ee209ca6025f78179144054f07e7bf3d12e9e229534", kill_on_drop: false }`
[INFO] running `Command { std: "docker" "rm" "-f" "e29f5829f1b6b46ce8a70ee209ca6025f78179144054f07e7bf3d12e9e229534", kill_on_drop: false }`
[INFO] [stdout] e29f5829f1b6b46ce8a70ee209ca6025f78179144054f07e7bf3d12e9e229534
[INFO] running `Command { std: "docker" "create" "-v" "/var/lib/crater-agent-workspace/builds/worker-4-tc2/target:/opt/rustwide/target:rw,Z" "-v" "/var/lib/crater-agent-workspace/builds/worker-4-tc2/source:/opt/rustwide/workdir:ro,Z" "-v" "/var/lib/crater-agent-workspace/cargo-home:/opt/rustwide/cargo-home:ro,Z" "-v" "/var/lib/crater-agent-workspace/rustup-home:/opt/rustwide/rustup-home:ro,Z" "-e" "SOURCE_DIR=/opt/rustwide/workdir" "-e" "CARGO_TARGET_DIR=/opt/rustwide/target" "-e" "CARGO_INCREMENTAL=0" "-e" "RUST_BACKTRACE=full" "-e" "RUSTFLAGS=--cap-lints=forbid -Zrandomize-layout" "-e" "RUSTDOCFLAGS=--cap-lints=forbid" "-e" "CARGO_HOME=/opt/rustwide/cargo-home" "-e" "RUSTUP_HOME=/opt/rustwide/rustup-home" "-w" "/opt/rustwide/workdir" "-m" "1610612736" "--user" "0:0" "--network" "none" "ghcr.io/rust-lang/crates-build-env/linux@sha256:4a844ea9eb2546a2d2c7022eacef16ef2e8229c7fbb2c7d4d55a9ceca922f72d" "/opt/rustwide/cargo-home/bin/cargo" "+nightly-2024-10-28" "test" "--frozen" "--no-run" "--message-format=json", kill_on_drop: false }`
[INFO] [stdout] ff389751a00ecef46d0d17815cb200da0f5d354bd32e8f4370acf5dd3c8b5ff4
[INFO] running `Command { std: "docker" "start" "-a" "ff389751a00ecef46d0d17815cb200da0f5d354bd32e8f4370acf5dd3c8b5ff4", kill_on_drop: false }`
[INFO] [stderr]    Compiling table-format v0.0.5 (/opt/rustwide/workdir)
[INFO] [stdout] warning: trait `DataSource` is never used
[INFO] [stdout]  --> src/data_source.rs:1:11
[INFO] [stdout]   |
[INFO] [stdout] 1 | pub trait DataSource {
[INFO] [stdout]   |           ^^^^^^^^^^
[INFO] [stdout]   |
[INFO] [stdout]   = note: `#[warn(dead_code)]` on by default
[INFO] [stdout] 
[INFO] [stdout] 
[INFO] [stdout] warning: trait `TableDataSource` is never used
[INFO] [stdout]  --> src/table_data_source.rs:3:11
[INFO] [stdout]   |
[INFO] [stdout] 3 | pub trait TableDataSource {
[INFO] [stdout]   |           ^^^^^^^^^^^^^^^
[INFO] [stdout] 
[INFO] [stdout] 
[INFO] [stdout] warning: field `row_headers` is never read
[INFO] [stdout]   --> src/table.rs:45:5
[INFO] [stdout]    |
[INFO] [stdout] 41 | pub struct Table {
[INFO] [stdout]    |            ----- field in this struct
[INFO] [stdout] ...
[INFO] [stdout] 45 |     row_headers: Vec<Cell>,
[INFO] [stdout]    |     ^^^^^^^^^^^
[INFO] [stdout]    |
[INFO] [stdout]    = note: `Table` has a derived impl for the trait `Debug`, but this is intentionally ignored during dead code analysis
[INFO] [stdout] 
[INFO] [stdout] 
[INFO] [stdout] warning: trailing semicolon in macro used in expression position
[INFO] [stdout]    --> src/table/cell.rs:79:10
[INFO] [stdout]     |
[INFO] [stdout] 79  |         );
[INFO] [stdout]     |          ^
[INFO] [stdout]     |
[INFO] [stdout]    ::: src/table/row.rs:200:29
[INFO] [stdout]     |
[INFO] [stdout] 200 |             format!("{:?}", row!("{c^}" => "Head 1", "{G-r>}" => "Head 2")),
[INFO] [stdout]     |                             ---------------------------------------------- in this macro invocation
[INFO] [stdout]     |
[INFO] [stdout]     = warning: this was previously accepted by the compiler but is being phased out; it will become a hard error in a future release!
[INFO] [stdout]     = note: for more information, see issue #79813 <https://github.com/rust-lang/rust/issues/79813>
[INFO] [stdout]     = note: `#[warn(semicolon_in_expressions_from_macros)]` on by default
[INFO] [stdout]     = note: this warning originates in the macro `crate::cell` which comes from the expansion of the macro `row` (in Nightly builds, run with -Z macro-backtrace for more info)
[INFO] [stdout] 
[INFO] [stdout] 
[INFO] [stdout] warning: trailing semicolon in macro used in expression position
[INFO] [stdout]    --> src/table/cell.rs:79:10
[INFO] [stdout]     |
[INFO] [stdout] 79  |         );
[INFO] [stdout]     |          ^
[INFO] [stdout]     |
[INFO] [stdout]    ::: src/table/row.rs:200:29
[INFO] [stdout]     |
[INFO] [stdout] 200 |             format!("{:?}", row!("{c^}" => "Head 1", "{G-r>}" => "Head 2")),
[INFO] [stdout]     |                             ---------------------------------------------- in this macro invocation
[INFO] [stdout]     |
[INFO] [stdout]     = warning: this was previously accepted by the compiler but is being phased out; it will become a hard error in a future release!
[INFO] [stdout]     = note: for more information, see issue #79813 <https://github.com/rust-lang/rust/issues/79813>
[INFO] [stdout]     = note: this warning originates in the macro `crate::cell` which comes from the expansion of the macro `row` (in Nightly builds, run with -Z macro-backtrace for more info)
[INFO] [stdout] 
[INFO] [stdout] 
[INFO] [stdout] warning: trailing semicolon in macro used in expression position
[INFO] [stdout]    --> src/table/cell.rs:79:10
[INFO] [stdout]     |
[INFO] [stdout] 79  |         );
[INFO] [stdout]     |          ^
[INFO] [stdout]     |
[INFO] [stdout]    ::: src/table/row.rs:203:21
[INFO] [stdout]     |
[INFO] [stdout] 203 |                     crate::cell!("{c^}", "Head 1"),
[INFO] [stdout]     |                     ------------------------------ in this macro invocation
[INFO] [stdout]     |
[INFO] [stdout]     = warning: this was previously accepted by the compiler but is being phased out; it will become a hard error in a future release!
[INFO] [stdout]     = note: for more information, see issue #79813 <https://github.com/rust-lang/rust/issues/79813>
[INFO] [stdout]     = note: this warning originates in the macro `crate::cell` (in Nightly builds, run with -Z macro-backtrace for more info)
[INFO] [stdout] 
[INFO] [stdout] 
[INFO] [stdout] warning: trailing semicolon in macro used in expression position
[INFO] [stdout]    --> src/table/cell.rs:79:10
[INFO] [stdout]     |
[INFO] [stdout] 79  |         );
[INFO] [stdout]     |          ^
[INFO] [stdout]     |
[INFO] [stdout]    ::: src/table/row.rs:204:21
[INFO] [stdout]     |
[INFO] [stdout] 204 |                     crate::cell!("{G-r>}", "Head 2")
[INFO] [stdout]     |                     -------------------------------- in this macro invocation
[INFO] [stdout]     |
[INFO] [stdout]     = warning: this was previously accepted by the compiler but is being phased out; it will become a hard error in a future release!
[INFO] [stdout]     = note: for more information, see issue #79813 <https://github.com/rust-lang/rust/issues/79813>
[INFO] [stdout]     = note: this warning originates in the macro `crate::cell` (in Nightly builds, run with -Z macro-backtrace for more info)
[INFO] [stdout] 
[INFO] [stdout] 
[INFO] [stdout] warning: trailing semicolon in macro used in expression position
[INFO] [stdout]    --> src/table/cell.rs:79:10
[INFO] [stdout]     |
[INFO] [stdout] 79  |         );
[INFO] [stdout]     |          ^
[INFO] [stdout]     |
[INFO] [stdout]    ::: src/table/row.rs:213:29
[INFO] [stdout]     |
[INFO] [stdout] 213 |             format!("{:?}", row!("{c^}", "Text 1", "Text 2", "Text 3")),
[INFO] [stdout]     |                             ------------------------------------------ in this macro invocation
[INFO] [stdout]     |
[INFO] [stdout]     = warning: this was previously accepted by the compiler but is being phased out; it will become a hard error in a future release!
[INFO] [stdout]     = note: for more information, see issue #79813 <https://github.com/rust-lang/rust/issues/79813>
[INFO] [stdout]     = note: this warning originates in the macro `crate::cell` which comes from the expansion of the macro `row` (in Nightly builds, run with -Z macro-backtrace for more info)
[INFO] [stdout] 
[INFO] [stdout] 
[INFO] [stdout] warning: trailing semicolon in macro used in expression position
[INFO] [stdout]    --> src/table/cell.rs:79:10
[INFO] [stdout]     |
[INFO] [stdout] 79  |         );
[INFO] [stdout]     |          ^
[INFO] [stdout]     |
[INFO] [stdout]    ::: src/table/row.rs:213:29
[INFO] [stdout]     |
[INFO] [stdout] 213 |             format!("{:?}", row!("{c^}", "Text 1", "Text 2", "Text 3")),
[INFO] [stdout]     |                             ------------------------------------------ in this macro invocation
[INFO] [stdout]     |
[INFO] [stdout]     = warning: this was previously accepted by the compiler but is being phased out; it will become a hard error in a future release!
[INFO] [stdout]     = note: for more information, see issue #79813 <https://github.com/rust-lang/rust/issues/79813>
[INFO] [stdout]     = note: this warning originates in the macro `crate::cell` which comes from the expansion of the macro `row` (in Nightly builds, run with -Z macro-backtrace for more info)
[INFO] [stdout] 
[INFO] [stdout] 
[INFO] [stdout] warning: trailing semicolon in macro used in expression position
[INFO] [stdout]    --> src/table/cell.rs:79:10
[INFO] [stdout]     |
[INFO] [stdout] 79  |         );
[INFO] [stdout]     |          ^
[INFO] [stdout]     |
[INFO] [stdout]    ::: src/table/row.rs:213:29
[INFO] [stdout]     |
[INFO] [stdout] 213 |             format!("{:?}", row!("{c^}", "Text 1", "Text 2", "Text 3")),
[INFO] [stdout]     |                             ------------------------------------------ in this macro invocation
[INFO] [stdout]     |
[INFO] [stdout]     = warning: this was previously accepted by the compiler but is being phased out; it will become a hard error in a future release!
[INFO] [stdout]     = note: for more information, see issue #79813 <https://github.com/rust-lang/rust/issues/79813>
[INFO] [stdout]     = note: this warning originates in the macro `crate::cell` which comes from the expansion of the macro `row` (in Nightly builds, run with -Z macro-backtrace for more info)
[INFO] [stdout] 
[INFO] [stdout] 
[INFO] [stdout] warning: trailing semicolon in macro used in expression position
[INFO] [stdout]    --> src/table/cell.rs:79:10
[INFO] [stdout]     |
[INFO] [stdout] 79  |         );
[INFO] [stdout]     |          ^
[INFO] [stdout]     |
[INFO] [stdout]    ::: src/table/row.rs:216:21
[INFO] [stdout]     |
[INFO] [stdout] 216 |                     crate::cell!("{c^}", "Text 1"),
[INFO] [stdout]     |                     ------------------------------ in this macro invocation
[INFO] [stdout]     |
[INFO] [stdout]     = warning: this was previously accepted by the compiler but is being phased out; it will become a hard error in a future release!
[INFO] [stdout]     = note: for more information, see issue #79813 <https://github.com/rust-lang/rust/issues/79813>
[INFO] [stdout]     = note: this warning originates in the macro `crate::cell` (in Nightly builds, run with -Z macro-backtrace for more info)
[INFO] [stdout] 
[INFO] [stdout] 
[INFO] [stdout] warning: trailing semicolon in macro used in expression position
[INFO] [stdout]    --> src/table/cell.rs:79:10
[INFO] [stdout]     |
[INFO] [stdout] 79  |         );
[INFO] [stdout]     |          ^
[INFO] [stdout]     |
[INFO] [stdout]    ::: src/table/row.rs:217:21
[INFO] [stdout]     |
[INFO] [stdout] 217 |                     crate::cell!("{c^}", "Text 2"),
[INFO] [stdout]     |                     ------------------------------ in this macro invocation
[INFO] [stdout]     |
[INFO] [stdout]     = warning: this was previously accepted by the compiler but is being phased out; it will become a hard error in a future release!
[INFO] [stdout]     = note: for more information, see issue #79813 <https://github.com/rust-lang/rust/issues/79813>
[INFO] [stdout]     = note: this warning originates in the macro `crate::cell` (in Nightly builds, run with -Z macro-backtrace for more info)
[INFO] [stdout] 
[INFO] [stdout] 
[INFO] [stdout] warning: trailing semicolon in macro used in expression position
[INFO] [stdout]    --> src/table/cell.rs:79:10
[INFO] [stdout]     |
[INFO] [stdout] 79  |         );
[INFO] [stdout]     |          ^
[INFO] [stdout]     |
[INFO] [stdout]    ::: src/table/row.rs:218:21
[INFO] [stdout]     |
[INFO] [stdout] 218 |                     crate::cell!("{c^}", "Text 3")
[INFO] [stdout]     |                     ------------------------------ in this macro invocation
[INFO] [stdout]     |
[INFO] [stdout]     = warning: this was previously accepted by the compiler but is being phased out; it will become a hard error in a future release!
[INFO] [stdout]     = note: for more information, see issue #79813 <https://github.com/rust-lang/rust/issues/79813>
[INFO] [stdout]     = note: this warning originates in the macro `crate::cell` (in Nightly builds, run with -Z macro-backtrace for more info)
[INFO] [stdout] 
[INFO] [stdout] 
[INFO] [stdout] warning: trailing semicolon in macro used in expression position
[INFO] [stdout]    --> src/table/cell.rs:79:10
[INFO] [stdout]     |
[INFO] [stdout] 79  |         );
[INFO] [stdout]     |          ^
[INFO] [stdout] ...
[INFO] [stdout] 289 |         let tc = cell!("{r<;} {G-b^}", "testing", "this");
[INFO] [stdout]     |                  ---------------------------------------- in this macro invocation
[INFO] [stdout]     |
[INFO] [stdout]     = warning: this was previously accepted by the compiler but is being phased out; it will become a hard error in a future release!
[INFO] [stdout]     = note: for more information, see issue #79813 <https://github.com/rust-lang/rust/issues/79813>
[INFO] [stdout]     = note: this warning originates in the macro `cell` (in Nightly builds, run with -Z macro-backtrace for more info)
[INFO] [stdout] 
[INFO] [stdout] 
[INFO] [stdout] warning: trailing semicolon in macro used in expression position
[INFO] [stdout]    --> src/table/cell.rs:79:10
[INFO] [stdout]     |
[INFO] [stdout] 79  |           );
[INFO] [stdout]     |            ^
[INFO] [stdout]     |
[INFO] [stdout]    ::: src/table.rs:317:21
[INFO] [stdout]     |
[INFO] [stdout] 317 |           let table = table!(
[INFO] [stdout]     |  _____________________-
[INFO] [stdout] 318 | |             "{B^:12:}" => "Food", "{G^:7:}" => "Count";
[INFO] [stdout] 319 | |             "Fish", "15", "Pizza", "10", "Tomato", "24"
[INFO] [stdout] 320 | |         );
[INFO] [stdout]     | |_________- in this macro invocation
[INFO] [stdout]     |
[INFO] [stdout]     = warning: this was previously accepted by the compiler but is being phased out; it will become a hard error in a future release!
[INFO] [stdout]     = note: for more information, see issue #79813 <https://github.com/rust-lang/rust/issues/79813>
[INFO] [stdout]     = note: this warning originates in the macro `crate::cell` which comes from the expansion of the macro `table` (in Nightly builds, run with -Z macro-backtrace for more info)
[INFO] [stdout] 
[INFO] [stdout] 
[INFO] [stdout] warning: trailing semicolon in macro used in expression position
[INFO] [stdout]    --> src/table/cell.rs:79:10
[INFO] [stdout]     |
[INFO] [stdout] 79  |           );
[INFO] [stdout]     |            ^
[INFO] [stdout]     |
[INFO] [stdout]    ::: src/table.rs:317:21
[INFO] [stdout]     |
[INFO] [stdout] 317 |           let table = table!(
[INFO] [stdout]     |  _____________________-
[INFO] [stdout] 318 | |             "{B^:12:}" => "Food", "{G^:7:}" => "Count";
[INFO] [stdout] 319 | |             "Fish", "15", "Pizza", "10", "Tomato", "24"
[INFO] [stdout] 320 | |         );
[INFO] [stdout]     | |_________- in this macro invocation
[INFO] [stdout]     |
[INFO] [stdout]     = warning: this was previously accepted by the compiler but is being phased out; it will become a hard error in a future release!
[INFO] [stdout]     = note: for more information, see issue #79813 <https://github.com/rust-lang/rust/issues/79813>
[INFO] [stdout]     = note: this warning originates in the macro `crate::cell` which comes from the expansion of the macro `table` (in Nightly builds, run with -Z macro-backtrace for more info)
[INFO] [stdout] 
[INFO] [stdout] 
[INFO] [stdout] warning: trailing semicolon in macro used in expression position
[INFO] [stdout]    --> src/table/cell.rs:79:10
[INFO] [stdout]     |
[INFO] [stdout] 79  |           );
[INFO] [stdout]     |            ^
[INFO] [stdout]     |
[INFO] [stdout]    ::: src/table.rs:336:21
[INFO] [stdout]     |
[INFO] [stdout] 336 |           let table = table!(
[INFO] [stdout]     |  _____________________-
[INFO] [stdout] 337 | |             "{m>:10:}" => "Item", "{m>:10:}" => "Price";
[INFO] [stdout] 338 | |             "{c^}", "{g<}";
[INFO] [stdout] 339 | |             "Basic", "$5,000", "Super", "$12,000", "Ultimate", "$35,000"
[INFO] [stdout] 340 | |         );
[INFO] [stdout]     | |_________- in this macro invocation
[INFO] [stdout]     |
[INFO] [stdout]     = warning: this was previously accepted by the compiler but is being phased out; it will become a hard error in a future release!
[INFO] [stdout]     = note: for more information, see issue #79813 <https://github.com/rust-lang/rust/issues/79813>
[INFO] [stdout]     = note: this warning originates in the macro `crate::cell` which comes from the expansion of the macro `table` (in Nightly builds, run with -Z macro-backtrace for more info)
[INFO] [stdout] 
[INFO] [stdout] 
[INFO] [stdout] warning: trailing semicolon in macro used in expression position
[INFO] [stdout]    --> src/table/cell.rs:79:10
[INFO] [stdout]     |
[INFO] [stdout] 79  |           );
[INFO] [stdout]     |            ^
[INFO] [stdout]     |
[INFO] [stdout]    ::: src/table.rs:336:21
[INFO] [stdout]     |
[INFO] [stdout] 336 |           let table = table!(
[INFO] [stdout]     |  _____________________-
[INFO] [stdout] 337 | |             "{m>:10:}" => "Item", "{m>:10:}" => "Price";
[INFO] [stdout] 338 | |             "{c^}", "{g<}";
[INFO] [stdout] 339 | |             "Basic", "$5,000", "Super", "$12,000", "Ultimate", "$35,000"
[INFO] [stdout] 340 | |         );
[INFO] [stdout]     | |_________- in this macro invocation
[INFO] [stdout]     |
[INFO] [stdout]     = warning: this was previously accepted by the compiler but is being phased out; it will become a hard error in a future release!
[INFO] [stdout]     = note: for more information, see issue #79813 <https://github.com/rust-lang/rust/issues/79813>
[INFO] [stdout]     = note: this warning originates in the macro `crate::cell` which comes from the expansion of the macro `table` (in Nightly builds, run with -Z macro-backtrace for more info)
[INFO] [stdout] 
[INFO] [stdout] 
[INFO] [stdout] warning: trailing semicolon in macro used in expression position
[INFO] [stdout]   --> src/table/cell.rs:79:10
[INFO] [stdout]    |
[INFO] [stdout] 79 |           );
[INFO] [stdout]    |            ^
[INFO] [stdout]    |
[INFO] [stdout]   ::: src/lib.rs:22:13
[INFO] [stdout]    |
[INFO] [stdout] 22 | /             table!(
[INFO] [stdout] 23 | |                 "{^:10:}" => "Food", "{^:10:}" => "Count";
[INFO] [stdout] 24 | |                 "Fish", "15", "Pizza", "10", "Steak", "6"
[INFO] [stdout] 25 | |             );
[INFO] [stdout]    | |_____________- in this macro invocation
[INFO] [stdout]    |
[INFO] [stdout]    = warning: this was previously accepted by the compiler but is being phased out; it will become a hard error in a future release!
[INFO] [stdout]    = note: for more information, see issue #79813 <https://github.com/rust-lang/rust/issues/79813>
[INFO] [stdout]    = note: this warning originates in the macro `crate::cell` which comes from the expansion of the macro `table` (in Nightly builds, run with -Z macro-backtrace for more info)
[INFO] [stdout] 
[INFO] [stdout] 
[INFO] [stdout] warning: trailing semicolon in macro used in expression position
[INFO] [stdout]   --> src/table/cell.rs:79:10
[INFO] [stdout]    |
[INFO] [stdout] 79 |           );
[INFO] [stdout]    |            ^
[INFO] [stdout]    |
[INFO] [stdout]   ::: src/lib.rs:22:13
[INFO] [stdout]    |
[INFO] [stdout] 22 | /             table!(
[INFO] [stdout] 23 | |                 "{^:10:}" => "Food", "{^:10:}" => "Count";
[INFO] [stdout] 24 | |                 "Fish", "15", "Pizza", "10", "Steak", "6"
[INFO] [stdout] 25 | |             );
[INFO] [stdout]    | |_____________- in this macro invocation
[INFO] [stdout]    |
[INFO] [stdout]    = warning: this was previously accepted by the compiler but is being phased out; it will become a hard error in a future release!
[INFO] [stdout]    = note: for more information, see issue #79813 <https://github.com/rust-lang/rust/issues/79813>
[INFO] [stdout]    = note: this warning originates in the macro `crate::cell` which comes from the expansion of the macro `table` (in Nightly builds, run with -Z macro-backtrace for more info)
[INFO] [stdout] 
[INFO] [stdout] 
[INFO] [stdout] warning: trailing semicolon in macro used in expression position
[INFO] [stdout]   --> src/table/cell.rs:79:10
[INFO] [stdout]    |
[INFO] [stdout] 79 |           );
[INFO] [stdout]    |            ^
[INFO] [stdout]    |
[INFO] [stdout]   ::: src/lib.rs:37:21
[INFO] [stdout]    |
[INFO] [stdout] 37 |           let table = table!(
[INFO] [stdout]    |  _____________________-
[INFO] [stdout] 38 | |             "{c^:15:}" => "Food", "{c^:10:}" => "Count";
[INFO] [stdout] 39 | |             "Fish", "3", "Pears", "5", "Pizza", "13"
[INFO] [stdout] 40 | |         );
[INFO] [stdout]    | |_________- in this macro invocation
[INFO] [stdout]    |
[INFO] [stdout]    = warning: this was previously accepted by the compiler but is being phased out; it will become a hard error in a future release!
[INFO] [stdout]    = note: for more information, see issue #79813 <https://github.com/rust-lang/rust/issues/79813>
[INFO] [stdout]    = note: this warning originates in the macro `crate::cell` which comes from the expansion of the macro `table` (in Nightly builds, run with -Z macro-backtrace for more info)
[INFO] [stdout] 
[INFO] [stdout] 
[INFO] [stdout] warning: trailing semicolon in macro used in expression position
[INFO] [stdout]   --> src/table/cell.rs:79:10
[INFO] [stdout]    |
[INFO] [stdout] 79 |           );
[INFO] [stdout]    |            ^
[INFO] [stdout]    |
[INFO] [stdout]   ::: src/lib.rs:37:21
[INFO] [stdout]    |
[INFO] [stdout] 37 |           let table = table!(
[INFO] [stdout]    |  _____________________-
[INFO] [stdout] 38 | |             "{c^:15:}" => "Food", "{c^:10:}" => "Count";
[INFO] [stdout] 39 | |             "Fish", "3", "Pears", "5", "Pizza", "13"
[INFO] [stdout] 40 | |         );
[INFO] [stdout]    | |_________- in this macro invocation
[INFO] [stdout]    |
[INFO] [stdout]    = warning: this was previously accepted by the compiler but is being phased out; it will become a hard error in a future release!
[INFO] [stdout]    = note: for more information, see issue #79813 <https://github.com/rust-lang/rust/issues/79813>
[INFO] [stdout]    = note: this warning originates in the macro `crate::cell` which comes from the expansion of the macro `table` (in Nightly builds, run with -Z macro-backtrace for more info)
[INFO] [stdout] 
[INFO] [stdout] 
[INFO] [stdout] warning: trailing semicolon in macro used in expression position
[INFO] [stdout]   --> src/table/cell.rs:79:10
[INFO] [stdout]    |
[INFO] [stdout] 79 |           );
[INFO] [stdout]    |            ^
[INFO] [stdout]    |
[INFO] [stdout]   ::: src/lib.rs:56:25
[INFO] [stdout]    |
[INFO] [stdout] 56 |           let mut table = table!(
[INFO] [stdout]    |  _________________________-
[INFO] [stdout] 57 | |             "{R^:10:}" => "Custom", "{C^:20:}" => "Borders";
[INFO] [stdout] 58 | |             "are", "super fun", "and", "super awesome"
[INFO] [stdout] 59 | |         );
[INFO] [stdout]    | |_________- in this macro invocation
[INFO] [stdout]    |
[INFO] [stdout]    = warning: this was previously accepted by the compiler but is being phased out; it will become a hard error in a future release!
[INFO] [stdout]    = note: for more information, see issue #79813 <https://github.com/rust-lang/rust/issues/79813>
[INFO] [stdout]    = note: this warning originates in the macro `crate::cell` which comes from the expansion of the macro `table` (in Nightly builds, run with -Z macro-backtrace for more info)
[INFO] [stdout] 
[INFO] [stdout] 
[INFO] [stdout] warning: trailing semicolon in macro used in expression position
[INFO] [stdout]   --> src/table/cell.rs:79:10
[INFO] [stdout]    |
[INFO] [stdout] 79 |           );
[INFO] [stdout]    |            ^
[INFO] [stdout]    |
[INFO] [stdout]   ::: src/lib.rs:56:25
[INFO] [stdout]    |
[INFO] [stdout] 56 |           let mut table = table!(
[INFO] [stdout]    |  _________________________-
[INFO] [stdout] 57 | |             "{R^:10:}" => "Custom", "{C^:20:}" => "Borders";
[INFO] [stdout] 58 | |             "are", "super fun", "and", "super awesome"
[INFO] [stdout] 59 | |         );
[INFO] [stdout]    | |_________- in this macro invocation
[INFO] [stdout]    |
[INFO] [stdout]    = warning: this was previously accepted by the compiler but is being phased out; it will become a hard error in a future release!
[INFO] [stdout]    = note: for more information, see issue #79813 <https://github.com/rust-lang/rust/issues/79813>
[INFO] [stdout]    = note: this warning originates in the macro `crate::cell` which comes from the expansion of the macro `table` (in Nightly builds, run with -Z macro-backtrace for more info)
[INFO] [stdout] 
[INFO] [stdout] 
[INFO] [stdout] warning: trait `DataSource` is never used
[INFO] [stdout]  --> src/data_source.rs:1:11
[INFO] [stdout]   |
[INFO] [stdout] 1 | pub trait DataSource {
[INFO] [stdout]   |           ^^^^^^^^^^
[INFO] [stdout]   |
[INFO] [stdout]   = note: `#[warn(dead_code)]` on by default
[INFO] [stdout] 
[INFO] [stdout] 
[INFO] [stdout] warning: trait `TableDataSource` is never used
[INFO] [stdout]  --> src/table_data_source.rs:3:11
[INFO] [stdout]   |
[INFO] [stdout] 3 | pub trait TableDataSource {
[INFO] [stdout]   |           ^^^^^^^^^^^^^^^
[INFO] [stdout] 
[INFO] [stdout] 
[INFO] [stdout] warning: field `row_headers` is never read
[INFO] [stdout]   --> src/table.rs:45:5
[INFO] [stdout]    |
[INFO] [stdout] 41 | pub struct Table {
[INFO] [stdout]    |            ----- field in this struct
[INFO] [stdout] ...
[INFO] [stdout] 45 |     row_headers: Vec<Cell>,
[INFO] [stdout]    |     ^^^^^^^^^^^
[INFO] [stdout]    |
[INFO] [stdout]    = note: `Table` has a derived impl for the trait `Debug`, but this is intentionally ignored during dead code analysis
[INFO] [stdout] 
[INFO] [stdout] 
[INFO] [stderr]     Finished `test` profile [unoptimized + debuginfo] target(s) in 0.31s
[INFO] [stderr] warning: the following packages contain code that will be rejected by a future version of Rust: table-format v0.0.5 (/opt/rustwide/workdir)
[INFO] [stderr] note: to see what the problems were, use the option `--future-incompat-report`, or run `cargo report future-incompatibilities --id 1`
[INFO] running `Command { std: "docker" "inspect" "ff389751a00ecef46d0d17815cb200da0f5d354bd32e8f4370acf5dd3c8b5ff4", kill_on_drop: false }`
[INFO] running `Command { std: "docker" "rm" "-f" "ff389751a00ecef46d0d17815cb200da0f5d354bd32e8f4370acf5dd3c8b5ff4", kill_on_drop: false }`
[INFO] [stdout] ff389751a00ecef46d0d17815cb200da0f5d354bd32e8f4370acf5dd3c8b5ff4
[INFO] running `Command { std: "docker" "create" "-v" "/var/lib/crater-agent-workspace/builds/worker-4-tc2/target:/opt/rustwide/target:rw,Z" "-v" "/var/lib/crater-agent-workspace/builds/worker-4-tc2/source:/opt/rustwide/workdir:ro,Z" "-v" "/var/lib/crater-agent-workspace/cargo-home:/opt/rustwide/cargo-home:ro,Z" "-v" "/var/lib/crater-agent-workspace/rustup-home:/opt/rustwide/rustup-home:ro,Z" "-e" "SOURCE_DIR=/opt/rustwide/workdir" "-e" "CARGO_TARGET_DIR=/opt/rustwide/target" "-e" "CARGO_INCREMENTAL=0" "-e" "RUST_BACKTRACE=full" "-e" "RUSTFLAGS=--cap-lints=forbid -Zrandomize-layout" "-e" "RUSTDOCFLAGS=--cap-lints=forbid" "-e" "CARGO_HOME=/opt/rustwide/cargo-home" "-e" "RUSTUP_HOME=/opt/rustwide/rustup-home" "-w" "/opt/rustwide/workdir" "-m" "1610612736" "--user" "0:0" "--network" "none" "ghcr.io/rust-lang/crates-build-env/linux@sha256:4a844ea9eb2546a2d2c7022eacef16ef2e8229c7fbb2c7d4d55a9ceca922f72d" "/opt/rustwide/cargo-home/bin/cargo" "+nightly-2024-10-28" "test" "--frozen", kill_on_drop: false }`
[INFO] [stdout] 99e41e9c1a544b18a658f86c623ffffbe5d31c8527cc230fd6a80efeb3afc460
[INFO] running `Command { std: "docker" "start" "-a" "99e41e9c1a544b18a658f86c623ffffbe5d31c8527cc230fd6a80efeb3afc460", kill_on_drop: false }`
[INFO] [stderr] warning: trait `DataSource` is never used
[INFO] [stderr]  --> src/data_source.rs:1:11
[INFO] [stderr]   |
[INFO] [stderr] 1 | pub trait DataSource {
[INFO] [stderr]   |           ^^^^^^^^^^
[INFO] [stderr]   |
[INFO] [stderr]   = note: `#[warn(dead_code)]` on by default
[INFO] [stderr] 
[INFO] [stderr] warning: trait `TableDataSource` is never used
[INFO] [stderr]  --> src/table_data_source.rs:3:11
[INFO] [stderr]   |
[INFO] [stderr] 3 | pub trait TableDataSource {
[INFO] [stderr]   |           ^^^^^^^^^^^^^^^
[INFO] [stderr] 
[INFO] [stderr] warning: field `row_headers` is never read
[INFO] [stderr]   --> src/table.rs:45:5
[INFO] [stderr]    |
[INFO] [stderr] 41 | pub struct Table {
[INFO] [stderr]    |            ----- field in this struct
[INFO] [stderr] ...
[INFO] [stderr] 45 |     row_headers: Vec<Cell>,
[INFO] [stderr]    |     ^^^^^^^^^^^
[INFO] [stderr]    |
[INFO] [stderr]    = note: `Table` has a derived impl for the trait `Debug`, but this is intentionally ignored during dead code analysis
[INFO] [stderr] 
[INFO] [stderr] warning: `table-format` (lib) generated 3 warnings
[INFO] [stderr] warning: trailing semicolon in macro used in expression position
[INFO] [stderr]    --> src/table/cell.rs:79:10
[INFO] [stderr]     |
[INFO] [stderr] 79  |         );
[INFO] [stderr]     |          ^
[INFO] [stderr]     |
[INFO] [stderr]    ::: src/table/row.rs:200:29
[INFO] [stderr]     |
[INFO] [stderr] 200 |             format!("{:?}", row!("{c^}" => "Head 1", "{G-r>}" => "Head 2")),
[INFO] [stderr]     |                             ---------------------------------------------- in this macro invocation
[INFO] [stderr]     |
[INFO] [stderr]     = warning: this was previously accepted by the compiler but is being phased out; it will become a hard error in a future release!
[INFO] [stderr]     = note: for more information, see issue #79813 <https://github.com/rust-lang/rust/issues/79813>
[INFO] [stderr]     = note: `#[warn(semicolon_in_expressions_from_macros)]` on by default
[INFO] [stderr]     = note: this warning originates in the macro `crate::cell` which comes from the expansion of the macro `row` (in Nightly builds, run with -Z macro-backtrace for more info)
[INFO] [stderr] 
[INFO] [stderr] warning: trailing semicolon in macro used in expression position
[INFO] [stderr]    --> src/table/cell.rs:79:10
[INFO] [stderr]     |
[INFO] [stderr] 79  |         );
[INFO] [stderr]     |          ^
[INFO] [stderr]     |
[INFO] [stderr]    ::: src/table/row.rs:200:29
[INFO] [stderr]     |
[INFO] [stderr] 200 |             format!("{:?}", row!("{c^}" => "Head 1", "{G-r>}" => "Head 2")),
[INFO] [stderr]     |                             ---------------------------------------------- in this macro invocation
[INFO] [stderr]     |
[INFO] [stderr]     = warning: this was previously accepted by the compiler but is being phased out; it will become a hard error in a future release!
[INFO] [stderr]     = note: for more information, see issue #79813 <https://github.com/rust-lang/rust/issues/79813>
[INFO] [stderr]     = note: this warning originates in the macro `crate::cell` which comes from the expansion of the macro `row` (in Nightly builds, run with -Z macro-backtrace for more info)
[INFO] [stderr] 
[INFO] [stderr] warning: trailing semicolon in macro used in expression position
[INFO] [stderr]    --> src/table/cell.rs:79:10
[INFO] [stderr]     |
[INFO] [stderr] 79  |         );
[INFO] [stderr]     |          ^
[INFO] [stderr]     |
[INFO] [stderr]    ::: src/table/row.rs:203:21
[INFO] [stderr]     |
[INFO] [stderr] 203 |                     crate::cell!("{c^}", "Head 1"),
[INFO] [stderr]     |                     ------------------------------ in this macro invocation
[INFO] [stderr]     |
[INFO] [stderr]     = warning: this was previously accepted by the compiler but is being phased out; it will become a hard error in a future release!
[INFO] [stderr]     = note: for more information, see issue #79813 <https://github.com/rust-lang/rust/issues/79813>
[INFO] [stderr]     = note: this warning originates in the macro `crate::cell` (in Nightly builds, run with -Z macro-backtrace for more info)
[INFO] [stderr] 
[INFO] [stderr] warning: trailing semicolon in macro used in expression position
[INFO] [stderr]    --> src/table/cell.rs:79:10
[INFO] [stderr]     |
[INFO] [stderr] 79  |         );
[INFO] [stderr]     |          ^
[INFO] [stderr]     |
[INFO] [stderr]    ::: src/table/row.rs:204:21
[INFO] [stderr]     |
[INFO] [stderr] 204 |                     crate::cell!("{G-r>}", "Head 2")
[INFO] [stderr]     |                     -------------------------------- in this macro invocation
[INFO] [stderr]     |
[INFO] [stderr]     = warning: this was previously accepted by the compiler but is being phased out; it will become a hard error in a future release!
[INFO] [stderr]     = note: for more information, see issue #79813 <https://github.com/rust-lang/rust/issues/79813>
[INFO] [stderr]     = note: this warning originates in the macro `crate::cell` (in Nightly builds, run with -Z macro-backtrace for more info)
[INFO] [stderr] 
[INFO] [stderr] warning: trailing semicolon in macro used in expression position
[INFO] [stderr]    --> src/table/cell.rs:79:10
[INFO] [stderr]     |
[INFO] [stderr] 79  |         );
[INFO] [stderr]     |          ^
[INFO] [stderr]     |
[INFO] [stderr]    ::: src/table/row.rs:213:29
[INFO] [stderr]     |
[INFO] [stderr] 213 |             format!("{:?}", row!("{c^}", "Text 1", "Text 2", "Text 3")),
[INFO] [stderr]     |                             ------------------------------------------ in this macro invocation
[INFO] [stderr]     |
[INFO] [stderr]     = warning: this was previously accepted by the compiler but is being phased out; it will become a hard error in a future release!
[INFO] [stderr]     = note: for more information, see issue #79813 <https://github.com/rust-lang/rust/issues/79813>
[INFO] [stderr]     = note: this warning originates in the macro `crate::cell` which comes from the expansion of the macro `row` (in Nightly builds, run with -Z macro-backtrace for more info)
[INFO] [stderr] 
[INFO] [stderr] warning: trailing semicolon in macro used in expression position
[INFO] [stderr]    --> src/table/cell.rs:79:10
[INFO] [stderr]     |
[INFO] [stderr] 79  |         );
[INFO] [stderr]     |          ^
[INFO] [stderr]     |
[INFO] [stderr]    ::: src/table/row.rs:216:21
[INFO] [stderr]     |
[INFO] [stderr] 216 |                     crate::cell!("{c^}", "Text 1"),
[INFO] [stderr]     |                     ------------------------------ in this macro invocation
[INFO] [stderr]     |
[INFO] [stderr]     = warning: this was previously accepted by the compiler but is being phased out; it will become a hard error in a future release!
[INFO] [stderr]     = note: for more information, see issue #79813 <https://github.com/rust-lang/rust/issues/79813>
[INFO] [stderr]     = note: this warning originates in the macro `crate::cell` (in Nightly builds, run with -Z macro-backtrace for more info)
[INFO] [stderr] 
[INFO] [stderr] warning: trailing semicolon in macro used in expression position
[INFO] [stderr]    --> src/table/cell.rs:79:10
[INFO] [stderr]     |
[INFO] [stderr] 79  |         );
[INFO] [stderr]     |          ^
[INFO] [stderr]     |
[INFO] [stderr]    ::: src/table/row.rs:217:21
[INFO] [stderr]     |
[INFO] [stderr] 217 |                     crate::cell!("{c^}", "Text 2"),
[INFO] [stderr]     |                     ------------------------------ in this macro invocation
[INFO] [stderr]     |
[INFO] [stderr]     = warning: this was previously accepted by the compiler but is being phased out; it will become a hard error in a future release!
[INFO] [stderr]     = note: for more information, see issue #79813 <https://github.com/rust-lang/rust/issues/79813>
[INFO] [stderr]     = note: this warning originates in the macro `crate::cell` (in Nightly builds, run with -Z macro-backtrace for more info)
[INFO] [stderr] 
[INFO] [stderr] warning: trailing semicolon in macro used in expression position
[INFO] [stderr]    --> src/table/cell.rs:79:10
[INFO] [stderr]     |
[INFO] [stderr] 79  |         );
[INFO] [stderr]     |          ^
[INFO] [stderr]     |
[INFO] [stderr]    ::: src/table/row.rs:218:21
[INFO] [stderr]     |
[INFO] [stderr] 218 |                     crate::cell!("{c^}", "Text 3")
[INFO] [stderr]     |                     ------------------------------ in this macro invocation
[INFO] [stderr]     |
[INFO] [stderr]     = warning: this was previously accepted by the compiler but is being phased out; it will become a hard error in a future release!
[INFO] [stderr]     = note: for more information, see issue #79813 <https://github.com/rust-lang/rust/issues/79813>
[INFO] [stderr]     = note: this warning originates in the macro `crate::cell` (in Nightly builds, run with -Z macro-backtrace for more info)
[INFO] [stderr] 
[INFO] [stderr] warning: trailing semicolon in macro used in expression position
[INFO] [stderr]    --> src/table/cell.rs:79:10
[INFO] [stderr]     |
[INFO] [stderr] 79  |         );
[INFO] [stderr]     |          ^
[INFO] [stderr] ...
[INFO] [stderr] 289 |         let tc = cell!("{r<;} {G-b^}", "testing", "this");
[INFO] [stderr]     |                  ---------------------------------------- in this macro invocation
[INFO] [stderr]     |
[INFO] [stderr]     = warning: this was previously accepted by the compiler but is being phased out; it will become a hard error in a future release!
[INFO] [stderr]     = note: for more information, see issue #79813 <https://github.com/rust-lang/rust/issues/79813>
[INFO] [stderr]     = note: this warning originates in the macro `cell` (in Nightly builds, run with -Z macro-backtrace for more info)
[INFO] [stderr] 
[INFO] [stderr] warning: trailing semicolon in macro used in expression position
[INFO] [stderr]    --> src/table/cell.rs:79:10
[INFO] [stderr]     |
[INFO] [stderr] 79  |           );
[INFO] [stderr]     |            ^
[INFO] [stderr]     |
[INFO] [stderr]    ::: src/table.rs:317:21
[INFO] [stderr]     |
[INFO] [stderr] 317 |           let table = table!(
[INFO] [stderr]     |  _____________________-
[INFO] [stderr] 318 | |             "{B^:12:}" => "Food", "{G^:7:}" => "Count";
[INFO] [stderr] 319 | |             "Fish", "15", "Pizza", "10", "Tomato", "24"
[INFO] [stderr] 320 | |         );
[INFO] [stderr]     | |_________- in this macro invocation
[INFO] [stderr]     |
[INFO] [stderr]     = warning: this was previously accepted by the compiler but is being phased out; it will become a hard error in a future release!
[INFO] [stderr]     = note: for more information, see issue #79813 <https://github.com/rust-lang/rust/issues/79813>
[INFO] [stderr]     = note: this warning originates in the macro `crate::cell` which comes from the expansion of the macro `table` (in Nightly builds, run with -Z macro-backtrace for more info)
[INFO] [stderr] 
[INFO] [stderr] warning: trailing semicolon in macro used in expression position
[INFO] [stderr]    --> src/table/cell.rs:79:10
[INFO] [stderr]     |
[INFO] [stderr] 79  |           );
[INFO] [stderr]     |            ^
[INFO] [stderr]     |
[INFO] [stderr]    ::: src/table.rs:336:21
[INFO] [stderr]     |
[INFO] [stderr] 336 |           let table = table!(
[INFO] [stderr]     |  _____________________-
[INFO] [stderr] 337 | |             "{m>:10:}" => "Item", "{m>:10:}" => "Price";
[INFO] [stderr] 338 | |             "{c^}", "{g<}";
[INFO] [stderr] 339 | |             "Basic", "$5,000", "Super", "$12,000", "Ultimate", "$35,000"
[INFO] [stderr] 340 | |         );
[INFO] [stderr]     | |_________- in this macro invocation
[INFO] [stderr]     |
[INFO] [stderr]     = warning: this was previously accepted by the compiler but is being phased out; it will become a hard error in a future release!
[INFO] [stderr]     = note: for more information, see issue #79813 <https://github.com/rust-lang/rust/issues/79813>
[INFO] [stderr]     = note: this warning originates in the macro `crate::cell` which comes from the expansion of the macro `table` (in Nightly builds, run with -Z macro-backtrace for more info)
[INFO] [stderr] 
[INFO] [stderr] warning: trailing semicolon in macro used in expression position
[INFO] [stderr]   --> src/table/cell.rs:79:10
[INFO] [stderr]    |
[INFO] [stderr] 79 |           );
[INFO] [stderr]    |            ^
[INFO] [stderr]    |
[INFO] [stderr]   ::: src/lib.rs:22:13
[INFO] [stderr]    |
[INFO] [stderr] 22 | /             table!(
[INFO] [stderr] 23 | |                 "{^:10:}" => "Food", "{^:10:}" => "Count";
[INFO] [stderr] 24 | |                 "Fish", "15", "Pizza", "10", "Steak", "6"
[INFO] [stderr] 25 | |             );
[INFO] [stderr]    | |_____________- in this macro invocation
[INFO] [stderr]    |
[INFO] [stderr]    = warning: this was previously accepted by the compiler but is being phased out; it will become a hard error in a future release!
[INFO] [stderr]    = note: for more information, see issue #79813 <https://github.com/rust-lang/rust/issues/79813>
[INFO] [stderr]    = note: this warning originates in the macro `crate::cell` which comes from the expansion of the macro `table` (in Nightly builds, run with -Z macro-backtrace for more info)
[INFO] [stderr] 
[INFO] [stderr] warning: trailing semicolon in macro used in expression position
[INFO] [stderr]   --> src/table/cell.rs:79:10
[INFO] [stderr]    |
[INFO] [stderr] 79 |           );
[INFO] [stderr]    |            ^
[INFO] [stderr]    |
[INFO] [stderr]   ::: src/lib.rs:37:21
[INFO] [stderr]    |
[INFO] [stderr] 37 |           let table = table!(
[INFO] [stderr]    |  _____________________-
[INFO] [stderr] 38 | |             "{c^:15:}" => "Food", "{c^:10:}" => "Count";
[INFO] [stderr] 39 | |             "Fish", "3", "Pears", "5", "Pizza", "13"
[INFO] [stderr] 40 | |         );
[INFO] [stderr]    | |_________- in this macro invocation
[INFO] [stderr]    |
[INFO] [stderr]    = warning: this was previously accepted by the compiler but is being phased out; it will become a hard error in a future release!
[INFO] [stderr]    = note: for more information, see issue #79813 <https://github.com/rust-lang/rust/issues/79813>
[INFO] [stderr]    = note: this warning originates in the macro `crate::cell` which comes from the expansion of the macro `table` (in Nightly builds, run with -Z macro-backtrace for more info)
[INFO] [stderr] 
[INFO] [stderr] warning: trailing semicolon in macro used in expression position
[INFO] [stderr]   --> src/table/cell.rs:79:10
[INFO] [stderr]    |
[INFO] [stderr] 79 |           );
[INFO] [stderr]    |            ^
[INFO] [stderr]    |
[INFO] [stderr]   ::: src/lib.rs:56:25
[INFO] [stderr]    |
[INFO] [stderr] 56 |           let mut table = table!(
[INFO] [stderr]    |  _________________________-
[INFO] [stderr] 57 | |             "{R^:10:}" => "Custom", "{C^:20:}" => "Borders";
[INFO] [stderr] 58 | |             "are", "super fun", "and", "super awesome"
[INFO] [stderr] 59 | |         );
[INFO] [stderr]    | |_________- in this macro invocation
[INFO] [stderr]    |
[INFO] [stderr]    = warning: this was previously accepted by the compiler but is being phased out; it will become a hard error in a future release!
[INFO] [stderr]    = note: for more information, see issue #79813 <https://github.com/rust-lang/rust/issues/79813>
[INFO] [stderr]    = note: this warning originates in the macro `crate::cell` which comes from the expansion of the macro `table` (in Nightly builds, run with -Z macro-backtrace for more info)
[INFO] [stderr] 
[INFO] [stderr] warning: `table-format` (lib test) generated 24 warnings (10 duplicates)
[INFO] [stderr]     Finished `test` profile [unoptimized + debuginfo] target(s) in 0.01s
[INFO] [stderr] warning: the following packages contain code that will be rejected by a future version of Rust: table-format v0.0.5 (/opt/rustwide/workdir)
[INFO] [stderr] note: to see what the problems were, use the option `--future-incompat-report`, or run `cargo report future-incompatibilities --id 1`
[INFO] [stderr]      Running unittests src/lib.rs (/opt/rustwide/target/debug/deps/libtableformat-34ecfd4febab181b)
[INFO] [stdout] 
[INFO] [stdout] running 11 tests
[INFO] [stdout] test content::tests::test_pad ... ok
[INFO] [stdout] test content::content_style::tests::from_format_fixed_width ... ok
[INFO] [stdout] test content::tests::test_format ... ok
[INFO] [stdout] test table::cell::tests::test_table_cell_macro ... ok
[INFO] [stdout] test table::row::tests::test_row_macro_common_style ... ok
[INFO] [stdout] test table::row::tests::test_row_macro_style_per_cell ... ok
[INFO] [stdout] test tests::test_simple_table ... ok
[INFO] [stdout] test table::tests::table_macro_simple_unstyled_body ... FAILED
[INFO] [stdout] test table::tests::table_macro_simple_styled_body ... FAILED
[INFO] [stdout] test tests::test_custom_border_table ... FAILED
[INFO] [stdout] test tests::test_simple_vector_table ... FAILED
[INFO] [stdout] 
[INFO] [stdout] failures:
[INFO] [stdout] 
[INFO] [stdout] ---- table::tests::table_macro_simple_unstyled_body stdout ----
[INFO] [stdout] thread 'table::tests::table_macro_simple_unstyled_body' panicked at src/table.rs:328:9:
[INFO] [stdout] assertion `left == right` failed
[INFO] [stdout]   left: "+------------+-------+\n|    Food    | Count |\n+------------+-------+\n|Fish        |15     |\n+------------+-------+\n|Pizza       |10     |\n+------------+-------+\n|Tomato      |24     |\n+------------+-------+\n"
[INFO] [stdout]  right: "+------------+-------+\n|\u{1b}[94m    Food    \u{1b}[0m|\u{1b}[92m Count \u{1b}[0m|\n+------------+-------+\n|Fish        |15     |\n+------------+-------+\n|Pizza       |10     |\n+------------+-------+\n|Tomato      |24     |\n+------------+-------+\n"
[INFO] [stdout] stack backtrace:
[INFO] [stdout]    0:     0x650da1d30fba - std::backtrace_rs::backtrace::libunwind::trace::h207520d6e9873551
[INFO] [stdout]                                at /rustc/df4ca44d3fbc9301ee17f30f4d474e6ae4b05252/library/std/src/../../backtrace/src/backtrace/libunwind.rs:116:5
[INFO] [stdout]    1:     0x650da1d30fba - std::backtrace_rs::backtrace::trace_unsynchronized::h2ed7433f370e3eca
[INFO] [stdout]                                at /rustc/df4ca44d3fbc9301ee17f30f4d474e6ae4b05252/library/std/src/../../backtrace/src/backtrace/mod.rs:66:5
[INFO] [stdout]    2:     0x650da1d30fba - std::sys::backtrace::_print_fmt::h916fac51166b18d7
[INFO] [stdout]                                at /rustc/df4ca44d3fbc9301ee17f30f4d474e6ae4b05252/library/std/src/sys/backtrace.rs:66:9
[INFO] [stdout]    3:     0x650da1d30fba - <std::sys::backtrace::BacktraceLock::print::DisplayBacktrace as core::fmt::Display>::fmt::ha0a4c9b8ce3802e6
[INFO] [stdout]                                at /rustc/df4ca44d3fbc9301ee17f30f4d474e6ae4b05252/library/std/src/sys/backtrace.rs:39:26
[INFO] [stdout]    4:     0x650da1d575e3 - core::fmt::rt::Argument::fmt::h4cfc8587d52b3eb5
[INFO] [stdout]                                at /rustc/df4ca44d3fbc9301ee17f30f4d474e6ae4b05252/library/core/src/fmt/rt.rs:177:76
[INFO] [stdout]    5:     0x650da1d575e3 - core::fmt::write::h522cc39e5b36ae9f
[INFO] [stdout]                                at /rustc/df4ca44d3fbc9301ee17f30f4d474e6ae4b05252/library/core/src/fmt/mod.rs:1190:21
[INFO] [stdout]    6:     0x650da1d2dc23 - std::io::Write::write_fmt::h7d3c26752da97734
[INFO] [stdout]                                at /rustc/df4ca44d3fbc9301ee17f30f4d474e6ae4b05252/library/std/src/io/mod.rs:1839:15
[INFO] [stdout]    7:     0x650da1d30e02 - std::sys::backtrace::BacktraceLock::print::h4b9e00b29e9c0942
[INFO] [stdout]                                at /rustc/df4ca44d3fbc9301ee17f30f4d474e6ae4b05252/library/std/src/sys/backtrace.rs:42:9
[INFO] [stdout]    8:     0x650da1d3244a - std::panicking::default_hook::{{closure}}::hb59b88280d0324d9
[INFO] [stdout]                                at /rustc/df4ca44d3fbc9301ee17f30f4d474e6ae4b05252/library/std/src/panicking.rs:268:22
[INFO] [stdout]    9:     0x650da1d32254 - std::panicking::default_hook::he1dd496665be4a29
[INFO] [stdout]                                at /rustc/df4ca44d3fbc9301ee17f30f4d474e6ae4b05252/library/std/src/panicking.rs:292:9
[INFO] [stdout]   10:     0x650da1cf0339 - <alloc::boxed::Box<F,A> as core::ops::function::Fn<Args>>::call::h4ff71de18744e1dc
[INFO] [stdout]                                at /rustc/df4ca44d3fbc9301ee17f30f4d474e6ae4b05252/library/alloc/src/boxed.rs:2468:9
[INFO] [stdout]   11:     0x650da1cf0339 - test::test_main::{{closure}}::hcf7c055ce117aa81
[INFO] [stdout]                                at /rustc/df4ca44d3fbc9301ee17f30f4d474e6ae4b05252/library/test/src/lib.rs:133:21
[INFO] [stdout]   12:     0x650da1d32b48 - <alloc::boxed::Box<F,A> as core::ops::function::Fn<Args>>::call::h1d66c6bbd60c9692
[INFO] [stdout]                                at /rustc/df4ca44d3fbc9301ee17f30f4d474e6ae4b05252/library/alloc/src/boxed.rs:2468:9
[INFO] [stdout]   13:     0x650da1d32b48 - std::panicking::rust_panic_with_hook::h2ff17fe8f26dfcf8
[INFO] [stdout]                                at /rustc/df4ca44d3fbc9301ee17f30f4d474e6ae4b05252/library/std/src/panicking.rs:809:13
[INFO] [stdout]   14:     0x650da1d3290a - std::panicking::begin_panic_handler::{{closure}}::h4fad77951c07e101
[INFO] [stdout]                                at /rustc/df4ca44d3fbc9301ee17f30f4d474e6ae4b05252/library/std/src/panicking.rs:674:13
[INFO] [stdout]   15:     0x650da1d31499 - std::sys::backtrace::__rust_end_short_backtrace::hb1a25b3da5d0ea08
[INFO] [stdout]                                at /rustc/df4ca44d3fbc9301ee17f30f4d474e6ae4b05252/library/std/src/sys/backtrace.rs:170:18
[INFO] [stdout]   16:     0x650da1d3259c - rust_begin_unwind
[INFO] [stdout]                                at /rustc/df4ca44d3fbc9301ee17f30f4d474e6ae4b05252/library/std/src/panicking.rs:665:5
[INFO] [stdout]   17:     0x650da1d55fe0 - core::panicking::panic_fmt::ha9db07b529f9b256
[INFO] [stdout]                                at /rustc/df4ca44d3fbc9301ee17f30f4d474e6ae4b05252/library/core/src/panicking.rs:75:14
[INFO] [stdout]   18:     0x650da1d563ab - core::panicking::assert_failed_inner::h04f38944d74a80a8
[INFO] [stdout]   19:     0x650da1ca8046 - core::panicking::assert_failed::h1670466f5daeb9ca
[INFO] [stdout]                                at /rustc/df4ca44d3fbc9301ee17f30f4d474e6ae4b05252/library/core/src/panicking.rs:377:5
[INFO] [stdout]   20:     0x650da1cb5f65 - libtableformat::table::tests::table_macro_simple_unstyled_body::h435cd040c05ee1d0
[INFO] [stdout]                                at /opt/rustwide/workdir/src/table.rs:328:9
[INFO] [stdout]   21:     0x650da1cb5ba7 - libtableformat::table::tests::table_macro_simple_unstyled_body::{{closure}}::h7608c249bc9676d6
[INFO] [stdout]                                at /opt/rustwide/workdir/src/table.rs:316:42
[INFO] [stdout]   22:     0x650da1ca6e96 - core::ops::function::FnOnce::call_once::h9c88d75a39aaa9ac
[INFO] [stdout]                                at /rustc/df4ca44d3fbc9301ee17f30f4d474e6ae4b05252/library/core/src/ops/function.rs:250:5
[INFO] [stdout]   23:     0x650da1cf4c0b - core::ops::function::FnOnce::call_once::h22c3ba5715e93f05
[INFO] [stdout]                                at /rustc/df4ca44d3fbc9301ee17f30f4d474e6ae4b05252/library/core/src/ops/function.rs:250:5
[INFO] [stdout]   24:     0x650da1cf4c0b - test::__rust_begin_short_backtrace::h8e82d8113d0da17f
[INFO] [stdout]                                at /rustc/df4ca44d3fbc9301ee17f30f4d474e6ae4b05252/library/test/src/lib.rs:621:18
[INFO] [stdout]   25:     0x650da1cf4587 - test::run_test_in_process::{{closure}}::h33235f4f20b7b7c7
[INFO] [stdout]                                at /rustc/df4ca44d3fbc9301ee17f30f4d474e6ae4b05252/library/test/src/lib.rs:644:60
[INFO] [stdout]   26:     0x650da1cf4587 - <core::panic::unwind_safe::AssertUnwindSafe<F> as core::ops::function::FnOnce<()>>::call_once::hb5043206310c586f
[INFO] [stdout]                                at /rustc/df4ca44d3fbc9301ee17f30f4d474e6ae4b05252/library/core/src/panic/unwind_safe.rs:272:9
[INFO] [stdout]   27:     0x650da1cf4587 - std::panicking::try::do_call::h9ad4731a60ab23e2
[INFO] [stdout]                                at /rustc/df4ca44d3fbc9301ee17f30f4d474e6ae4b05252/library/std/src/panicking.rs:557:40
[INFO] [stdout]   28:     0x650da1cf4587 - std::panicking::try::h3824d23db772a716
[INFO] [stdout]                                at /rustc/df4ca44d3fbc9301ee17f30f4d474e6ae4b05252/library/std/src/panicking.rs:520:19
[INFO] [stdout]   29:     0x650da1cf4587 - std::panic::catch_unwind::h5afd514605fde46b
[INFO] [stdout]                                at /rustc/df4ca44d3fbc9301ee17f30f4d474e6ae4b05252/library/std/src/panic.rs:358:14
[INFO] [stdout]   30:     0x650da1cf4587 - test::run_test_in_process::h0d5cbfa7067d1720
[INFO] [stdout]                                at /rustc/df4ca44d3fbc9301ee17f30f4d474e6ae4b05252/library/test/src/lib.rs:644:27
[INFO] [stdout]   31:     0x650da1cf4587 - test::run_test::{{closure}}::h708eb8872708115d
[INFO] [stdout]                                at /rustc/df4ca44d3fbc9301ee17f30f4d474e6ae4b05252/library/test/src/lib.rs:565:43
[INFO] [stdout]   32:     0x650da1cb7ca4 - test::run_test::{{closure}}::h392c51cee94713ab
[INFO] [stdout]                                at /rustc/df4ca44d3fbc9301ee17f30f4d474e6ae4b05252/library/test/src/lib.rs:595:41
[INFO] [stdout]   33:     0x650da1cb7ca4 - std::sys::backtrace::__rust_begin_short_backtrace::h2f40290710935a8b
[INFO] [stdout]                                at /rustc/df4ca44d3fbc9301ee17f30f4d474e6ae4b05252/library/std/src/sys/backtrace.rs:154:18
[INFO] [stdout]   34:     0x650da1cbb44e - std::thread::Builder::spawn_unchecked_::{{closure}}::{{closure}}::h3fd968d89053a903
[INFO] [stdout]                                at /rustc/df4ca44d3fbc9301ee17f30f4d474e6ae4b05252/library/std/src/thread/mod.rs:541:17
[INFO] [stdout]   35:     0x650da1cbb44e - <core::panic::unwind_safe::AssertUnwindSafe<F> as core::ops::function::FnOnce<()>>::call_once::h743f637ba4229880
[INFO] [stdout]                                at /rustc/df4ca44d3fbc9301ee17f30f4d474e6ae4b05252/library/core/src/panic/unwind_safe.rs:272:9
[INFO] [stdout]   36:     0x650da1cbb44e - std::panicking::try::do_call::h07440897322525a6
[INFO] [stdout]                                at /rustc/df4ca44d3fbc9301ee17f30f4d474e6ae4b05252/library/std/src/panicking.rs:557:40
[INFO] [stdout]   37:     0x650da1cbb44e - std::panicking::try::he5a2e00188156637
[INFO] [stdout]                                at /rustc/df4ca44d3fbc9301ee17f30f4d474e6ae4b05252/library/std/src/panicking.rs:520:19
[INFO] [stdout]   38:     0x650da1cbb44e - std::panic::catch_unwind::hbaf3cae49b3c6433
[INFO] [stdout]                                at /rustc/df4ca44d3fbc9301ee17f30f4d474e6ae4b05252/library/std/src/panic.rs:358:14
[INFO] [stdout]   39:     0x650da1cbb44e - std::thread::Builder::spawn_unchecked_::{{closure}}::h8e141ea224820bce
[INFO] [stdout]                                at /rustc/df4ca44d3fbc9301ee17f30f4d474e6ae4b05252/library/std/src/thread/mod.rs:540:30
[INFO] [stdout]   40:     0x650da1cbb44e - core::ops::function::FnOnce::call_once{{vtable.shim}}::h90d312fedd7b8ea8
[INFO] [stdout]                                at /rustc/df4ca44d3fbc9301ee17f30f4d474e6ae4b05252/library/core/src/ops/function.rs:250:5
[INFO] [stdout]   41:     0x650da1d3693b - <alloc::boxed::Box<F,A> as core::ops::function::FnOnce<Args>>::call_once::h69aa08ddb6adb8b6
[INFO] [stdout]                                at /rustc/df4ca44d3fbc9301ee17f30f4d474e6ae4b05252/library/alloc/src/boxed.rs:2454:9
[INFO] [stdout]   42:     0x650da1d3693b - <alloc::boxed::Box<F,A> as core::ops::function::FnOnce<Args>>::call_once::h5aa36efdb79c806f
[INFO] [stdout]                                at /rustc/df4ca44d3fbc9301ee17f30f4d474e6ae4b05252/library/alloc/src/boxed.rs:2454:9
[INFO] [stdout]   43:     0x650da1d3693b - std::sys::pal::unix::thread::Thread::new::thread_start::h6cd80a1b4be5158d
[INFO] [stdout]                                at /rustc/df4ca44d3fbc9301ee17f30f4d474e6ae4b05252/library/std/src/sys/pal/unix/thread.rs:105:17
[INFO] [stdout]   44:     0x78d47d231ac3 - <unknown>
[INFO] [stdout]   45:     0x78d47d2c2a04 - clone
[INFO] [stdout]   46:                0x0 - <unknown>
[INFO] [stdout] 
[INFO] [stdout] ---- table::tests::table_macro_simple_styled_body stdout ----
[INFO] [stdout] thread 'table::tests::table_macro_simple_styled_body' panicked at src/table.rs:348:9:
[INFO] [stdout] assertion `left == right` failed
[INFO] [stdout]   left: "+----------+----------+\n|      Item|     Price|\n+----------+----------+\n|  Basic   |$5,000    |\n+----------+----------+\n|  Super   |$12,000   |\n+----------+----------+\n| Ultimate |$35,000   |\n+----------+----------+\n"
[INFO] [stdout]  right: "+----------+----------+\n|\u{1b}[35m      Item\u{1b}[0m|\u{1b}[35m     Price\u{1b}[0m|\n+----------+----------+\n|\u{1b}[36m  Basic   \u{1b}[0m|\u{1b}[32m$5,000    \u{1b}[0m|\n+----------+----------+\n|\u{1b}[36m  Super   \u{1b}[0m|\u{1b}[32m$12,000   \u{1b}[0m|\n+----------+----------+\n|\u{1b}[36m Ultimate \u{1b}[0m|\u{1b}[32m$35,000   \u{1b}[0m|\n+----------+----------+\n"
[INFO] [stdout] stack backtrace:
[INFO] [stdout]    0:     0x650da1d30fba - std::backtrace_rs::backtrace::libunwind::trace::h207520d6e9873551
[INFO] [stdout]                                at /rustc/df4ca44d3fbc9301ee17f30f4d474e6ae4b05252/library/std/src/../../backtrace/src/backtrace/libunwind.rs:116:5
[INFO] [stdout]    1:     0x650da1d30fba - std::backtrace_rs::backtrace::trace_unsynchronized::h2ed7433f370e3eca
[INFO] [stdout]                                at /rustc/df4ca44d3fbc9301ee17f30f4d474e6ae4b05252/library/std/src/../../backtrace/src/backtrace/mod.rs:66:5
[INFO] [stdout]    2:     0x650da1d30fba - std::sys::backtrace::_print_fmt::h916fac51166b18d7
[INFO] [stdout]                                at /rustc/df4ca44d3fbc9301ee17f30f4d474e6ae4b05252/library/std/src/sys/backtrace.rs:66:9
[INFO] [stdout]    3:     0x650da1d30fba - <std::sys::backtrace::BacktraceLock::print::DisplayBacktrace as core::fmt::Display>::fmt::ha0a4c9b8ce3802e6
[INFO] [stdout]                                at /rustc/df4ca44d3fbc9301ee17f30f4d474e6ae4b05252/library/std/src/sys/backtrace.rs:39:26
[INFO] [stdout]    4:     0x650da1d575e3 - core::fmt::rt::Argument::fmt::h4cfc8587d52b3eb5
[INFO] [stdout]                                at /rustc/df4ca44d3fbc9301ee17f30f4d474e6ae4b05252/library/core/src/fmt/rt.rs:177:76
[INFO] [stdout]    5:     0x650da1d575e3 - core::fmt::write::h522cc39e5b36ae9f
[INFO] [stdout]                                at /rustc/df4ca44d3fbc9301ee17f30f4d474e6ae4b05252/library/core/src/fmt/mod.rs:1190:21
[INFO] [stdout]    6:     0x650da1d2dc23 - std::io::Write::write_fmt::h7d3c26752da97734
[INFO] [stdout]                                at /rustc/df4ca44d3fbc9301ee17f30f4d474e6ae4b05252/library/std/src/io/mod.rs:1839:15
[INFO] [stdout]    7:     0x650da1d30e02 - std::sys::backtrace::BacktraceLock::print::h4b9e00b29e9c0942
[INFO] [stdout]                                at /rustc/df4ca44d3fbc9301ee17f30f4d474e6ae4b05252/library/std/src/sys/backtrace.rs:42:9
[INFO] [stdout]    8:     0x650da1d3244a - std::panicking::default_hook::{{closure}}::hb59b88280d0324d9
[INFO] [stdout]                                at /rustc/df4ca44d3fbc9301ee17f30f4d474e6ae4b05252/library/std/src/panicking.rs:268:22
[INFO] [stdout]    9:     0x650da1d32254 - std::panicking::default_hook::he1dd496665be4a29
[INFO] [stdout]                                at /rustc/df4ca44d3fbc9301ee17f30f4d474e6ae4b05252/library/std/src/panicking.rs:292:9
[INFO] [stdout]   10:     0x650da1cf0339 - <alloc::boxed::Box<F,A> as core::ops::function::Fn<Args>>::call::h4ff71de18744e1dc
[INFO] [stdout]                                at /rustc/df4ca44d3fbc9301ee17f30f4d474e6ae4b05252/library/alloc/src/boxed.rs:2468:9
[INFO] [stdout]   11:     0x650da1cf0339 - test::test_main::{{closure}}::hcf7c055ce117aa81
[INFO] [stdout]                                at /rustc/df4ca44d3fbc9301ee17f30f4d474e6ae4b05252/library/test/src/lib.rs:133:21
[INFO] [stdout]   12:     0x650da1d32b48 - <alloc::boxed::Box<F,A> as core::ops::function::Fn<Args>>::call::h1d66c6bbd60c9692
[INFO] [stdout]                                at /rustc/df4ca44d3fbc9301ee17f30f4d474e6ae4b05252/library/alloc/src/boxed.rs:2468:9
[INFO] [stdout]   13:     0x650da1d32b48 - std::panicking::rust_panic_with_hook::h2ff17fe8f26dfcf8
[INFO] [stdout]                                at /rustc/df4ca44d3fbc9301ee17f30f4d474e6ae4b05252/library/std/src/panicking.rs:809:13
[INFO] [stdout]   14:     0x650da1d3290a - std::panicking::begin_panic_handler::{{closure}}::h4fad77951c07e101
[INFO] [stdout]                                at /rustc/df4ca44d3fbc9301ee17f30f4d474e6ae4b05252/library/std/src/panicking.rs:674:13
[INFO] [stdout]   15:     0x650da1d31499 - std::sys::backtrace::__rust_end_short_backtrace::hb1a25b3da5d0ea08
[INFO] [stdout]                                at /rustc/df4ca44d3fbc9301ee17f30f4d474e6ae4b05252/library/std/src/sys/backtrace.rs:170:18
[INFO] [stdout]   16:     0x650da1d3259c - rust_begin_unwind
[INFO] [stdout]                                at /rustc/df4ca44d3fbc9301ee17f30f4d474e6ae4b05252/library/std/src/panicking.rs:665:5
[INFO] [stdout]   17:     0x650da1d55fe0 - core::panicking::panic_fmt::ha9db07b529f9b256
[INFO] [stdout]                                at /rustc/df4ca44d3fbc9301ee17f30f4d474e6ae4b05252/library/core/src/panicking.rs:75:14
[INFO] [stdout]   18:     0x650da1d563ab - core::panicking::assert_failed_inner::h04f38944d74a80a8
[INFO] [stdout]   19:     0x650da1ca8046 - core::panicking::assert_failed::h1670466f5daeb9ca
[INFO] [stdout]                                at /rustc/df4ca44d3fbc9301ee17f30f4d474e6ae4b05252/library/core/src/panicking.rs:377:5
[INFO] [stdout]   20:     0x650da1cb63d0 - libtableformat::table::tests::table_macro_simple_styled_body::he3ea848c7310e8f4
[INFO] [stdout]                                at /opt/rustwide/workdir/src/table.rs:348:9
[INFO] [stdout]   21:     0x650da1cb5fd7 - libtableformat::table::tests::table_macro_simple_styled_body::{{closure}}::hfd222f22bef1dc81
[INFO] [stdout]                                at /opt/rustwide/workdir/src/table.rs:335:40
[INFO] [stdout]   22:     0x650da1ca6dd6 - core::ops::function::FnOnce::call_once::h4f5b150f5876205a
[INFO] [stdout]                                at /rustc/df4ca44d3fbc9301ee17f30f4d474e6ae4b05252/library/core/src/ops/function.rs:250:5
[INFO] [stdout]   23:     0x650da1cf4c0b - core::ops::function::FnOnce::call_once::h22c3ba5715e93f05
[INFO] [stdout]                                at /rustc/df4ca44d3fbc9301ee17f30f4d474e6ae4b05252/library/core/src/ops/function.rs:250:5
[INFO] [stdout]   24:     0x650da1cf4c0b - test::__rust_begin_short_backtrace::h8e82d8113d0da17f
[INFO] [stdout]                                at /rustc/df4ca44d3fbc9301ee17f30f4d474e6ae4b05252/library/test/src/lib.rs:621:18
[INFO] [stdout]   25:     0x650da1cf4587 - test::run_test_in_process::{{closure}}::h33235f4f20b7b7c7
[INFO] [stdout]                                at /rustc/df4ca44d3fbc9301ee17f30f4d474e6ae4b05252/library/test/src/lib.rs:644:60
[INFO] [stdout]   26:     0x650da1cf4587 - <core::panic::unwind_safe::AssertUnwindSafe<F> as core::ops::function::FnOnce<()>>::call_once::hb5043206310c586f
[INFO] [stdout]                                at /rustc/df4ca44d3fbc9301ee17f30f4d474e6ae4b05252/library/core/src/panic/unwind_safe.rs:272:9
[INFO] [stdout]   27:     0x650da1cf4587 - std::panicking::try::do_call::h9ad4731a60ab23e2
[INFO] [stdout]                                at /rustc/df4ca44d3fbc9301ee17f30f4d474e6ae4b05252/library/std/src/panicking.rs:557:40
[INFO] [stdout]   28:     0x650da1cf4587 - std::panicking::try::h3824d23db772a716
[INFO] [stdout]                                at /rustc/df4ca44d3fbc9301ee17f30f4d474e6ae4b05252/library/std/src/panicking.rs:520:19
[INFO] [stdout]   29:     0x650da1cf4587 - std::panic::catch_unwind::h5afd514605fde46b
[INFO] [stdout]                                at /rustc/df4ca44d3fbc9301ee17f30f4d474e6ae4b05252/library/std/src/panic.rs:358:14
[INFO] [stdout]   30:     0x650da1cf4587 - test::run_test_in_process::h0d5cbfa7067d1720
[INFO] [stdout]                                at /rustc/df4ca44d3fbc9301ee17f30f4d474e6ae4b05252/library/test/src/lib.rs:644:27
[INFO] [stdout]   31:     0x650da1cf4587 - test::run_test::{{closure}}::h708eb8872708115d
[INFO] [stdout]                                at /rustc/df4ca44d3fbc9301ee17f30f4d474e6ae4b05252/library/test/src/lib.rs:565:43
[INFO] [stdout]   32:     0x650da1cb7ca4 - test::run_test::{{closure}}::h392c51cee94713ab
[INFO] [stdout]                                at /rustc/df4ca44d3fbc9301ee17f30f4d474e6ae4b05252/library/test/src/lib.rs:595:41
[INFO] [stdout]   33:     0x650da1cb7ca4 - std::sys::backtrace::__rust_begin_short_backtrace::h2f40290710935a8b
[INFO] [stdout]                                at /rustc/df4ca44d3fbc9301ee17f30f4d474e6ae4b05252/library/std/src/sys/backtrace.rs:154:18
[INFO] [stdout]   34:     0x650da1cbb44e - std::thread::Builder::spawn_unchecked_::{{closure}}::{{closure}}::h3fd968d89053a903
[INFO] [stdout]                                at /rustc/df4ca44d3fbc9301ee17f30f4d474e6ae4b05252/library/std/src/thread/mod.rs:541:17
[INFO] [stdout]   35:     0x650da1cbb44e - <core::panic::unwind_safe::AssertUnwindSafe<F> as core::ops::function::FnOnce<()>>::call_once::h743f637ba4229880
[INFO] [stdout]                                at /rustc/df4ca44d3fbc9301ee17f30f4d474e6ae4b05252/library/core/src/panic/unwind_safe.rs:272:9
[INFO] [stdout]   36:     0x650da1cbb44e - std::panicking::try::do_call::h07440897322525a6
[INFO] [stdout]                                at /rustc/df4ca44d3fbc9301ee17f30f4d474e6ae4b05252/library/std/src/panicking.rs:557:40
[INFO] [stdout]   37:     0x650da1cbb44e - std::panicking::try::he5a2e00188156637
[INFO] [stdout]                                at /rustc/df4ca44d3fbc9301ee17f30f4d474e6ae4b05252/library/std/src/panicking.rs:520:19
[INFO] [stdout]   38:     0x650da1cbb44e - std::panic::catch_unwind::hbaf3cae49b3c6433
[INFO] [stdout]                                at /rustc/df4ca44d3fbc9301ee17f30f4d474e6ae4b05252/library/std/src/panic.rs:358:14
[INFO] [stdout]   39:     0x650da1cbb44e - std::thread::Builder::spawn_unchecked_::{{closure}}::h8e141ea224820bce
[INFO] [stdout]                                at /rustc/df4ca44d3fbc9301ee17f30f4d474e6ae4b05252/library/std/src/thread/mod.rs:540:30
[INFO] [stdout]   40:     0x650da1cbb44e - core::ops::function::FnOnce::call_once{{vtable.shim}}::h90d312fedd7b8ea8
[INFO] [stdout]                                at /rustc/df4ca44d3fbc9301ee17f30f4d474e6ae4b05252/library/core/src/ops/function.rs:250:5
[INFO] [stdout]   41:     0x650da1d3693b - <alloc::boxed::Box<F,A> as core::ops::function::FnOnce<Args>>::call_once::h69aa08ddb6adb8b6
[INFO] [stdout]                                at /rustc/df4ca44d3fbc9301ee17f30f4d474e6ae4b05252/library/alloc/src/boxed.rs:2454:9
[INFO] [stdout]   42:     0x650da1d3693b - <alloc::boxed::Box<F,A> as core::ops::function::FnOnce<Args>>::call_once::h5aa36efdb79c806f
[INFO] [stdout]                                at /rustc/df4ca44d3fbc9301ee17f30f4d474e6ae4b05252/library/alloc/src/boxed.rs:2454:9
[INFO] [stdout]   43:     0x650da1d3693b - std::sys::pal::unix::thread::Thread::new::thread_start::h6cd80a1b4be5158d
[INFO] [stdout]                                at /rustc/df4ca44d3fbc9301ee17f30f4d474e6ae4b05252/library/std/src/sys/pal/unix/thread.rs:105:17
[INFO] [stdout]   44:     0x78d47d231ac3 - <unknown>
[INFO] [stdout]   45:     0x78d47d2c2a04 - clone
[INFO] [stdout]   46:                0x0 - <unknown>
[INFO] [stdout] 
[INFO] [stdout] ---- tests::test_custom_border_table stdout ----
[INFO] [stdout] ┌──────────┬────────────────────┐
[INFO] [stdout] │  Custom  │      Borders       │
[INFO] [stdout] ├──────────┼────────────────────┤
[INFO] [stdout] │are       │super fun           │
[INFO] [stdout] ├──────────┼────────────────────┤
[INFO] [stdout] │and       │super awesome       │
[INFO] [stdout] └──────────┴────────────────────┘
[INFO] [stdout] 
[INFO] [stdout] thread 'tests::test_custom_border_table' panicked at src/lib.rs:94:9:
[INFO] [stdout] assertion `left == right` failed
[INFO] [stdout]   left: "┌──────────┬────────────────────┐\n│  Custom  │      Borders       │\n├──────────┼────────────────────┤\n│are       │super fun           │\n├──────────┼────────────────────┤\n│and       │super awesome       │\n└──────────┴────────────────────┘\n"
[INFO] [stdout]  right: "┌──────────┬────────────────────┐\n│\u{1b}[91m  Custom  \u{1b}[0m│\u{1b}[96m      Borders       \u{1b}[0m│\n├──────────┼────────────────────┤\n│are       │super fun           │\n├──────────┼────────────────────┤\n│and       │super awesome       │\n└──────────┴────────────────────┘\n"
[INFO] [stdout] stack backtrace:
[INFO] [stdout]    0:     0x650da1d30fba - std::backtrace_rs::backtrace::libunwind::trace::h207520d6e9873551
[INFO] [stdout]                                at /rustc/df4ca44d3fbc9301ee17f30f4d474e6ae4b05252/library/std/src/../../backtrace/src/backtrace/libunwind.rs:116:5
[INFO] [stdout]    1:     0x650da1d30fba - std::backtrace_rs::backtrace::trace_unsynchronized::h2ed7433f370e3eca
[INFO] [stdout]                                at /rustc/df4ca44d3fbc9301ee17f30f4d474e6ae4b05252/library/std/src/../../backtrace/src/backtrace/mod.rs:66:5
[INFO] [stdout]    2:     0x650da1d30fba - std::sys::backtrace::_print_fmt::h916fac51166b18d7
[INFO] [stdout]                                at /rustc/df4ca44d3fbc9301ee17f30f4d474e6ae4b05252/library/std/src/sys/backtrace.rs:66:9
[INFO] [stdout]    3:     0x650da1d30fba - <std::sys::backtrace::BacktraceLock::print::DisplayBacktrace as core::fmt::Display>::fmt::ha0a4c9b8ce3802e6
[INFO] [stdout]                                at /rustc/df4ca44d3fbc9301ee17f30f4d474e6ae4b05252/library/std/src/sys/backtrace.rs:39:26
[INFO] [stdout]    4:     0x650da1d575e3 - core::fmt::rt::Argument::fmt::h4cfc8587d52b3eb5
[INFO] [stdout]                                at /rustc/df4ca44d3fbc9301ee17f30f4d474e6ae4b05252/library/core/src/fmt/rt.rs:177:76
[INFO] [stdout]    5:     0x650da1d575e3 - core::fmt::write::h522cc39e5b36ae9f
[INFO] [stdout]                                at /rustc/df4ca44d3fbc9301ee17f30f4d474e6ae4b05252/library/core/src/fmt/mod.rs:1190:21
[INFO] [stdout]    6:     0x650da1d2dc23 - std::io::Write::write_fmt::h7d3c26752da97734
[INFO] [stdout]                                at /rustc/df4ca44d3fbc9301ee17f30f4d474e6ae4b05252/library/std/src/io/mod.rs:1839:15
[INFO] [stdout]    7:     0x650da1d30e02 - std::sys::backtrace::BacktraceLock::print::h4b9e00b29e9c0942
[INFO] [stdout]                                at /rustc/df4ca44d3fbc9301ee17f30f4d474e6ae4b05252/library/std/src/sys/backtrace.rs:42:9
[INFO] [stdout]    8:     0x650da1d3244a - std::panicking::default_hook::{{closure}}::hb59b88280d0324d9
[INFO] [stdout]                                at /rustc/df4ca44d3fbc9301ee17f30f4d474e6ae4b05252/library/std/src/panicking.rs:268:22
[INFO] [stdout]    9:     0x650da1d32254 - std::panicking::default_hook::he1dd496665be4a29
[INFO] [stdout]                                at /rustc/df4ca44d3fbc9301ee17f30f4d474e6ae4b05252/library/std/src/panicking.rs:292:9
[INFO] [stdout]   10:     0x650da1cf0339 - <alloc::boxed::Box<F,A> as core::ops::function::Fn<Args>>::call::h4ff71de18744e1dc
[INFO] [stdout]                                at /rustc/df4ca44d3fbc9301ee17f30f4d474e6ae4b05252/library/alloc/src/boxed.rs:2468:9
[INFO] [stdout]   11:     0x650da1cf0339 - test::test_main::{{closure}}::hcf7c055ce117aa81
[INFO] [stdout]                                at /rustc/df4ca44d3fbc9301ee17f30f4d474e6ae4b05252/library/test/src/lib.rs:133:21
[INFO] [stdout]   12:     0x650da1d32b48 - <alloc::boxed::Box<F,A> as core::ops::function::Fn<Args>>::call::h1d66c6bbd60c9692
[INFO] [stdout]                                at /rustc/df4ca44d3fbc9301ee17f30f4d474e6ae4b05252/library/alloc/src/boxed.rs:2468:9
[INFO] [stdout]   13:     0x650da1d32b48 - std::panicking::rust_panic_with_hook::h2ff17fe8f26dfcf8
[INFO] [stdout]                                at /rustc/df4ca44d3fbc9301ee17f30f4d474e6ae4b05252/library/std/src/panicking.rs:809:13
[INFO] [stdout]   14:     0x650da1d3290a - std::panicking::begin_panic_handler::{{closure}}::h4fad77951c07e101
[INFO] [stdout]                                at /rustc/df4ca44d3fbc9301ee17f30f4d474e6ae4b05252/library/std/src/panicking.rs:674:13
[INFO] [stdout]   15:     0x650da1d31499 - std::sys::backtrace::__rust_end_short_backtrace::hb1a25b3da5d0ea08
[INFO] [stdout]                                at /rustc/df4ca44d3fbc9301ee17f30f4d474e6ae4b05252/library/std/src/sys/backtrace.rs:170:18
[INFO] [stdout]   16:     0x650da1d3259c - rust_begin_unwind
[INFO] [stdout]                                at /rustc/df4ca44d3fbc9301ee17f30f4d474e6ae4b05252/library/std/src/panicking.rs:665:5
[INFO] [stdout]   17:     0x650da1d55fe0 - core::panicking::panic_fmt::ha9db07b529f9b256
[INFO] [stdout]                                at /rustc/df4ca44d3fbc9301ee17f30f4d474e6ae4b05252/library/core/src/panicking.rs:75:14
[INFO] [stdout]   18:     0x650da1d563ab - core::panicking::assert_failed_inner::h04f38944d74a80a8
[INFO] [stdout]   19:     0x650da1ca8046 - core::panicking::assert_failed::h1670466f5daeb9ca
[INFO] [stdout]                                at /rustc/df4ca44d3fbc9301ee17f30f4d474e6ae4b05252/library/core/src/panicking.rs:377:5
[INFO] [stdout]   20:     0x650da1cb23c4 - libtableformat::tests::test_custom_border_table::h36bde459b7d97bdc
[INFO] [stdout]                                at /opt/rustwide/workdir/src/lib.rs:94:9
[INFO] [stdout]   21:     0x650da1cb1e17 - libtableformat::tests::test_custom_border_table::{{closure}}::hf98d538814f56c0f
[INFO] [stdout]                                at /opt/rustwide/workdir/src/lib.rs:55:34
[INFO] [stdout]   22:     0x650da1ca70a6 - core::ops::function::FnOnce::call_once::hff9be449acd83a62
[INFO] [stdout]                                at /rustc/df4ca44d3fbc9301ee17f30f4d474e6ae4b05252/library/core/src/ops/function.rs:250:5
[INFO] [stdout]   23:     0x650da1cf4c0b - core::ops::function::FnOnce::call_once::h22c3ba5715e93f05
[INFO] [stdout]                                at /rustc/df4ca44d3fbc9301ee17f30f4d474e6ae4b05252/library/core/src/ops/function.rs:250:5
[INFO] [stdout]   24:     0x650da1cf4c0b - test::__rust_begin_short_backtrace::h8e82d8113d0da17f
[INFO] [stdout]                                at /rustc/df4ca44d3fbc9301ee17f30f4d474e6ae4b05252/library/test/src/lib.rs:621:18
[INFO] [stdout]   25:     0x650da1cf4587 - test::run_test_in_process::{{closure}}::h33235f4f20b7b7c7
[INFO] [stdout]                                at /rustc/df4ca44d3fbc9301ee17f30f4d474e6ae4b05252/library/test/src/lib.rs:644:60
[INFO] [stdout]   26:     0x650da1cf4587 - <core::panic::unwind_safe::AssertUnwindSafe<F> as core::ops::function::FnOnce<()>>::call_once::hb5043206310c586f
[INFO] [stdout]                                at /rustc/df4ca44d3fbc9301ee17f30f4d474e6ae4b05252/library/core/src/panic/unwind_safe.rs:272:9
[INFO] [stdout]   27:     0x650da1cf4587 - std::panicking::try::do_call::h9ad4731a60ab23e2
[INFO] [stdout]                                at /rustc/df4ca44d3fbc9301ee17f30f4d474e6ae4b05252/library/std/src/panicking.rs:557:40
[INFO] [stdout]   28:     0x650da1cf4587 - std::panicking::try::h3824d23db772a716
[INFO] [stdout]                                at /rustc/df4ca44d3fbc9301ee17f30f4d474e6ae4b05252/library/std/src/panicking.rs:520:19
[INFO] [stdout]   29:     0x650da1cf4587 - std::panic::catch_unwind::h5afd514605fde46b
[INFO] [stdout]                                at /rustc/df4ca44d3fbc9301ee17f30f4d474e6ae4b05252/library/std/src/panic.rs:358:14
[INFO] [stdout]   30:     0x650da1cf4587 - test::run_test_in_process::h0d5cbfa7067d1720
[INFO] [stdout]                                at /rustc/df4ca44d3fbc9301ee17f30f4d474e6ae4b05252/library/test/src/lib.rs:644:27
[INFO] [stdout]   31:     0x650da1cf4587 - test::run_test::{{closure}}::h708eb8872708115d
[INFO] [stdout]                                at /rustc/df4ca44d3fbc9301ee17f30f4d474e6ae4b05252/library/test/src/lib.rs:565:43
[INFO] [stdout]   32:     0x650da1cb7ca4 - test::run_test::{{closure}}::h392c51cee94713ab
[INFO] [stdout]                                at /rustc/df4ca44d3fbc9301ee17f30f4d474e6ae4b05252/library/test/src/lib.rs:595:41
[INFO] [stdout]   33:     0x650da1cb7ca4 - std::sys::backtrace::__rust_begin_short_backtrace::h2f40290710935a8b
[INFO] [stdout]                                at /rustc/df4ca44d3fbc9301ee17f30f4d474e6ae4b05252/library/std/src/sys/backtrace.rs:154:18
[INFO] [stdout]   34:     0x650da1cbb44e - std::thread::Builder::spawn_unchecked_::{{closure}}::{{closure}}::h3fd968d89053a903
[INFO] [stdout]                                at /rustc/df4ca44d3fbc9301ee17f30f4d474e6ae4b05252/library/std/src/thread/mod.rs:541:17
[INFO] [stdout]   35:     0x650da1cbb44e - <core::panic::unwind_safe::AssertUnwindSafe<F> as core::ops::function::FnOnce<()>>::call_once::h743f637ba4229880
[INFO] [stdout]                                at /rustc/df4ca44d3fbc9301ee17f30f4d474e6ae4b05252/library/core/src/panic/unwind_safe.rs:272:9
[INFO] [stdout]   36:     0x650da1cbb44e - std::panicking::try::do_call::h07440897322525a6
[INFO] [stdout]                                at /rustc/df4ca44d3fbc9301ee17f30f4d474e6ae4b05252/library/std/src/panicking.rs:557:40
[INFO] [stdout]   37:     0x650da1cbb44e - std::panicking::try::he5a2e00188156637
[INFO] [stdout]                                at /rustc/df4ca44d3fbc9301ee17f30f4d474e6ae4b05252/library/std/src/panicking.rs:520:19
[INFO] [stdout]   38:     0x650da1cbb44e - std::panic::catch_unwind::hbaf3cae49b3c6433
[INFO] [stdout]                                at /rustc/df4ca44d3fbc9301ee17f30f4d474e6ae4b05252/library/std/src/panic.rs:358:14
[INFO] [stdout]   39:     0x650da1cbb44e - std::thread::Builder::spawn_unchecked_::{{closure}}::h8e141ea224820bce
[INFO] [stdout]                                at /rustc/df4ca44d3fbc9301ee17f30f4d474e6ae4b05252/library/std/src/thread/mod.rs:540:30
[INFO] [stdout]   40:     0x650da1cbb44e - core::ops::function::FnOnce::call_once{{vtable.shim}}::h90d312fedd7b8ea8
[INFO] [stdout]                                at /rustc/df4ca44d3fbc9301ee17f30f4d474e6ae4b05252/library/core/src/ops/function.rs:250:5
[INFO] [stderr] error: test failed, to rerun pass `--lib`
[INFO] [stdout]   41:     0x650da1d3693b - <alloc::boxed::Box<F,A> as core::ops::function::FnOnce<Args>>::call_once::h69aa08ddb6adb8b6
[INFO] [stdout]                                at /rustc/df4ca44d3fbc9301ee17f30f4d474e6ae4b05252/library/alloc/src/boxed.rs:2454:9
[INFO] [stdout]   42:     0x650da1d3693b - <alloc::boxed::Box<F,A> as core::ops::function::FnOnce<Args>>::call_once::h5aa36efdb79c806f
[INFO] [stdout]                                at /rustc/df4ca44d3fbc9301ee17f30f4d474e6ae4b05252/library/alloc/src/boxed.rs:2454:9
[INFO] [stdout]   43:     0x650da1d3693b - std::sys::pal::unix::thread::Thread::new::thread_start::h6cd80a1b4be5158d
[INFO] [stdout]                                at /rustc/df4ca44d3fbc9301ee17f30f4d474e6ae4b05252/library/std/src/sys/pal/unix/thread.rs:105:17
[INFO] [stdout]   44:     0x78d47d231ac3 - <unknown>
[INFO] [stdout]   45:     0x78d47d2c2a04 - clone
[INFO] [stdout]   46:                0x0 - <unknown>
[INFO] [stdout] 
[INFO] [stdout] ---- tests::test_simple_vector_table stdout ----
[INFO] [stdout] +---------------+----------+
[INFO] [stdout] |     Food      |  Count   |
[INFO] [stdout] +---------------+----------+
[INFO] [stdout] |Fish           |3         |
[INFO] [stdout] +---------------+----------+
[INFO] [stdout] |Pears          |5         |
[INFO] [stdout] +---------------+----------+
[INFO] [stdout] |Pizza          |13        |
[INFO] [stdout] +---------------+----------+
[INFO] [stdout] 
[INFO] [stdout] thread 'tests::test_simple_vector_table' panicked at src/lib.rs:51:9:
[INFO] [stdout] assertion `left == right` failed
[INFO] [stdout]   left: "+---------------+----------+\n|     Food      |  Count   |\n+---------------+----------+\n|Fish           |3         |\n+---------------+----------+\n|Pears          |5         |\n+---------------+----------+\n|Pizza          |13        |\n+---------------+----------+\n"
[INFO] [stdout]  right: "+---------------+----------+\n|\u{1b}[36m     Food      \u{1b}[0m|\u{1b}[36m  Count   \u{1b}[0m|\n+---------------+----------+\n|Fish           |3         |\n+---------------+----------+\n|Pears          |5         |\n+---------------+----------+\n|Pizza          |13        |\n+---------------+----------+\n"
[INFO] [stdout] stack backtrace:
[INFO] [stdout]    0:     0x650da1d30fba - std::backtrace_rs::backtrace::libunwind::trace::h207520d6e9873551
[INFO] [stdout]                                at /rustc/df4ca44d3fbc9301ee17f30f4d474e6ae4b05252/library/std/src/../../backtrace/src/backtrace/libunwind.rs:116:5
[INFO] [stdout]    1:     0x650da1d30fba - std::backtrace_rs::backtrace::trace_unsynchronized::h2ed7433f370e3eca
[INFO] [stdout]                                at /rustc/df4ca44d3fbc9301ee17f30f4d474e6ae4b05252/library/std/src/../../backtrace/src/backtrace/mod.rs:66:5
[INFO] [stdout]    2:     0x650da1d30fba - std::sys::backtrace::_print_fmt::h916fac51166b18d7
[INFO] [stdout]                                at /rustc/df4ca44d3fbc9301ee17f30f4d474e6ae4b05252/library/std/src/sys/backtrace.rs:66:9
[INFO] [stdout]    3:     0x650da1d30fba - <std::sys::backtrace::BacktraceLock::print::DisplayBacktrace as core::fmt::Display>::fmt::ha0a4c9b8ce3802e6
[INFO] [stdout]                                at /rustc/df4ca44d3fbc9301ee17f30f4d474e6ae4b05252/library/std/src/sys/backtrace.rs:39:26
[INFO] [stdout]    4:     0x650da1d575e3 - core::fmt::rt::Argument::fmt::h4cfc8587d52b3eb5
[INFO] [stdout]                                at /rustc/df4ca44d3fbc9301ee17f30f4d474e6ae4b05252/library/core/src/fmt/rt.rs:177:76
[INFO] [stdout]    5:     0x650da1d575e3 - core::fmt::write::h522cc39e5b36ae9f
[INFO] [stdout]                                at /rustc/df4ca44d3fbc9301ee17f30f4d474e6ae4b05252/library/core/src/fmt/mod.rs:1190:21
[INFO] [stdout]    6:     0x650da1d2dc23 - std::io::Write::write_fmt::h7d3c26752da97734
[INFO] [stdout]                                at /rustc/df4ca44d3fbc9301ee17f30f4d474e6ae4b05252/library/std/src/io/mod.rs:1839:15
[INFO] [stdout]    7:     0x650da1d30e02 - std::sys::backtrace::BacktraceLock::print::h4b9e00b29e9c0942
[INFO] [stdout]                                at /rustc/df4ca44d3fbc9301ee17f30f4d474e6ae4b05252/library/std/src/sys/backtrace.rs:42:9
[INFO] [stdout]    8:     0x650da1d3244a - std::panicking::default_hook::{{closure}}::hb59b88280d0324d9
[INFO] [stdout]                                at /rustc/df4ca44d3fbc9301ee17f30f4d474e6ae4b05252/library/std/src/panicking.rs:268:22
[INFO] [stdout]    9:     0x650da1d32254 - std::panicking::default_hook::he1dd496665be4a29
[INFO] [stdout]                                at /rustc/df4ca44d3fbc9301ee17f30f4d474e6ae4b05252/library/std/src/panicking.rs:292:9
[INFO] [stdout]   10:     0x650da1cf0339 - <alloc::boxed::Box<F,A> as core::ops::function::Fn<Args>>::call::h4ff71de18744e1dc
[INFO] [stdout]                                at /rustc/df4ca44d3fbc9301ee17f30f4d474e6ae4b05252/library/alloc/src/boxed.rs:2468:9
[INFO] [stdout]   11:     0x650da1cf0339 - test::test_main::{{closure}}::hcf7c055ce117aa81
[INFO] [stdout]                                at /rustc/df4ca44d3fbc9301ee17f30f4d474e6ae4b05252/library/test/src/lib.rs:133:21
[INFO] [stdout]   12:     0x650da1d32b48 - <alloc::boxed::Box<F,A> as core::ops::function::Fn<Args>>::call::h1d66c6bbd60c9692
[INFO] [stdout]                                at /rustc/df4ca44d3fbc9301ee17f30f4d474e6ae4b05252/library/alloc/src/boxed.rs:2468:9
[INFO] [stdout]   13:     0x650da1d32b48 - std::panicking::rust_panic_with_hook::h2ff17fe8f26dfcf8
[INFO] [stdout]                                at /rustc/df4ca44d3fbc9301ee17f30f4d474e6ae4b05252/library/std/src/panicking.rs:809:13
[INFO] [stdout]   14:     0x650da1d3290a - std::panicking::begin_panic_handler::{{closure}}::h4fad77951c07e101
[INFO] [stdout]                                at /rustc/df4ca44d3fbc9301ee17f30f4d474e6ae4b05252/library/std/src/panicking.rs:674:13
[INFO] [stdout]   15:     0x650da1d31499 - std::sys::backtrace::__rust_end_short_backtrace::hb1a25b3da5d0ea08
[INFO] [stdout]                                at /rustc/df4ca44d3fbc9301ee17f30f4d474e6ae4b05252/library/std/src/sys/backtrace.rs:170:18
[INFO] [stdout]   16:     0x650da1d3259c - rust_begin_unwind
[INFO] [stdout]                                at /rustc/df4ca44d3fbc9301ee17f30f4d474e6ae4b05252/library/std/src/panicking.rs:665:5
[INFO] [stdout]   17:     0x650da1d55fe0 - core::panicking::panic_fmt::ha9db07b529f9b256
[INFO] [stdout]                                at /rustc/df4ca44d3fbc9301ee17f30f4d474e6ae4b05252/library/core/src/panicking.rs:75:14
[INFO] [stdout]   18:     0x650da1d563ab - core::panicking::assert_failed_inner::h04f38944d74a80a8
[INFO] [stdout]   19:     0x650da1ca8046 - core::panicking::assert_failed::h1670466f5daeb9ca
[INFO] [stdout]                                at /rustc/df4ca44d3fbc9301ee17f30f4d474e6ae4b05252/library/core/src/panicking.rs:377:5
[INFO] [stdout]   20:     0x650da1cb1da6 - libtableformat::tests::test_simple_vector_table::h911adbdeaf134f08
[INFO] [stdout]                                at /opt/rustwide/workdir/src/lib.rs:51:9
[INFO] [stdout]   21:     0x650da1cb1937 - libtableformat::tests::test_simple_vector_table::{{closure}}::hc769ea60ea0a685e
[INFO] [stdout]                                at /opt/rustwide/workdir/src/lib.rs:36:34
[INFO] [stdout]   22:     0x650da1ca6e16 - core::ops::function::FnOnce::call_once::h622ae3791f3ce8f6
[INFO] [stdout]                                at /rustc/df4ca44d3fbc9301ee17f30f4d474e6ae4b05252/library/core/src/ops/function.rs:250:5
[INFO] [stdout]   23:     0x650da1cf4c0b - core::ops::function::FnOnce::call_once::h22c3ba5715e93f05
[INFO] [stdout]                                at /rustc/df4ca44d3fbc9301ee17f30f4d474e6ae4b05252/library/core/src/ops/function.rs:250:5
[INFO] [stdout]   24:     0x650da1cf4c0b - test::__rust_begin_short_backtrace::h8e82d8113d0da17f
[INFO] [stdout]                                at /rustc/df4ca44d3fbc9301ee17f30f4d474e6ae4b05252/library/test/src/lib.rs:621:18
[INFO] [stdout]   25:     0x650da1cf4587 - test::run_test_in_process::{{closure}}::h33235f4f20b7b7c7
[INFO] [stdout]                                at /rustc/df4ca44d3fbc9301ee17f30f4d474e6ae4b05252/library/test/src/lib.rs:644:60
[INFO] [stdout]   26:     0x650da1cf4587 - <core::panic::unwind_safe::AssertUnwindSafe<F> as core::ops::function::FnOnce<()>>::call_once::hb5043206310c586f
[INFO] [stdout]                                at /rustc/df4ca44d3fbc9301ee17f30f4d474e6ae4b05252/library/core/src/panic/unwind_safe.rs:272:9
[INFO] [stdout]   27:     0x650da1cf4587 - std::panicking::try::do_call::h9ad4731a60ab23e2
[INFO] [stdout]                                at /rustc/df4ca44d3fbc9301ee17f30f4d474e6ae4b05252/library/std/src/panicking.rs:557:40
[INFO] [stdout]   28:     0x650da1cf4587 - std::panicking::try::h3824d23db772a716
[INFO] [stdout]                                at /rustc/df4ca44d3fbc9301ee17f30f4d474e6ae4b05252/library/std/src/panicking.rs:520:19
[INFO] [stdout]   29:     0x650da1cf4587 - std::panic::catch_unwind::h5afd514605fde46b
[INFO] [stdout]                                at /rustc/df4ca44d3fbc9301ee17f30f4d474e6ae4b05252/library/std/src/panic.rs:358:14
[INFO] [stdout]   30:     0x650da1cf4587 - test::run_test_in_process::h0d5cbfa7067d1720
[INFO] [stdout]                                at /rustc/df4ca44d3fbc9301ee17f30f4d474e6ae4b05252/library/test/src/lib.rs:644:27
[INFO] [stdout]   31:     0x650da1cf4587 - test::run_test::{{closure}}::h708eb8872708115d
[INFO] [stdout]                                at /rustc/df4ca44d3fbc9301ee17f30f4d474e6ae4b05252/library/test/src/lib.rs:565:43
[INFO] [stdout]   32:     0x650da1cb7ca4 - test::run_test::{{closure}}::h392c51cee94713ab
[INFO] [stdout]                                at /rustc/df4ca44d3fbc9301ee17f30f4d474e6ae4b05252/library/test/src/lib.rs:595:41
[INFO] [stdout]   33:     0x650da1cb7ca4 - std::sys::backtrace::__rust_begin_short_backtrace::h2f40290710935a8b
[INFO] [stdout]                                at /rustc/df4ca44d3fbc9301ee17f30f4d474e6ae4b05252/library/std/src/sys/backtrace.rs:154:18
[INFO] [stdout]   34:     0x650da1cbb44e - std::thread::Builder::spawn_unchecked_::{{closure}}::{{closure}}::h3fd968d89053a903
[INFO] [stdout]                                at /rustc/df4ca44d3fbc9301ee17f30f4d474e6ae4b05252/library/std/src/thread/mod.rs:541:17
[INFO] [stdout]   35:     0x650da1cbb44e - <core::panic::unwind_safe::AssertUnwindSafe<F> as core::ops::function::FnOnce<()>>::call_once::h743f637ba4229880
[INFO] [stdout]                                at /rustc/df4ca44d3fbc9301ee17f30f4d474e6ae4b05252/library/core/src/panic/unwind_safe.rs:272:9
[INFO] [stdout]   36:     0x650da1cbb44e - std::panicking::try::do_call::h07440897322525a6
[INFO] [stdout]                                at /rustc/df4ca44d3fbc9301ee17f30f4d474e6ae4b05252/library/std/src/panicking.rs:557:40
[INFO] [stdout]   37:     0x650da1cbb44e - std::panicking::try::he5a2e00188156637
[INFO] [stdout]                                at /rustc/df4ca44d3fbc9301ee17f30f4d474e6ae4b05252/library/std/src/panicking.rs:520:19
[INFO] [stdout]   38:     0x650da1cbb44e - std::panic::catch_unwind::hbaf3cae49b3c6433
[INFO] [stdout]                                at /rustc/df4ca44d3fbc9301ee17f30f4d474e6ae4b05252/library/std/src/panic.rs:358:14
[INFO] [stdout]   39:     0x650da1cbb44e - std::thread::Builder::spawn_unchecked_::{{closure}}::h8e141ea224820bce
[INFO] [stdout]                                at /rustc/df4ca44d3fbc9301ee17f30f4d474e6ae4b05252/library/std/src/thread/mod.rs:540:30
[INFO] [stdout]   40:     0x650da1cbb44e - core::ops::function::FnOnce::call_once{{vtable.shim}}::h90d312fedd7b8ea8
[INFO] [stdout]                                at /rustc/df4ca44d3fbc9301ee17f30f4d474e6ae4b05252/library/core/src/ops/function.rs:250:5
[INFO] [stdout]   41:     0x650da1d3693b - <alloc::boxed::Box<F,A> as core::ops::function::FnOnce<Args>>::call_once::h69aa08ddb6adb8b6
[INFO] [stdout]                                at /rustc/df4ca44d3fbc9301ee17f30f4d474e6ae4b05252/library/alloc/src/boxed.rs:2454:9
[INFO] [stdout]   42:     0x650da1d3693b - <alloc::boxed::Box<F,A> as core::ops::function::FnOnce<Args>>::call_once::h5aa36efdb79c806f
[INFO] [stdout]                                at /rustc/df4ca44d3fbc9301ee17f30f4d474e6ae4b05252/library/alloc/src/boxed.rs:2454:9
[INFO] [stdout]   43:     0x650da1d3693b - std::sys::pal::unix::thread::Thread::new::thread_start::h6cd80a1b4be5158d
[INFO] [stdout]                                at /rustc/df4ca44d3fbc9301ee17f30f4d474e6ae4b05252/library/std/src/sys/pal/unix/thread.rs:105:17
[INFO] [stdout]   44:     0x78d47d231ac3 - <unknown>
[INFO] [stdout]   45:     0x78d47d2c2a04 - clone
[INFO] [stdout]   46:                0x0 - <unknown>
[INFO] [stdout] 
[INFO] [stdout] 
[INFO] [stdout] failures:
[INFO] [stdout]     table::tests::table_macro_simple_styled_body
[INFO] [stdout]     table::tests::table_macro_simple_unstyled_body
[INFO] [stdout]     tests::test_custom_border_table
[INFO] [stdout]     tests::test_simple_vector_table
[INFO] [stdout] 
[INFO] [stdout] test result: FAILED. 7 passed; 4 failed; 0 ignored; 0 measured; 0 filtered out; finished in 0.01s
[INFO] [stdout] 
[INFO] running `Command { std: "docker" "inspect" "99e41e9c1a544b18a658f86c623ffffbe5d31c8527cc230fd6a80efeb3afc460", kill_on_drop: false }`
[INFO] running `Command { std: "docker" "rm" "-f" "99e41e9c1a544b18a658f86c623ffffbe5d31c8527cc230fd6a80efeb3afc460", kill_on_drop: false }`
[INFO] [stdout] 99e41e9c1a544b18a658f86c623ffffbe5d31c8527cc230fd6a80efeb3afc460
