[INFO] fetching crate syndica-dyndexer-runtime-macros 0.1.0...
[INFO] testing syndica-dyndexer-runtime-macros-0.1.0 against nightly-2024-10-28+rustflags=-Zrandomize-layout for randomize-layout
[INFO] extracting crate syndica-dyndexer-runtime-macros 0.1.0 into /workspace/builds/worker-1-tc2/source
[INFO] validating manifest of crates.io crate syndica-dyndexer-runtime-macros 0.1.0 on toolchain nightly-2024-10-28
[INFO] running `Command { std: CARGO_HOME="/workspace/cargo-home" RUSTUP_HOME="/workspace/rustup-home" "/workspace/cargo-home/bin/cargo" "+nightly-2024-10-28" "metadata" "--manifest-path" "Cargo.toml" "--no-deps", kill_on_drop: false }`
[INFO] started tweaking crates.io crate syndica-dyndexer-runtime-macros 0.1.0
[INFO] finished tweaking crates.io crate syndica-dyndexer-runtime-macros 0.1.0
[INFO] tweaked toml for crates.io crate syndica-dyndexer-runtime-macros 0.1.0 written to /workspace/builds/worker-1-tc2/source/Cargo.toml
[INFO] running `Command { std: CARGO_HOME="/workspace/cargo-home" RUSTUP_HOME="/workspace/rustup-home" "/workspace/cargo-home/bin/cargo" "+nightly-2024-10-28" "generate-lockfile" "--manifest-path" "Cargo.toml", kill_on_drop: false }`
[INFO] [stderr]     Updating crates.io index
[INFO] [stderr]      Locking 4 packages to latest compatible versions
[INFO] running `Command { std: CARGO_HOME="/workspace/cargo-home" RUSTUP_HOME="/workspace/rustup-home" "/workspace/cargo-home/bin/cargo" "+nightly-2024-10-28" "fetch" "--manifest-path" "Cargo.toml", kill_on_drop: false }`
[INFO] running `Command { std: "docker" "create" "-v" "/var/lib/crater-agent-workspace/builds/worker-1-tc2/target:/opt/rustwide/target:rw,Z" "-v" "/var/lib/crater-agent-workspace/builds/worker-1-tc2/source:/opt/rustwide/workdir:ro,Z" "-v" "/var/lib/crater-agent-workspace/cargo-home:/opt/rustwide/cargo-home:ro,Z" "-v" "/var/lib/crater-agent-workspace/rustup-home:/opt/rustwide/rustup-home:ro,Z" "-e" "SOURCE_DIR=/opt/rustwide/workdir" "-e" "CARGO_TARGET_DIR=/opt/rustwide/target" "-e" "CARGO_HOME=/opt/rustwide/cargo-home" "-e" "RUSTUP_HOME=/opt/rustwide/rustup-home" "-w" "/opt/rustwide/workdir" "-m" "1610612736" "--user" "0:0" "--network" "none" "ghcr.io/rust-lang/crates-build-env/linux@sha256:4a844ea9eb2546a2d2c7022eacef16ef2e8229c7fbb2c7d4d55a9ceca922f72d" "/opt/rustwide/cargo-home/bin/cargo" "+nightly-2024-10-28" "metadata" "--no-deps" "--format-version=1", kill_on_drop: false }`
[INFO] [stdout] eeeac1a12b51bf713b16fb936a179a7526ff1657d5cf4c2ec06e70d429338ac3
[INFO] running `Command { std: "docker" "start" "-a" "eeeac1a12b51bf713b16fb936a179a7526ff1657d5cf4c2ec06e70d429338ac3", kill_on_drop: false }`
[INFO] running `Command { std: "docker" "inspect" "eeeac1a12b51bf713b16fb936a179a7526ff1657d5cf4c2ec06e70d429338ac3", kill_on_drop: false }`
[INFO] running `Command { std: "docker" "rm" "-f" "eeeac1a12b51bf713b16fb936a179a7526ff1657d5cf4c2ec06e70d429338ac3", kill_on_drop: false }`
[INFO] [stdout] eeeac1a12b51bf713b16fb936a179a7526ff1657d5cf4c2ec06e70d429338ac3
[INFO] running `Command { std: "docker" "create" "-v" "/var/lib/crater-agent-workspace/builds/worker-1-tc2/target:/opt/rustwide/target:rw,Z" "-v" "/var/lib/crater-agent-workspace/builds/worker-1-tc2/source:/opt/rustwide/workdir:ro,Z" "-v" "/var/lib/crater-agent-workspace/cargo-home:/opt/rustwide/cargo-home:ro,Z" "-v" "/var/lib/crater-agent-workspace/rustup-home:/opt/rustwide/rustup-home:ro,Z" "-e" "SOURCE_DIR=/opt/rustwide/workdir" "-e" "CARGO_TARGET_DIR=/opt/rustwide/target" "-e" "CARGO_INCREMENTAL=0" "-e" "RUST_BACKTRACE=full" "-e" "RUSTFLAGS=--cap-lints=forbid -Zrandomize-layout" "-e" "RUSTDOCFLAGS=--cap-lints=forbid" "-e" "CARGO_HOME=/opt/rustwide/cargo-home" "-e" "RUSTUP_HOME=/opt/rustwide/rustup-home" "-w" "/opt/rustwide/workdir" "-m" "1610612736" "--user" "0:0" "--network" "none" "ghcr.io/rust-lang/crates-build-env/linux@sha256:4a844ea9eb2546a2d2c7022eacef16ef2e8229c7fbb2c7d4d55a9ceca922f72d" "/opt/rustwide/cargo-home/bin/cargo" "+nightly-2024-10-28" "build" "--frozen" "--message-format=json", kill_on_drop: false }`
[INFO] [stdout] d439afe463fdfcd15d7ff5a3e3fab47eeedac18afc770df4a5543796e1a8285c
[INFO] running `Command { std: "docker" "start" "-a" "d439afe463fdfcd15d7ff5a3e3fab47eeedac18afc770df4a5543796e1a8285c", kill_on_drop: false }`
[INFO] [stderr]    Compiling proc-macro2 v1.0.89
[INFO] [stderr]    Compiling quote v1.0.37
[INFO] [stderr]    Compiling syn v2.0.86
[INFO] [stderr]    Compiling syndica-dyndexer-runtime-macros v0.1.0 (/opt/rustwide/workdir)
[INFO] [stderr]     Finished `dev` profile [unoptimized + debuginfo] target(s) in 2.86s
[INFO] running `Command { std: "docker" "inspect" "d439afe463fdfcd15d7ff5a3e3fab47eeedac18afc770df4a5543796e1a8285c", kill_on_drop: false }`
[INFO] running `Command { std: "docker" "rm" "-f" "d439afe463fdfcd15d7ff5a3e3fab47eeedac18afc770df4a5543796e1a8285c", kill_on_drop: false }`
[INFO] [stdout] d439afe463fdfcd15d7ff5a3e3fab47eeedac18afc770df4a5543796e1a8285c
[INFO] running `Command { std: "docker" "create" "-v" "/var/lib/crater-agent-workspace/builds/worker-1-tc2/target:/opt/rustwide/target:rw,Z" "-v" "/var/lib/crater-agent-workspace/builds/worker-1-tc2/source:/opt/rustwide/workdir:ro,Z" "-v" "/var/lib/crater-agent-workspace/cargo-home:/opt/rustwide/cargo-home:ro,Z" "-v" "/var/lib/crater-agent-workspace/rustup-home:/opt/rustwide/rustup-home:ro,Z" "-e" "SOURCE_DIR=/opt/rustwide/workdir" "-e" "CARGO_TARGET_DIR=/opt/rustwide/target" "-e" "CARGO_INCREMENTAL=0" "-e" "RUST_BACKTRACE=full" "-e" "RUSTFLAGS=--cap-lints=forbid -Zrandomize-layout" "-e" "RUSTDOCFLAGS=--cap-lints=forbid" "-e" "CARGO_HOME=/opt/rustwide/cargo-home" "-e" "RUSTUP_HOME=/opt/rustwide/rustup-home" "-w" "/opt/rustwide/workdir" "-m" "1610612736" "--user" "0:0" "--network" "none" "ghcr.io/rust-lang/crates-build-env/linux@sha256:4a844ea9eb2546a2d2c7022eacef16ef2e8229c7fbb2c7d4d55a9ceca922f72d" "/opt/rustwide/cargo-home/bin/cargo" "+nightly-2024-10-28" "test" "--frozen" "--no-run" "--message-format=json", kill_on_drop: false }`
[INFO] [stdout] 5bae316804ac7ff9549beed594ff115694ee7b13fd632c3bfaa285f241d2fbd1
[INFO] running `Command { std: "docker" "start" "-a" "5bae316804ac7ff9549beed594ff115694ee7b13fd632c3bfaa285f241d2fbd1", kill_on_drop: false }`
[INFO] [stderr]    Compiling syndica-dyndexer-runtime-macros v0.1.0 (/opt/rustwide/workdir)
[INFO] [stderr]     Finished `test` profile [unoptimized + debuginfo] target(s) in 0.16s
[INFO] running `Command { std: "docker" "inspect" "5bae316804ac7ff9549beed594ff115694ee7b13fd632c3bfaa285f241d2fbd1", kill_on_drop: false }`
[INFO] running `Command { std: "docker" "rm" "-f" "5bae316804ac7ff9549beed594ff115694ee7b13fd632c3bfaa285f241d2fbd1", kill_on_drop: false }`
[INFO] [stdout] 5bae316804ac7ff9549beed594ff115694ee7b13fd632c3bfaa285f241d2fbd1
[INFO] running `Command { std: "docker" "create" "-v" "/var/lib/crater-agent-workspace/builds/worker-1-tc2/target:/opt/rustwide/target:rw,Z" "-v" "/var/lib/crater-agent-workspace/builds/worker-1-tc2/source:/opt/rustwide/workdir:ro,Z" "-v" "/var/lib/crater-agent-workspace/cargo-home:/opt/rustwide/cargo-home:ro,Z" "-v" "/var/lib/crater-agent-workspace/rustup-home:/opt/rustwide/rustup-home:ro,Z" "-e" "SOURCE_DIR=/opt/rustwide/workdir" "-e" "CARGO_TARGET_DIR=/opt/rustwide/target" "-e" "CARGO_INCREMENTAL=0" "-e" "RUST_BACKTRACE=full" "-e" "RUSTFLAGS=--cap-lints=forbid -Zrandomize-layout" "-e" "RUSTDOCFLAGS=--cap-lints=forbid" "-e" "CARGO_HOME=/opt/rustwide/cargo-home" "-e" "RUSTUP_HOME=/opt/rustwide/rustup-home" "-w" "/opt/rustwide/workdir" "-m" "1610612736" "--user" "0:0" "--network" "none" "ghcr.io/rust-lang/crates-build-env/linux@sha256:4a844ea9eb2546a2d2c7022eacef16ef2e8229c7fbb2c7d4d55a9ceca922f72d" "/opt/rustwide/cargo-home/bin/cargo" "+nightly-2024-10-28" "test" "--frozen", kill_on_drop: false }`
[INFO] [stdout] e37d7e80256ec9d943a0dd4e224503ea50d9f4a061c030c356abd52c06be30ed
[INFO] running `Command { std: "docker" "start" "-a" "e37d7e80256ec9d943a0dd4e224503ea50d9f4a061c030c356abd52c06be30ed", kill_on_drop: false }`
[INFO] [stderr]     Finished `test` profile [unoptimized + debuginfo] target(s) in 0.01s
[INFO] [stderr]      Running unittests src/lib.rs (/opt/rustwide/target/debug/deps/syndica_dyndexer_runtime_macros-cfd0521cf660790a)
[INFO] [stdout] 
[INFO] [stdout] running 0 tests
[INFO] [stdout] 
[INFO] [stdout] test result: ok. 0 passed; 0 failed; 0 ignored; 0 measured; 0 filtered out; finished in 0.00s
[INFO] [stdout] 
[INFO] [stderr]    Doc-tests syndica_dyndexer_runtime_macros
[INFO] [stdout] 
[INFO] [stdout] running 1 test
[INFO] [stdout] test src/lib.rs - processor (line 9) ... FAILED
[INFO] [stdout] 
[INFO] [stdout] failures:
[INFO] [stdout] 
[INFO] [stdout] ---- src/lib.rs - processor (line 9) stdout ----
[INFO] [stdout] error: cannot find attribute `processor` in this scope
[INFO] [stdout]  --> src/lib.rs:10:3
[INFO] [stdout]   |
[INFO] [stdout] 3 | #[processor]
[INFO] [stdout]   |   ^^^^^^^^^
[INFO] [stdout]   |
[INFO] [stdout] help: consider importing this attribute macro
[INFO] [stdout]   |
[INFO] [stdout] 2 + use syndica_dyndexer_runtime_macros::processor;
[INFO] [stdout]   |
[INFO] [stdout] 
[INFO] [stdout] error[E0412]: cannot find type `Event` in this scope
[INFO] [stdout]  --> src/lib.rs:11:19
[INFO] [stdout]   |
[INFO] [stdout] 4 | fn process(event: Event) {
[INFO] [stdout]   |                   ^^^^^ not found in this scope
[INFO] [stdout] 
[INFO] [stdout] error: aborting due to 2 previous errors
[INFO] [stdout] 
[INFO] [stdout] For more information about this error, try `rustc --explain E0412`.
[INFO] [stdout] Couldn't compile the test.
[INFO] [stdout] 
[INFO] [stdout] failures:
[INFO] [stdout]     src/lib.rs - processor (line 9)
[INFO] [stdout] 
[INFO] [stdout] test result: FAILED. 0 passed; 1 failed; 0 ignored; 0 measured; 0 filtered out; finished in 0.05s
[INFO] [stdout] 
[INFO] [stderr] error: doctest failed, to rerun pass `--doc`
[INFO] running `Command { std: "docker" "inspect" "e37d7e80256ec9d943a0dd4e224503ea50d9f4a061c030c356abd52c06be30ed", kill_on_drop: false }`
[INFO] running `Command { std: "docker" "rm" "-f" "e37d7e80256ec9d943a0dd4e224503ea50d9f4a061c030c356abd52c06be30ed", kill_on_drop: false }`
[INFO] [stdout] e37d7e80256ec9d943a0dd4e224503ea50d9f4a061c030c356abd52c06be30ed
