[INFO] fetching crate sync-lsp 0.1.0...
[INFO] testing sync-lsp-0.1.0 against nightly-2024-10-28+rustflags=-Zrandomize-layout for randomize-layout
[INFO] extracting crate sync-lsp 0.1.0 into /workspace/builds/worker-1-tc2/source
[INFO] validating manifest of crates.io crate sync-lsp 0.1.0 on toolchain nightly-2024-10-28
[INFO] running `Command { std: CARGO_HOME="/workspace/cargo-home" RUSTUP_HOME="/workspace/rustup-home" "/workspace/cargo-home/bin/cargo" "+nightly-2024-10-28" "metadata" "--manifest-path" "Cargo.toml" "--no-deps", kill_on_drop: false }`
[INFO] started tweaking crates.io crate sync-lsp 0.1.0
[INFO] finished tweaking crates.io crate sync-lsp 0.1.0
[INFO] tweaked toml for crates.io crate sync-lsp 0.1.0 written to /workspace/builds/worker-1-tc2/source/Cargo.toml
[INFO] running `Command { std: CARGO_HOME="/workspace/cargo-home" RUSTUP_HOME="/workspace/rustup-home" "/workspace/cargo-home/bin/cargo" "+nightly-2024-10-28" "generate-lockfile" "--manifest-path" "Cargo.toml", kill_on_drop: false }`
[INFO] [stderr]     Updating crates.io index
[INFO] [stderr]      Locking 25 packages to latest compatible versions
[INFO] [stderr]       Adding mio v0.8.11 (available: v1.0.2)
[INFO] running `Command { std: CARGO_HOME="/workspace/cargo-home" RUSTUP_HOME="/workspace/rustup-home" "/workspace/cargo-home/bin/cargo" "+nightly-2024-10-28" "fetch" "--manifest-path" "Cargo.toml", kill_on_drop: false }`
[INFO] running `Command { std: "docker" "create" "-v" "/var/lib/crater-agent-workspace/builds/worker-1-tc2/target:/opt/rustwide/target:rw,Z" "-v" "/var/lib/crater-agent-workspace/builds/worker-1-tc2/source:/opt/rustwide/workdir:ro,Z" "-v" "/var/lib/crater-agent-workspace/cargo-home:/opt/rustwide/cargo-home:ro,Z" "-v" "/var/lib/crater-agent-workspace/rustup-home:/opt/rustwide/rustup-home:ro,Z" "-e" "SOURCE_DIR=/opt/rustwide/workdir" "-e" "CARGO_TARGET_DIR=/opt/rustwide/target" "-e" "CARGO_HOME=/opt/rustwide/cargo-home" "-e" "RUSTUP_HOME=/opt/rustwide/rustup-home" "-w" "/opt/rustwide/workdir" "-m" "1610612736" "--user" "0:0" "--network" "none" "ghcr.io/rust-lang/crates-build-env/linux@sha256:4a844ea9eb2546a2d2c7022eacef16ef2e8229c7fbb2c7d4d55a9ceca922f72d" "/opt/rustwide/cargo-home/bin/cargo" "+nightly-2024-10-28" "metadata" "--no-deps" "--format-version=1", kill_on_drop: false }`
[INFO] [stdout] ad95b0ac1768403c80a9494e15d5f9a7866427e8abb9655bdd0571d9dea27f32
[INFO] running `Command { std: "docker" "start" "-a" "ad95b0ac1768403c80a9494e15d5f9a7866427e8abb9655bdd0571d9dea27f32", kill_on_drop: false }`
[INFO] running `Command { std: "docker" "inspect" "ad95b0ac1768403c80a9494e15d5f9a7866427e8abb9655bdd0571d9dea27f32", kill_on_drop: false }`
[INFO] running `Command { std: "docker" "rm" "-f" "ad95b0ac1768403c80a9494e15d5f9a7866427e8abb9655bdd0571d9dea27f32", kill_on_drop: false }`
[INFO] [stdout] ad95b0ac1768403c80a9494e15d5f9a7866427e8abb9655bdd0571d9dea27f32
[INFO] running `Command { std: "docker" "create" "-v" "/var/lib/crater-agent-workspace/builds/worker-1-tc2/target:/opt/rustwide/target:rw,Z" "-v" "/var/lib/crater-agent-workspace/builds/worker-1-tc2/source:/opt/rustwide/workdir:ro,Z" "-v" "/var/lib/crater-agent-workspace/cargo-home:/opt/rustwide/cargo-home:ro,Z" "-v" "/var/lib/crater-agent-workspace/rustup-home:/opt/rustwide/rustup-home:ro,Z" "-e" "SOURCE_DIR=/opt/rustwide/workdir" "-e" "CARGO_TARGET_DIR=/opt/rustwide/target" "-e" "CARGO_INCREMENTAL=0" "-e" "RUST_BACKTRACE=full" "-e" "RUSTFLAGS=--cap-lints=forbid -Zrandomize-layout" "-e" "RUSTDOCFLAGS=--cap-lints=forbid" "-e" "CARGO_HOME=/opt/rustwide/cargo-home" "-e" "RUSTUP_HOME=/opt/rustwide/rustup-home" "-w" "/opt/rustwide/workdir" "-m" "1610612736" "--user" "0:0" "--network" "none" "ghcr.io/rust-lang/crates-build-env/linux@sha256:4a844ea9eb2546a2d2c7022eacef16ef2e8229c7fbb2c7d4d55a9ceca922f72d" "/opt/rustwide/cargo-home/bin/cargo" "+nightly-2024-10-28" "build" "--frozen" "--message-format=json", kill_on_drop: false }`
[INFO] [stdout] 9e569151555bbd0ba5bc44dcf8f6354ab7df013ef59ee392a3cc11c52c36f301
[INFO] running `Command { std: "docker" "start" "-a" "9e569151555bbd0ba5bc44dcf8f6354ab7df013ef59ee392a3cc11c52c36f301", kill_on_drop: false }`
[INFO] [stderr]    Compiling serde_json v1.0.132
[INFO] [stderr]    Compiling ryu v1.0.18
[INFO] [stderr]    Compiling log v0.4.22
[INFO] [stderr]    Compiling itoa v1.0.11
[INFO] [stderr]    Compiling memchr v2.7.4
[INFO] [stderr]    Compiling syn v2.0.86
[INFO] [stderr]    Compiling mio v0.8.11
[INFO] [stderr]    Compiling serde_derive v1.0.214
[INFO] [stderr]    Compiling sync-lsp-derive v0.1.0
[INFO] [stderr]    Compiling serde_repr v0.1.19
[INFO] [stderr]    Compiling serde v1.0.214
[INFO] [stderr]    Compiling sync-lsp v0.1.0 (/opt/rustwide/workdir)
[INFO] [stderr]     Finished `dev` profile [unoptimized + debuginfo] target(s) in 14.25s
[INFO] running `Command { std: "docker" "inspect" "9e569151555bbd0ba5bc44dcf8f6354ab7df013ef59ee392a3cc11c52c36f301", kill_on_drop: false }`
[INFO] running `Command { std: "docker" "rm" "-f" "9e569151555bbd0ba5bc44dcf8f6354ab7df013ef59ee392a3cc11c52c36f301", kill_on_drop: false }`
[INFO] [stdout] 9e569151555bbd0ba5bc44dcf8f6354ab7df013ef59ee392a3cc11c52c36f301
[INFO] running `Command { std: "docker" "create" "-v" "/var/lib/crater-agent-workspace/builds/worker-1-tc2/target:/opt/rustwide/target:rw,Z" "-v" "/var/lib/crater-agent-workspace/builds/worker-1-tc2/source:/opt/rustwide/workdir:ro,Z" "-v" "/var/lib/crater-agent-workspace/cargo-home:/opt/rustwide/cargo-home:ro,Z" "-v" "/var/lib/crater-agent-workspace/rustup-home:/opt/rustwide/rustup-home:ro,Z" "-e" "SOURCE_DIR=/opt/rustwide/workdir" "-e" "CARGO_TARGET_DIR=/opt/rustwide/target" "-e" "CARGO_INCREMENTAL=0" "-e" "RUST_BACKTRACE=full" "-e" "RUSTFLAGS=--cap-lints=forbid -Zrandomize-layout" "-e" "RUSTDOCFLAGS=--cap-lints=forbid" "-e" "CARGO_HOME=/opt/rustwide/cargo-home" "-e" "RUSTUP_HOME=/opt/rustwide/rustup-home" "-w" "/opt/rustwide/workdir" "-m" "1610612736" "--user" "0:0" "--network" "none" "ghcr.io/rust-lang/crates-build-env/linux@sha256:4a844ea9eb2546a2d2c7022eacef16ef2e8229c7fbb2c7d4d55a9ceca922f72d" "/opt/rustwide/cargo-home/bin/cargo" "+nightly-2024-10-28" "test" "--frozen" "--no-run" "--message-format=json", kill_on_drop: false }`
[INFO] [stdout] 1dcadfd2f4a54b85fe2d8c631a8387fe590c858576207d3330836fe725e5ab51
[INFO] running `Command { std: "docker" "start" "-a" "1dcadfd2f4a54b85fe2d8c631a8387fe590c858576207d3330836fe725e5ab51", kill_on_drop: false }`
[INFO] [stderr]    Compiling sync-lsp v0.1.0 (/opt/rustwide/workdir)
[INFO] [stderr]     Finished `test` profile [unoptimized + debuginfo] target(s) in 2.48s
[INFO] running `Command { std: "docker" "inspect" "1dcadfd2f4a54b85fe2d8c631a8387fe590c858576207d3330836fe725e5ab51", kill_on_drop: false }`
[INFO] running `Command { std: "docker" "rm" "-f" "1dcadfd2f4a54b85fe2d8c631a8387fe590c858576207d3330836fe725e5ab51", kill_on_drop: false }`
[INFO] [stdout] 1dcadfd2f4a54b85fe2d8c631a8387fe590c858576207d3330836fe725e5ab51
[INFO] running `Command { std: "docker" "create" "-v" "/var/lib/crater-agent-workspace/builds/worker-1-tc2/target:/opt/rustwide/target:rw,Z" "-v" "/var/lib/crater-agent-workspace/builds/worker-1-tc2/source:/opt/rustwide/workdir:ro,Z" "-v" "/var/lib/crater-agent-workspace/cargo-home:/opt/rustwide/cargo-home:ro,Z" "-v" "/var/lib/crater-agent-workspace/rustup-home:/opt/rustwide/rustup-home:ro,Z" "-e" "SOURCE_DIR=/opt/rustwide/workdir" "-e" "CARGO_TARGET_DIR=/opt/rustwide/target" "-e" "CARGO_INCREMENTAL=0" "-e" "RUST_BACKTRACE=full" "-e" "RUSTFLAGS=--cap-lints=forbid -Zrandomize-layout" "-e" "RUSTDOCFLAGS=--cap-lints=forbid" "-e" "CARGO_HOME=/opt/rustwide/cargo-home" "-e" "RUSTUP_HOME=/opt/rustwide/rustup-home" "-w" "/opt/rustwide/workdir" "-m" "1610612736" "--user" "0:0" "--network" "none" "ghcr.io/rust-lang/crates-build-env/linux@sha256:4a844ea9eb2546a2d2c7022eacef16ef2e8229c7fbb2c7d4d55a9ceca922f72d" "/opt/rustwide/cargo-home/bin/cargo" "+nightly-2024-10-28" "test" "--frozen", kill_on_drop: false }`
[INFO] [stdout] c701647533ff0844837d20cd3dd40f9bc61c8607f7eb148bdc0cea8e3c6f0a56
[INFO] running `Command { std: "docker" "start" "-a" "c701647533ff0844837d20cd3dd40f9bc61c8607f7eb148bdc0cea8e3c6f0a56", kill_on_drop: false }`
[INFO] [stderr]     Finished `test` profile [unoptimized + debuginfo] target(s) in 0.05s
[INFO] [stderr]      Running unittests src/lib.rs (/opt/rustwide/target/debug/deps/sync_lsp-a65a1e76acc50f7a)
[INFO] [stdout] 
[INFO] [stdout] running 0 tests
[INFO] [stdout] 
[INFO] [stdout] test result: ok. 0 passed; 0 failed; 0 ignored; 0 measured; 0 filtered out; finished in 0.00s
[INFO] [stdout] 
[INFO] [stderr]    Doc-tests sync_lsp
[INFO] [stdout] 
[INFO] [stdout] running 8 tests
[INFO] [stdout] test src/connection/mod.rs - connection::Connection<T>::error (line 159) ... FAILED
[INFO] [stdout] test src/connection/mod.rs - connection::Connection<T>::error (line 155) ... FAILED
[INFO] [stdout] test src/window/log_message.rs - window::log_message (line 7) ... ok
[INFO] [stdout] test src/workspace/execute_command.rs - workspace::execute_command (line 9) ... FAILED
[INFO] [stdout] test src/../README.md - (line 20) has been running for over 60 seconds
[INFO] [stdout] test src/connection/mod.rs - connection::Connection (line 70) has been running for over 60 seconds
[INFO] [stdout] test src/connection/mod.rs - connection::Connection<T>::cancelled (line 177) has been running for over 60 seconds
[INFO] [stdout] test src/connection/mod.rs - connection::Server (line 30) has been running for over 60 seconds
[INFO] [stdout] test src/connection/mod.rs - connection::Connection (line 70) ... FAILED
[INFO] [stdout] test src/../README.md - (line 20) ... FAILED
[INFO] [stdout] test src/connection/mod.rs - connection::Connection<T>::cancelled (line 177) ... FAILED
[INFO] [stdout] test src/connection/mod.rs - connection::Server (line 30) ... FAILED
[INFO] [stdout] 
[INFO] [stdout] failures:
[INFO] [stdout] 
[INFO] [stdout] ---- src/connection/mod.rs - connection::Connection<T>::error (line 159) stdout ----
[INFO] [stdout] error[E0424]: expected value, found module `self`
[INFO] [stdout]  --> src/connection/mod.rs:160:1
[INFO] [stdout]   |
[INFO] [stdout] 2 | fn main() { #[allow(non_snake_case)] fn _doctest_main_src_connection_mod_rs_159_0() {
[INFO] [stdout]   |                                         ----------------------------------------- this function can't have a `self` parameter
[INFO] [stdout] 3 | self.error(ErrorCode::InvalidParams, "Test Error".to_string());
[INFO] [stdout]   | ^^^^ `self` value is a keyword only available in methods with a `self` parameter
[INFO] [stdout] 
[INFO] [stdout] error[E0433]: failed to resolve: use of undeclared type `ErrorCode`
[INFO] [stdout]  --> src/connection/mod.rs:160:12
[INFO] [stdout]   |
[INFO] [stdout] 3 | self.error(ErrorCode::InvalidParams, "Test Error".to_string());
[INFO] [stdout]   |            ^^^^^^^^^ use of undeclared type `ErrorCode`
[INFO] [stdout]   |
[INFO] [stdout] help: consider importing this enum
[INFO] [stdout]   |
[INFO] [stdout] 2 + use sync_lsp::ErrorCode;
[INFO] [stdout]   |
[INFO] [stdout] 
[INFO] [stdout] error[E0433]: failed to resolve: use of undeclared type `SomeType`
[INFO] [stdout]  --> src/connection/mod.rs:161:8
[INFO] [stdout]   |
[INFO] [stdout] 4 | return SomeType::default();
[INFO] [stdout]   |        ^^^^^^^^ use of undeclared type `SomeType`
[INFO] [stdout] 
[INFO] [stdout] error: aborting due to 3 previous errors
[INFO] [stdout] 
[INFO] [stdout] Some errors have detailed explanations: E0424, E0433.
[INFO] [stdout] For more information about an error, try `rustc --explain E0424`.
[INFO] [stdout] Couldn't compile the test.
[INFO] [stdout] ---- src/connection/mod.rs - connection::Connection<T>::error (line 155) stdout ----
[INFO] [stdout] error[E0424]: expected value, found module `self`
[INFO] [stdout]  --> src/connection/mod.rs:156:8
[INFO] [stdout]   |
[INFO] [stdout] 2 | fn main() { #[allow(non_snake_case)] fn _doctest_main_src_connection_mod_rs_155_0() {
[INFO] [stdout]   |                                         ----------------------------------------- this function can't have a `self` parameter
[INFO] [stdout] 3 | return self.error(ErrorCode::InvalidParams, "Test Error".to_string());
[INFO] [stdout]   |        ^^^^ `self` value is a keyword only available in methods with a `self` parameter
[INFO] [stdout] 
[INFO] [stdout] error[E0433]: failed to resolve: use of undeclared type `ErrorCode`
[INFO] [stdout]  --> src/connection/mod.rs:156:19
[INFO] [stdout]   |
[INFO] [stdout] 3 | return self.error(ErrorCode::InvalidParams, "Test Error".to_string());
[INFO] [stdout]   |                   ^^^^^^^^^ use of undeclared type `ErrorCode`
[INFO] [stdout]   |
[INFO] [stdout] help: consider importing this enum
[INFO] [stdout]   |
[INFO] [stdout] 2 + use sync_lsp::ErrorCode;
[INFO] [stdout]   |
[INFO] [stdout] 
[INFO] [stdout] error: aborting due to 2 previous errors
[INFO] [stdout] 
[INFO] [stdout] Some errors have detailed explanations: E0424, E0433.
[INFO] [stdout] For more information about an error, try `rustc --explain E0424`.
[INFO] [stdout] Couldn't compile the test.
[INFO] [stdout] ---- src/workspace/execute_command.rs - workspace::execute_command (line 9) stdout ----
[INFO] [stdout] error[E0432]: unresolved import `sync_lsp::UnitType`
[INFO] [stdout]  --> src/workspace/execute_command.rs:13:49
[INFO] [stdout]   |
[INFO] [stdout] 6 | use sync_lsp::{Transport, TypeProvider, Server, UnitType};
[INFO] [stdout]   |                                                 ^^^^^^^^ no `UnitType` in the root
[INFO] [stdout] 
[INFO] [stdout] error: aborting due to 1 previous error
[INFO] [stdout] 
[INFO] [stdout] For more information about this error, try `rustc --explain E0432`.
[INFO] [stdout] Couldn't compile the test.
[INFO] [stdout] ---- src/connection/mod.rs - connection::Connection (line 70) stdout ----
[INFO] [stdout] Test executable failed (signal: 9 (SIGKILL)).
[INFO] [stdout] 
[INFO] [stdout] ---- src/../README.md - (line 20) stdout ----
[INFO] [stdout] Test executable failed (signal: 9 (SIGKILL)).
[INFO] [stdout] 
[INFO] [stdout] ---- src/connection/mod.rs - connection::Connection<T>::cancelled (line 177) stdout ----
[INFO] [stdout] Test executable failed (signal: 9 (SIGKILL)).
[INFO] [stdout] 
[INFO] [stdout] ---- src/connection/mod.rs - connection::Server (line 30) stdout ----
[INFO] [stdout] Test executable failed (signal: 9 (SIGKILL)).
[INFO] [stdout] 
[INFO] [stdout] 
[INFO] [stdout] failures:
[INFO] [stdout]     src/../README.md - (line 20)
[INFO] [stdout]     src/connection/mod.rs - connection::Connection (line 70)
[INFO] [stdout]     src/connection/mod.rs - connection::Connection<T>::cancelled (line 177)
[INFO] [stdout]     src/connection/mod.rs - connection::Connection<T>::error (line 155)
[INFO] [stdout]     src/connection/mod.rs - connection::Connection<T>::error (line 159)
[INFO] [stdout]     src/connection/mod.rs - connection::Server (line 30)
[INFO] [stdout]     src/workspace/execute_command.rs - workspace::execute_command (line 9)
[INFO] [stdout] 
[INFO] [stdout] test result: FAILED. 1 passed; 7 failed; 0 ignored; 0 measured; 0 filtered out; finished in 371.69s
[INFO] [stdout] 
[INFO] [stderr] error: doctest failed, to rerun pass `--doc`
[INFO] running `Command { std: "docker" "inspect" "c701647533ff0844837d20cd3dd40f9bc61c8607f7eb148bdc0cea8e3c6f0a56", kill_on_drop: false }`
[INFO] running `Command { std: "docker" "rm" "-f" "c701647533ff0844837d20cd3dd40f9bc61c8607f7eb148bdc0cea8e3c6f0a56", kill_on_drop: false }`
[INFO] [stdout] c701647533ff0844837d20cd3dd40f9bc61c8607f7eb148bdc0cea8e3c6f0a56
