[INFO] fetching crate syn-args-derive 0.3.0...
[INFO] testing syn-args-derive-0.3.0 against nightly-2024-10-28 for randomize-layout
[INFO] extracting crate syn-args-derive 0.3.0 into /workspace/builds/worker-7-tc1/source
[INFO] validating manifest of crates.io crate syn-args-derive 0.3.0 on toolchain nightly-2024-10-28
[INFO] running `Command { std: CARGO_HOME="/workspace/cargo-home" RUSTUP_HOME="/workspace/rustup-home" "/workspace/cargo-home/bin/cargo" "+nightly-2024-10-28" "metadata" "--manifest-path" "Cargo.toml" "--no-deps", kill_on_drop: false }`
[INFO] started tweaking crates.io crate syn-args-derive 0.3.0
[INFO] finished tweaking crates.io crate syn-args-derive 0.3.0
[INFO] tweaked toml for crates.io crate syn-args-derive 0.3.0 written to /workspace/builds/worker-7-tc1/source/Cargo.toml
[INFO] running `Command { std: CARGO_HOME="/workspace/cargo-home" RUSTUP_HOME="/workspace/rustup-home" "/workspace/cargo-home/bin/cargo" "+nightly-2024-10-28" "generate-lockfile" "--manifest-path" "Cargo.toml", kill_on_drop: false }`
[INFO] [stderr]     Updating crates.io index
[INFO] [stderr]      Locking 22 packages to latest compatible versions
[INFO] running `Command { std: CARGO_HOME="/workspace/cargo-home" RUSTUP_HOME="/workspace/rustup-home" "/workspace/cargo-home/bin/cargo" "+nightly-2024-10-28" "fetch" "--manifest-path" "Cargo.toml", kill_on_drop: false }`
[INFO] running `Command { std: "docker" "create" "-v" "/var/lib/crater-agent-workspace/builds/worker-7-tc1/target:/opt/rustwide/target:rw,Z" "-v" "/var/lib/crater-agent-workspace/builds/worker-7-tc1/source:/opt/rustwide/workdir:ro,Z" "-v" "/var/lib/crater-agent-workspace/cargo-home:/opt/rustwide/cargo-home:ro,Z" "-v" "/var/lib/crater-agent-workspace/rustup-home:/opt/rustwide/rustup-home:ro,Z" "-e" "SOURCE_DIR=/opt/rustwide/workdir" "-e" "CARGO_TARGET_DIR=/opt/rustwide/target" "-e" "CARGO_HOME=/opt/rustwide/cargo-home" "-e" "RUSTUP_HOME=/opt/rustwide/rustup-home" "-w" "/opt/rustwide/workdir" "-m" "1610612736" "--user" "0:0" "--network" "none" "ghcr.io/rust-lang/crates-build-env/linux@sha256:4a844ea9eb2546a2d2c7022eacef16ef2e8229c7fbb2c7d4d55a9ceca922f72d" "/opt/rustwide/cargo-home/bin/cargo" "+nightly-2024-10-28" "metadata" "--no-deps" "--format-version=1", kill_on_drop: false }`
[INFO] [stdout] 6b79c7aafb35e43c731b3f9523905f412d706a9fb3a344e4d3343b739cb830b3
[INFO] running `Command { std: "docker" "start" "-a" "6b79c7aafb35e43c731b3f9523905f412d706a9fb3a344e4d3343b739cb830b3", kill_on_drop: false }`
[INFO] running `Command { std: "docker" "inspect" "6b79c7aafb35e43c731b3f9523905f412d706a9fb3a344e4d3343b739cb830b3", kill_on_drop: false }`
[INFO] running `Command { std: "docker" "rm" "-f" "6b79c7aafb35e43c731b3f9523905f412d706a9fb3a344e4d3343b739cb830b3", kill_on_drop: false }`
[INFO] [stdout] 6b79c7aafb35e43c731b3f9523905f412d706a9fb3a344e4d3343b739cb830b3
[INFO] running `Command { std: "docker" "create" "-v" "/var/lib/crater-agent-workspace/builds/worker-7-tc1/target:/opt/rustwide/target:rw,Z" "-v" "/var/lib/crater-agent-workspace/builds/worker-7-tc1/source:/opt/rustwide/workdir:ro,Z" "-v" "/var/lib/crater-agent-workspace/cargo-home:/opt/rustwide/cargo-home:ro,Z" "-v" "/var/lib/crater-agent-workspace/rustup-home:/opt/rustwide/rustup-home:ro,Z" "-e" "SOURCE_DIR=/opt/rustwide/workdir" "-e" "CARGO_TARGET_DIR=/opt/rustwide/target" "-e" "CARGO_INCREMENTAL=0" "-e" "RUST_BACKTRACE=full" "-e" "RUSTFLAGS=--cap-lints=forbid" "-e" "RUSTDOCFLAGS=--cap-lints=forbid" "-e" "CARGO_HOME=/opt/rustwide/cargo-home" "-e" "RUSTUP_HOME=/opt/rustwide/rustup-home" "-w" "/opt/rustwide/workdir" "-m" "1610612736" "--user" "0:0" "--network" "none" "ghcr.io/rust-lang/crates-build-env/linux@sha256:4a844ea9eb2546a2d2c7022eacef16ef2e8229c7fbb2c7d4d55a9ceca922f72d" "/opt/rustwide/cargo-home/bin/cargo" "+nightly-2024-10-28" "build" "--frozen" "--message-format=json", kill_on_drop: false }`
[INFO] [stdout] 83e0c257e0c7835851caa348a5afb9e0de400ea9f899101eb46c152c7173f379
[INFO] running `Command { std: "docker" "start" "-a" "83e0c257e0c7835851caa348a5afb9e0de400ea9f899101eb46c152c7173f379", kill_on_drop: false }`
[INFO] [stderr]    Compiling syn-args-derive v0.3.0 (/opt/rustwide/workdir)
[INFO] [stdout] warning: unused variable: `j`
[INFO] [stdout]   --> src/macro_impl.rs:43:18
[INFO] [stdout]    |
[INFO] [stdout] 43 |             for (j, field_value) in variant_fields_value.iter().enumerate() {
[INFO] [stdout]    |                  ^ help: if this is intentional, prefix it with an underscore: `_j`
[INFO] [stdout]    |
[INFO] [stdout]    = note: `#[warn(unused_variables)]` on by default
[INFO] [stdout] 
[INFO] [stdout] 
[INFO] [stderr]     Finished `dev` profile [unoptimized + debuginfo] target(s) in 0.36s
[INFO] running `Command { std: "docker" "inspect" "83e0c257e0c7835851caa348a5afb9e0de400ea9f899101eb46c152c7173f379", kill_on_drop: false }`
[INFO] running `Command { std: "docker" "rm" "-f" "83e0c257e0c7835851caa348a5afb9e0de400ea9f899101eb46c152c7173f379", kill_on_drop: false }`
[INFO] [stdout] 83e0c257e0c7835851caa348a5afb9e0de400ea9f899101eb46c152c7173f379
[INFO] running `Command { std: "docker" "create" "-v" "/var/lib/crater-agent-workspace/builds/worker-7-tc1/target:/opt/rustwide/target:rw,Z" "-v" "/var/lib/crater-agent-workspace/builds/worker-7-tc1/source:/opt/rustwide/workdir:ro,Z" "-v" "/var/lib/crater-agent-workspace/cargo-home:/opt/rustwide/cargo-home:ro,Z" "-v" "/var/lib/crater-agent-workspace/rustup-home:/opt/rustwide/rustup-home:ro,Z" "-e" "SOURCE_DIR=/opt/rustwide/workdir" "-e" "CARGO_TARGET_DIR=/opt/rustwide/target" "-e" "CARGO_INCREMENTAL=0" "-e" "RUST_BACKTRACE=full" "-e" "RUSTFLAGS=--cap-lints=forbid" "-e" "RUSTDOCFLAGS=--cap-lints=forbid" "-e" "CARGO_HOME=/opt/rustwide/cargo-home" "-e" "RUSTUP_HOME=/opt/rustwide/rustup-home" "-w" "/opt/rustwide/workdir" "-m" "1610612736" "--user" "0:0" "--network" "none" "ghcr.io/rust-lang/crates-build-env/linux@sha256:4a844ea9eb2546a2d2c7022eacef16ef2e8229c7fbb2c7d4d55a9ceca922f72d" "/opt/rustwide/cargo-home/bin/cargo" "+nightly-2024-10-28" "test" "--frozen" "--no-run" "--message-format=json", kill_on_drop: false }`
[INFO] [stdout] f7016fb419080ee7767f6672094e150a500c4ed2c606e4f159fbbf34532a091b
[INFO] running `Command { std: "docker" "start" "-a" "f7016fb419080ee7767f6672094e150a500c4ed2c606e4f159fbbf34532a091b", kill_on_drop: false }`
[INFO] [stderr]    Compiling similar v2.6.0
[INFO] [stderr]    Compiling linked-hash-map v0.5.6
[INFO] [stderr]    Compiling console v0.15.8
[INFO] [stderr]    Compiling syn-args-derive v0.3.0 (/opt/rustwide/workdir)
[INFO] [stdout] warning: unused variable: `j`
[INFO] [stdout]   --> src/macro_impl.rs:43:18
[INFO] [stdout]    |
[INFO] [stdout] 43 |             for (j, field_value) in variant_fields_value.iter().enumerate() {
[INFO] [stdout]    |                  ^ help: if this is intentional, prefix it with an underscore: `_j`
[INFO] [stdout]    |
[INFO] [stdout]    = note: `#[warn(unused_variables)]` on by default
[INFO] [stdout] 
[INFO] [stdout] 
[INFO] [stderr]    Compiling insta v1.41.1
[INFO] [stdout] warning: unused variable: `j`
[INFO] [stdout]   --> src/macro_impl.rs:43:18
[INFO] [stdout]    |
[INFO] [stdout] 43 |             for (j, field_value) in variant_fields_value.iter().enumerate() {
[INFO] [stdout]    |                  ^ help: if this is intentional, prefix it with an underscore: `_j`
[INFO] [stdout]    |
[INFO] [stdout]    = note: `#[warn(unused_variables)]` on by default
[INFO] [stdout] 
[INFO] [stdout] 
[INFO] [stderr]     Finished `test` profile [unoptimized + debuginfo] target(s) in 1.65s
[INFO] running `Command { std: "docker" "inspect" "f7016fb419080ee7767f6672094e150a500c4ed2c606e4f159fbbf34532a091b", kill_on_drop: false }`
[INFO] running `Command { std: "docker" "rm" "-f" "f7016fb419080ee7767f6672094e150a500c4ed2c606e4f159fbbf34532a091b", kill_on_drop: false }`
[INFO] [stdout] f7016fb419080ee7767f6672094e150a500c4ed2c606e4f159fbbf34532a091b
[INFO] running `Command { std: "docker" "create" "-v" "/var/lib/crater-agent-workspace/builds/worker-7-tc1/target:/opt/rustwide/target:rw,Z" "-v" "/var/lib/crater-agent-workspace/builds/worker-7-tc1/source:/opt/rustwide/workdir:ro,Z" "-v" "/var/lib/crater-agent-workspace/cargo-home:/opt/rustwide/cargo-home:ro,Z" "-v" "/var/lib/crater-agent-workspace/rustup-home:/opt/rustwide/rustup-home:ro,Z" "-e" "SOURCE_DIR=/opt/rustwide/workdir" "-e" "CARGO_TARGET_DIR=/opt/rustwide/target" "-e" "CARGO_INCREMENTAL=0" "-e" "RUST_BACKTRACE=full" "-e" "RUSTFLAGS=--cap-lints=forbid" "-e" "RUSTDOCFLAGS=--cap-lints=forbid" "-e" "CARGO_HOME=/opt/rustwide/cargo-home" "-e" "RUSTUP_HOME=/opt/rustwide/rustup-home" "-w" "/opt/rustwide/workdir" "-m" "1610612736" "--user" "0:0" "--network" "none" "ghcr.io/rust-lang/crates-build-env/linux@sha256:4a844ea9eb2546a2d2c7022eacef16ef2e8229c7fbb2c7d4d55a9ceca922f72d" "/opt/rustwide/cargo-home/bin/cargo" "+nightly-2024-10-28" "test" "--frozen", kill_on_drop: false }`
[INFO] [stdout] 5d9be72f436a04bb5852e3c84059080d1b0156d67c7517d56a5a4f6ef65d2f3c
[INFO] running `Command { std: "docker" "start" "-a" "5d9be72f436a04bb5852e3c84059080d1b0156d67c7517d56a5a4f6ef65d2f3c", kill_on_drop: false }`
[INFO] [stderr] warning: unused variable: `j`
[INFO] [stderr]   --> src/macro_impl.rs:43:18
[INFO] [stderr]    |
[INFO] [stderr] 43 |             for (j, field_value) in variant_fields_value.iter().enumerate() {
[INFO] [stderr]    |                  ^ help: if this is intentional, prefix it with an underscore: `_j`
[INFO] [stderr]    |
[INFO] [stderr]    = note: `#[warn(unused_variables)]` on by default
[INFO] [stderr] 
[INFO] [stderr] warning: `syn-args-derive` (lib) generated 1 warning
[INFO] [stderr] warning: `syn-args-derive` (lib test) generated 1 warning (1 duplicate)
[INFO] [stderr]     Finished `test` profile [unoptimized + debuginfo] target(s) in 0.01s
[INFO] [stderr]      Running unittests src/lib.rs (/opt/rustwide/target/debug/deps/syn_args_derive-0c9ce0ce5309b624)
[INFO] [stdout] 
[INFO] [stdout] running 1 test
[INFO] [stdout] test macro_impl::tests::test_impl_args_parse ... FAILED
[INFO] [stdout] 
[INFO] [stdout] failures:
[INFO] [stdout] 
[INFO] [stdout] ---- macro_impl::tests::test_impl_args_parse stdout ----
[INFO] [stdout] ━━━━━━━━━━━━━━━━━━━━━━━━━━━━━━━ Snapshot Summary ━━━━━━━━━━━━━━━━━━━━━━━━━━━━━━━
[INFO] [stdout] Snapshot file: src/snapshots/syn_args_derive__macro_impl__tests__impl_args_parse.snap
[INFO] [stdout] Snapshot: impl_args_parse
[INFO] [stdout] Source: src/macro_impl.rs:168
[INFO] [stdout] ────────────────────────────────────────────────────────────────────────────────
[INFO] [stdout] Expression: result.to_string()
[INFO] [stdout] ────────────────────────────────────────────────────────────────────────────────
[INFO] [stdout] -old snapshot
[INFO] [stdout] +new results
[INFO] [stdout] ────────────┬───────────────────────────────────────────────────────────────────
[INFO] [stdout]     0       │-impl TryFrom < & syn_args :: Value > for ModuleArgs { type Error = syn :: Error ; fn try_from (v : & syn_args :: Value) -> Result < Self , Self :: Error > { if let syn_args :: Value :: Array (v) = v { if let Ok (rt) = syn_args :: utils :: ewc :: < _ , _ , anyhow :: Error > (|| Ok (ModuleArgs :: F1 (syn_args :: utils :: otr (v . get (0usize)) ? . try_into () ? , syn_args :: utils :: otr (v . get (1usize)) ? . try_into () ?))) { return Ok (rt) ; } if let Ok (rt) = syn_args :: utils :: ewc :: < _ , _ , anyhow :: Error > (|| Ok (ModuleArgs :: F2 (syn_args :: utils :: otr (v . get (0usize)) ? . try_into () ?))) { return Ok (rt) ; } if let Ok (rt) = syn_args :: utils :: ewc :: < _ , _ , anyhow :: Error > (|| Ok (ModuleArgs :: F3 (syn_args :: utils :: otr (v . get (0usize)) ? . try_into () ?))) { return Ok (rt) ; } if let Ok (rt) = syn_args :: utils :: ewc :: < _ , _ , anyhow :: Error > (|| Ok (ModuleArgs :: F4 (syn_args :: utils :: otr (v . get (0usize)) ? . try_into () ?))) { return Ok (rt) ; } if let Ok (rt) = syn_args :: utils :: ewc :: < _ , _ , anyhow :: Error > (|| Ok (ModuleArgs :: F5 (syn_args :: utils :: otr (v . get (0usize)) ? . try_into () ?))) { return Ok (rt) ; } if let Ok (rt) = syn_args :: utils :: ewc :: < _ , _ , anyhow :: Error > (|| Ok (ModuleArgs :: F6 (syn_args :: utils :: otr (v . get (0usize)) ? . try_into () ?))) { return Ok (rt) ; } } Err (Self :: Error :: new (proc_macro2 :: Span :: call_site () , "Invalid args")) } } impl TryFrom < syn_args :: Value > for ModuleArgs { type Error = syn :: Error ; fn try_from (v : syn_args :: Value) -> Result < Self , Self :: Error > { ModuleArgs :: try_from (& v) } } impl syn_args :: ArgsParse for ModuleArgs { fn parse (input : & str) -> Result < Self , syn :: Error > { syn_args :: Formal :: new () . parse (input) ? . try_into () } } impl TryFrom < syn_args :: Transform < '_ >> for ModuleArgs { type Error = syn :: Error ; fn try_from (value : syn_args :: Transform) -> Result < Self , Self :: Error > { if let syn_args :: Value :: Object (obj) = value . value { if let Some (v) = obj . get (value . key) { return Ok (v . try_into () ?) ; } } Err (Self :: Error :: new (proc_macro2 :: Span :: call_site () , "Expected SubWrap")) } }
[INFO] [stdout]           0 │+impl TryFrom < & syn_args :: Value > for ModuleArgs { type Error = syn :: Error ; fn try_from (v : & syn_args :: Value) -> Result < Self , Self :: Error > { if let syn_args :: Value :: Array (_) = v { if let Ok (rt) = syn_args :: utils :: ewc :: < _ , _ , syn :: Error > (|| Ok (ModuleArgs :: F1 (syn_args :: Transform :: new (v , "0") . try_into () ? , syn_args :: Transform :: new (v , "1") . try_into () ?))) { return Ok (rt) ; } if let Ok (rt) = syn_args :: utils :: ewc :: < _ , _ , syn :: Error > (|| Ok (ModuleArgs :: F2 (syn_args :: Transform :: new (v , "0") . try_into () ?))) { return Ok (rt) ; } if let Ok (rt) = syn_args :: utils :: ewc :: < _ , _ , syn :: Error > (|| Ok (ModuleArgs :: F3 (syn_args :: Transform :: new (v , "0") . try_into () ?))) { return Ok (rt) ; } if let Ok (rt) = syn_args :: utils :: ewc :: < _ , _ , syn :: Error > (|| Ok (ModuleArgs :: F4 (syn_args :: Transform :: new (v , "0") . try_into () ?))) { return Ok (rt) ; } if let Ok (rt) = syn_args :: utils :: ewc :: < _ , _ , syn :: Error > (|| Ok (ModuleArgs :: F5 (syn_args :: Transform :: new (v , "0") . try_into () ?))) { return Ok (rt) ; } if let Ok (rt) = syn_args :: utils :: ewc :: < _ , _ , syn :: Error > (|| Ok (ModuleArgs :: F6 (syn_args :: Transform :: new (v , "0") . try_into () ?))) { return Ok (rt) ; } } Err (Self :: Error :: new (proc_macro2 :: Span :: call_site () , format ! ("Invalid args try_from {}" , stringify ! (ModuleArgs)))) } } impl TryFrom < syn_args :: Value > for ModuleArgs { type Error = syn :: Error ; fn try_from (v : syn_args :: Value) -> Result < Self , Self :: Error > { ModuleArgs :: try_from (& v) } } impl syn_args :: ArgsParse for ModuleArgs { fn parse (input : & str) -> Result < Self , syn :: Error > { syn_args :: Formal :: new () . parse (input) ? . try_into () } } impl TryFrom < syn_args :: Transform < '_ >> for ModuleArgs { type Error = syn :: Error ; fn try_from (value : syn_args :: Transform) -> Result < Self , Self :: Error > { if let syn_args :: Value :: Object (obj) = value . value { if let Some (v) = obj . get (value . key) { return v . try_into () ; } } else if let syn_args :: Value :: Array (v) = value . value { let index = value . key . parse :: < usize > () . unwrap () ; if let Some (value) = v . get (index) { return Self :: try_from (value) ; } } Err (Self :: Error :: new (proc_macro2 :: Span :: call_site () , "Expected Transform value")) } } impl TryFrom < syn_args :: Arguments > for ModuleArgs { type Error = syn :: Error ; fn try_from (value : syn_args :: Arguments) -> Result < Self , Self :: Error > { Self :: try_from (& value . 0) } }
[INFO] [stdout] ────────────┴───────────────────────────────────────────────────────────────────
[INFO] [stdout] thread 'macro_impl::tests::test_impl_args_parse' panicked at src/macro_impl.rs:168:9:
[INFO] [stdout] called `Result::unwrap()` on an `Err` value: FileIo(Os { code: 30, kind: ReadOnlyFilesystem, message: "Read-only file system" }, "/opt/rustwide/workdir/src/snapshots/syn_args_derive__macro_impl__tests__impl_args_parse.snap.new")
[INFO] [stdout] stack backtrace:
[INFO] [stdout]    0:     0x7d4c73be260a - std::backtrace_rs::backtrace::libunwind::trace::h207520d6e9873551
[INFO] [stdout]                                at /rustc/df4ca44d3fbc9301ee17f30f4d474e6ae4b05252/library/std/src/../../backtrace/src/backtrace/libunwind.rs:116:5
[INFO] [stdout]    1:     0x7d4c73be260a - std::backtrace_rs::backtrace::trace_unsynchronized::h2ed7433f370e3eca
[INFO] [stdout]                                at /rustc/df4ca44d3fbc9301ee17f30f4d474e6ae4b05252/library/std/src/../../backtrace/src/backtrace/mod.rs:66:5
[INFO] [stdout]    2:     0x7d4c73be260a - std::sys::backtrace::_print_fmt::h916fac51166b18d7
[INFO] [stdout]                                at /rustc/df4ca44d3fbc9301ee17f30f4d474e6ae4b05252/library/std/src/sys/backtrace.rs:66:9
[INFO] [stdout]    3:     0x7d4c73be260a - <std::sys::backtrace::BacktraceLock::print::DisplayBacktrace as core::fmt::Display>::fmt::ha0a4c9b8ce3802e6
[INFO] [stdout]                                at /rustc/df4ca44d3fbc9301ee17f30f4d474e6ae4b05252/library/std/src/sys/backtrace.rs:39:26
[INFO] [stdout]    4:     0x7d4c73c32bb3 - core::fmt::rt::Argument::fmt::h4cfc8587d52b3eb5
[INFO] [stdout]                                at /rustc/df4ca44d3fbc9301ee17f30f4d474e6ae4b05252/library/core/src/fmt/rt.rs:177:76
[INFO] [stdout]    5:     0x7d4c73c32bb3 - core::fmt::write::h522cc39e5b36ae9f
[INFO] [stdout]                                at /rustc/df4ca44d3fbc9301ee17f30f4d474e6ae4b05252/library/core/src/fmt/mod.rs:1190:21
[INFO] [stdout]    6:     0x7d4c73bd5fa3 - std::io::Write::write_fmt::h7d3c26752da97734
[INFO] [stdout]                                at /rustc/df4ca44d3fbc9301ee17f30f4d474e6ae4b05252/library/std/src/io/mod.rs:1839:15
[INFO] [stdout]    7:     0x7d4c73be2452 - std::sys::backtrace::BacktraceLock::print::h4b9e00b29e9c0942
[INFO] [stdout]                                at /rustc/df4ca44d3fbc9301ee17f30f4d474e6ae4b05252/library/std/src/sys/backtrace.rs:42:9
[INFO] [stdout]    8:     0x7d4c73be4a8a - std::panicking::default_hook::{{closure}}::hb59b88280d0324d9
[INFO] [stdout]                                at /rustc/df4ca44d3fbc9301ee17f30f4d474e6ae4b05252/library/std/src/panicking.rs:268:22
[INFO] [stdout]    9:     0x7d4c73be4894 - std::panicking::default_hook::he1dd496665be4a29
[INFO] [stdout]                                at /rustc/df4ca44d3fbc9301ee17f30f4d474e6ae4b05252/library/std/src/panicking.rs:292:9
[INFO] [stdout]   10:     0x648443bfd809 - <alloc::boxed::Box<F,A> as core::ops::function::Fn<Args>>::call::h4ff71de18744e1dc
[INFO] [stdout]                                at /rustc/df4ca44d3fbc9301ee17f30f4d474e6ae4b05252/library/alloc/src/boxed.rs:2468:9
[INFO] [stdout]   11:     0x648443bfd809 - test::test_main::{{closure}}::hcf7c055ce117aa81
[INFO] [stdout]                                at /rustc/df4ca44d3fbc9301ee17f30f4d474e6ae4b05252/library/test/src/lib.rs:133:21
[INFO] [stdout]   12:     0x7d4c73be51f8 - <alloc::boxed::Box<F,A> as core::ops::function::Fn<Args>>::call::h1d66c6bbd60c9692
[INFO] [stdout]                                at /rustc/df4ca44d3fbc9301ee17f30f4d474e6ae4b05252/library/alloc/src/boxed.rs:2468:9
[INFO] [stdout]   13:     0x7d4c73be51f8 - std::panicking::rust_panic_with_hook::h2ff17fe8f26dfcf8
[INFO] [stdout]                                at /rustc/df4ca44d3fbc9301ee17f30f4d474e6ae4b05252/library/std/src/panicking.rs:809:13
[INFO] [stdout]   14:     0x7d4c73be4fba - std::panicking::begin_panic_handler::{{closure}}::h4fad77951c07e101
[INFO] [stdout]                                at /rustc/df4ca44d3fbc9301ee17f30f4d474e6ae4b05252/library/std/src/panicking.rs:674:13
[INFO] [stdout]   15:     0x7d4c73be2ae9 - std::sys::backtrace::__rust_end_short_backtrace::hb1a25b3da5d0ea08
[INFO] [stdout]                                at /rustc/df4ca44d3fbc9301ee17f30f4d474e6ae4b05252/library/std/src/sys/backtrace.rs:170:18
[INFO] [stdout]   16:     0x7d4c73be4c4c - rust_begin_unwind
[INFO] [stdout]                                at /rustc/df4ca44d3fbc9301ee17f30f4d474e6ae4b05252/library/std/src/panicking.rs:665:5
[INFO] [stdout]   17:     0x7d4c73c2efc0 - core::panicking::panic_fmt::ha9db07b529f9b256
[INFO] [stdout]                                at /rustc/df4ca44d3fbc9301ee17f30f4d474e6ae4b05252/library/core/src/panicking.rs:75:14
[INFO] [stdout]   18:     0x7d4c73c2f546 - core::result::unwrap_failed::h5e8218e4d4338b8a
[INFO] [stdout]                                at /rustc/df4ca44d3fbc9301ee17f30f4d474e6ae4b05252/library/core/src/result.rs:1698:5
[INFO] [stdout]   19:     0x648443bc1041 - core::result::Result<T,E>::unwrap::hf75afd41d1da36d7
[INFO] [stdout]                                at /rustc/df4ca44d3fbc9301ee17f30f4d474e6ae4b05252/library/core/src/result.rs:1103:23
[INFO] [stdout]   20:     0x648443bc1041 - syn_args_derive::macro_impl::tests::test_impl_args_parse::h938bf887257cab31
[INFO] [stdout]                                at /opt/rustwide/workdir/src/macro_impl.rs:168:9
[INFO] [stdout]   21:     0x648443bc0357 - syn_args_derive::macro_impl::tests::test_impl_args_parse::{{closure}}::h6cf24a014fef31cf
[INFO] [stdout]                                at /opt/rustwide/workdir/src/macro_impl.rs:154:30
[INFO] [stdout]   22:     0x648443bb8056 - core::ops::function::FnOnce::call_once::h23ba73d26ca5c84a
[INFO] [stdout]                                at /rustc/df4ca44d3fbc9301ee17f30f4d474e6ae4b05252/library/core/src/ops/function.rs:250:5
[INFO] [stdout]   23:     0x648443c020db - core::ops::function::FnOnce::call_once::h22c3ba5715e93f05
[INFO] [stdout]                                at /rustc/df4ca44d3fbc9301ee17f30f4d474e6ae4b05252/library/core/src/ops/function.rs:250:5
[INFO] [stdout]   24:     0x648443c020db - test::__rust_begin_short_backtrace::h8e82d8113d0da17f
[INFO] [stdout]                                at /rustc/df4ca44d3fbc9301ee17f30f4d474e6ae4b05252/library/test/src/lib.rs:621:18
[INFO] [stdout]   25:     0x648443c01a57 - test::run_test_in_process::{{closure}}::h33235f4f20b7b7c7
[INFO] [stdout]                                at /rustc/df4ca44d3fbc9301ee17f30f4d474e6ae4b05252/library/test/src/lib.rs:644:60
[INFO] [stdout]   26:     0x648443c01a57 - <core::panic::unwind_safe::AssertUnwindSafe<F> as core::ops::function::FnOnce<()>>::call_once::hb5043206310c586f
[INFO] [stdout]                                at /rustc/df4ca44d3fbc9301ee17f30f4d474e6ae4b05252/library/core/src/panic/unwind_safe.rs:272:9
[INFO] [stdout]   27:     0x648443c01a57 - std::panicking::try::do_call::h9ad4731a60ab23e2
[INFO] [stdout]                                at /rustc/df4ca44d3fbc9301ee17f30f4d474e6ae4b05252/library/std/src/panicking.rs:557:40
[INFO] [stdout]   28:     0x648443c01a57 - std::panicking::try::h3824d23db772a716
[INFO] [stdout]                                at /rustc/df4ca44d3fbc9301ee17f30f4d474e6ae4b05252/library/std/src/panicking.rs:520:19
[INFO] [stdout]   29:     0x648443c01a57 - std::panic::catch_unwind::h5afd514605fde46b
[INFO] [stdout]                                at /rustc/df4ca44d3fbc9301ee17f30f4d474e6ae4b05252/library/std/src/panic.rs:358:14
[INFO] [stdout]   30:     0x648443c01a57 - test::run_test_in_process::h0d5cbfa7067d1720
[INFO] [stdout]                                at /rustc/df4ca44d3fbc9301ee17f30f4d474e6ae4b05252/library/test/src/lib.rs:644:27
[INFO] [stdout]   31:     0x648443c01a57 - test::run_test::{{closure}}::h708eb8872708115d
[INFO] [stdout]                                at /rustc/df4ca44d3fbc9301ee17f30f4d474e6ae4b05252/library/test/src/lib.rs:565:43
[INFO] [stdout]   32:     0x648443bc5174 - test::run_test::{{closure}}::h392c51cee94713ab
[INFO] [stdout]                                at /rustc/df4ca44d3fbc9301ee17f30f4d474e6ae4b05252/library/test/src/lib.rs:595:41
[INFO] [stdout]   33:     0x648443bc5174 - std::sys::backtrace::__rust_begin_short_backtrace::h2f40290710935a8b
[INFO] [stdout]                                at /rustc/df4ca44d3fbc9301ee17f30f4d474e6ae4b05252/library/std/src/sys/backtrace.rs:154:18
[INFO] [stdout]   34:     0x648443bc891e - std::thread::Builder::spawn_unchecked_::{{closure}}::{{closure}}::h3fd968d89053a903
[INFO] [stdout]                                at /rustc/df4ca44d3fbc9301ee17f30f4d474e6ae4b05252/library/std/src/thread/mod.rs:541:17
[INFO] [stdout]   35:     0x648443bc891e - <core::panic::unwind_safe::AssertUnwindSafe<F> as core::ops::function::FnOnce<()>>::call_once::h743f637ba4229880
[INFO] [stdout]                                at /rustc/df4ca44d3fbc9301ee17f30f4d474e6ae4b05252/library/core/src/panic/unwind_safe.rs:272:9
[INFO] [stdout]   36:     0x648443bc891e - std::panicking::try::do_call::h07440897322525a6
[INFO] [stdout]                                at /rustc/df4ca44d3fbc9301ee17f30f4d474e6ae4b05252/library/std/src/panicking.rs:557:40
[INFO] [stdout]   37:     0x648443bc891e - std::panicking::try::he5a2e00188156637
[INFO] [stdout]                                at /rustc/df4ca44d3fbc9301ee17f30f4d474e6ae4b05252/library/std/src/panicking.rs:520:19
[INFO] [stdout]   38:     0x648443bc891e - std::panic::catch_unwind::hbaf3cae49b3c6433
[INFO] [stdout]                                at /rustc/df4ca44d3fbc9301ee17f30f4d474e6ae4b05252/library/std/src/panic.rs:358:14
[INFO] [stdout]   39:     0x648443bc891e - std::thread::Builder::spawn_unchecked_::{{closure}}::h8e141ea224820bce
[INFO] [stdout]                                at /rustc/df4ca44d3fbc9301ee17f30f4d474e6ae4b05252/library/std/src/thread/mod.rs:540:30
[INFO] [stdout]   40:     0x648443bc891e - core::ops::function::FnOnce::call_once{{vtable.shim}}::h90d312fedd7b8ea8
[INFO] [stdout]                                at /rustc/df4ca44d3fbc9301ee17f30f4d474e6ae4b05252/library/core/src/ops/function.rs:250:5
[INFO] [stdout]   41:     0x7d4c73beed2b - <alloc::boxed::Box<F,A> as core::ops::function::FnOnce<Args>>::call_once::h69aa08ddb6adb8b6
[INFO] [stdout]                                at /rustc/df4ca44d3fbc9301ee17f30f4d474e6ae4b05252/library/alloc/src/boxed.rs:2454:9
[INFO] [stdout]   42:     0x7d4c73beed2b - <alloc::boxed::Box<F,A> as core::ops::function::FnOnce<Args>>::call_once::h5aa36efdb79c806f
[INFO] [stdout]                                at /rustc/df4ca44d3fbc9301ee17f30f4d474e6ae4b05252/library/alloc/src/boxed.rs:2454:9
[INFO] [stdout]   43:     0x7d4c73beed2b - std::sys::pal::unix::thread::Thread::new::thread_start::h6cd80a1b4be5158d
[INFO] [stdout]                                at /rustc/df4ca44d3fbc9301ee17f30f4d474e6ae4b05252/library/std/src/sys/pal/unix/thread.rs:105:17
[INFO] [stdout]   44:     0x7d4c73862ac3 - <unknown>
[INFO] [stdout]   45:     0x7d4c738f3a04 - clone
[INFO] [stdout]   46:                0x0 - <unknown>
[INFO] [stdout] 
[INFO] [stdout] 
[INFO] [stdout] failures:
[INFO] [stdout]     macro_impl::tests::test_impl_args_parse
[INFO] [stdout] 
[INFO] [stdout] test result: FAILED. 0 passed; 1 failed; 0 ignored; 0 measured; 0 filtered out; finished in 0.86s
[INFO] [stdout] 
[INFO] [stderr] error: test failed, to rerun pass `--lib`
[INFO] running `Command { std: "docker" "inspect" "5d9be72f436a04bb5852e3c84059080d1b0156d67c7517d56a5a4f6ef65d2f3c", kill_on_drop: false }`
[INFO] running `Command { std: "docker" "rm" "-f" "5d9be72f436a04bb5852e3c84059080d1b0156d67c7517d56a5a4f6ef65d2f3c", kill_on_drop: false }`
[INFO] [stdout] 5d9be72f436a04bb5852e3c84059080d1b0156d67c7517d56a5a4f6ef65d2f3c
