[INFO] fetching crate symbolic-debuginfo 12.12.0...
[INFO] testing symbolic-debuginfo-12.12.0 against nightly-2024-10-28+rustflags=-Zrandomize-layout for randomize-layout
[INFO] extracting crate symbolic-debuginfo 12.12.0 into /workspace/builds/worker-2-tc2/source
[INFO] validating manifest of crates.io crate symbolic-debuginfo 12.12.0 on toolchain nightly-2024-10-28
[INFO] running `Command { std: CARGO_HOME="/workspace/cargo-home" RUSTUP_HOME="/workspace/rustup-home" "/workspace/cargo-home/bin/cargo" "+nightly-2024-10-28" "metadata" "--manifest-path" "Cargo.toml" "--no-deps", kill_on_drop: false }`
[INFO] started tweaking crates.io crate symbolic-debuginfo 12.12.0
[INFO] finished tweaking crates.io crate symbolic-debuginfo 12.12.0
[INFO] tweaked toml for crates.io crate symbolic-debuginfo 12.12.0 written to /workspace/builds/worker-2-tc2/source/Cargo.toml
[INFO] running `Command { std: CARGO_HOME="/workspace/cargo-home" RUSTUP_HOME="/workspace/rustup-home" "/workspace/cargo-home/bin/cargo" "+nightly-2024-10-28" "generate-lockfile" "--manifest-path" "Cargo.toml", kill_on_drop: false }`
[INFO] [stderr]     Blocking waiting for file lock on package cache
[INFO] [stderr]     Updating crates.io index
[INFO] [stderr]     Blocking waiting for file lock on package cache
[INFO] [stderr]      Locking 157 packages to latest compatible versions
[INFO] [stderr]       Adding goblin v0.8.2 (available: v0.9.2)
[INFO] [stderr]       Adding pdb-addr2line v0.10.4 (available: v0.11.1)
[INFO] [stderr]       Adding wasmparser v0.214.0 (available: v0.219.1)
[INFO] running `Command { std: CARGO_HOME="/workspace/cargo-home" RUSTUP_HOME="/workspace/rustup-home" "/workspace/cargo-home/bin/cargo" "+nightly-2024-10-28" "fetch" "--manifest-path" "Cargo.toml", kill_on_drop: false }`
[INFO] [stderr]     Blocking waiting for file lock on package cache
[INFO] running `Command { std: "docker" "create" "-v" "/var/lib/crater-agent-workspace/builds/worker-2-tc2/target:/opt/rustwide/target:rw,Z" "-v" "/var/lib/crater-agent-workspace/builds/worker-2-tc2/source:/opt/rustwide/workdir:ro,Z" "-v" "/var/lib/crater-agent-workspace/cargo-home:/opt/rustwide/cargo-home:ro,Z" "-v" "/var/lib/crater-agent-workspace/rustup-home:/opt/rustwide/rustup-home:ro,Z" "-e" "SOURCE_DIR=/opt/rustwide/workdir" "-e" "CARGO_TARGET_DIR=/opt/rustwide/target" "-e" "CARGO_HOME=/opt/rustwide/cargo-home" "-e" "RUSTUP_HOME=/opt/rustwide/rustup-home" "-w" "/opt/rustwide/workdir" "-m" "1610612736" "--user" "0:0" "--network" "none" "ghcr.io/rust-lang/crates-build-env/linux@sha256:4a844ea9eb2546a2d2c7022eacef16ef2e8229c7fbb2c7d4d55a9ceca922f72d" "/opt/rustwide/cargo-home/bin/cargo" "+nightly-2024-10-28" "metadata" "--no-deps" "--format-version=1", kill_on_drop: false }`
[INFO] [stdout] 489373918b8cd9df1832d8ca4ae06f483af37945dbdf4cf603c7a26dbb6758c1
[INFO] running `Command { std: "docker" "start" "-a" "489373918b8cd9df1832d8ca4ae06f483af37945dbdf4cf603c7a26dbb6758c1", kill_on_drop: false }`
[INFO] running `Command { std: "docker" "inspect" "489373918b8cd9df1832d8ca4ae06f483af37945dbdf4cf603c7a26dbb6758c1", kill_on_drop: false }`
[INFO] running `Command { std: "docker" "rm" "-f" "489373918b8cd9df1832d8ca4ae06f483af37945dbdf4cf603c7a26dbb6758c1", kill_on_drop: false }`
[INFO] [stdout] 489373918b8cd9df1832d8ca4ae06f483af37945dbdf4cf603c7a26dbb6758c1
[INFO] running `Command { std: "docker" "create" "-v" "/var/lib/crater-agent-workspace/builds/worker-2-tc2/target:/opt/rustwide/target:rw,Z" "-v" "/var/lib/crater-agent-workspace/builds/worker-2-tc2/source:/opt/rustwide/workdir:ro,Z" "-v" "/var/lib/crater-agent-workspace/cargo-home:/opt/rustwide/cargo-home:ro,Z" "-v" "/var/lib/crater-agent-workspace/rustup-home:/opt/rustwide/rustup-home:ro,Z" "-e" "SOURCE_DIR=/opt/rustwide/workdir" "-e" "CARGO_TARGET_DIR=/opt/rustwide/target" "-e" "CARGO_INCREMENTAL=0" "-e" "RUST_BACKTRACE=full" "-e" "RUSTFLAGS=--cap-lints=forbid -Zrandomize-layout" "-e" "RUSTDOCFLAGS=--cap-lints=forbid" "-e" "CARGO_HOME=/opt/rustwide/cargo-home" "-e" "RUSTUP_HOME=/opt/rustwide/rustup-home" "-w" "/opt/rustwide/workdir" "-m" "1610612736" "--user" "0:0" "--network" "none" "ghcr.io/rust-lang/crates-build-env/linux@sha256:4a844ea9eb2546a2d2c7022eacef16ef2e8229c7fbb2c7d4d55a9ceca922f72d" "/opt/rustwide/cargo-home/bin/cargo" "+nightly-2024-10-28" "build" "--frozen" "--message-format=json", kill_on_drop: false }`
[INFO] [stdout] 08f20820ac395ab81f337d89a00a42536966c1694fa97a8a173faf6c3f779308
[INFO] running `Command { std: "docker" "start" "-a" "08f20820ac395ab81f337d89a00a42536966c1694fa97a8a173faf6c3f779308", kill_on_drop: false }`
[INFO] [stderr]    Compiling libc v0.2.161
[INFO] [stderr]    Compiling serde v1.0.214
[INFO] [stderr]    Compiling memchr v2.7.4
[INFO] [stderr]    Compiling once_cell v1.20.2
[INFO] [stderr]    Compiling shlex v1.3.0
[INFO] [stderr]    Compiling smallvec v1.13.2
[INFO] [stderr]    Compiling thiserror v1.0.66
[INFO] [stderr]    Compiling serde_derive v1.0.214
[INFO] [stderr]    Compiling pkg-config v0.3.31
[INFO] [stderr]    Compiling thiserror-impl v1.0.66
[INFO] [stderr]    Compiling lock_api v0.4.12
[INFO] [stderr]    Compiling parking_lot_core v0.9.10
[INFO] [stderr]    Compiling uuid v1.11.0
[INFO] [stderr]    Compiling ahash v0.8.11
[INFO] [stderr]    Compiling crc32fast v1.4.2
[INFO] [stderr]    Compiling adler2 v2.0.0
[INFO] [stderr]    Compiling scopeguard v1.2.0
[INFO] [stderr]    Compiling hashbrown v0.15.0
[INFO] [stderr]    Compiling equivalent v1.0.1
[INFO] [stderr]    Compiling stable_deref_trait v1.2.0
[INFO] [stderr]    Compiling miniz_oxide v0.8.0
[INFO] [stderr]    Compiling siphasher v0.3.11
[INFO] [stderr]    Compiling semver v1.0.23
[INFO] [stderr]    Compiling zstd-safe v7.2.1
[INFO] [stderr]    Compiling jobserver v0.1.32
[INFO] [stderr]    Compiling zerocopy v0.7.35
[INFO] [stderr]    Compiling cc v1.1.31
[INFO] [stderr]    Compiling parking_lot v0.12.3
[INFO] [stderr]    Compiling flate2 v1.0.34
[INFO] [stderr]    Compiling memmap2 v0.9.5
[INFO] [stderr]    Compiling phf_shared v0.10.0
[INFO] [stderr]    Compiling aho-corasick v1.1.3
[INFO] [stderr]    Compiling inplace-vec-builder v0.1.1
[INFO] [stderr]    Compiling scroll_derive v0.12.0
[INFO] [stderr]    Compiling scroll v0.11.0
[INFO] [stderr]    Compiling new_debug_unreachable v1.0.6
[INFO] [stderr]    Compiling bumpalo v3.16.0
[INFO] [stderr]    Compiling binary-merge v0.1.2
[INFO] [stderr]    Compiling simd-adler32 v0.3.7
[INFO] [stderr]    Compiling arrayvec v0.7.6
[INFO] [stderr]    Compiling fallible-iterator v0.2.0
[INFO] [stderr]    Compiling zip v2.2.0
[INFO] [stderr]    Compiling precomputed-hash v0.1.1
[INFO] [stderr]    Compiling lockfree-object-pool v0.1.6
[INFO] [stderr]    Compiling leb128 v0.2.5
[INFO] [stderr]    Compiling minimal-lexical v0.2.1
[INFO] [stderr]    Compiling watto v0.1.0
[INFO] [stderr]    Compiling zopfli v0.8.1
[INFO] [stderr]    Compiling scroll v0.12.0
[INFO] [stderr]    Compiling pdb v0.8.0
[INFO] [stderr]    Compiling brownstone v3.0.0
[INFO] [stderr]    Compiling nom v7.1.3
[INFO] [stderr]    Compiling range-collections v0.2.4
[INFO] [stderr]    Compiling elsa v1.10.0
[INFO] [stderr]    Compiling regex-automata v0.4.8
[INFO] [stderr]    Compiling displaydoc v0.2.5
[INFO] [stderr]    Compiling zstd-sys v2.0.13+zstd.1.5.6
[INFO] [stderr]    Compiling plain v0.2.3
[INFO] [stderr]    Compiling indent_write v2.2.0
[INFO] [stderr]    Compiling bitflags v2.6.0
[INFO] [stderr]    Compiling fallible-iterator v0.3.0
[INFO] [stderr]    Compiling maybe-owned v0.3.4
[INFO] [stderr]    Compiling joinery v2.1.0
[INFO] [stderr]    Compiling pdb-addr2line v0.10.4
[INFO] [stderr]    Compiling gimli v0.31.1
[INFO] [stderr]    Compiling nom-supreme v0.8.0
[INFO] [stderr]    Compiling goblin v0.8.2
[INFO] [stderr]    Compiling regex v1.11.1
[INFO] [stderr]    Compiling indexmap v2.6.0
[INFO] [stderr]    Compiling debugid v0.8.0
[INFO] [stderr]    Compiling string_cache v0.8.7
[INFO] [stderr]    Compiling hashbrown v0.14.5
[INFO] [stderr]    Compiling symbolic-common v12.12.0
[INFO] [stderr]    Compiling serde_json v1.0.132
[INFO] [stderr]    Compiling elementtree v1.2.3
[INFO] [stderr]    Compiling wasmparser v0.214.0
[INFO] [stderr]    Compiling symbolic-ppdb v12.12.0
[INFO] [stderr]    Compiling zstd v0.13.2
[INFO] [stderr]    Compiling symbolic-debuginfo v12.12.0 (/opt/rustwide/workdir)
[INFO] [stdout] warning: elided lifetime has a name
[INFO] [stdout]    --> src/object.rs:374:31
[INFO] [stdout]     |
[INFO] [stdout] 371 | impl<'slf, 'data: 'slf> AsSelf<'slf> for Object<'data> {
[INFO] [stdout]     |      ---- lifetime `'slf` declared here
[INFO] [stdout] ...
[INFO] [stdout] 374 |     fn as_self(&'slf self) -> &Self::Ref {
[INFO] [stdout]     |                               ^ this elided lifetime gets resolved as `'slf`
[INFO] [stdout]     |
[INFO] [stdout]     = note: `#[warn(elided_named_lifetimes)]` on by default
[INFO] [stdout] 
[INFO] [stdout] 
[INFO] [stdout] warning: elided lifetime has a name
[INFO] [stdout]    --> src/object.rs:761:31
[INFO] [stdout]     |
[INFO] [stdout] 758 | impl<'slf, 'd: 'slf> AsSelf<'slf> for Archive<'d> {
[INFO] [stdout]     |      ---- lifetime `'slf` declared here
[INFO] [stdout] ...
[INFO] [stdout] 761 |     fn as_self(&'slf self) -> &Self::Ref {
[INFO] [stdout]     |                               ^ this elided lifetime gets resolved as `'slf`
[INFO] [stdout] 
[INFO] [stdout] 
[INFO] [stdout] warning: elided lifetime has a name
[INFO] [stdout]     --> src/breakpad.rs:1162:31
[INFO] [stdout]      |
[INFO] [stdout] 1159 | impl<'slf, 'data: 'slf> AsSelf<'slf> for BreakpadObject<'data> {
[INFO] [stdout]      |      ---- lifetime `'slf` declared here
[INFO] [stdout] ...
[INFO] [stdout] 1162 |     fn as_self(&'slf self) -> &Self::Ref {
[INFO] [stdout]      |                               ^ this elided lifetime gets resolved as `'slf`
[INFO] [stdout] 
[INFO] [stdout] 
[INFO] [stdout] warning: elided lifetime has a name
[INFO] [stdout]     --> src/dwarf.rs:1233:87
[INFO] [stdout]      |
[INFO] [stdout] 1140 | impl<'d> DwarfInfo<'d> {
[INFO] [stdout]      |      -- lifetime `'d` declared here
[INFO] [stdout] ...
[INFO] [stdout] 1233 |     fn units(&'d self, bcsymbolmap: Option<&'d BcSymbolMap<'d>>) -> DwarfUnitIterator<'_> {
[INFO] [stdout]      |                                                                                       ^^ this elided lifetime gets resolved as `'d`
[INFO] [stdout] 
[INFO] [stdout] 
[INFO] [stdout] warning: elided lifetime has a name
[INFO] [stdout]     --> src/dwarf.rs:1245:31
[INFO] [stdout]      |
[INFO] [stdout] 1242 | impl<'slf, 'd: 'slf> AsSelf<'slf> for DwarfInfo<'d> {
[INFO] [stdout]      |      ---- lifetime `'slf` declared here
[INFO] [stdout] ...
[INFO] [stdout] 1245 |     fn as_self(&'slf self) -> &Self::Ref {
[INFO] [stdout]      |                               ^ this elided lifetime gets resolved as `'slf`
[INFO] [stdout] 
[INFO] [stdout] 
[INFO] [stdout] warning: elided lifetime has a name
[INFO] [stdout]    --> src/elf.rs:749:31
[INFO] [stdout]     |
[INFO] [stdout] 746 | impl<'slf, 'data: 'slf> AsSelf<'slf> for ElfObject<'data> {
[INFO] [stdout]     |      ---- lifetime `'slf` declared here
[INFO] [stdout] ...
[INFO] [stdout] 749 |     fn as_self(&'slf self) -> &Self::Ref {
[INFO] [stdout]     |                               ^ this elided lifetime gets resolved as `'slf`
[INFO] [stdout] 
[INFO] [stdout] 
[INFO] [stdout] warning: elided lifetime has a name
[INFO] [stdout]   --> src/macho/bcsymbolmap.rs:81:31
[INFO] [stdout]    |
[INFO] [stdout] 78 | impl<'slf> AsSelf<'slf> for BcSymbolMap<'_> {
[INFO] [stdout]    |      ---- lifetime `'slf` declared here
[INFO] [stdout] ...
[INFO] [stdout] 81 |     fn as_self(&'slf self) -> &Self::Ref {
[INFO] [stdout]    |                               ^ this elided lifetime gets resolved as `'slf`
[INFO] [stdout] 
[INFO] [stdout] 
[INFO] [stdout] warning: elided lifetime has a name
[INFO] [stdout]    --> src/macho/mod.rs:378:31
[INFO] [stdout]     |
[INFO] [stdout] 375 | impl<'slf, 'd: 'slf> AsSelf<'slf> for MachObject<'d> {
[INFO] [stdout]     |      ---- lifetime `'slf` declared here
[INFO] [stdout] ...
[INFO] [stdout] 378 |     fn as_self(&'slf self) -> &Self::Ref {
[INFO] [stdout]     |                               ^ this elided lifetime gets resolved as `'slf`
[INFO] [stdout] 
[INFO] [stdout] 
[INFO] [stdout] warning: elided lifetime has a name
[INFO] [stdout]    --> src/macho/mod.rs:650:31
[INFO] [stdout]     |
[INFO] [stdout] 647 | impl<'slf, 'd: 'slf> AsSelf<'slf> for FatMachO<'d> {
[INFO] [stdout]     |      ---- lifetime `'slf` declared here
[INFO] [stdout] ...
[INFO] [stdout] 650 |     fn as_self(&'slf self) -> &Self::Ref {
[INFO] [stdout]     |                               ^ this elided lifetime gets resolved as `'slf`
[INFO] [stdout] 
[INFO] [stdout] 
[INFO] [stdout] warning: elided lifetime has a name
[INFO] [stdout]    --> src/macho/mod.rs:799:31
[INFO] [stdout]     |
[INFO] [stdout] 796 | impl<'slf, 'd: 'slf> AsSelf<'slf> for MachArchive<'d> {
[INFO] [stdout]     |      ---- lifetime `'slf` declared here
[INFO] [stdout] ...
[INFO] [stdout] 799 |     fn as_self(&'slf self) -> &Self::Ref {
[INFO] [stdout]     |                               ^ this elided lifetime gets resolved as `'slf`
[INFO] [stdout] 
[INFO] [stdout] 
[INFO] [stdout] warning: elided lifetime has a name
[INFO] [stdout]    --> src/pdb.rs:301:31
[INFO] [stdout]     |
[INFO] [stdout] 298 | impl<'slf, 'data: 'slf> AsSelf<'slf> for PdbObject<'data> {
[INFO] [stdout]     |      ---- lifetime `'slf` declared here
[INFO] [stdout] ...
[INFO] [stdout] 301 |     fn as_self(&'slf self) -> &Self::Ref {
[INFO] [stdout]     |                               ^ this elided lifetime gets resolved as `'slf`
[INFO] [stdout] 
[INFO] [stdout] 
[INFO] [stdout] warning: elided lifetime has a name
[INFO] [stdout]    --> src/pdb.rs:568:43
[INFO] [stdout]     |
[INFO] [stdout] 540 | impl<'d> PdbDebugInfo<'d> {
[INFO] [stdout]     |      -- lifetime `'d` declared here
[INFO] [stdout] ...
[INFO] [stdout] 568 |     fn units(&'d self) -> PdbUnitIterator<'_> {
[INFO] [stdout]     |                                           ^^ this elided lifetime gets resolved as `'d`
[INFO] [stdout] 
[INFO] [stdout] 
[INFO] [stdout] warning: elided lifetime has a name
[INFO] [stdout]    --> src/pdb.rs:579:60
[INFO] [stdout]     |
[INFO] [stdout] 540 | impl<'d> PdbDebugInfo<'d> {
[INFO] [stdout]     |      -- lifetime `'d` declared here
[INFO] [stdout] ...
[INFO] [stdout] 579 |     fn get_module(&'d self, index: usize) -> Result<Option<&ModuleInfo<'_>>, PdbError> {
[INFO] [stdout]     |                                                            ^ this elided lifetime gets resolved as `'d`
[INFO] [stdout] 
[INFO] [stdout] 
[INFO] [stdout] warning: elided lifetime has a name
[INFO] [stdout]    --> src/pdb.rs:579:72
[INFO] [stdout]     |
[INFO] [stdout] 540 | impl<'d> PdbDebugInfo<'d> {
[INFO] [stdout]     |      -- lifetime `'d` declared here
[INFO] [stdout] ...
[INFO] [stdout] 579 |     fn get_module(&'d self, index: usize) -> Result<Option<&ModuleInfo<'_>>, PdbError> {
[INFO] [stdout]     |                                                                        ^^ this elided lifetime gets resolved as `'d`
[INFO] [stdout] 
[INFO] [stdout] 
[INFO] [stdout] warning: elided lifetime has a name
[INFO] [stdout]    --> src/pdb.rs:602:31
[INFO] [stdout]     |
[INFO] [stdout] 599 | impl<'slf, 'd: 'slf> AsSelf<'slf> for PdbDebugInfo<'d> {
[INFO] [stdout]     |      ---- lifetime `'slf` declared here
[INFO] [stdout] ...
[INFO] [stdout] 602 |     fn as_self(&'slf self) -> &Self::Ref {
[INFO] [stdout]     |                               ^ this elided lifetime gets resolved as `'slf`
[INFO] [stdout] 
[INFO] [stdout] 
[INFO] [stdout] warning: elided lifetime has a name
[INFO] [stdout]    --> src/pe.rs:380:31
[INFO] [stdout]     |
[INFO] [stdout] 377 | impl<'slf, 'data: 'slf> AsSelf<'slf> for PeObject<'data> {
[INFO] [stdout]     |      ---- lifetime `'slf` declared here
[INFO] [stdout] ...
[INFO] [stdout] 380 |     fn as_self(&'slf self) -> &Self::Ref {
[INFO] [stdout]     |                               ^ this elided lifetime gets resolved as `'slf`
[INFO] [stdout] 
[INFO] [stdout] 
[INFO] [stdout] warning: elided lifetime has a name
[INFO] [stdout]    --> src/sourcebundle.rs:787:31
[INFO] [stdout]     |
[INFO] [stdout] 784 | impl<'slf, 'data: 'slf> AsSelf<'slf> for SourceBundle<'data> {
[INFO] [stdout]     |      ---- lifetime `'slf` declared here
[INFO] [stdout] ...
[INFO] [stdout] 787 |     fn as_self(&'slf self) -> &Self::Ref {
[INFO] [stdout]     |                               ^ this elided lifetime gets resolved as `'slf`
[INFO] [stdout] 
[INFO] [stdout] 
[INFO] [stdout] warning: elided lifetime has a name
[INFO] [stdout]    --> src/sourcebundle.rs:994:31
[INFO] [stdout]     |
[INFO] [stdout] 991 | impl<'slf, 'data: 'slf> AsSelf<'slf> for SourceBundleDebugSession<'data> {
[INFO] [stdout]     |      ---- lifetime `'slf` declared here
[INFO] [stdout] ...
[INFO] [stdout] 994 |     fn as_self(&'slf self) -> &Self::Ref {
[INFO] [stdout]     |                               ^ this elided lifetime gets resolved as `'slf`
[INFO] [stdout] 
[INFO] [stdout] 
[INFO] [stdout] warning: elided lifetime has a name
[INFO] [stdout]    --> src/wasm.rs:172:31
[INFO] [stdout]     |
[INFO] [stdout] 169 | impl<'slf, 'd: 'slf> AsSelf<'slf> for WasmObject<'d> {
[INFO] [stdout]     |      ---- lifetime `'slf` declared here
[INFO] [stdout] ...
[INFO] [stdout] 172 |     fn as_self(&'slf self) -> &Self::Ref {
[INFO] [stdout]     |                               ^ this elided lifetime gets resolved as `'slf`
[INFO] [stdout] 
[INFO] [stdout] 
[INFO] [stderr]     Finished `dev` profile [unoptimized + debuginfo] target(s) in 48.32s
[INFO] running `Command { std: "docker" "inspect" "08f20820ac395ab81f337d89a00a42536966c1694fa97a8a173faf6c3f779308", kill_on_drop: false }`
[INFO] running `Command { std: "docker" "rm" "-f" "08f20820ac395ab81f337d89a00a42536966c1694fa97a8a173faf6c3f779308", kill_on_drop: false }`
[INFO] [stdout] 08f20820ac395ab81f337d89a00a42536966c1694fa97a8a173faf6c3f779308
[INFO] running `Command { std: "docker" "create" "-v" "/var/lib/crater-agent-workspace/builds/worker-2-tc2/target:/opt/rustwide/target:rw,Z" "-v" "/var/lib/crater-agent-workspace/builds/worker-2-tc2/source:/opt/rustwide/workdir:ro,Z" "-v" "/var/lib/crater-agent-workspace/cargo-home:/opt/rustwide/cargo-home:ro,Z" "-v" "/var/lib/crater-agent-workspace/rustup-home:/opt/rustwide/rustup-home:ro,Z" "-e" "SOURCE_DIR=/opt/rustwide/workdir" "-e" "CARGO_TARGET_DIR=/opt/rustwide/target" "-e" "CARGO_INCREMENTAL=0" "-e" "RUST_BACKTRACE=full" "-e" "RUSTFLAGS=--cap-lints=forbid -Zrandomize-layout" "-e" "RUSTDOCFLAGS=--cap-lints=forbid" "-e" "CARGO_HOME=/opt/rustwide/cargo-home" "-e" "RUSTUP_HOME=/opt/rustwide/rustup-home" "-w" "/opt/rustwide/workdir" "-m" "1610612736" "--user" "0:0" "--network" "none" "ghcr.io/rust-lang/crates-build-env/linux@sha256:4a844ea9eb2546a2d2c7022eacef16ef2e8229c7fbb2c7d4d55a9ceca922f72d" "/opt/rustwide/cargo-home/bin/cargo" "+nightly-2024-10-28" "test" "--frozen" "--no-run" "--message-format=json", kill_on_drop: false }`
[INFO] [stdout] 3f147766260ee7bbc1c072fd070aa4095facc6682640294f079546e49319de95
[INFO] running `Command { std: "docker" "start" "-a" "3f147766260ee7bbc1c072fd070aa4095facc6682640294f079546e49319de95", kill_on_drop: false }`
[INFO] [stderr]    Compiling crossbeam-utils v0.8.20
[INFO] [stderr]    Compiling num-traits v0.2.19
[INFO] [stderr]    Compiling rayon-core v1.12.1
[INFO] [stderr]    Compiling either v1.13.0
[INFO] [stderr]    Compiling half v2.4.1
[INFO] [stderr]    Compiling unicode-segmentation v1.12.0
[INFO] [stderr]    Compiling ciborium-io v0.2.2
[INFO] [stderr]    Compiling anstyle v1.0.10
[INFO] [stderr]    Compiling plotters-backend v0.3.7
[INFO] [stderr]    Compiling console v0.15.8
[INFO] [stderr]    Compiling itertools v0.10.5
[INFO] [stderr]    Compiling clap_builder v4.5.20
[INFO] [stderr]    Compiling ciborium-ll v0.2.2
[INFO] [stderr]    Compiling plotters-svg v0.3.7
[INFO] [stderr]    Compiling cast v0.3.0
[INFO] [stderr]    Compiling similar v2.6.0
[INFO] [stderr]    Compiling ciborium v0.2.2
[INFO] [stderr]    Compiling wasmparser v0.214.0
[INFO] [stderr]    Compiling crossbeam-epoch v0.9.18
[INFO] [stderr]    Compiling tinytemplate v1.2.1
[INFO] [stderr]    Compiling plotters v0.3.7
[INFO] [stderr]    Compiling crossbeam-deque v0.8.5
[INFO] [stderr]    Compiling is-terminal v0.4.13
[INFO] [stderr]    Compiling oorandom v11.1.4
[INFO] [stderr]    Compiling linked-hash-map v0.5.6
[INFO] [stderr]    Compiling anes v0.1.6
[INFO] [stderr]    Compiling criterion-plot v0.5.0
[INFO] [stderr]    Compiling insta v1.41.1
[INFO] [stderr]    Compiling tempfile v3.13.0
[INFO] [stderr]    Compiling similar-asserts v1.6.0
[INFO] [stderr]    Compiling rayon v1.10.0
[INFO] [stderr]    Compiling clap v4.5.20
[INFO] [stderr]    Compiling criterion v0.5.1
[INFO] [stderr]    Compiling symbolic-debuginfo v12.12.0 (/opt/rustwide/workdir)
[INFO] [stdout] warning: elided lifetime has a name
[INFO] [stdout]    --> src/object.rs:374:31
[INFO] [stdout]     |
[INFO] [stdout] 371 | impl<'slf, 'data: 'slf> AsSelf<'slf> for Object<'data> {
[INFO] [stdout]     |      ---- lifetime `'slf` declared here
[INFO] [stdout] ...
[INFO] [stdout] 374 |     fn as_self(&'slf self) -> &Self::Ref {
[INFO] [stdout]     |                               ^ this elided lifetime gets resolved as `'slf`
[INFO] [stdout]     |
[INFO] [stdout]     = note: `#[warn(elided_named_lifetimes)]` on by default
[INFO] [stdout] 
[INFO] [stdout] 
[INFO] [stdout] warning: elided lifetime has a name
[INFO] [stdout]    --> src/object.rs:761:31
[INFO] [stdout]     |
[INFO] [stdout] 758 | impl<'slf, 'd: 'slf> AsSelf<'slf> for Archive<'d> {
[INFO] [stdout]     |      ---- lifetime `'slf` declared here
[INFO] [stdout] ...
[INFO] [stdout] 761 |     fn as_self(&'slf self) -> &Self::Ref {
[INFO] [stdout]     |                               ^ this elided lifetime gets resolved as `'slf`
[INFO] [stdout] 
[INFO] [stdout] 
[INFO] [stdout] warning: elided lifetime has a name
[INFO] [stdout]     --> src/breakpad.rs:1162:31
[INFO] [stdout]      |
[INFO] [stdout] 1159 | impl<'slf, 'data: 'slf> AsSelf<'slf> for BreakpadObject<'data> {
[INFO] [stdout]      |      ---- lifetime `'slf` declared here
[INFO] [stdout] ...
[INFO] [stdout] 1162 |     fn as_self(&'slf self) -> &Self::Ref {
[INFO] [stdout]      |                               ^ this elided lifetime gets resolved as `'slf`
[INFO] [stdout] 
[INFO] [stdout] 
[INFO] [stdout] warning: elided lifetime has a name
[INFO] [stdout]     --> src/dwarf.rs:1233:87
[INFO] [stdout]      |
[INFO] [stdout] 1140 | impl<'d> DwarfInfo<'d> {
[INFO] [stdout]      |      -- lifetime `'d` declared here
[INFO] [stdout] ...
[INFO] [stdout] 1233 |     fn units(&'d self, bcsymbolmap: Option<&'d BcSymbolMap<'d>>) -> DwarfUnitIterator<'_> {
[INFO] [stdout]      |                                                                                       ^^ this elided lifetime gets resolved as `'d`
[INFO] [stdout] 
[INFO] [stdout] 
[INFO] [stdout] warning: elided lifetime has a name
[INFO] [stdout]     --> src/dwarf.rs:1245:31
[INFO] [stdout]      |
[INFO] [stdout] 1242 | impl<'slf, 'd: 'slf> AsSelf<'slf> for DwarfInfo<'d> {
[INFO] [stdout]      |      ---- lifetime `'slf` declared here
[INFO] [stdout] ...
[INFO] [stdout] 1245 |     fn as_self(&'slf self) -> &Self::Ref {
[INFO] [stdout]      |                               ^ this elided lifetime gets resolved as `'slf`
[INFO] [stdout] 
[INFO] [stdout] 
[INFO] [stdout] warning: elided lifetime has a name
[INFO] [stdout]    --> src/elf.rs:749:31
[INFO] [stdout]     |
[INFO] [stdout] 746 | impl<'slf, 'data: 'slf> AsSelf<'slf> for ElfObject<'data> {
[INFO] [stdout]     |      ---- lifetime `'slf` declared here
[INFO] [stdout] ...
[INFO] [stdout] 749 |     fn as_self(&'slf self) -> &Self::Ref {
[INFO] [stdout]     |                               ^ this elided lifetime gets resolved as `'slf`
[INFO] [stdout] 
[INFO] [stdout] 
[INFO] [stdout] warning: elided lifetime has a name
[INFO] [stdout]   --> src/macho/bcsymbolmap.rs:81:31
[INFO] [stdout]    |
[INFO] [stdout] 78 | impl<'slf> AsSelf<'slf> for BcSymbolMap<'_> {
[INFO] [stdout]    |      ---- lifetime `'slf` declared here
[INFO] [stdout] ...
[INFO] [stdout] 81 |     fn as_self(&'slf self) -> &Self::Ref {
[INFO] [stdout]    |                               ^ this elided lifetime gets resolved as `'slf`
[INFO] [stdout] 
[INFO] [stdout] 
[INFO] [stdout] warning: elided lifetime has a name
[INFO] [stdout]    --> src/macho/mod.rs:378:31
[INFO] [stdout]     |
[INFO] [stdout] 375 | impl<'slf, 'd: 'slf> AsSelf<'slf> for MachObject<'d> {
[INFO] [stdout]     |      ---- lifetime `'slf` declared here
[INFO] [stdout] ...
[INFO] [stdout] 378 |     fn as_self(&'slf self) -> &Self::Ref {
[INFO] [stdout]     |                               ^ this elided lifetime gets resolved as `'slf`
[INFO] [stdout] 
[INFO] [stdout] 
[INFO] [stdout] warning: elided lifetime has a name
[INFO] [stdout]    --> src/macho/mod.rs:650:31
[INFO] [stdout]     |
[INFO] [stdout] 647 | impl<'slf, 'd: 'slf> AsSelf<'slf> for FatMachO<'d> {
[INFO] [stdout]     |      ---- lifetime `'slf` declared here
[INFO] [stdout] ...
[INFO] [stdout] 650 |     fn as_self(&'slf self) -> &Self::Ref {
[INFO] [stdout]     |                               ^ this elided lifetime gets resolved as `'slf`
[INFO] [stdout] 
[INFO] [stdout] 
[INFO] [stdout] warning: elided lifetime has a name
[INFO] [stdout]    --> src/macho/mod.rs:799:31
[INFO] [stdout]     |
[INFO] [stdout] 796 | impl<'slf, 'd: 'slf> AsSelf<'slf> for MachArchive<'d> {
[INFO] [stdout]     |      ---- lifetime `'slf` declared here
[INFO] [stdout] ...
[INFO] [stdout] 799 |     fn as_self(&'slf self) -> &Self::Ref {
[INFO] [stdout]     |                               ^ this elided lifetime gets resolved as `'slf`
[INFO] [stdout] 
[INFO] [stdout] 
[INFO] [stdout] warning: elided lifetime has a name
[INFO] [stdout]    --> src/pdb.rs:301:31
[INFO] [stdout]     |
[INFO] [stdout] 298 | impl<'slf, 'data: 'slf> AsSelf<'slf> for PdbObject<'data> {
[INFO] [stdout]     |      ---- lifetime `'slf` declared here
[INFO] [stdout] ...
[INFO] [stdout] 301 |     fn as_self(&'slf self) -> &Self::Ref {
[INFO] [stdout]     |                               ^ this elided lifetime gets resolved as `'slf`
[INFO] [stdout] 
[INFO] [stdout] 
[INFO] [stdout] warning: elided lifetime has a name
[INFO] [stdout]    --> src/pdb.rs:568:43
[INFO] [stdout]     |
[INFO] [stdout] 540 | impl<'d> PdbDebugInfo<'d> {
[INFO] [stdout]     |      -- lifetime `'d` declared here
[INFO] [stdout] ...
[INFO] [stdout] 568 |     fn units(&'d self) -> PdbUnitIterator<'_> {
[INFO] [stdout]     |                                           ^^ this elided lifetime gets resolved as `'d`
[INFO] [stdout] 
[INFO] [stdout] 
[INFO] [stdout] warning: elided lifetime has a name
[INFO] [stdout]    --> src/pdb.rs:579:60
[INFO] [stdout]     |
[INFO] [stdout] 540 | impl<'d> PdbDebugInfo<'d> {
[INFO] [stdout]     |      -- lifetime `'d` declared here
[INFO] [stdout] ...
[INFO] [stdout] 579 |     fn get_module(&'d self, index: usize) -> Result<Option<&ModuleInfo<'_>>, PdbError> {
[INFO] [stdout]     |                                                            ^ this elided lifetime gets resolved as `'d`
[INFO] [stdout] 
[INFO] [stdout] 
[INFO] [stdout] warning: elided lifetime has a name
[INFO] [stdout]    --> src/pdb.rs:579:72
[INFO] [stdout]     |
[INFO] [stdout] 540 | impl<'d> PdbDebugInfo<'d> {
[INFO] [stdout]     |      -- lifetime `'d` declared here
[INFO] [stdout] ...
[INFO] [stdout] 579 |     fn get_module(&'d self, index: usize) -> Result<Option<&ModuleInfo<'_>>, PdbError> {
[INFO] [stdout]     |                                                                        ^^ this elided lifetime gets resolved as `'d`
[INFO] [stdout] 
[INFO] [stdout] 
[INFO] [stdout] warning: elided lifetime has a name
[INFO] [stdout]    --> src/pdb.rs:602:31
[INFO] [stdout]     |
[INFO] [stdout] 599 | impl<'slf, 'd: 'slf> AsSelf<'slf> for PdbDebugInfo<'d> {
[INFO] [stdout]     |      ---- lifetime `'slf` declared here
[INFO] [stdout] ...
[INFO] [stdout] 602 |     fn as_self(&'slf self) -> &Self::Ref {
[INFO] [stdout]     |                               ^ this elided lifetime gets resolved as `'slf`
[INFO] [stdout] 
[INFO] [stdout] 
[INFO] [stdout] warning: elided lifetime has a name
[INFO] [stdout]    --> src/pe.rs:380:31
[INFO] [stdout]     |
[INFO] [stdout] 377 | impl<'slf, 'data: 'slf> AsSelf<'slf> for PeObject<'data> {
[INFO] [stdout]     |      ---- lifetime `'slf` declared here
[INFO] [stdout] ...
[INFO] [stdout] 380 |     fn as_self(&'slf self) -> &Self::Ref {
[INFO] [stdout]     |                               ^ this elided lifetime gets resolved as `'slf`
[INFO] [stdout] 
[INFO] [stdout] 
[INFO] [stdout] warning: elided lifetime has a name
[INFO] [stdout]    --> src/sourcebundle.rs:787:31
[INFO] [stdout]     |
[INFO] [stdout] 784 | impl<'slf, 'data: 'slf> AsSelf<'slf> for SourceBundle<'data> {
[INFO] [stdout]     |      ---- lifetime `'slf` declared here
[INFO] [stdout] ...
[INFO] [stdout] 787 |     fn as_self(&'slf self) -> &Self::Ref {
[INFO] [stdout]     |                               ^ this elided lifetime gets resolved as `'slf`
[INFO] [stdout] 
[INFO] [stdout] 
[INFO] [stdout] warning: elided lifetime has a name
[INFO] [stdout]    --> src/sourcebundle.rs:994:31
[INFO] [stdout]     |
[INFO] [stdout] 991 | impl<'slf, 'data: 'slf> AsSelf<'slf> for SourceBundleDebugSession<'data> {
[INFO] [stdout]     |      ---- lifetime `'slf` declared here
[INFO] [stdout] ...
[INFO] [stdout] 994 |     fn as_self(&'slf self) -> &Self::Ref {
[INFO] [stdout]     |                               ^ this elided lifetime gets resolved as `'slf`
[INFO] [stdout] 
[INFO] [stdout] 
[INFO] [stdout] warning: elided lifetime has a name
[INFO] [stdout]    --> src/wasm.rs:172:31
[INFO] [stdout]     |
[INFO] [stdout] 169 | impl<'slf, 'd: 'slf> AsSelf<'slf> for WasmObject<'d> {
[INFO] [stdout]     |      ---- lifetime `'slf` declared here
[INFO] [stdout] ...
[INFO] [stdout] 172 |     fn as_self(&'slf self) -> &Self::Ref {
[INFO] [stdout]     |                               ^ this elided lifetime gets resolved as `'slf`
[INFO] [stdout] 
[INFO] [stdout] 
[INFO] [stdout] warning: elided lifetime has a name
[INFO] [stdout]    --> src/object.rs:374:31
[INFO] [stdout]     |
[INFO] [stdout] 371 | impl<'slf, 'data: 'slf> AsSelf<'slf> for Object<'data> {
[INFO] [stdout]     |      ---- lifetime `'slf` declared here
[INFO] [stdout] ...
[INFO] [stdout] 374 |     fn as_self(&'slf self) -> &Self::Ref {
[INFO] [stdout]     |                               ^ this elided lifetime gets resolved as `'slf`
[INFO] [stdout]     |
[INFO] [stdout]     = note: `#[warn(elided_named_lifetimes)]` on by default
[INFO] [stdout] 
[INFO] [stdout] 
[INFO] [stdout] warning: elided lifetime has a name
[INFO] [stdout]    --> src/object.rs:761:31
[INFO] [stdout]     |
[INFO] [stdout] 758 | impl<'slf, 'd: 'slf> AsSelf<'slf> for Archive<'d> {
[INFO] [stdout]     |      ---- lifetime `'slf` declared here
[INFO] [stdout] ...
[INFO] [stdout] 761 |     fn as_self(&'slf self) -> &Self::Ref {
[INFO] [stdout]     |                               ^ this elided lifetime gets resolved as `'slf`
[INFO] [stdout] 
[INFO] [stdout] 
[INFO] [stdout] warning: elided lifetime has a name
[INFO] [stdout]     --> src/breakpad.rs:1162:31
[INFO] [stdout]      |
[INFO] [stdout] 1159 | impl<'slf, 'data: 'slf> AsSelf<'slf> for BreakpadObject<'data> {
[INFO] [stdout]      |      ---- lifetime `'slf` declared here
[INFO] [stdout] ...
[INFO] [stdout] 1162 |     fn as_self(&'slf self) -> &Self::Ref {
[INFO] [stdout]      |                               ^ this elided lifetime gets resolved as `'slf`
[INFO] [stdout] 
[INFO] [stdout] 
[INFO] [stdout] warning: elided lifetime has a name
[INFO] [stdout]     --> src/dwarf.rs:1233:87
[INFO] [stdout]      |
[INFO] [stdout] 1140 | impl<'d> DwarfInfo<'d> {
[INFO] [stdout]      |      -- lifetime `'d` declared here
[INFO] [stdout] ...
[INFO] [stdout] 1233 |     fn units(&'d self, bcsymbolmap: Option<&'d BcSymbolMap<'d>>) -> DwarfUnitIterator<'_> {
[INFO] [stdout]      |                                                                                       ^^ this elided lifetime gets resolved as `'d`
[INFO] [stdout] 
[INFO] [stdout] 
[INFO] [stdout] warning: elided lifetime has a name
[INFO] [stdout]     --> src/dwarf.rs:1245:31
[INFO] [stdout]      |
[INFO] [stdout] 1242 | impl<'slf, 'd: 'slf> AsSelf<'slf> for DwarfInfo<'d> {
[INFO] [stdout]      |      ---- lifetime `'slf` declared here
[INFO] [stdout] ...
[INFO] [stdout] 1245 |     fn as_self(&'slf self) -> &Self::Ref {
[INFO] [stdout]      |                               ^ this elided lifetime gets resolved as `'slf`
[INFO] [stdout] 
[INFO] [stdout] 
[INFO] [stdout] warning: elided lifetime has a name
[INFO] [stdout]    --> src/elf.rs:749:31
[INFO] [stdout]     |
[INFO] [stdout] 746 | impl<'slf, 'data: 'slf> AsSelf<'slf> for ElfObject<'data> {
[INFO] [stdout]     |      ---- lifetime `'slf` declared here
[INFO] [stdout] ...
[INFO] [stdout] 749 |     fn as_self(&'slf self) -> &Self::Ref {
[INFO] [stdout]     |                               ^ this elided lifetime gets resolved as `'slf`
[INFO] [stdout] 
[INFO] [stdout] 
[INFO] [stdout] warning: elided lifetime has a name
[INFO] [stdout]   --> src/macho/bcsymbolmap.rs:81:31
[INFO] [stdout]    |
[INFO] [stdout] 78 | impl<'slf> AsSelf<'slf> for BcSymbolMap<'_> {
[INFO] [stdout]    |      ---- lifetime `'slf` declared here
[INFO] [stdout] ...
[INFO] [stdout] 81 |     fn as_self(&'slf self) -> &Self::Ref {
[INFO] [stdout]    |                               ^ this elided lifetime gets resolved as `'slf`
[INFO] [stdout] 
[INFO] [stdout] 
[INFO] [stdout] warning: elided lifetime has a name
[INFO] [stdout]    --> src/macho/mod.rs:378:31
[INFO] [stdout]     |
[INFO] [stdout] 375 | impl<'slf, 'd: 'slf> AsSelf<'slf> for MachObject<'d> {
[INFO] [stdout]     |      ---- lifetime `'slf` declared here
[INFO] [stdout] ...
[INFO] [stdout] 378 |     fn as_self(&'slf self) -> &Self::Ref {
[INFO] [stdout]     |                               ^ this elided lifetime gets resolved as `'slf`
[INFO] [stdout] 
[INFO] [stdout] 
[INFO] [stdout] warning: elided lifetime has a name
[INFO] [stdout]    --> src/macho/mod.rs:650:31
[INFO] [stdout]     |
[INFO] [stdout] 647 | impl<'slf, 'd: 'slf> AsSelf<'slf> for FatMachO<'d> {
[INFO] [stdout]     |      ---- lifetime `'slf` declared here
[INFO] [stdout] ...
[INFO] [stdout] 650 |     fn as_self(&'slf self) -> &Self::Ref {
[INFO] [stdout]     |                               ^ this elided lifetime gets resolved as `'slf`
[INFO] [stdout] 
[INFO] [stdout] 
[INFO] [stdout] warning: elided lifetime has a name
[INFO] [stdout]    --> src/macho/mod.rs:799:31
[INFO] [stdout]     |
[INFO] [stdout] 796 | impl<'slf, 'd: 'slf> AsSelf<'slf> for MachArchive<'d> {
[INFO] [stdout]     |      ---- lifetime `'slf` declared here
[INFO] [stdout] ...
[INFO] [stdout] 799 |     fn as_self(&'slf self) -> &Self::Ref {
[INFO] [stdout]     |                               ^ this elided lifetime gets resolved as `'slf`
[INFO] [stdout] 
[INFO] [stdout] 
[INFO] [stdout] warning: elided lifetime has a name
[INFO] [stdout]    --> src/pdb.rs:301:31
[INFO] [stdout]     |
[INFO] [stdout] 298 | impl<'slf, 'data: 'slf> AsSelf<'slf> for PdbObject<'data> {
[INFO] [stdout]     |      ---- lifetime `'slf` declared here
[INFO] [stdout] ...
[INFO] [stdout] 301 |     fn as_self(&'slf self) -> &Self::Ref {
[INFO] [stdout]     |                               ^ this elided lifetime gets resolved as `'slf`
[INFO] [stdout] 
[INFO] [stdout] 
[INFO] [stdout] warning: elided lifetime has a name
[INFO] [stdout]    --> src/pdb.rs:568:43
[INFO] [stdout]     |
[INFO] [stdout] 540 | impl<'d> PdbDebugInfo<'d> {
[INFO] [stdout]     |      -- lifetime `'d` declared here
[INFO] [stdout] ...
[INFO] [stdout] 568 |     fn units(&'d self) -> PdbUnitIterator<'_> {
[INFO] [stdout]     |                                           ^^ this elided lifetime gets resolved as `'d`
[INFO] [stdout] 
[INFO] [stdout] 
[INFO] [stdout] warning: elided lifetime has a name
[INFO] [stdout]    --> src/pdb.rs:579:60
[INFO] [stdout]     |
[INFO] [stdout] 540 | impl<'d> PdbDebugInfo<'d> {
[INFO] [stdout]     |      -- lifetime `'d` declared here
[INFO] [stdout] ...
[INFO] [stdout] 579 |     fn get_module(&'d self, index: usize) -> Result<Option<&ModuleInfo<'_>>, PdbError> {
[INFO] [stdout]     |                                                            ^ this elided lifetime gets resolved as `'d`
[INFO] [stdout] 
[INFO] [stdout] 
[INFO] [stdout] warning: elided lifetime has a name
[INFO] [stdout]    --> src/pdb.rs:579:72
[INFO] [stdout]     |
[INFO] [stdout] 540 | impl<'d> PdbDebugInfo<'d> {
[INFO] [stdout]     |      -- lifetime `'d` declared here
[INFO] [stdout] ...
[INFO] [stdout] 579 |     fn get_module(&'d self, index: usize) -> Result<Option<&ModuleInfo<'_>>, PdbError> {
[INFO] [stdout]     |                                                                        ^^ this elided lifetime gets resolved as `'d`
[INFO] [stdout] 
[INFO] [stdout] 
[INFO] [stdout] warning: elided lifetime has a name
[INFO] [stdout]    --> src/pdb.rs:602:31
[INFO] [stdout]     |
[INFO] [stdout] 599 | impl<'slf, 'd: 'slf> AsSelf<'slf> for PdbDebugInfo<'d> {
[INFO] [stdout]     |      ---- lifetime `'slf` declared here
[INFO] [stdout] ...
[INFO] [stdout] 602 |     fn as_self(&'slf self) -> &Self::Ref {
[INFO] [stdout]     |                               ^ this elided lifetime gets resolved as `'slf`
[INFO] [stdout] 
[INFO] [stdout] 
[INFO] [stdout] warning: elided lifetime has a name
[INFO] [stdout]    --> src/pe.rs:380:31
[INFO] [stdout]     |
[INFO] [stdout] 377 | impl<'slf, 'data: 'slf> AsSelf<'slf> for PeObject<'data> {
[INFO] [stdout]     |      ---- lifetime `'slf` declared here
[INFO] [stdout] ...
[INFO] [stdout] 380 |     fn as_self(&'slf self) -> &Self::Ref {
[INFO] [stdout]     |                               ^ this elided lifetime gets resolved as `'slf`
[INFO] [stdout] 
[INFO] [stdout] 
[INFO] [stdout] warning: elided lifetime has a name
[INFO] [stdout]    --> src/sourcebundle.rs:787:31
[INFO] [stdout]     |
[INFO] [stdout] 784 | impl<'slf, 'data: 'slf> AsSelf<'slf> for SourceBundle<'data> {
[INFO] [stdout]     |      ---- lifetime `'slf` declared here
[INFO] [stdout] ...
[INFO] [stdout] 787 |     fn as_self(&'slf self) -> &Self::Ref {
[INFO] [stdout]     |                               ^ this elided lifetime gets resolved as `'slf`
[INFO] [stdout] 
[INFO] [stdout] 
[INFO] [stdout] warning: elided lifetime has a name
[INFO] [stdout]    --> src/sourcebundle.rs:994:31
[INFO] [stdout]     |
[INFO] [stdout] 991 | impl<'slf, 'data: 'slf> AsSelf<'slf> for SourceBundleDebugSession<'data> {
[INFO] [stdout]     |      ---- lifetime `'slf` declared here
[INFO] [stdout] ...
[INFO] [stdout] 994 |     fn as_self(&'slf self) -> &Self::Ref {
[INFO] [stdout]     |                               ^ this elided lifetime gets resolved as `'slf`
[INFO] [stdout] 
[INFO] [stdout] 
[INFO] [stdout] warning: elided lifetime has a name
[INFO] [stdout]    --> src/wasm.rs:172:31
[INFO] [stdout]     |
[INFO] [stdout] 169 | impl<'slf, 'd: 'slf> AsSelf<'slf> for WasmObject<'d> {
[INFO] [stdout]     |      ---- lifetime `'slf` declared here
[INFO] [stdout] ...
[INFO] [stdout] 172 |     fn as_self(&'slf self) -> &Self::Ref {
[INFO] [stdout]     |                               ^ this elided lifetime gets resolved as `'slf`
[INFO] [stdout] 
[INFO] [stdout] 
[INFO] [stderr]     Finished `test` profile [unoptimized + debuginfo] target(s) in 22.01s
[INFO] running `Command { std: "docker" "inspect" "3f147766260ee7bbc1c072fd070aa4095facc6682640294f079546e49319de95", kill_on_drop: false }`
[INFO] running `Command { std: "docker" "rm" "-f" "3f147766260ee7bbc1c072fd070aa4095facc6682640294f079546e49319de95", kill_on_drop: false }`
[INFO] [stdout] 3f147766260ee7bbc1c072fd070aa4095facc6682640294f079546e49319de95
[INFO] running `Command { std: "docker" "create" "-v" "/var/lib/crater-agent-workspace/builds/worker-2-tc2/target:/opt/rustwide/target:rw,Z" "-v" "/var/lib/crater-agent-workspace/builds/worker-2-tc2/source:/opt/rustwide/workdir:ro,Z" "-v" "/var/lib/crater-agent-workspace/cargo-home:/opt/rustwide/cargo-home:ro,Z" "-v" "/var/lib/crater-agent-workspace/rustup-home:/opt/rustwide/rustup-home:ro,Z" "-e" "SOURCE_DIR=/opt/rustwide/workdir" "-e" "CARGO_TARGET_DIR=/opt/rustwide/target" "-e" "CARGO_INCREMENTAL=0" "-e" "RUST_BACKTRACE=full" "-e" "RUSTFLAGS=--cap-lints=forbid -Zrandomize-layout" "-e" "RUSTDOCFLAGS=--cap-lints=forbid" "-e" "CARGO_HOME=/opt/rustwide/cargo-home" "-e" "RUSTUP_HOME=/opt/rustwide/rustup-home" "-w" "/opt/rustwide/workdir" "-m" "1610612736" "--user" "0:0" "--network" "none" "ghcr.io/rust-lang/crates-build-env/linux@sha256:4a844ea9eb2546a2d2c7022eacef16ef2e8229c7fbb2c7d4d55a9ceca922f72d" "/opt/rustwide/cargo-home/bin/cargo" "+nightly-2024-10-28" "test" "--frozen", kill_on_drop: false }`
[INFO] [stdout] eef18c73d7772c2bfc43d639d0c3c4185fe619e5e6b2f8fcbfe27943987a5967
[INFO] running `Command { std: "docker" "start" "-a" "eef18c73d7772c2bfc43d639d0c3c4185fe619e5e6b2f8fcbfe27943987a5967", kill_on_drop: false }`
[INFO] [stderr] warning: elided lifetime has a name
[INFO] [stderr]    --> src/object.rs:374:31
[INFO] [stderr]     |
[INFO] [stderr] 371 | impl<'slf, 'data: 'slf> AsSelf<'slf> for Object<'data> {
[INFO] [stderr]     |      ---- lifetime `'slf` declared here
[INFO] [stderr] ...
[INFO] [stderr] 374 |     fn as_self(&'slf self) -> &Self::Ref {
[INFO] [stderr]     |                               ^ this elided lifetime gets resolved as `'slf`
[INFO] [stderr]     |
[INFO] [stderr]     = note: `#[warn(elided_named_lifetimes)]` on by default
[INFO] [stderr] 
[INFO] [stderr] warning: elided lifetime has a name
[INFO] [stderr]    --> src/object.rs:761:31
[INFO] [stderr]     |
[INFO] [stderr] 758 | impl<'slf, 'd: 'slf> AsSelf<'slf> for Archive<'d> {
[INFO] [stderr]     |      ---- lifetime `'slf` declared here
[INFO] [stderr] ...
[INFO] [stderr] 761 |     fn as_self(&'slf self) -> &Self::Ref {
[INFO] [stderr]     |                               ^ this elided lifetime gets resolved as `'slf`
[INFO] [stderr] 
[INFO] [stderr] warning: elided lifetime has a name
[INFO] [stderr]     --> src/breakpad.rs:1162:31
[INFO] [stderr]      |
[INFO] [stderr] 1159 | impl<'slf, 'data: 'slf> AsSelf<'slf> for BreakpadObject<'data> {
[INFO] [stderr]      |      ---- lifetime `'slf` declared here
[INFO] [stderr] ...
[INFO] [stderr] 1162 |     fn as_self(&'slf self) -> &Self::Ref {
[INFO] [stderr]      |                               ^ this elided lifetime gets resolved as `'slf`
[INFO] [stderr] 
[INFO] [stderr] warning: elided lifetime has a name
[INFO] [stderr]     --> src/dwarf.rs:1233:87
[INFO] [stderr]      |
[INFO] [stderr] 1140 | impl<'d> DwarfInfo<'d> {
[INFO] [stderr]      |      -- lifetime `'d` declared here
[INFO] [stderr] ...
[INFO] [stderr] 1233 |     fn units(&'d self, bcsymbolmap: Option<&'d BcSymbolMap<'d>>) -> DwarfUnitIterator<'_> {
[INFO] [stderr]      |                                                                                       ^^ this elided lifetime gets resolved as `'d`
[INFO] [stderr] 
[INFO] [stderr] warning: elided lifetime has a name
[INFO] [stderr]     --> src/dwarf.rs:1245:31
[INFO] [stderr]      |
[INFO] [stderr] 1242 | impl<'slf, 'd: 'slf> AsSelf<'slf> for DwarfInfo<'d> {
[INFO] [stderr]      |      ---- lifetime `'slf` declared here
[INFO] [stderr] ...
[INFO] [stderr] 1245 |     fn as_self(&'slf self) -> &Self::Ref {
[INFO] [stderr]      |                               ^ this elided lifetime gets resolved as `'slf`
[INFO] [stderr] 
[INFO] [stderr] warning: elided lifetime has a name
[INFO] [stderr]    --> src/elf.rs:749:31
[INFO] [stderr]     |
[INFO] [stderr] 746 | impl<'slf, 'data: 'slf> AsSelf<'slf> for ElfObject<'data> {
[INFO] [stderr]     |      ---- lifetime `'slf` declared here
[INFO] [stderr] ...
[INFO] [stderr] 749 |     fn as_self(&'slf self) -> &Self::Ref {
[INFO] [stderr]     |                               ^ this elided lifetime gets resolved as `'slf`
[INFO] [stderr] 
[INFO] [stderr] warning: elided lifetime has a name
[INFO] [stderr]   --> src/macho/bcsymbolmap.rs:81:31
[INFO] [stderr]    |
[INFO] [stderr] 78 | impl<'slf> AsSelf<'slf> for BcSymbolMap<'_> {
[INFO] [stderr]    |      ---- lifetime `'slf` declared here
[INFO] [stderr] ...
[INFO] [stderr] 81 |     fn as_self(&'slf self) -> &Self::Ref {
[INFO] [stderr]    |                               ^ this elided lifetime gets resolved as `'slf`
[INFO] [stderr] 
[INFO] [stderr] warning: elided lifetime has a name
[INFO] [stderr]    --> src/macho/mod.rs:378:31
[INFO] [stderr]     |
[INFO] [stderr] 375 | impl<'slf, 'd: 'slf> AsSelf<'slf> for MachObject<'d> {
[INFO] [stderr]     |      ---- lifetime `'slf` declared here
[INFO] [stderr] ...
[INFO] [stderr] 378 |     fn as_self(&'slf self) -> &Self::Ref {
[INFO] [stderr]     |                               ^ this elided lifetime gets resolved as `'slf`
[INFO] [stderr] 
[INFO] [stderr] warning: elided lifetime has a name
[INFO] [stderr]    --> src/macho/mod.rs:650:31
[INFO] [stderr]     |
[INFO] [stderr] 647 | impl<'slf, 'd: 'slf> AsSelf<'slf> for FatMachO<'d> {
[INFO] [stderr]     |      ---- lifetime `'slf` declared here
[INFO] [stderr] ...
[INFO] [stderr] 650 |     fn as_self(&'slf self) -> &Self::Ref {
[INFO] [stderr]     |                               ^ this elided lifetime gets resolved as `'slf`
[INFO] [stderr] 
[INFO] [stderr] warning: elided lifetime has a name
[INFO] [stderr]    --> src/macho/mod.rs:799:31
[INFO] [stderr]     |
[INFO] [stderr] 796 | impl<'slf, 'd: 'slf> AsSelf<'slf> for MachArchive<'d> {
[INFO] [stderr]     |      ---- lifetime `'slf` declared here
[INFO] [stderr] ...
[INFO] [stderr] 799 |     fn as_self(&'slf self) -> &Self::Ref {
[INFO] [stderr]     |                               ^ this elided lifetime gets resolved as `'slf`
[INFO] [stderr] 
[INFO] [stderr] warning: elided lifetime has a name
[INFO] [stderr]    --> src/pdb.rs:301:31
[INFO] [stderr]     |
[INFO] [stderr] 298 | impl<'slf, 'data: 'slf> AsSelf<'slf> for PdbObject<'data> {
[INFO] [stderr]     |      ---- lifetime `'slf` declared here
[INFO] [stderr] ...
[INFO] [stderr] 301 |     fn as_self(&'slf self) -> &Self::Ref {
[INFO] [stderr]     |                               ^ this elided lifetime gets resolved as `'slf`
[INFO] [stderr] 
[INFO] [stderr] warning: elided lifetime has a name
[INFO] [stderr]    --> src/pdb.rs:568:43
[INFO] [stderr]     |
[INFO] [stderr] 540 | impl<'d> PdbDebugInfo<'d> {
[INFO] [stderr]     |      -- lifetime `'d` declared here
[INFO] [stderr] ...
[INFO] [stderr] 568 |     fn units(&'d self) -> PdbUnitIterator<'_> {
[INFO] [stderr]     |                                           ^^ this elided lifetime gets resolved as `'d`
[INFO] [stderr] 
[INFO] [stderr] warning: elided lifetime has a name
[INFO] [stderr]    --> src/pdb.rs:579:60
[INFO] [stderr]     |
[INFO] [stderr] 540 | impl<'d> PdbDebugInfo<'d> {
[INFO] [stderr]     |      -- lifetime `'d` declared here
[INFO] [stderr] ...
[INFO] [stderr] 579 |     fn get_module(&'d self, index: usize) -> Result<Option<&ModuleInfo<'_>>, PdbError> {
[INFO] [stderr]     |                                                            ^ this elided lifetime gets resolved as `'d`
[INFO] [stderr] 
[INFO] [stderr] warning: elided lifetime has a name
[INFO] [stderr]    --> src/pdb.rs:579:72
[INFO] [stderr]     |
[INFO] [stderr] 540 | impl<'d> PdbDebugInfo<'d> {
[INFO] [stderr]     |      -- lifetime `'d` declared here
[INFO] [stderr] ...
[INFO] [stderr] 579 |     fn get_module(&'d self, index: usize) -> Result<Option<&ModuleInfo<'_>>, PdbError> {
[INFO] [stderr]     |                                                                        ^^ this elided lifetime gets resolved as `'d`
[INFO] [stderr] 
[INFO] [stderr] warning: elided lifetime has a name
[INFO] [stderr]    --> src/pdb.rs:602:31
[INFO] [stderr]     |
[INFO] [stderr] 599 | impl<'slf, 'd: 'slf> AsSelf<'slf> for PdbDebugInfo<'d> {
[INFO] [stderr]     |      ---- lifetime `'slf` declared here
[INFO] [stderr] ...
[INFO] [stderr] 602 |     fn as_self(&'slf self) -> &Self::Ref {
[INFO] [stderr]     |                               ^ this elided lifetime gets resolved as `'slf`
[INFO] [stderr] 
[INFO] [stderr] warning: elided lifetime has a name
[INFO] [stderr]    --> src/pe.rs:380:31
[INFO] [stderr]     |
[INFO] [stderr] 377 | impl<'slf, 'data: 'slf> AsSelf<'slf> for PeObject<'data> {
[INFO] [stderr]     |      ---- lifetime `'slf` declared here
[INFO] [stderr] ...
[INFO] [stderr] 380 |     fn as_self(&'slf self) -> &Self::Ref {
[INFO] [stderr]     |                               ^ this elided lifetime gets resolved as `'slf`
[INFO] [stderr] 
[INFO] [stderr] warning: elided lifetime has a name
[INFO] [stderr]    --> src/sourcebundle.rs:787:31
[INFO] [stderr]     |
[INFO] [stderr] 784 | impl<'slf, 'data: 'slf> AsSelf<'slf> for SourceBundle<'data> {
[INFO] [stderr]     |      ---- lifetime `'slf` declared here
[INFO] [stderr] ...
[INFO] [stderr] 787 |     fn as_self(&'slf self) -> &Self::Ref {
[INFO] [stderr]     |                               ^ this elided lifetime gets resolved as `'slf`
[INFO] [stderr] 
[INFO] [stderr] warning: elided lifetime has a name
[INFO] [stderr]    --> src/sourcebundle.rs:994:31
[INFO] [stderr]     |
[INFO] [stderr] 991 | impl<'slf, 'data: 'slf> AsSelf<'slf> for SourceBundleDebugSession<'data> {
[INFO] [stderr]     |      ---- lifetime `'slf` declared here
[INFO] [stderr] ...
[INFO] [stderr] 994 |     fn as_self(&'slf self) -> &Self::Ref {
[INFO] [stderr]     |                               ^ this elided lifetime gets resolved as `'slf`
[INFO] [stderr] 
[INFO] [stderr] warning: elided lifetime has a name
[INFO] [stderr]    --> src/wasm.rs:172:31
[INFO] [stderr]     |
[INFO] [stderr] 169 | impl<'slf, 'd: 'slf> AsSelf<'slf> for WasmObject<'d> {
[INFO] [stderr]     |      ---- lifetime `'slf` declared here
[INFO] [stderr] ...
[INFO] [stderr] 172 |     fn as_self(&'slf self) -> &Self::Ref {
[INFO] [stderr]     |                               ^ this elided lifetime gets resolved as `'slf`
[INFO] [stderr] 
[INFO] [stderr] warning: `symbolic-debuginfo` (lib) generated 19 warnings
[INFO] [stderr] warning: `symbolic-debuginfo` (lib test) generated 19 warnings (19 duplicates)
[INFO] [stderr]     Finished `test` profile [unoptimized + debuginfo] target(s) in 0.15s
[INFO] [stderr]      Running unittests src/lib.rs (/opt/rustwide/target/debug/deps/symbolic_debuginfo-cf63b0e702439f19)
[INFO] [stdout] 
[INFO] [stdout] running 64 tests
[INFO] [stdout] test base::tests::test_file_entry ... ok
[INFO] [stdout] test base::tests::test_file_info ... ok
[INFO] [stdout] test breakpad::tests::test_lineoffsets_fused ... ok
[INFO] [stdout] test breakpad::tests::test_lineoffsets_mixed ... ok
[INFO] [stdout] test breakpad::tests::test_lineoffsets_empty ... ok
[INFO] [stdout] test breakpad::tests::test_lineoffsets_n ... ok
[INFO] [stdout] test breakpad::tests::test_lineoffsets_oneline ... ok
[INFO] [stdout] test breakpad::tests::test_lineoffsets_trailing_n ... ok
[INFO] [stdout] test breakpad::tests::test_lineoffsets_trailing_rn ... ok
[INFO] [stdout] test breakpad::tests::test_lineoffsets_rn ... ok
[INFO] [stderr] Snapshot test passes but the existing value is in a legacy format. Please run `cargo insta test --force-update-snapshots` to update to a newer format. Snapshot contents:
[INFO] [stderr] ⋮BreakpadFileRecord {
[INFO] [stderr] ⋮    id: 37,
[INFO] [stderr] ⋮    name: "/usr/include/libkern/i386/_OSByteOrder.h",
[INFO] [stderr] ⋮}
[INFO] [stdout] test breakpad::tests::test_parse_file_record ... ok
[INFO] [stdout] test breakpad::tests::test_parse_inline_origin_record ... ok
[INFO] [stdout] test breakpad::tests::test_parse_inline_origin_record_space ... ok
[INFO] [stdout] test breakpad::tests::test_parse_inline_record ... ok
[INFO] [stderr] Snapshot test passes but the existing value is in a legacy format. Please run `cargo insta test --force-update-snapshots` to update to a newer format. Snapshot contents:
[INFO] [stdout] test breakpad::tests::test_parse_inline_record_multiple ... ok
[INFO] [stderr] ⋮BreakpadFileRecord {
[INFO] [stdout] test breakpad::tests::test_parse_file_record_space ... ok
[INFO] [stderr] ⋮    id: 38,
[INFO] [stdout] test breakpad::tests::test_parse_module_record ... ok
[INFO] [stderr] ⋮    name: "/usr/local/src/filename with spaces.c",
[INFO] [stderr] ⋮}
[INFO] [stderr] Snapshot test passes but the existing value is in a legacy format. Please run `cargo insta test --force-update-snapshots` to update to a newer format. Snapshot contents:
[INFO] [stderr] ⋮BreakpadModuleRecord {
[INFO] [stderr] ⋮    os: "Linux",
[INFO] [stderr] ⋮    arch: "x86_64",
[INFO] [stderr] ⋮    id: "492E2DD23CC306CA9C494EEF1533A3810",
[INFO] [stderr] ⋮    name: "crash",
[INFO] [stderr] ⋮}
[INFO] [stderr] Snapshot test passes but the existing value is in a legacy format. Please run `cargo insta test --force-update-snapshots` to update to a newer format. Snapshot contents:
[INFO] [stderr] ⋮BreakpadFuncRecord {
[INFO] [stderr] ⋮    multiple: true,
[INFO] [stderr] ⋮    address: 5936,
[INFO] [stderr] ⋮    size: 26,
[INFO] [stderr] ⋮    parameter_size: 0,
[INFO] [stderr] ⋮    name: "<name omitted>",
[INFO] [stderr] ⋮}
[INFO] [stdout] test breakpad::tests::test_parse_func_record_multiple ... ok
[INFO] [stdout] test breakpad::tests::test_parse_line_record_whitespace ... ok
[INFO] [stderr] Snapshot test passes but the existing value is in a legacy format. Please run `cargo insta test --force-update-snapshots` to update to a newer format. Snapshot contents:
[INFO] [stderr] ⋮BreakpadLineRecord {
[INFO] [stderr] ⋮    address: 5936,
[INFO] [stderr] ⋮    size: 6,
[INFO] [stderr] ⋮    line: 93,
[INFO] [stderr] ⋮    file_id: 20,
[INFO] [stderr] ⋮}
[INFO] [stderr] Snapshot test passes but the existing value is in a legacy format. Please run `cargo insta test --force-update-snapshots` to update to a newer format. Snapshot contents:
[INFO] [stderr] ⋮BreakpadPublicRecord {
[INFO] [stderr] ⋮    multiple: false,
[INFO] [stderr] ⋮    address: 20864,
[INFO] [stderr] ⋮    parameter_size: 0,
[INFO] [stderr] ⋮    name: "__clang_call_terminate",
[INFO] [stderr] ⋮}
[INFO] [stderr] Snapshot test passes but the existing value is in a legacy format. Please run `cargo insta test --force-update-snapshots` to update to a newer format. Snapshot contents:
[INFO] [stderr] ⋮BreakpadFuncRecord {
[INFO] [stderr] ⋮    multiple: false,
[INFO] [stderr] ⋮    address: 5936,
[INFO] [stderr] ⋮    size: 26,
[INFO] [stderr] ⋮    parameter_size: 0,
[INFO] [stderr] ⋮    name: "<name omitted>",
[INFO] [stderr] ⋮}
[INFO] [stderr] Snapshot test passes but the existing value is in a legacy format. Please run `cargo insta test --force-update-snapshots` to update to a newer format. Snapshot contents:
[INFO] [stderr] ⋮BreakpadFuncRecord {
[INFO] [stderr] ⋮    multiple: false,
[INFO] [stderr] ⋮    address: 0,
[INFO] [stderr] ⋮    size: 15,
[INFO] [stderr] ⋮    parameter_size: 0,
[INFO] [stderr] ⋮    name: "<unknown>",
[INFO] [stderr] ⋮}
[INFO] [stdout] test breakpad::tests::test_parse_inline_record_err_missing_address_range ... ok
[INFO] [stdout] test breakpad::tests::test_parse_line_record_negative_line ... ok
[INFO] [stdout] test breakpad::tests::test_parse_line_record ... ok
[INFO] [stdout] test breakpad::tests::test_parse_public_record ... ok
[INFO] [stderr] Snapshot test passes but the existing value is in a legacy format. Please run `cargo insta test --force-update-snapshots` to update to a newer format. Snapshot contents:
[INFO] [stderr] ⋮BreakpadPublicRecord {
[INFO] [stderr] ⋮    multiple: true,
[INFO] [stderr] ⋮    address: 20864,
[INFO] [stderr] ⋮    parameter_size: 0,
[INFO] [stderr] ⋮    name: "__clang_call_terminate",
[INFO] [stdout] test breakpad::tests::test_parse_stack_cfi_init_record ... ok
[INFO] [stderr] ⋮}
[INFO] [stdout] test breakpad::tests::test_parse_func_record_no_name ... ok
[INFO] [stderr] Snapshot test passes but the existing value is in a legacy format. Please run `cargo insta test --force-update-snapshots` to update to a newer format. Snapshot contents:
[INFO] [stdout] test breakpad::tests::test_parse_func_record ... ok
[INFO] [stderr] ⋮BreakpadPublicRecord {
[INFO] [stdout] test breakpad::tests::test_parse_stack_win_record ... ok
[INFO] [stderr] ⋮    multiple: false,
[INFO] [stdout] test breakpad::tests::test_parse_public_record_multiple ... ok
[INFO] [stderr] ⋮    address: 20864,
[INFO] [stdout] test breakpad::tests::test_parse_public_record_no_name ... ok
[INFO] [stderr] ⋮    parameter_size: 0,
[INFO] [stdout] test breakpad::tests::test_parse_module_record_short_id ... ok
[INFO] [stderr] ⋮    name: "<unknown>",
[INFO] [stderr] ⋮}
[INFO] [stderr] Snapshot test passes but the existing value is in a legacy format. Please run `cargo insta test --force-update-snapshots` to update to a newer format. Snapshot contents:
[INFO] [stderr] ⋮BreakpadModuleRecord {
[INFO] [stderr] ⋮    os: "Linux",
[INFO] [stderr] ⋮    arch: "x86_64",
[INFO] [stderr] ⋮    id: "6216C672A8D33EC9CF4A1BAB8B29D00E",
[INFO] [stderr] ⋮    name: "libdispatch.so",
[INFO] [stderr] ⋮}
[INFO] [stdout] test breakpad::tests::test_parse_stack_win_record_type_3 ... ok
[INFO] [stdout] test function_builder::tests::test_longer_line_record ... ok
[INFO] [stdout] test macho::bcsymbolmap::tests::test_bcsymbolmap_test ... ok
[INFO] [stdout] test breakpad::tests::test_parse_stack_win_whitespace ... ok
[INFO] [stdout] test function_builder::tests::test_inlinee ... ok
[INFO] [stdout] test macho::compact::test::test_compact_opcodes_arm64 ... ok
[INFO] [stdout] test macho::compact::test::test_compact_opcodes_x64 ... ok
[INFO] [stdout] test function_builder::tests::test_simple ... ok
[INFO] [stdout] test macho::compact::test::test_compact_opcodes_x86 ... ok
[INFO] [stdout] test macho::compact::test::test_compact_register_naming ... ok
[INFO] [stdout] test macho::compact::test::test_compact_unknown_version ... ok
[INFO] [stdout] test macho::compact::test::test_compact_empty ... ok
[INFO] [stdout] test macho::compact::test::test_compact_structure ... ok
[INFO] [stdout] test macho::tests::test_overflow_multiarch ... ok
[INFO] [stdout] test macho::tests::test_section_access ... ok
[INFO] [stdout] test sourcebundle::tests::debugsession_is_sendsync ... ok
[INFO] [stdout] test sourcebundle::tests::test_bundle_paths ... ok
[INFO] [stdout] test sourcebundle::tests::test_duplicate_files ... ok
[INFO] [stdout] test sourcebundle::tests::test_has_file ... ok
[INFO] [stdout] test macho::bcsymbolmap::tests::test_iter ... FAILED
[INFO] [stdout] test macho::bcsymbolmap::tests::test_data_lifetime ... FAILED
[INFO] [stdout] test macho::bcsymbolmap::tests::test_basic ... FAILED
[INFO] [stdout] test macho::bcsymbolmap::tests::test_resolve ... FAILED
[INFO] [stdout] test sourcebundle::tests::test_non_utf8 ... ok
[INFO] [stdout] test macho::tests::test_bcsymbolmap ... FAILED
[INFO] [stdout] test sourcebundle::tests::test_il2cpp_reference ... ok
[INFO] [stdout] test wasm::tests::test_invalid_header ... ok
[INFO] [stdout] test macho::bcsymbolmap::tests::test_plist ... FAILED
[INFO] [stdout] test macho::tests::test_invalid_symbols ... FAILED
[INFO] [stdout] test sourcebundle::tests::test_sourcemap_embedded_debug_id ... ok
[INFO] [stdout] test sourcebundle::tests::test_source_mapping_url ... ok
[INFO] [stdout] test sourcebundle::tests::test_source_embedded_debug_id ... ok
[INFO] [stdout] test sourcebundle::tests::test_source_links ... ok
[INFO] [stdout] test sourcebundle::tests::test_source_descriptor ... ok
[INFO] [stdout] 
[INFO] [stdout] failures:
[INFO] [stdout] 
[INFO] [stdout] ---- macho::bcsymbolmap::tests::test_iter stdout ----
[INFO] [stdout] thread 'macho::bcsymbolmap::tests::test_iter' panicked at src/macho/bcsymbolmap.rs:442:10:
[INFO] [stdout] called `Result::unwrap()` on an `Err` value: Os { code: 2, kind: NotFound, message: "No such file or directory" }
[INFO] [stdout] stack backtrace:
[INFO] [stdout]    0:     0x6246f9c4374a - std::backtrace_rs::backtrace::libunwind::trace::h207520d6e9873551
[INFO] [stdout]                                at /rustc/df4ca44d3fbc9301ee17f30f4d474e6ae4b05252/library/std/src/../../backtrace/src/backtrace/libunwind.rs:116:5
[INFO] [stdout]    1:     0x6246f9c4374a - std::backtrace_rs::backtrace::trace_unsynchronized::h2ed7433f370e3eca
[INFO] [stdout]                                at /rustc/df4ca44d3fbc9301ee17f30f4d474e6ae4b05252/library/std/src/../../backtrace/src/backtrace/mod.rs:66:5
[INFO] [stdout]    2:     0x6246f9c4374a - std::sys::backtrace::_print_fmt::h916fac51166b18d7
[INFO] [stdout]                                at /rustc/df4ca44d3fbc9301ee17f30f4d474e6ae4b05252/library/std/src/sys/backtrace.rs:66:9
[INFO] [stdout]    3:     0x6246f9c4374a - <std::sys::backtrace::BacktraceLock::print::DisplayBacktrace as core::fmt::Display>::fmt::ha0a4c9b8ce3802e6
[INFO] [stdout]                                at /rustc/df4ca44d3fbc9301ee17f30f4d474e6ae4b05252/library/std/src/sys/backtrace.rs:39:26
[INFO] [stdout]    4:     0x6246f9c6e113 - core::fmt::rt::Argument::fmt::h4cfc8587d52b3eb5
[INFO] [stdout]                                at /rustc/df4ca44d3fbc9301ee17f30f4d474e6ae4b05252/library/core/src/fmt/rt.rs:177:76
[INFO] [stdout]    5:     0x6246f9c6e113 - core::fmt::write::h522cc39e5b36ae9f
[INFO] [stdout]                                at /rustc/df4ca44d3fbc9301ee17f30f4d474e6ae4b05252/library/core/src/fmt/mod.rs:1190:21
[INFO] [stdout]    6:     0x6246f9c3f333 - std::io::Write::write_fmt::h7d3c26752da97734
[INFO] [stdout]                                at /rustc/df4ca44d3fbc9301ee17f30f4d474e6ae4b05252/library/std/src/io/mod.rs:1839:15
[INFO] [stdout]    7:     0x6246f9c43592 - std::sys::backtrace::BacktraceLock::print::h4b9e00b29e9c0942
[INFO] [stdout]                                at /rustc/df4ca44d3fbc9301ee17f30f4d474e6ae4b05252/library/std/src/sys/backtrace.rs:42:9
[INFO] [stdout]    8:     0x6246f9c44bda - std::panicking::default_hook::{{closure}}::hb59b88280d0324d9
[INFO] [stdout]                                at /rustc/df4ca44d3fbc9301ee17f30f4d474e6ae4b05252/library/std/src/panicking.rs:268:22
[INFO] [stdout]    9:     0x6246f9c449e4 - std::panicking::default_hook::he1dd496665be4a29
[INFO] [stdout]                                at /rustc/df4ca44d3fbc9301ee17f30f4d474e6ae4b05252/library/std/src/panicking.rs:292:9
[INFO] [stdout]   10:     0x6246f95baba9 - <alloc::boxed::Box<F,A> as core::ops::function::Fn<Args>>::call::h4ff71de18744e1dc
[INFO] [stdout]                                at /rustc/df4ca44d3fbc9301ee17f30f4d474e6ae4b05252/library/alloc/src/boxed.rs:2468:9
[INFO] [stdout]   11:     0x6246f95baba9 - test::test_main::{{closure}}::hcf7c055ce117aa81
[INFO] [stdout]                                at /rustc/df4ca44d3fbc9301ee17f30f4d474e6ae4b05252/library/test/src/lib.rs:133:21
[INFO] [stdout]   12:     0x6246f9c452d8 - <alloc::boxed::Box<F,A> as core::ops::function::Fn<Args>>::call::h1d66c6bbd60c9692
[INFO] [stdout]                                at /rustc/df4ca44d3fbc9301ee17f30f4d474e6ae4b05252/library/alloc/src/boxed.rs:2468:9
[INFO] [stdout]   13:     0x6246f9c452d8 - std::panicking::rust_panic_with_hook::h2ff17fe8f26dfcf8
[INFO] [stdout]                                at /rustc/df4ca44d3fbc9301ee17f30f4d474e6ae4b05252/library/std/src/panicking.rs:809:13
[INFO] [stdout]   14:     0x6246f9c4509a - std::panicking::begin_panic_handler::{{closure}}::h4fad77951c07e101
[INFO] [stdout]                                at /rustc/df4ca44d3fbc9301ee17f30f4d474e6ae4b05252/library/std/src/panicking.rs:674:13
[INFO] [stdout]   15:     0x6246f9c43c29 - std::sys::backtrace::__rust_end_short_backtrace::hb1a25b3da5d0ea08
[INFO] [stdout]                                at /rustc/df4ca44d3fbc9301ee17f30f4d474e6ae4b05252/library/std/src/sys/backtrace.rs:170:18
[INFO] [stdout]   16:     0x6246f9c44d2c - rust_begin_unwind
[INFO] [stdout]                                at /rustc/df4ca44d3fbc9301ee17f30f4d474e6ae4b05252/library/std/src/panicking.rs:665:5
[INFO] [stdout]   17:     0x6246f9c6baf0 - core::panicking::panic_fmt::ha9db07b529f9b256
[INFO] [stdout]                                at /rustc/df4ca44d3fbc9301ee17f30f4d474e6ae4b05252/library/core/src/panicking.rs:75:14
[INFO] [stdout]   18:     0x6246f9c6bf76 - core::result::unwrap_failed::h5e8218e4d4338b8a
[INFO] [stdout]                                at /rustc/df4ca44d3fbc9301ee17f30f4d474e6ae4b05252/library/core/src/result.rs:1698:5
[INFO] [stdout]   19:     0x6246f934c822 - core::result::Result<T,E>::unwrap::hdac9a66cf7f7405b
[INFO] [stdout]                                at /rustc/df4ca44d3fbc9301ee17f30f4d474e6ae4b05252/library/core/src/result.rs:1103:23
[INFO] [stdout]   20:     0x6246f934c822 - symbolic_debuginfo::macho::bcsymbolmap::tests::test_iter::h683186d475d76627
[INFO] [stdout]                                at /opt/rustwide/workdir/src/macho/bcsymbolmap.rs:439:20
[INFO] [stdout]   21:     0x6246f934c787 - symbolic_debuginfo::macho::bcsymbolmap::tests::test_iter::{{closure}}::h4baad2359c619715
[INFO] [stdout]                                at /opt/rustwide/workdir/src/macho/bcsymbolmap.rs:438:19
[INFO] [stdout]   22:     0x6246f9320706 - core::ops::function::FnOnce::call_once::h4e952ed5e6ca74ab
[INFO] [stdout]                                at /rustc/df4ca44d3fbc9301ee17f30f4d474e6ae4b05252/library/core/src/ops/function.rs:250:5
[INFO] [stdout]   23:     0x6246f95bf47b - core::ops::function::FnOnce::call_once::h22c3ba5715e93f05
[INFO] [stdout]                                at /rustc/df4ca44d3fbc9301ee17f30f4d474e6ae4b05252/library/core/src/ops/function.rs:250:5
[INFO] [stdout]   24:     0x6246f95bf47b - test::__rust_begin_short_backtrace::h8e82d8113d0da17f
[INFO] [stdout]                                at /rustc/df4ca44d3fbc9301ee17f30f4d474e6ae4b05252/library/test/src/lib.rs:621:18
[INFO] [stdout]   25:     0x6246f95bedf7 - test::run_test_in_process::{{closure}}::h33235f4f20b7b7c7
[INFO] [stdout]                                at /rustc/df4ca44d3fbc9301ee17f30f4d474e6ae4b05252/library/test/src/lib.rs:644:60
[INFO] [stdout]   26:     0x6246f95bedf7 - <core::panic::unwind_safe::AssertUnwindSafe<F> as core::ops::function::FnOnce<()>>::call_once::hb5043206310c586f
[INFO] [stdout]                                at /rustc/df4ca44d3fbc9301ee17f30f4d474e6ae4b05252/library/core/src/panic/unwind_safe.rs:272:9
[INFO] [stdout]   27:     0x6246f95bedf7 - std::panicking::try::do_call::h9ad4731a60ab23e2
[INFO] [stdout]                                at /rustc/df4ca44d3fbc9301ee17f30f4d474e6ae4b05252/library/std/src/panicking.rs:557:40
[INFO] [stdout]   28:     0x6246f95bedf7 - std::panicking::try::h3824d23db772a716
[INFO] [stdout]                                at /rustc/df4ca44d3fbc9301ee17f30f4d474e6ae4b05252/library/std/src/panicking.rs:520:19
[INFO] [stdout]   29:     0x6246f95bedf7 - std::panic::catch_unwind::h5afd514605fde46b
[INFO] [stdout]                                at /rustc/df4ca44d3fbc9301ee17f30f4d474e6ae4b05252/library/std/src/panic.rs:358:14
[INFO] [stdout]   30:     0x6246f95bedf7 - test::run_test_in_process::h0d5cbfa7067d1720
[INFO] [stdout]                                at /rustc/df4ca44d3fbc9301ee17f30f4d474e6ae4b05252/library/test/src/lib.rs:644:27
[INFO] [stdout]   31:     0x6246f95bedf7 - test::run_test::{{closure}}::h708eb8872708115d
[INFO] [stdout]                                at /rustc/df4ca44d3fbc9301ee17f30f4d474e6ae4b05252/library/test/src/lib.rs:565:43
[INFO] [stdout]   32:     0x6246f9582514 - test::run_test::{{closure}}::h392c51cee94713ab
[INFO] [stdout]                                at /rustc/df4ca44d3fbc9301ee17f30f4d474e6ae4b05252/library/test/src/lib.rs:595:41
[INFO] [stdout]   33:     0x6246f9582514 - std::sys::backtrace::__rust_begin_short_backtrace::h2f40290710935a8b
[INFO] [stdout]                                at /rustc/df4ca44d3fbc9301ee17f30f4d474e6ae4b05252/library/std/src/sys/backtrace.rs:154:18
[INFO] [stdout]   34:     0x6246f9585cbe - std::thread::Builder::spawn_unchecked_::{{closure}}::{{closure}}::h3fd968d89053a903
[INFO] [stdout]                                at /rustc/df4ca44d3fbc9301ee17f30f4d474e6ae4b05252/library/std/src/thread/mod.rs:541:17
[INFO] [stdout]   35:     0x6246f9585cbe - <core::panic::unwind_safe::AssertUnwindSafe<F> as core::ops::function::FnOnce<()>>::call_once::h743f637ba4229880
[INFO] [stdout]                                at /rustc/df4ca44d3fbc9301ee17f30f4d474e6ae4b05252/library/core/src/panic/unwind_safe.rs:272:9
[INFO] [stdout]   36:     0x6246f9585cbe - std::panicking::try::do_call::h07440897322525a6
[INFO] [stdout]                                at /rustc/df4ca44d3fbc9301ee17f30f4d474e6ae4b05252/library/std/src/panicking.rs:557:40
[INFO] [stdout]   37:     0x6246f9585cbe - std::panicking::try::he5a2e00188156637
[INFO] [stdout]                                at /rustc/df4ca44d3fbc9301ee17f30f4d474e6ae4b05252/library/std/src/panicking.rs:520:19
[INFO] [stdout]   38:     0x6246f9585cbe - std::panic::catch_unwind::hbaf3cae49b3c6433
[INFO] [stdout]                                at /rustc/df4ca44d3fbc9301ee17f30f4d474e6ae4b05252/library/std/src/panic.rs:358:14
[INFO] [stdout]   39:     0x6246f9585cbe - std::thread::Builder::spawn_unchecked_::{{closure}}::h8e141ea224820bce
[INFO] [stdout]                                at /rustc/df4ca44d3fbc9301ee17f30f4d474e6ae4b05252/library/std/src/thread/mod.rs:540:30
[INFO] [stdout]   40:     0x6246f9585cbe - core::ops::function::FnOnce::call_once{{vtable.shim}}::h90d312fedd7b8ea8
[INFO] [stdout]                                at /rustc/df4ca44d3fbc9301ee17f30f4d474e6ae4b05252/library/core/src/ops/function.rs:250:5
[INFO] [stdout]   41:     0x6246f9c49b4b - <alloc::boxed::Box<F,A> as core::ops::function::FnOnce<Args>>::call_once::h69aa08ddb6adb8b6
[INFO] [stdout]                                at /rustc/df4ca44d3fbc9301ee17f30f4d474e6ae4b05252/library/alloc/src/boxed.rs:2454:9
[INFO] [stdout]   42:     0x6246f9c49b4b - <alloc::boxed::Box<F,A> as core::ops::function::FnOnce<Args>>::call_once::h5aa36efdb79c806f
[INFO] [stdout]                                at /rustc/df4ca44d3fbc9301ee17f30f4d474e6ae4b05252/library/alloc/src/boxed.rs:2454:9
[INFO] [stdout]   43:     0x6246f9c49b4b - std::sys::pal::unix::thread::Thread::new::thread_start::h6cd80a1b4be5158d
[INFO] [stdout]                                at /rustc/df4ca44d3fbc9301ee17f30f4d474e6ae4b05252/library/std/src/sys/pal/unix/thread.rs:105:17
[INFO] [stdout]   44:     0x7af7ab5beac3 - <unknown>
[INFO] [stdout]   45:     0x7af7ab64fa04 - clone
[INFO] [stdout]   46:                0x0 - <unknown>
[INFO] [stdout] 
[INFO] [stdout] ---- macho::bcsymbolmap::tests::test_data_lifetime stdout ----
[INFO] [stdout] thread 'macho::bcsymbolmap::tests::test_data_lifetime' panicked at src/macho/bcsymbolmap.rs:463:10:
[INFO] [stdout] called `Result::unwrap()` on an `Err` value: Os { code: 2, kind: NotFound, message: "No such file or directory" }
[INFO] [stdout] stack backtrace:
[INFO] [stdout]    0:     0x6246f9c4374a - std::backtrace_rs::backtrace::libunwind::trace::h207520d6e9873551
[INFO] [stdout]                                at /rustc/df4ca44d3fbc9301ee17f30f4d474e6ae4b05252/library/std/src/../../backtrace/src/backtrace/libunwind.rs:116:5
[INFO] [stdout]    1:     0x6246f9c4374a - std::backtrace_rs::backtrace::trace_unsynchronized::h2ed7433f370e3eca
[INFO] [stdout]                                at /rustc/df4ca44d3fbc9301ee17f30f4d474e6ae4b05252/library/std/src/../../backtrace/src/backtrace/mod.rs:66:5
[INFO] [stdout]    2:     0x6246f9c4374a - std::sys::backtrace::_print_fmt::h916fac51166b18d7
[INFO] [stdout]                                at /rustc/df4ca44d3fbc9301ee17f30f4d474e6ae4b05252/library/std/src/sys/backtrace.rs:66:9
[INFO] [stdout]    3:     0x6246f9c4374a - <std::sys::backtrace::BacktraceLock::print::DisplayBacktrace as core::fmt::Display>::fmt::ha0a4c9b8ce3802e6
[INFO] [stdout]                                at /rustc/df4ca44d3fbc9301ee17f30f4d474e6ae4b05252/library/std/src/sys/backtrace.rs:39:26
[INFO] [stdout]    4:     0x6246f9c6e113 - core::fmt::rt::Argument::fmt::h4cfc8587d52b3eb5
[INFO] [stdout]                                at /rustc/df4ca44d3fbc9301ee17f30f4d474e6ae4b05252/library/core/src/fmt/rt.rs:177:76
[INFO] [stdout]    5:     0x6246f9c6e113 - core::fmt::write::h522cc39e5b36ae9f
[INFO] [stdout]                                at /rustc/df4ca44d3fbc9301ee17f30f4d474e6ae4b05252/library/core/src/fmt/mod.rs:1190:21
[INFO] [stdout]    6:     0x6246f9c3f333 - std::io::Write::write_fmt::h7d3c26752da97734
[INFO] [stdout]                                at /rustc/df4ca44d3fbc9301ee17f30f4d474e6ae4b05252/library/std/src/io/mod.rs:1839:15
[INFO] [stdout]    7:     0x6246f9c43592 - std::sys::backtrace::BacktraceLock::print::h4b9e00b29e9c0942
[INFO] [stdout]                                at /rustc/df4ca44d3fbc9301ee17f30f4d474e6ae4b05252/library/std/src/sys/backtrace.rs:42:9
[INFO] [stdout]    8:     0x6246f9c44bda - std::panicking::default_hook::{{closure}}::hb59b88280d0324d9
[INFO] [stdout]                                at /rustc/df4ca44d3fbc9301ee17f30f4d474e6ae4b05252/library/std/src/panicking.rs:268:22
[INFO] [stdout]    9:     0x6246f9c449e4 - std::panicking::default_hook::he1dd496665be4a29
[INFO] [stdout]                                at /rustc/df4ca44d3fbc9301ee17f30f4d474e6ae4b05252/library/std/src/panicking.rs:292:9
[INFO] [stdout]   10:     0x6246f95baba9 - <alloc::boxed::Box<F,A> as core::ops::function::Fn<Args>>::call::h4ff71de18744e1dc
[INFO] [stdout]                                at /rustc/df4ca44d3fbc9301ee17f30f4d474e6ae4b05252/library/alloc/src/boxed.rs:2468:9
[INFO] [stdout]   11:     0x6246f95baba9 - test::test_main::{{closure}}::hcf7c055ce117aa81
[INFO] [stdout]                                at /rustc/df4ca44d3fbc9301ee17f30f4d474e6ae4b05252/library/test/src/lib.rs:133:21
[INFO] [stdout]   12:     0x6246f9c452d8 - <alloc::boxed::Box<F,A> as core::ops::function::Fn<Args>>::call::h1d66c6bbd60c9692
[INFO] [stdout]                                at /rustc/df4ca44d3fbc9301ee17f30f4d474e6ae4b05252/library/alloc/src/boxed.rs:2468:9
[INFO] [stdout]   13:     0x6246f9c452d8 - std::panicking::rust_panic_with_hook::h2ff17fe8f26dfcf8
[INFO] [stdout]                                at /rustc/df4ca44d3fbc9301ee17f30f4d474e6ae4b05252/library/std/src/panicking.rs:809:13
[INFO] [stdout]   14:     0x6246f9c4509a - std::panicking::begin_panic_handler::{{closure}}::h4fad77951c07e101
[INFO] [stdout]                                at /rustc/df4ca44d3fbc9301ee17f30f4d474e6ae4b05252/library/std/src/panicking.rs:674:13
[INFO] [stdout]   15:     0x6246f9c43c29 - std::sys::backtrace::__rust_end_short_backtrace::hb1a25b3da5d0ea08
[INFO] [stdout]                                at /rustc/df4ca44d3fbc9301ee17f30f4d474e6ae4b05252/library/std/src/sys/backtrace.rs:170:18
[INFO] [stdout]   16:     0x6246f9c44d2c - rust_begin_unwind
[INFO] [stdout]                                at /rustc/df4ca44d3fbc9301ee17f30f4d474e6ae4b05252/library/std/src/panicking.rs:665:5
[INFO] [stdout]   17:     0x6246f9c6baf0 - core::panicking::panic_fmt::ha9db07b529f9b256
[INFO] [stdout]                                at /rustc/df4ca44d3fbc9301ee17f30f4d474e6ae4b05252/library/core/src/panicking.rs:75:14
[INFO] [stdout]   18:     0x6246f9c6bf76 - core::result::unwrap_failed::h5e8218e4d4338b8a
[INFO] [stdout]                                at /rustc/df4ca44d3fbc9301ee17f30f4d474e6ae4b05252/library/core/src/result.rs:1698:5
[INFO] [stdout]   19:     0x6246f934ce35 - core::result::Result<T,E>::unwrap::hdac9a66cf7f7405b
[INFO] [stdout]                                at /rustc/df4ca44d3fbc9301ee17f30f4d474e6ae4b05252/library/core/src/result.rs:1103:23
[INFO] [stdout]   20:     0x6246f934ce35 - symbolic_debuginfo::macho::bcsymbolmap::tests::test_data_lifetime::h8455ee052dbc09b7
[INFO] [stdout]                                at /opt/rustwide/workdir/src/macho/bcsymbolmap.rs:460:20
[INFO] [stdout]   21:     0x6246f934cda7 - symbolic_debuginfo::macho::bcsymbolmap::tests::test_data_lifetime::{{closure}}::hfa6c8a966eeed337
[INFO] [stdout]                                at /opt/rustwide/workdir/src/macho/bcsymbolmap.rs:459:28
[INFO] [stdout]   22:     0x6246f93210c6 - core::ops::function::FnOnce::call_once::ha4ea96093636d7fc
[INFO] [stdout]                                at /rustc/df4ca44d3fbc9301ee17f30f4d474e6ae4b05252/library/core/src/ops/function.rs:250:5
[INFO] [stdout]   23:     0x6246f95bf47b - core::ops::function::FnOnce::call_once::h22c3ba5715e93f05
[INFO] [stdout]                                at /rustc/df4ca44d3fbc9301ee17f30f4d474e6ae4b05252/library/core/src/ops/function.rs:250:5
[INFO] [stdout]   24:     0x6246f95bf47b - test::__rust_begin_short_backtrace::h8e82d8113d0da17f
[INFO] [stdout]                                at /rustc/df4ca44d3fbc9301ee17f30f4d474e6ae4b05252/library/test/src/lib.rs:621:18
[INFO] [stdout]   25:     0x6246f95bedf7 - test::run_test_in_process::{{closure}}::h33235f4f20b7b7c7
[INFO] [stdout]                                at /rustc/df4ca44d3fbc9301ee17f30f4d474e6ae4b05252/library/test/src/lib.rs:644:60
[INFO] [stdout]   26:     0x6246f95bedf7 - <core::panic::unwind_safe::AssertUnwindSafe<F> as core::ops::function::FnOnce<()>>::call_once::hb5043206310c586f
[INFO] [stdout]                                at /rustc/df4ca44d3fbc9301ee17f30f4d474e6ae4b05252/library/core/src/panic/unwind_safe.rs:272:9
[INFO] [stdout]   27:     0x6246f95bedf7 - std::panicking::try::do_call::h9ad4731a60ab23e2
[INFO] [stdout]                                at /rustc/df4ca44d3fbc9301ee17f30f4d474e6ae4b05252/library/std/src/panicking.rs:557:40
[INFO] [stdout]   28:     0x6246f95bedf7 - std::panicking::try::h3824d23db772a716
[INFO] [stdout]                                at /rustc/df4ca44d3fbc9301ee17f30f4d474e6ae4b05252/library/std/src/panicking.rs:520:19
[INFO] [stdout]   29:     0x6246f95bedf7 - std::panic::catch_unwind::h5afd514605fde46b
[INFO] [stdout]                                at /rustc/df4ca44d3fbc9301ee17f30f4d474e6ae4b05252/library/std/src/panic.rs:358:14
[INFO] [stdout]   30:     0x6246f95bedf7 - test::run_test_in_process::h0d5cbfa7067d1720
[INFO] [stdout]                                at /rustc/df4ca44d3fbc9301ee17f30f4d474e6ae4b05252/library/test/src/lib.rs:644:27
[INFO] [stdout]   31:     0x6246f95bedf7 - test::run_test::{{closure}}::h708eb8872708115d
[INFO] [stdout]                                at /rustc/df4ca44d3fbc9301ee17f30f4d474e6ae4b05252/library/test/src/lib.rs:565:43
[INFO] [stdout]   32:     0x6246f9582514 - test::run_test::{{closure}}::h392c51cee94713ab
[INFO] [stdout]                                at /rustc/df4ca44d3fbc9301ee17f30f4d474e6ae4b05252/library/test/src/lib.rs:595:41
[INFO] [stdout]   33:     0x6246f9582514 - std::sys::backtrace::__rust_begin_short_backtrace::h2f40290710935a8b
[INFO] [stdout]                                at /rustc/df4ca44d3fbc9301ee17f30f4d474e6ae4b05252/library/std/src/sys/backtrace.rs:154:18
[INFO] [stdout]   34:     0x6246f9585cbe - std::thread::Builder::spawn_unchecked_::{{closure}}::{{closure}}::h3fd968d89053a903
[INFO] [stdout]                                at /rustc/df4ca44d3fbc9301ee17f30f4d474e6ae4b05252/library/std/src/thread/mod.rs:541:17
[INFO] [stdout]   35:     0x6246f9585cbe - <core::panic::unwind_safe::AssertUnwindSafe<F> as core::ops::function::FnOnce<()>>::call_once::h743f637ba4229880
[INFO] [stdout]                                at /rustc/df4ca44d3fbc9301ee17f30f4d474e6ae4b05252/library/core/src/panic/unwind_safe.rs:272:9
[INFO] [stdout]   36:     0x6246f9585cbe - std::panicking::try::do_call::h07440897322525a6
[INFO] [stdout]                                at /rustc/df4ca44d3fbc9301ee17f30f4d474e6ae4b05252/library/std/src/panicking.rs:557:40
[INFO] [stdout]   37:     0x6246f9585cbe - std::panicking::try::he5a2e00188156637
[INFO] [stdout]                                at /rustc/df4ca44d3fbc9301ee17f30f4d474e6ae4b05252/library/std/src/panicking.rs:520:19
[INFO] [stdout]   38:     0x6246f9585cbe - std::panic::catch_unwind::hbaf3cae49b3c6433
[INFO] [stdout]                                at /rustc/df4ca44d3fbc9301ee17f30f4d474e6ae4b05252/library/std/src/panic.rs:358:14
[INFO] [stdout]   39:     0x6246f9585cbe - std::thread::Builder::spawn_unchecked_::{{closure}}::h8e141ea224820bce
[INFO] [stdout]                                at /rustc/df4ca44d3fbc9301ee17f30f4d474e6ae4b05252/library/std/src/thread/mod.rs:540:30
[INFO] [stdout]   40:     0x6246f9585cbe - core::ops::function::FnOnce::call_once{{vtable.shim}}::h90d312fedd7b8ea8
[INFO] [stdout]                                at /rustc/df4ca44d3fbc9301ee17f30f4d474e6ae4b05252/library/core/src/ops/function.rs:250:5
[INFO] [stdout]   41:     0x6246f9c49b4b - <alloc::boxed::Box<F,A> as core::ops::function::FnOnce<Args>>::call_once::h69aa08ddb6adb8b6
[INFO] [stdout]                                at /rustc/df4ca44d3fbc9301ee17f30f4d474e6ae4b05252/library/alloc/src/boxed.rs:2454:9
[INFO] [stdout]   42:     0x6246f9c49b4b - <alloc::boxed::Box<F,A> as core::ops::function::FnOnce<Args>>::call_once::h5aa36efdb79c806f
[INFO] [stdout]                                at /rustc/df4ca44d3fbc9301ee17f30f4d474e6ae4b05252/library/alloc/src/boxed.rs:2454:9
[INFO] [stdout]   43:     0x6246f9c49b4b - std::sys::pal::unix::thread::Thread::new::thread_start::h6cd80a1b4be5158d
[INFO] [stdout]                                at /rustc/df4ca44d3fbc9301ee17f30f4d474e6ae4b05252/library/std/src/sys/pal/unix/thread.rs:105:17
[INFO] [stdout]   44:     0x7af7ab5beac3 - <unknown>
[INFO] [stdout]   45:     0x7af7ab64fa04 - clone
[INFO] [stdout]   46:                0x0 - <unknown>
[INFO] [stdout] 
[INFO] [stdout] ---- macho::bcsymbolmap::tests::test_basic stdout ----
[INFO] [stdout] thread 'macho::bcsymbolmap::tests::test_basic' panicked at src/macho/bcsymbolmap.rs:429:10:
[INFO] [stdout] called `Result::unwrap()` on an `Err` value: Os { code: 2, kind: NotFound, message: "No such file or directory" }
[INFO] [stdout] stack backtrace:
[INFO] [stdout]    0:     0x6246f9c4374a - std::backtrace_rs::backtrace::libunwind::trace::h207520d6e9873551
[INFO] [stdout]                                at /rustc/df4ca44d3fbc9301ee17f30f4d474e6ae4b05252/library/std/src/../../backtrace/src/backtrace/libunwind.rs:116:5
[INFO] [stdout]    1:     0x6246f9c4374a - std::backtrace_rs::backtrace::trace_unsynchronized::h2ed7433f370e3eca
[INFO] [stdout]                                at /rustc/df4ca44d3fbc9301ee17f30f4d474e6ae4b05252/library/std/src/../../backtrace/src/backtrace/mod.rs:66:5
[INFO] [stdout]    2:     0x6246f9c4374a - std::sys::backtrace::_print_fmt::h916fac51166b18d7
[INFO] [stdout]                                at /rustc/df4ca44d3fbc9301ee17f30f4d474e6ae4b05252/library/std/src/sys/backtrace.rs:66:9
[INFO] [stdout]    3:     0x6246f9c4374a - <std::sys::backtrace::BacktraceLock::print::DisplayBacktrace as core::fmt::Display>::fmt::ha0a4c9b8ce3802e6
[INFO] [stdout]                                at /rustc/df4ca44d3fbc9301ee17f30f4d474e6ae4b05252/library/std/src/sys/backtrace.rs:39:26
[INFO] [stdout]    4:     0x6246f9c6e113 - core::fmt::rt::Argument::fmt::h4cfc8587d52b3eb5
[INFO] [stdout]                                at /rustc/df4ca44d3fbc9301ee17f30f4d474e6ae4b05252/library/core/src/fmt/rt.rs:177:76
[INFO] [stdout]    5:     0x6246f9c6e113 - core::fmt::write::h522cc39e5b36ae9f
[INFO] [stdout]                                at /rustc/df4ca44d3fbc9301ee17f30f4d474e6ae4b05252/library/core/src/fmt/mod.rs:1190:21
[INFO] [stdout]    6:     0x6246f9c3f333 - std::io::Write::write_fmt::h7d3c26752da97734
[INFO] [stdout]                                at /rustc/df4ca44d3fbc9301ee17f30f4d474e6ae4b05252/library/std/src/io/mod.rs:1839:15
[INFO] [stdout]    7:     0x6246f9c43592 - std::sys::backtrace::BacktraceLock::print::h4b9e00b29e9c0942
[INFO] [stdout]                                at /rustc/df4ca44d3fbc9301ee17f30f4d474e6ae4b05252/library/std/src/sys/backtrace.rs:42:9
[INFO] [stdout]    8:     0x6246f9c44bda - std::panicking::default_hook::{{closure}}::hb59b88280d0324d9
[INFO] [stdout]                                at /rustc/df4ca44d3fbc9301ee17f30f4d474e6ae4b05252/library/std/src/panicking.rs:268:22
[INFO] [stdout]    9:     0x6246f9c449e4 - std::panicking::default_hook::he1dd496665be4a29
[INFO] [stdout]                                at /rustc/df4ca44d3fbc9301ee17f30f4d474e6ae4b05252/library/std/src/panicking.rs:292:9
[INFO] [stdout]   10:     0x6246f95baba9 - <alloc::boxed::Box<F,A> as core::ops::function::Fn<Args>>::call::h4ff71de18744e1dc
[INFO] [stdout]                                at /rustc/df4ca44d3fbc9301ee17f30f4d474e6ae4b05252/library/alloc/src/boxed.rs:2468:9
[INFO] [stdout]   11:     0x6246f95baba9 - test::test_main::{{closure}}::hcf7c055ce117aa81
[INFO] [stdout]                                at /rustc/df4ca44d3fbc9301ee17f30f4d474e6ae4b05252/library/test/src/lib.rs:133:21
[INFO] [stdout]   12:     0x6246f9c452d8 - <alloc::boxed::Box<F,A> as core::ops::function::Fn<Args>>::call::h1d66c6bbd60c9692
[INFO] [stdout]                                at /rustc/df4ca44d3fbc9301ee17f30f4d474e6ae4b05252/library/alloc/src/boxed.rs:2468:9
[INFO] [stdout]   13:     0x6246f9c452d8 - std::panicking::rust_panic_with_hook::h2ff17fe8f26dfcf8
[INFO] [stdout]                                at /rustc/df4ca44d3fbc9301ee17f30f4d474e6ae4b05252/library/std/src/panicking.rs:809:13
[INFO] [stdout]   14:     0x6246f9c4509a - std::panicking::begin_panic_handler::{{closure}}::h4fad77951c07e101
[INFO] [stdout]                                at /rustc/df4ca44d3fbc9301ee17f30f4d474e6ae4b05252/library/std/src/panicking.rs:674:13
[INFO] [stdout]   15:     0x6246f9c43c29 - std::sys::backtrace::__rust_end_short_backtrace::hb1a25b3da5d0ea08
[INFO] [stdout]                                at /rustc/df4ca44d3fbc9301ee17f30f4d474e6ae4b05252/library/std/src/sys/backtrace.rs:170:18
[INFO] [stdout]   16:     0x6246f9c44d2c - rust_begin_unwind
[INFO] [stdout]                                at /rustc/df4ca44d3fbc9301ee17f30f4d474e6ae4b05252/library/std/src/panicking.rs:665:5
[INFO] [stdout]   17:     0x6246f9c6baf0 - core::panicking::panic_fmt::ha9db07b529f9b256
[INFO] [stdout]                                at /rustc/df4ca44d3fbc9301ee17f30f4d474e6ae4b05252/library/core/src/panicking.rs:75:14
[INFO] [stdout]   18:     0x6246f9c6bf76 - core::result::unwrap_failed::h5e8218e4d4338b8a
[INFO] [stdout]                                at /rustc/df4ca44d3fbc9301ee17f30f4d474e6ae4b05252/library/core/src/result.rs:1698:5
[INFO] [stdout]   19:     0x6246f934c45c - core::result::Result<T,E>::unwrap::hdac9a66cf7f7405b
[INFO] [stdout]                                at /rustc/df4ca44d3fbc9301ee17f30f4d474e6ae4b05252/library/core/src/result.rs:1103:23
[INFO] [stdout]   20:     0x6246f934c45c - symbolic_debuginfo::macho::bcsymbolmap::tests::test_basic::h59d273b9600c1784
[INFO] [stdout]                                at /opt/rustwide/workdir/src/macho/bcsymbolmap.rs:426:20
[INFO] [stdout]   21:     0x6246f934c3c7 - symbolic_debuginfo::macho::bcsymbolmap::tests::test_basic::{{closure}}::h8e833916c9acebdd
[INFO] [stdout]                                at /opt/rustwide/workdir/src/macho/bcsymbolmap.rs:425:20
[INFO] [stdout]   22:     0x6246f9321686 - core::ops::function::FnOnce::call_once::hd05b32ec5c7c82e4
[INFO] [stdout]                                at /rustc/df4ca44d3fbc9301ee17f30f4d474e6ae4b05252/library/core/src/ops/function.rs:250:5
[INFO] [stdout]   23:     0x6246f95bf47b - core::ops::function::FnOnce::call_once::h22c3ba5715e93f05
[INFO] [stdout]                                at /rustc/df4ca44d3fbc9301ee17f30f4d474e6ae4b05252/library/core/src/ops/function.rs:250:5
[INFO] [stdout]   24:     0x6246f95bf47b - test::__rust_begin_short_backtrace::h8e82d8113d0da17f
[INFO] [stdout]                                at /rustc/df4ca44d3fbc9301ee17f30f4d474e6ae4b05252/library/test/src/lib.rs:621:18
[INFO] [stdout]   25:     0x6246f95bedf7 - test::run_test_in_process::{{closure}}::h33235f4f20b7b7c7
[INFO] [stdout]                                at /rustc/df4ca44d3fbc9301ee17f30f4d474e6ae4b05252/library/test/src/lib.rs:644:60
[INFO] [stdout]   26:     0x6246f95bedf7 - <core::panic::unwind_safe::AssertUnwindSafe<F> as core::ops::function::FnOnce<()>>::call_once::hb5043206310c586f
[INFO] [stdout]                                at /rustc/df4ca44d3fbc9301ee17f30f4d474e6ae4b05252/library/core/src/panic/unwind_safe.rs:272:9
[INFO] [stdout]   27:     0x6246f95bedf7 - std::panicking::try::do_call::h9ad4731a60ab23e2
[INFO] [stdout]                                at /rustc/df4ca44d3fbc9301ee17f30f4d474e6ae4b05252/library/std/src/panicking.rs:557:40
[INFO] [stdout]   28:     0x6246f95bedf7 - std::panicking::try::h3824d23db772a716
[INFO] [stdout]                                at /rustc/df4ca44d3fbc9301ee17f30f4d474e6ae4b05252/library/std/src/panicking.rs:520:19
[INFO] [stdout]   29:     0x6246f95bedf7 - std::panic::catch_unwind::h5afd514605fde46b
[INFO] [stdout]                                at /rustc/df4ca44d3fbc9301ee17f30f4d474e6ae4b05252/library/std/src/panic.rs:358:14
[INFO] [stdout]   30:     0x6246f95bedf7 - test::run_test_in_process::h0d5cbfa7067d1720
[INFO] [stdout]                                at /rustc/df4ca44d3fbc9301ee17f30f4d474e6ae4b05252/library/test/src/lib.rs:644:27
[INFO] [stdout]   31:     0x6246f95bedf7 - test::run_test::{{closure}}::h708eb8872708115d
[INFO] [stdout]                                at /rustc/df4ca44d3fbc9301ee17f30f4d474e6ae4b05252/library/test/src/lib.rs:565:43
[INFO] [stdout]   32:     0x6246f9582514 - test::run_test::{{closure}}::h392c51cee94713ab
[INFO] [stdout]                                at /rustc/df4ca44d3fbc9301ee17f30f4d474e6ae4b05252/library/test/src/lib.rs:595:41
[INFO] [stdout]   33:     0x6246f9582514 - std::sys::backtrace::__rust_begin_short_backtrace::h2f40290710935a8b
[INFO] [stdout]                                at /rustc/df4ca44d3fbc9301ee17f30f4d474e6ae4b05252/library/std/src/sys/backtrace.rs:154:18
[INFO] [stdout]   34:     0x6246f9585cbe - std::thread::Builder::spawn_unchecked_::{{closure}}::{{closure}}::h3fd968d89053a903
[INFO] [stdout]                                at /rustc/df4ca44d3fbc9301ee17f30f4d474e6ae4b05252/library/std/src/thread/mod.rs:541:17
[INFO] [stdout]   35:     0x6246f9585cbe - <core::panic::unwind_safe::AssertUnwindSafe<F> as core::ops::function::FnOnce<()>>::call_once::h743f637ba4229880
[INFO] [stdout]                                at /rustc/df4ca44d3fbc9301ee17f30f4d474e6ae4b05252/library/core/src/panic/unwind_safe.rs:272:9
[INFO] [stdout]   36:     0x6246f9585cbe - std::panicking::try::do_call::h07440897322525a6
[INFO] [stdout]                                at /rustc/df4ca44d3fbc9301ee17f30f4d474e6ae4b05252/library/std/src/panicking.rs:557:40
[INFO] [stdout]   37:     0x6246f9585cbe - std::panicking::try::he5a2e00188156637
[INFO] [stdout]                                at /rustc/df4ca44d3fbc9301ee17f30f4d474e6ae4b05252/library/std/src/panicking.rs:520:19
[INFO] [stdout]   38:     0x6246f9585cbe - std::panic::catch_unwind::hbaf3cae49b3c6433
[INFO] [stdout]                                at /rustc/df4ca44d3fbc9301ee17f30f4d474e6ae4b05252/library/std/src/panic.rs:358:14
[INFO] [stdout]   39:     0x6246f9585cbe - std::thread::Builder::spawn_unchecked_::{{closure}}::h8e141ea224820bce
[INFO] [stdout]                                at /rustc/df4ca44d3fbc9301ee17f30f4d474e6ae4b05252/library/std/src/thread/mod.rs:540:30
[INFO] [stdout]   40:     0x6246f9585cbe - core::ops::function::FnOnce::call_once{{vtable.shim}}::h90d312fedd7b8ea8
[INFO] [stdout]                                at /rustc/df4ca44d3fbc9301ee17f30f4d474e6ae4b05252/library/core/src/ops/function.rs:250:5
[INFO] [stdout]   41:     0x6246f9c49b4b - <alloc::boxed::Box<F,A> as core::ops::function::FnOnce<Args>>::call_once::h69aa08ddb6adb8b6
[INFO] [stdout]                                at /rustc/df4ca44d3fbc9301ee17f30f4d474e6ae4b05252/library/alloc/src/boxed.rs:2454:9
[INFO] [stdout]   42:     0x6246f9c49b4b - <alloc::boxed::Box<F,A> as core::ops::function::FnOnce<Args>>::call_once::h5aa36efdb79c806f
[INFO] [stdout]                                at /rustc/df4ca44d3fbc9301ee17f30f4d474e6ae4b05252/library/alloc/src/boxed.rs:2454:9
[INFO] [stdout]   43:     0x6246f9c49b4b - std::sys::pal::unix::thread::Thread::new::thread_start::h6cd80a1b4be5158d
[INFO] [stdout]                                at /rustc/df4ca44d3fbc9301ee17f30f4d474e6ae4b05252/library/std/src/sys/pal/unix/thread.rs:105:17
[INFO] [stdout]   44:     0x7af7ab5beac3 - <unknown>
[INFO] [stdout]   45:     0x7af7ab64fa04 - clone
[INFO] [stdout]   46:                0x0 - <unknown>
[INFO] [stdout] 
[INFO] [stdout] ---- macho::bcsymbolmap::tests::test_resolve stdout ----
[INFO] [stdout] thread 'macho::bcsymbolmap::tests::test_resolve' panicked at src/macho/bcsymbolmap.rs:478:10:
[INFO] [stdout] called `Result::unwrap()` on an `Err` value: Os { code: 2, kind: NotFound, message: "No such file or directory" }
[INFO] [stdout] stack backtrace:
[INFO] [stdout]    0:     0x6246f9c4374a - std::backtrace_rs::backtrace::libunwind::trace::h207520d6e9873551
[INFO] [stdout]                                at /rustc/df4ca44d3fbc9301ee17f30f4d474e6ae4b05252/library/std/src/../../backtrace/src/backtrace/libunwind.rs:116:5
[INFO] [stdout]    1:     0x6246f9c4374a - std::backtrace_rs::backtrace::trace_unsynchronized::h2ed7433f370e3eca
[INFO] [stdout]                                at /rustc/df4ca44d3fbc9301ee17f30f4d474e6ae4b05252/library/std/src/../../backtrace/src/backtrace/mod.rs:66:5
[INFO] [stdout]    2:     0x6246f9c4374a - std::sys::backtrace::_print_fmt::h916fac51166b18d7
[INFO] [stdout]                                at /rustc/df4ca44d3fbc9301ee17f30f4d474e6ae4b05252/library/std/src/sys/backtrace.rs:66:9
[INFO] [stdout]    3:     0x6246f9c4374a - <std::sys::backtrace::BacktraceLock::print::DisplayBacktrace as core::fmt::Display>::fmt::ha0a4c9b8ce3802e6
[INFO] [stdout]                                at /rustc/df4ca44d3fbc9301ee17f30f4d474e6ae4b05252/library/std/src/sys/backtrace.rs:39:26
[INFO] [stdout]    4:     0x6246f9c6e113 - core::fmt::rt::Argument::fmt::h4cfc8587d52b3eb5
[INFO] [stdout]                                at /rustc/df4ca44d3fbc9301ee17f30f4d474e6ae4b05252/library/core/src/fmt/rt.rs:177:76
[INFO] [stdout]    5:     0x6246f9c6e113 - core::fmt::write::h522cc39e5b36ae9f
[INFO] [stdout]                                at /rustc/df4ca44d3fbc9301ee17f30f4d474e6ae4b05252/library/core/src/fmt/mod.rs:1190:21
[INFO] [stdout]    6:     0x6246f9c3f333 - std::io::Write::write_fmt::h7d3c26752da97734
[INFO] [stdout]                                at /rustc/df4ca44d3fbc9301ee17f30f4d474e6ae4b05252/library/std/src/io/mod.rs:1839:15
[INFO] [stdout]    7:     0x6246f9c43592 - std::sys::backtrace::BacktraceLock::print::h4b9e00b29e9c0942
[INFO] [stdout]                                at /rustc/df4ca44d3fbc9301ee17f30f4d474e6ae4b05252/library/std/src/sys/backtrace.rs:42:9
[INFO] [stdout]    8:     0x6246f9c44bda - std::panicking::default_hook::{{closure}}::hb59b88280d0324d9
[INFO] [stdout]                                at /rustc/df4ca44d3fbc9301ee17f30f4d474e6ae4b05252/library/std/src/panicking.rs:268:22
[INFO] [stdout]    9:     0x6246f9c449e4 - std::panicking::default_hook::he1dd496665be4a29
[INFO] [stdout]                                at /rustc/df4ca44d3fbc9301ee17f30f4d474e6ae4b05252/library/std/src/panicking.rs:292:9
[INFO] [stdout]   10:     0x6246f95baba9 - <alloc::boxed::Box<F,A> as core::ops::function::Fn<Args>>::call::h4ff71de18744e1dc
[INFO] [stdout]                                at /rustc/df4ca44d3fbc9301ee17f30f4d474e6ae4b05252/library/alloc/src/boxed.rs:2468:9
[INFO] [stdout]   11:     0x6246f95baba9 - test::test_main::{{closure}}::hcf7c055ce117aa81
[INFO] [stdout]                                at /rustc/df4ca44d3fbc9301ee17f30f4d474e6ae4b05252/library/test/src/lib.rs:133:21
[INFO] [stdout]   12:     0x6246f9c452d8 - <alloc::boxed::Box<F,A> as core::ops::function::Fn<Args>>::call::h1d66c6bbd60c9692
[INFO] [stdout]                                at /rustc/df4ca44d3fbc9301ee17f30f4d474e6ae4b05252/library/alloc/src/boxed.rs:2468:9
[INFO] [stdout]   13:     0x6246f9c452d8 - std::panicking::rust_panic_with_hook::h2ff17fe8f26dfcf8
[INFO] [stdout]                                at /rustc/df4ca44d3fbc9301ee17f30f4d474e6ae4b05252/library/std/src/panicking.rs:809:13
[INFO] [stdout]   14:     0x6246f9c4509a - std::panicking::begin_panic_handler::{{closure}}::h4fad77951c07e101
[INFO] [stdout]                                at /rustc/df4ca44d3fbc9301ee17f30f4d474e6ae4b05252/library/std/src/panicking.rs:674:13
[INFO] [stdout]   15:     0x6246f9c43c29 - std::sys::backtrace::__rust_end_short_backtrace::hb1a25b3da5d0ea08
[INFO] [stdout]                                at /rustc/df4ca44d3fbc9301ee17f30f4d474e6ae4b05252/library/std/src/sys/backtrace.rs:170:18
[INFO] [stdout]   16:     0x6246f9c44d2c - rust_begin_unwind
[INFO] [stdout]                                at /rustc/df4ca44d3fbc9301ee17f30f4d474e6ae4b05252/library/std/src/panicking.rs:665:5
[INFO] [stdout]   17:     0x6246f9c6baf0 - core::panicking::panic_fmt::ha9db07b529f9b256
[INFO] [stdout]                                at /rustc/df4ca44d3fbc9301ee17f30f4d474e6ae4b05252/library/core/src/panicking.rs:75:14
[INFO] [stdout]   18:     0x6246f9c6bf76 - core::result::unwrap_failed::h5e8218e4d4338b8a
[INFO] [stdout]                                at /rustc/df4ca44d3fbc9301ee17f30f4d474e6ae4b05252/library/core/src/result.rs:1698:5
[INFO] [stdout]   19:     0x6246f934d212 - core::result::Result<T,E>::unwrap::hdac9a66cf7f7405b
[INFO] [stdout]                                at /rustc/df4ca44d3fbc9301ee17f30f4d474e6ae4b05252/library/core/src/result.rs:1103:23
[INFO] [stdout]   20:     0x6246f934d212 - symbolic_debuginfo::macho::bcsymbolmap::tests::test_resolve::h5224acebdb77a07c
[INFO] [stdout]                                at /opt/rustwide/workdir/src/macho/bcsymbolmap.rs:475:20
[INFO] [stdout]   21:     0x6246f934d177 - symbolic_debuginfo::macho::bcsymbolmap::tests::test_resolve::{{closure}}::hb2d3f5992da39a92
[INFO] [stdout]                                at /opt/rustwide/workdir/src/macho/bcsymbolmap.rs:474:22
[INFO] [stdout]   22:     0x6246f9321126 - core::ops::function::FnOnce::call_once::ha7adfcdbf5c04ad9
[INFO] [stdout]                                at /rustc/df4ca44d3fbc9301ee17f30f4d474e6ae4b05252/library/core/src/ops/function.rs:250:5
[INFO] [stdout]   23:     0x6246f95bf47b - core::ops::function::FnOnce::call_once::h22c3ba5715e93f05
[INFO] [stdout]                                at /rustc/df4ca44d3fbc9301ee17f30f4d474e6ae4b05252/library/core/src/ops/function.rs:250:5
[INFO] [stdout]   24:     0x6246f95bf47b - test::__rust_begin_short_backtrace::h8e82d8113d0da17f
[INFO] [stdout]                                at /rustc/df4ca44d3fbc9301ee17f30f4d474e6ae4b05252/library/test/src/lib.rs:621:18
[INFO] [stdout]   25:     0x6246f95bedf7 - test::run_test_in_process::{{closure}}::h33235f4f20b7b7c7
[INFO] [stdout]                                at /rustc/df4ca44d3fbc9301ee17f30f4d474e6ae4b05252/library/test/src/lib.rs:644:60
[INFO] [stdout]   26:     0x6246f95bedf7 - <core::panic::unwind_safe::AssertUnwindSafe<F> as core::ops::function::FnOnce<()>>::call_once::hb5043206310c586f
[INFO] [stdout]                                at /rustc/df4ca44d3fbc9301ee17f30f4d474e6ae4b05252/library/core/src/panic/unwind_safe.rs:272:9
[INFO] [stdout]   27:     0x6246f95bedf7 - std::panicking::try::do_call::h9ad4731a60ab23e2
[INFO] [stdout]                                at /rustc/df4ca44d3fbc9301ee17f30f4d474e6ae4b05252/library/std/src/panicking.rs:557:40
[INFO] [stdout]   28:     0x6246f95bedf7 - std::panicking::try::h3824d23db772a716
[INFO] [stdout]                                at /rustc/df4ca44d3fbc9301ee17f30f4d474e6ae4b05252/library/std/src/panicking.rs:520:19
[INFO] [stdout]   29:     0x6246f95bedf7 - std::panic::catch_unwind::h5afd514605fde46b
[INFO] [stdout]                                at /rustc/df4ca44d3fbc9301ee17f30f4d474e6ae4b05252/library/std/src/panic.rs:358:14
[INFO] [stdout]   30:     0x6246f95bedf7 - test::run_test_in_process::h0d5cbfa7067d1720
[INFO] [stdout]                                at /rustc/df4ca44d3fbc9301ee17f30f4d474e6ae4b05252/library/test/src/lib.rs:644:27
[INFO] [stdout]   31:     0x6246f95bedf7 - test::run_test::{{closure}}::h708eb8872708115d
[INFO] [stdout]                                at /rustc/df4ca44d3fbc9301ee17f30f4d474e6ae4b05252/library/test/src/lib.rs:565:43
[INFO] [stdout]   32:     0x6246f9582514 - test::run_test::{{closure}}::h392c51cee94713ab
[INFO] [stdout]                                at /rustc/df4ca44d3fbc9301ee17f30f4d474e6ae4b05252/library/test/src/lib.rs:595:41
[INFO] [stdout]   33:     0x6246f9582514 - std::sys::backtrace::__rust_begin_short_backtrace::h2f40290710935a8b
[INFO] [stdout]                                at /rustc/df4ca44d3fbc9301ee17f30f4d474e6ae4b05252/library/std/src/sys/backtrace.rs:154:18
[INFO] [stdout]   34:     0x6246f9585cbe - std::thread::Builder::spawn_unchecked_::{{closure}}::{{closure}}::h3fd968d89053a903
[INFO] [stdout]                                at /rustc/df4ca44d3fbc9301ee17f30f4d474e6ae4b05252/library/std/src/thread/mod.rs:541:17
[INFO] [stdout]   35:     0x6246f9585cbe - <core::panic::unwind_safe::AssertUnwindSafe<F> as core::ops::function::FnOnce<()>>::call_once::h743f637ba4229880
[INFO] [stdout]                                at /rustc/df4ca44d3fbc9301ee17f30f4d474e6ae4b05252/library/core/src/panic/unwind_safe.rs:272:9
[INFO] [stdout]   36:     0x6246f9585cbe - std::panicking::try::do_call::h07440897322525a6
[INFO] [stdout]                                at /rustc/df4ca44d3fbc9301ee17f30f4d474e6ae4b05252/library/std/src/panicking.rs:557:40
[INFO] [stdout]   37:     0x6246f9585cbe - std::panicking::try::he5a2e00188156637
[INFO] [stdout]                                at /rustc/df4ca44d3fbc9301ee17f30f4d474e6ae4b05252/library/std/src/panicking.rs:520:19
[INFO] [stdout]   38:     0x6246f9585cbe - std::panic::catch_unwind::hbaf3cae49b3c6433
[INFO] [stdout]                                at /rustc/df4ca44d3fbc9301ee17f30f4d474e6ae4b05252/library/std/src/panic.rs:358:14
[INFO] [stdout]   39:     0x6246f9585cbe - std::thread::Builder::spawn_unchecked_::{{closure}}::h8e141ea224820bce
[INFO] [stdout]                                at /rustc/df4ca44d3fbc9301ee17f30f4d474e6ae4b05252/library/std/src/thread/mod.rs:540:30
[INFO] [stdout]   40:     0x6246f9585cbe - core::ops::function::FnOnce::call_once{{vtable.shim}}::h90d312fedd7b8ea8
[INFO] [stdout]                                at /rustc/df4ca44d3fbc9301ee17f30f4d474e6ae4b05252/library/core/src/ops/function.rs:250:5
[INFO] [stdout]   41:     0x6246f9c49b4b - <alloc::boxed::Box<F,A> as core::ops::function::FnOnce<Args>>::call_once::h69aa08ddb6adb8b6
[INFO] [stdout]                                at /rustc/df4ca44d3fbc9301ee17f30f4d474e6ae4b05252/library/alloc/src/boxed.rs:2454:9
[INFO] [stdout]   42:     0x6246f9c49b4b - <alloc::boxed::Box<F,A> as core::ops::function::FnOnce<Args>>::call_once::h5aa36efdb79c806f
[INFO] [stdout]                                at /rustc/df4ca44d3fbc9301ee17f30f4d474e6ae4b05252/library/alloc/src/boxed.rs:2454:9
[INFO] [stdout]   43:     0x6246f9c49b4b - std::sys::pal::unix::thread::Thread::new::thread_start::h6cd80a1b4be5158d
[INFO] [stdout]                                at /rustc/df4ca44d3fbc9301ee17f30f4d474e6ae4b05252/library/std/src/sys/pal/unix/thread.rs:105:17
[INFO] [stdout]   44:     0x7af7ab5beac3 - <unknown>
[INFO] [stdout]   45:     0x7af7ab64fa04 - clone
[INFO] [stdout]   46:                0x0 - <unknown>
[INFO] [stdout] 
[INFO] [stdout] ---- macho::tests::test_bcsymbolmap stdout ----
[INFO] [stdout] thread 'macho::tests::test_bcsymbolmap' panicked at src/macho/mod.rs:812:18:
[INFO] [stdout] called `Result::unwrap()` on an `Err` value: Os { code: 2, kind: NotFound, message: "No such file or directory" }
[INFO] [stdout] stack backtrace:
[INFO] [stdout]    0:     0x6246f9c4374a - std::backtrace_rs::backtrace::libunwind::trace::h207520d6e9873551
[INFO] [stdout]                                at /rustc/df4ca44d3fbc9301ee17f30f4d474e6ae4b05252/library/std/src/../../backtrace/src/backtrace/libunwind.rs:116:5
[INFO] [stdout]    1:     0x6246f9c4374a - std::backtrace_rs::backtrace::trace_unsynchronized::h2ed7433f370e3eca
[INFO] [stdout]                                at /rustc/df4ca44d3fbc9301ee17f30f4d474e6ae4b05252/library/std/src/../../backtrace/src/backtrace/mod.rs:66:5
[INFO] [stdout]    2:     0x6246f9c4374a - std::sys::backtrace::_print_fmt::h916fac51166b18d7
[INFO] [stdout]                                at /rustc/df4ca44d3fbc9301ee17f30f4d474e6ae4b05252/library/std/src/sys/backtrace.rs:66:9
[INFO] [stdout]    3:     0x6246f9c4374a - <std::sys::backtrace::BacktraceLock::print::DisplayBacktrace as core::fmt::Display>::fmt::ha0a4c9b8ce3802e6
[INFO] [stdout]                                at /rustc/df4ca44d3fbc9301ee17f30f4d474e6ae4b05252/library/std/src/sys/backtrace.rs:39:26
[INFO] [stdout]    4:     0x6246f9c6e113 - core::fmt::rt::Argument::fmt::h4cfc8587d52b3eb5
[INFO] [stdout]                                at /rustc/df4ca44d3fbc9301ee17f30f4d474e6ae4b05252/library/core/src/fmt/rt.rs:177:76
[INFO] [stdout]    5:     0x6246f9c6e113 - core::fmt::write::h522cc39e5b36ae9f
[INFO] [stdout]                                at /rustc/df4ca44d3fbc9301ee17f30f4d474e6ae4b05252/library/core/src/fmt/mod.rs:1190:21
[INFO] [stdout]    6:     0x6246f9c3f333 - std::io::Write::write_fmt::h7d3c26752da97734
[INFO] [stdout]                                at /rustc/df4ca44d3fbc9301ee17f30f4d474e6ae4b05252/library/std/src/io/mod.rs:1839:15
[INFO] [stdout]    7:     0x6246f9c43592 - std::sys::backtrace::BacktraceLock::print::h4b9e00b29e9c0942
[INFO] [stdout]                                at /rustc/df4ca44d3fbc9301ee17f30f4d474e6ae4b05252/library/std/src/sys/backtrace.rs:42:9
[INFO] [stdout]    8:     0x6246f9c44bda - std::panicking::default_hook::{{closure}}::hb59b88280d0324d9
[INFO] [stdout]                                at /rustc/df4ca44d3fbc9301ee17f30f4d474e6ae4b05252/library/std/src/panicking.rs:268:22
[INFO] [stdout]    9:     0x6246f9c449e4 - std::panicking::default_hook::he1dd496665be4a29
[INFO] [stdout]                                at /rustc/df4ca44d3fbc9301ee17f30f4d474e6ae4b05252/library/std/src/panicking.rs:292:9
[INFO] [stdout]   10:     0x6246f95baba9 - <alloc::boxed::Box<F,A> as core::ops::function::Fn<Args>>::call::h4ff71de18744e1dc
[INFO] [stdout]                                at /rustc/df4ca44d3fbc9301ee17f30f4d474e6ae4b05252/library/alloc/src/boxed.rs:2468:9
[INFO] [stdout]   11:     0x6246f95baba9 - test::test_main::{{closure}}::hcf7c055ce117aa81
[INFO] [stdout]                                at /rustc/df4ca44d3fbc9301ee17f30f4d474e6ae4b05252/library/test/src/lib.rs:133:21
[INFO] [stdout]   12:     0x6246f9c452d8 - <alloc::boxed::Box<F,A> as core::ops::function::Fn<Args>>::call::h1d66c6bbd60c9692
[INFO] [stdout]                                at /rustc/df4ca44d3fbc9301ee17f30f4d474e6ae4b05252/library/alloc/src/boxed.rs:2468:9
[INFO] [stdout]   13:     0x6246f9c452d8 - std::panicking::rust_panic_with_hook::h2ff17fe8f26dfcf8
[INFO] [stdout]                                at /rustc/df4ca44d3fbc9301ee17f30f4d474e6ae4b05252/library/std/src/panicking.rs:809:13
[INFO] [stdout]   14:     0x6246f9c4509a - std::panicking::begin_panic_handler::{{closure}}::h4fad77951c07e101
[INFO] [stdout]                                at /rustc/df4ca44d3fbc9301ee17f30f4d474e6ae4b05252/library/std/src/panicking.rs:674:13
[INFO] [stdout]   15:     0x6246f9c43c29 - std::sys::backtrace::__rust_end_short_backtrace::hb1a25b3da5d0ea08
[INFO] [stdout]                                at /rustc/df4ca44d3fbc9301ee17f30f4d474e6ae4b05252/library/std/src/sys/backtrace.rs:170:18
[INFO] [stdout]   16:     0x6246f9c44d2c - rust_begin_unwind
[INFO] [stdout]                                at /rustc/df4ca44d3fbc9301ee17f30f4d474e6ae4b05252/library/std/src/panicking.rs:665:5
[INFO] [stdout]   17:     0x6246f9c6baf0 - core::panicking::panic_fmt::ha9db07b529f9b256
[INFO] [stdout]                                at /rustc/df4ca44d3fbc9301ee17f30f4d474e6ae4b05252/library/core/src/panicking.rs:75:14
[INFO] [stdout]   18:     0x6246f9c6bf76 - core::result::unwrap_failed::h5e8218e4d4338b8a
[INFO] [stdout]                                at /rustc/df4ca44d3fbc9301ee17f30f4d474e6ae4b05252/library/core/src/result.rs:1698:5
[INFO] [stdout]   19:     0x6246f934dbe0 - core::result::Result<T,E>::unwrap::h33aa8b19ee534648
[INFO] [stdout]                                at /rustc/df4ca44d3fbc9301ee17f30f4d474e6ae4b05252/library/core/src/result.rs:1103:23
[INFO] [stdout]   20:     0x6246f934dbe0 - symbolic_debuginfo::macho::tests::test_bcsymbolmap::hf5cd0e1311eafbb0
[INFO] [stdout]                                at /opt/rustwide/workdir/src/macho/mod.rs:811:13
[INFO] [stdout]   21:     0x6246f934db17 - symbolic_debuginfo::macho::tests::test_bcsymbolmap::{{closure}}::h4fdd807b10abbf37
[INFO] [stdout]                                at /opt/rustwide/workdir/src/macho/mod.rs:809:26
[INFO] [stdout]   22:     0x6246f931fee6 - core::ops::function::FnOnce::call_once::h0079d7ad1a9e8cd5
[INFO] [stdout]                                at /rustc/df4ca44d3fbc9301ee17f30f4d474e6ae4b05252/library/core/src/ops/function.rs:250:5
[INFO] [stdout]   23:     0x6246f95bf47b - core::ops::function::FnOnce::call_once::h22c3ba5715e93f05
[INFO] [stdout]                                at /rustc/df4ca44d3fbc9301ee17f30f4d474e6ae4b05252/library/core/src/ops/function.rs:250:5
[INFO] [stdout]   24:     0x6246f95bf47b - test::__rust_begin_short_backtrace::h8e82d8113d0da17f
[INFO] [stdout]                                at /rustc/df4ca44d3fbc9301ee17f30f4d474e6ae4b05252/library/test/src/lib.rs:621:18
[INFO] [stdout]   25:     0x6246f95bedf7 - test::run_test_in_process::{{closure}}::h33235f4f20b7b7c7
[INFO] [stdout]                                at /rustc/df4ca44d3fbc9301ee17f30f4d474e6ae4b05252/library/test/src/lib.rs:644:60
[INFO] [stdout]   26:     0x6246f95bedf7 - <core::panic::unwind_safe::AssertUnwindSafe<F> as core::ops::function::FnOnce<()>>::call_once::hb5043206310c586f
[INFO] [stdout]                                at /rustc/df4ca44d3fbc9301ee17f30f4d474e6ae4b05252/library/core/src/panic/unwind_safe.rs:272:9
[INFO] [stdout]   27:     0x6246f95bedf7 - std::panicking::try::do_call::h9ad4731a60ab23e2
[INFO] [stdout]                                at /rustc/df4ca44d3fbc9301ee17f30f4d474e6ae4b05252/library/std/src/panicking.rs:557:40
[INFO] [stdout]   28:     0x6246f95bedf7 - std::panicking::try::h3824d23db772a716
[INFO] [stdout]                                at /rustc/df4ca44d3fbc9301ee17f30f4d474e6ae4b05252/library/std/src/panicking.rs:520:19
[INFO] [stdout]   29:     0x6246f95bedf7 - std::panic::catch_unwind::h5afd514605fde46b
[INFO] [stdout]                                at /rustc/df4ca44d3fbc9301ee17f30f4d474e6ae4b05252/library/std/src/panic.rs:358:14
[INFO] [stdout]   30:     0x6246f95bedf7 - test::run_test_in_process::h0d5cbfa7067d1720
[INFO] [stdout]                                at /rustc/df4ca44d3fbc9301ee17f30f4d474e6ae4b05252/library/test/src/lib.rs:644:27
[INFO] [stdout]   31:     0x6246f95bedf7 - test::run_test::{{closure}}::h708eb8872708115d
[INFO] [stdout]                                at /rustc/df4ca44d3fbc9301ee17f30f4d474e6ae4b05252/library/test/src/lib.rs:565:43
[INFO] [stdout]   32:     0x6246f9582514 - test::run_test::{{closure}}::h392c51cee94713ab
[INFO] [stdout]                                at /rustc/df4ca44d3fbc9301ee17f30f4d474e6ae4b05252/library/test/src/lib.rs:595:41
[INFO] [stdout]   33:     0x6246f9582514 - std::sys::backtrace::__rust_begin_short_backtrace::h2f40290710935a8b
[INFO] [stdout]                                at /rustc/df4ca44d3fbc9301ee17f30f4d474e6ae4b05252/library/std/src/sys/backtrace.rs:154:18
[INFO] [stdout]   34:     0x6246f9585cbe - std::thread::Builder::spawn_unchecked_::{{closure}}::{{closure}}::h3fd968d89053a903
[INFO] [stdout]                                at /rustc/df4ca44d3fbc9301ee17f30f4d474e6ae4b05252/library/std/src/thread/mod.rs:541:17
[INFO] [stdout]   35:     0x6246f9585cbe - <core::panic::unwind_safe::AssertUnwindSafe<F> as core::ops::function::FnOnce<()>>::call_once::h743f637ba4229880
[INFO] [stdout]                                at /rustc/df4ca44d3fbc9301ee17f30f4d474e6ae4b05252/library/core/src/panic/unwind_safe.rs:272:9
[INFO] [stdout]   36:     0x6246f9585cbe - std::panicking::try::do_call::h07440897322525a6
[INFO] [stdout]                                at /rustc/df4ca44d3fbc9301ee17f30f4d474e6ae4b05252/library/std/src/panicking.rs:557:40
[INFO] [stdout]   37:     0x6246f9585cbe - std::panicking::try::he5a2e00188156637
[INFO] [stdout]                                at /rustc/df4ca44d3fbc9301ee17f30f4d474e6ae4b05252/library/std/src/panicking.rs:520:19
[INFO] [stdout]   38:     0x6246f9585cbe - std::panic::catch_unwind::hbaf3cae49b3c6433
[INFO] [stdout]                                at /rustc/df4ca44d3fbc9301ee17f30f4d474e6ae4b05252/library/std/src/panic.rs:358:14
[INFO] [stdout]   39:     0x6246f9585cbe - std::thread::Builder::spawn_unchecked_::{{closure}}::h8e141ea224820bce
[INFO] [stdout]                                at /rustc/df4ca44d3fbc9301ee17f30f4d474e6ae4b05252/library/std/src/thread/mod.rs:540:30
[INFO] [stdout]   40:     0x6246f9585cbe - core::ops::function::FnOnce::call_once{{vtable.shim}}::h90d312fedd7b8ea8
[INFO] [stdout]                                at /rustc/df4ca44d3fbc9301ee17f30f4d474e6ae4b05252/library/core/src/ops/function.rs:250:5
[INFO] [stdout]   41:     0x6246f9c49b4b - <alloc::boxed::Box<F,A> as core::ops::function::FnOnce<Args>>::call_once::h69aa08ddb6adb8b6
[INFO] [stdout]                                at /rustc/df4ca44d3fbc9301ee17f30f4d474e6ae4b05252/library/alloc/src/boxed.rs:2454:9
[INFO] [stdout]   42:     0x6246f9c49b4b - <alloc::boxed::Box<F,A> as core::ops::function::FnOnce<Args>>::call_once::h5aa36efdb79c806f
[INFO] [stdout]                                at /rustc/df4ca44d3fbc9301ee17f30f4d474e6ae4b05252/library/alloc/src/boxed.rs:2454:9
[INFO] [stdout]   43:     0x6246f9c49b4b - std::sys::pal::unix::thread::Thread::new::thread_start::h6cd80a1b4be5158d
[INFO] [stdout]                                at /rustc/df4ca44d3fbc9301ee17f30f4d474e6ae4b05252/library/std/src/sys/pal/unix/thread.rs:105:17
[INFO] [stdout]   44:     0x7af7ab5beac3 - <unknown>
[INFO] [stdout]   45:     0x7af7ab64fa04 - clone
[INFO] [stdout]   46:                0x0 - <unknown>
[INFO] [stdout] 
[INFO] [stdout] ---- macho::bcsymbolmap::tests::test_plist stdout ----
[INFO] [stdout] thread 'macho::bcsymbolmap::tests::test_plist' panicked at src/macho/bcsymbolmap.rs:489:88:
[INFO] [stdout] called `Result::unwrap()` on an `Err` value: Os { code: 2, kind: NotFound, message: "No such file or directory" }
[INFO] [stdout] stack backtrace:
[INFO] [stdout]    0:     0x6246f9c4374a - std::backtrace_rs::backtrace::libunwind::trace::h207520d6e9873551
[INFO] [stdout]                                at /rustc/df4ca44d3fbc9301ee17f30f4d474e6ae4b05252/library/std/src/../../backtrace/src/backtrace/libunwind.rs:116:5
[INFO] [stdout]    1:     0x6246f9c4374a - std::backtrace_rs::backtrace::trace_unsynchronized::h2ed7433f370e3eca
[INFO] [stdout]                                at /rustc/df4ca44d3fbc9301ee17f30f4d474e6ae4b05252/library/std/src/../../backtrace/src/backtrace/mod.rs:66:5
[INFO] [stdout]    2:     0x6246f9c4374a - std::sys::backtrace::_print_fmt::h916fac51166b18d7
[INFO] [stdout]                                at /rustc/df4ca44d3fbc9301ee17f30f4d474e6ae4b05252/library/std/src/sys/backtrace.rs:66:9
[INFO] [stdout]    3:     0x6246f9c4374a - <std::sys::backtrace::BacktraceLock::print::DisplayBacktrace as core::fmt::Display>::fmt::ha0a4c9b8ce3802e6
[INFO] [stdout]                                at /rustc/df4ca44d3fbc9301ee17f30f4d474e6ae4b05252/library/std/src/sys/backtrace.rs:39:26
[INFO] [stdout]    4:     0x6246f9c6e113 - core::fmt::rt::Argument::fmt::h4cfc8587d52b3eb5
[INFO] [stdout]                                at /rustc/df4ca44d3fbc9301ee17f30f4d474e6ae4b05252/library/core/src/fmt/rt.rs:177:76
[INFO] [stdout]    5:     0x6246f9c6e113 - core::fmt::write::h522cc39e5b36ae9f
[INFO] [stdout]                                at /rustc/df4ca44d3fbc9301ee17f30f4d474e6ae4b05252/library/core/src/fmt/mod.rs:1190:21
[INFO] [stdout]    6:     0x6246f9c3f333 - std::io::Write::write_fmt::h7d3c26752da97734
[INFO] [stdout]                                at /rustc/df4ca44d3fbc9301ee17f30f4d474e6ae4b05252/library/std/src/io/mod.rs:1839:15
[INFO] [stdout]    7:     0x6246f9c43592 - std::sys::backtrace::BacktraceLock::print::h4b9e00b29e9c0942
[INFO] [stdout]                                at /rustc/df4ca44d3fbc9301ee17f30f4d474e6ae4b05252/library/std/src/sys/backtrace.rs:42:9
[INFO] [stdout]    8:     0x6246f9c44bda - std::panicking::default_hook::{{closure}}::hb59b88280d0324d9
[INFO] [stdout]                                at /rustc/df4ca44d3fbc9301ee17f30f4d474e6ae4b05252/library/std/src/panicking.rs:268:22
[INFO] [stdout]    9:     0x6246f9c449e4 - std::panicking::default_hook::he1dd496665be4a29
[INFO] [stdout]                                at /rustc/df4ca44d3fbc9301ee17f30f4d474e6ae4b05252/library/std/src/panicking.rs:292:9
[INFO] [stdout]   10:     0x6246f95baba9 - <alloc::boxed::Box<F,A> as core::ops::function::Fn<Args>>::call::h4ff71de18744e1dc
[INFO] [stdout]                                at /rustc/df4ca44d3fbc9301ee17f30f4d474e6ae4b05252/library/alloc/src/boxed.rs:2468:9
[INFO] [stdout]   11:     0x6246f95baba9 - test::test_main::{{closure}}::hcf7c055ce117aa81
[INFO] [stdout]                                at /rustc/df4ca44d3fbc9301ee17f30f4d474e6ae4b05252/library/test/src/lib.rs:133:21
[INFO] [stdout]   12:     0x6246f9c452d8 - <alloc::boxed::Box<F,A> as core::ops::function::Fn<Args>>::call::h1d66c6bbd60c9692
[INFO] [stdout]                                at /rustc/df4ca44d3fbc9301ee17f30f4d474e6ae4b05252/library/alloc/src/boxed.rs:2468:9
[INFO] [stdout]   13:     0x6246f9c452d8 - std::panicking::rust_panic_with_hook::h2ff17fe8f26dfcf8
[INFO] [stdout]                                at /rustc/df4ca44d3fbc9301ee17f30f4d474e6ae4b05252/library/std/src/panicking.rs:809:13
[INFO] [stdout]   14:     0x6246f9c4509a - std::panicking::begin_panic_handler::{{closure}}::h4fad77951c07e101
[INFO] [stdout]                                at /rustc/df4ca44d3fbc9301ee17f30f4d474e6ae4b05252/library/std/src/panicking.rs:674:13
[INFO] [stdout]   15:     0x6246f9c43c29 - std::sys::backtrace::__rust_end_short_backtrace::hb1a25b3da5d0ea08
[INFO] [stdout]                                at /rustc/df4ca44d3fbc9301ee17f30f4d474e6ae4b05252/library/std/src/sys/backtrace.rs:170:18
[INFO] [stdout]   16:     0x6246f9c44d2c - rust_begin_unwind
[INFO] [stdout]                                at /rustc/df4ca44d3fbc9301ee17f30f4d474e6ae4b05252/library/std/src/panicking.rs:665:5
[INFO] [stdout]   17:     0x6246f9c6baf0 - core::panicking::panic_fmt::ha9db07b529f9b256
[INFO] [stdout]                                at /rustc/df4ca44d3fbc9301ee17f30f4d474e6ae4b05252/library/core/src/panicking.rs:75:14
[INFO] [stdout]   18:     0x6246f9c6bf76 - core::result::unwrap_failed::h5e8218e4d4338b8a
[INFO] [stdout]                                at /rustc/df4ca44d3fbc9301ee17f30f4d474e6ae4b05252/library/core/src/result.rs:1698:5
[INFO] [stdout]   19:     0x6246f934d6fa - core::result::Result<T,E>::unwrap::h33aa8b19ee534648
[INFO] [stdout]                                at /rustc/df4ca44d3fbc9301ee17f30f4d474e6ae4b05252/library/core/src/result.rs:1103:23
[INFO] [stdout]   20:     0x6246f934d6fa - symbolic_debuginfo::macho::bcsymbolmap::tests::test_plist::h91558ea4551b21ab
[INFO] [stdout]                                at /opt/rustwide/workdir/src/macho/bcsymbolmap.rs:489:13
[INFO] [stdout]   21:     0x6246f934d5b7 - symbolic_debuginfo::macho::bcsymbolmap::tests::test_plist::{{closure}}::h8f2d28db008a1909
[INFO] [stdout]                                at /opt/rustwide/workdir/src/macho/bcsymbolmap.rs:486:20
[INFO] [stdout]   22:     0x6246f9321236 - core::ops::function::FnOnce::call_once::hb361281d90e8005e
[INFO] [stdout]                                at /rustc/df4ca44d3fbc9301ee17f30f4d474e6ae4b05252/library/core/src/ops/function.rs:250:5
[INFO] [stdout]   23:     0x6246f95bf47b - core::ops::function::FnOnce::call_once::h22c3ba5715e93f05
[INFO] [stdout]                                at /rustc/df4ca44d3fbc9301ee17f30f4d474e6ae4b05252/library/core/src/ops/function.rs:250:5
[INFO] [stdout]   24:     0x6246f95bf47b - test::__rust_begin_short_backtrace::h8e82d8113d0da17f
[INFO] [stdout]                                at /rustc/df4ca44d3fbc9301ee17f30f4d474e6ae4b05252/library/test/src/lib.rs:621:18
[INFO] [stdout]   25:     0x6246f95bedf7 - test::run_test_in_process::{{closure}}::h33235f4f20b7b7c7
[INFO] [stdout]                                at /rustc/df4ca44d3fbc9301ee17f30f4d474e6ae4b05252/library/test/src/lib.rs:644:60
[INFO] [stdout]   26:     0x6246f95bedf7 - <core::panic::unwind_safe::AssertUnwindSafe<F> as core::ops::function::FnOnce<()>>::call_once::hb5043206310c586f
[INFO] [stdout]                                at /rustc/df4ca44d3fbc9301ee17f30f4d474e6ae4b05252/library/core/src/panic/unwind_safe.rs:272:9
[INFO] [stdout]   27:     0x6246f95bedf7 - std::panicking::try::do_call::h9ad4731a60ab23e2
[INFO] [stdout]                                at /rustc/df4ca44d3fbc9301ee17f30f4d474e6ae4b05252/library/std/src/panicking.rs:557:40
[INFO] [stdout]   28:     0x6246f95bedf7 - std::panicking::try::h3824d23db772a716
[INFO] [stdout]                                at /rustc/df4ca44d3fbc9301ee17f30f4d474e6ae4b05252/library/std/src/panicking.rs:520:19
[INFO] [stdout]   29:     0x6246f95bedf7 - std::panic::catch_unwind::h5afd514605fde46b
[INFO] [stdout]                                at /rustc/df4ca44d3fbc9301ee17f30f4d474e6ae4b05252/library/std/src/panic.rs:358:14
[INFO] [stdout]   30:     0x6246f95bedf7 - test::run_test_in_process::h0d5cbfa7067d1720
[INFO] [stdout]                                at /rustc/df4ca44d3fbc9301ee17f30f4d474e6ae4b05252/library/test/src/lib.rs:644:27
[INFO] [stdout]   31:     0x6246f95bedf7 - test::run_test::{{closure}}::h708eb8872708115d
[INFO] [stdout]                                at /rustc/df4ca44d3fbc9301ee17f30f4d474e6ae4b05252/library/test/src/lib.rs:565:43
[INFO] [stdout]   32:     0x6246f9582514 - test::run_test::{{closure}}::h392c51cee94713ab
[INFO] [stdout]                                at /rustc/df4ca44d3fbc9301ee17f30f4d474e6ae4b05252/library/test/src/lib.rs:595:41
[INFO] [stdout]   33:     0x6246f9582514 - std::sys::backtrace::__rust_begin_short_backtrace::h2f40290710935a8b
[INFO] [stdout]                                at /rustc/df4ca44d3fbc9301ee17f30f4d474e6ae4b05252/library/std/src/sys/backtrace.rs:154:18
[INFO] [stdout]   34:     0x6246f9585cbe - std::thread::Builder::spawn_unchecked_::{{closure}}::{{closure}}::h3fd968d89053a903
[INFO] [stdout]                                at /rustc/df4ca44d3fbc9301ee17f30f4d474e6ae4b05252/library/std/src/thread/mod.rs:541:17
[INFO] [stdout]   35:     0x6246f9585cbe - <core::panic::unwind_safe::AssertUnwindSafe<F> as core::ops::function::FnOnce<()>>::call_once::h743f637ba4229880
[INFO] [stdout]                                at /rustc/df4ca44d3fbc9301ee17f30f4d474e6ae4b05252/library/core/src/panic/unwind_safe.rs:272:9
[INFO] [stdout]   36:     0x6246f9585cbe - std::panicking::try::do_call::h07440897322525a6
[INFO] [stdout]                                at /rustc/df4ca44d3fbc9301ee17f30f4d474e6ae4b05252/library/std/src/panicking.rs:557:40
[INFO] [stdout]   37:     0x6246f9585cbe - std::panicking::try::he5a2e00188156637
[INFO] [stdout]                                at /rustc/df4ca44d3fbc9301ee17f30f4d474e6ae4b05252/library/std/src/panicking.rs:520:19
[INFO] [stdout]   38:     0x6246f9585cbe - std::panic::catch_unwind::hbaf3cae49b3c6433
[INFO] [stdout]                                at /rustc/df4ca44d3fbc9301ee17f30f4d474e6ae4b05252/library/std/src/panic.rs:358:14
[INFO] [stdout]   39:     0x6246f9585cbe - std::thread::Builder::spawn_unchecked_::{{closure}}::h8e141ea224820bce
[INFO] [stdout]                                at /rustc/df4ca44d3fbc9301ee17f30f4d474e6ae4b05252/library/std/src/thread/mod.rs:540:30
[INFO] [stdout]   40:     0x6246f9585cbe - core::ops::function::FnOnce::call_once{{vtable.shim}}::h90d312fedd7b8ea8
[INFO] [stdout]                                at /rustc/df4ca44d3fbc9301ee17f30f4d474e6ae4b05252/library/core/src/ops/function.rs:250:5
[INFO] [stdout]   41:     0x6246f9c49b4b - <alloc::boxed::Box<F,A> as core::ops::function::FnOnce<Args>>::call_once::h69aa08ddb6adb8b6
[INFO] [stdout]                                at /rustc/df4ca44d3fbc9301ee17f30f4d474e6ae4b05252/library/alloc/src/boxed.rs:2454:9
[INFO] [stdout]   42:     0x6246f9c49b4b - <alloc::boxed::Box<F,A> as core::ops::function::FnOnce<Args>>::call_once::h5aa36efdb79c806f
[INFO] [stdout]                                at /rustc/df4ca44d3fbc9301ee17f30f4d474e6ae4b05252/library/alloc/src/boxed.rs:2454:9
[INFO] [stdout]   43:     0x6246f9c49b4b - std::sys::pal::unix::thread::Thread::new::thread_start::h6cd80a1b4be5158d
[INFO] [stdout]                                at /rustc/df4ca44d3fbc9301ee17f30f4d474e6ae4b05252/library/std/src/sys/pal/unix/thread.rs:105:17
[INFO] [stdout]   44:     0x7af7ab5beac3 - <unknown>
[INFO] [stdout]   45:     0x7af7ab64fa04 - clone
[INFO] [stdout]   46:                0x0 - <unknown>
[INFO] [stdout] 
[INFO] [stdout] ---- macho::tests::test_invalid_symbols stdout ----
[INFO] [stdout] thread 'macho::tests::test_invalid_symbols' panicked at src/macho/mod.rs:935:75:
[INFO] [stdout] called `Result::unwrap()` on an `Err` value: Os { code: 2, kind: NotFound, message: "No such file or directory" }
[INFO] [stdout] stack backtrace:
[INFO] [stdout]    0:     0x6246f9c4374a - std::backtrace_rs::backtrace::libunwind::trace::h207520d6e9873551
[INFO] [stdout]                                at /rustc/df4ca44d3fbc9301ee17f30f4d474e6ae4b05252/library/std/src/../../backtrace/src/backtrace/libunwind.rs:116:5
[INFO] [stdout]    1:     0x6246f9c4374a - std::backtrace_rs::backtrace::trace_unsynchronized::h2ed7433f370e3eca
[INFO] [stdout]                                at /rustc/df4ca44d3fbc9301ee17f30f4d474e6ae4b05252/library/std/src/../../backtrace/src/backtrace/mod.rs:66:5
[INFO] [stdout]    2:     0x6246f9c4374a - std::sys::backtrace::_print_fmt::h916fac51166b18d7
[INFO] [stdout]                                at /rustc/df4ca44d3fbc9301ee17f30f4d474e6ae4b05252/library/std/src/sys/backtrace.rs:66:9
[INFO] [stdout]    3:     0x6246f9c4374a - <std::sys::backtrace::BacktraceLock::print::DisplayBacktrace as core::fmt::Display>::fmt::ha0a4c9b8ce3802e6
[INFO] [stdout]                                at /rustc/df4ca44d3fbc9301ee17f30f4d474e6ae4b05252/library/std/src/sys/backtrace.rs:39:26
[INFO] [stdout]    4:     0x6246f9c6e113 - core::fmt::rt::Argument::fmt::h4cfc8587d52b3eb5
[INFO] [stdout]                                at /rustc/df4ca44d3fbc9301ee17f30f4d474e6ae4b05252/library/core/src/fmt/rt.rs:177:76
[INFO] [stdout]    5:     0x6246f9c6e113 - core::fmt::write::h522cc39e5b36ae9f
[INFO] [stdout]                                at /rustc/df4ca44d3fbc9301ee17f30f4d474e6ae4b05252/library/core/src/fmt/mod.rs:1190:21
[INFO] [stdout]    6:     0x6246f9c3f333 - std::io::Write::write_fmt::h7d3c26752da97734
[INFO] [stdout]                                at /rustc/df4ca44d3fbc9301ee17f30f4d474e6ae4b05252/library/std/src/io/mod.rs:1839:15
[INFO] [stdout]    7:     0x6246f9c43592 - std::sys::backtrace::BacktraceLock::print::h4b9e00b29e9c0942
[INFO] [stdout]                                at /rustc/df4ca44d3fbc9301ee17f30f4d474e6ae4b05252/library/std/src/sys/backtrace.rs:42:9
[INFO] [stdout]    8:     0x6246f9c44bda - std::panicking::default_hook::{{closure}}::hb59b88280d0324d9
[INFO] [stdout]                                at /rustc/df4ca44d3fbc9301ee17f30f4d474e6ae4b05252/library/std/src/panicking.rs:268:22
[INFO] [stdout]    9:     0x6246f9c449e4 - std::panicking::default_hook::he1dd496665be4a29
[INFO] [stdout]                                at /rustc/df4ca44d3fbc9301ee17f30f4d474e6ae4b05252/library/std/src/panicking.rs:292:9
[INFO] [stdout]   10:     0x6246f95baba9 - <alloc::boxed::Box<F,A> as core::ops::function::Fn<Args>>::call::h4ff71de18744e1dc
[INFO] [stdout]                                at /rustc/df4ca44d3fbc9301ee17f30f4d474e6ae4b05252/library/alloc/src/boxed.rs:2468:9
[INFO] [stdout]   11:     0x6246f95baba9 - test::test_main::{{closure}}::hcf7c055ce117aa81
[INFO] [stdout]                                at /rustc/df4ca44d3fbc9301ee17f30f4d474e6ae4b05252/library/test/src/lib.rs:133:21
[INFO] [stdout]   12:     0x6246f9c452d8 - <alloc::boxed::Box<F,A> as core::ops::function::Fn<Args>>::call::h1d66c6bbd60c9692
[INFO] [stdout]                                at /rustc/df4ca44d3fbc9301ee17f30f4d474e6ae4b05252/library/alloc/src/boxed.rs:2468:9
[INFO] [stdout]   13:     0x6246f9c452d8 - std::panicking::rust_panic_with_hook::h2ff17fe8f26dfcf8
[INFO] [stdout]                                at /rustc/df4ca44d3fbc9301ee17f30f4d474e6ae4b05252/library/std/src/panicking.rs:809:13
[INFO] [stdout]   14:     0x6246f9c4509a - std::panicking::begin_panic_handler::{{closure}}::h4fad77951c07e101
[INFO] [stdout]                                at /rustc/df4ca44d3fbc9301ee17f30f4d474e6ae4b05252/library/std/src/panicking.rs:674:13
[INFO] [stdout]   15:     0x6246f9c43c29 - std::sys::backtrace::__rust_end_short_backtrace::hb1a25b3da5d0ea08
[INFO] [stdout]                                at /rustc/df4ca44d3fbc9301ee17f30f4d474e6ae4b05252/library/std/src/sys/backtrace.rs:170:18
[INFO] [stdout]   16:     0x6246f9c44d2c - rust_begin_unwind
[INFO] [stdout]                                at /rustc/df4ca44d3fbc9301ee17f30f4d474e6ae4b05252/library/std/src/panicking.rs:665:5
[INFO] [stdout]   17:     0x6246f9c6baf0 - core::panicking::panic_fmt::ha9db07b529f9b256
[INFO] [stdout]                                at /rustc/df4ca44d3fbc9301ee17f30f4d474e6ae4b05252/library/core/src/panicking.rs:75:14
[INFO] [stdout]   18:     0x6246f9c6bf76 - core::result::unwrap_failed::h5e8218e4d4338b8a
[INFO] [stdout]                                at /rustc/df4ca44d3fbc9301ee17f30f4d474e6ae4b05252/library/core/src/result.rs:1698:5
[INFO] [stdout]   19:     0x6246f9350655 - core::result::Result<T,E>::unwrap::h33aa8b19ee534648
[INFO] [stdout]                                at /rustc/df4ca44d3fbc9301ee17f30f4d474e6ae4b05252/library/core/src/result.rs:1103:23
[INFO] [stdout]   20:     0x6246f9350655 - symbolic_debuginfo::macho::tests::test_invalid_symbols::he556cf6c7ff51191
[INFO] [stdout]                                at /opt/rustwide/workdir/src/macho/mod.rs:935:20
[INFO] [stdout]   21:     0x6246f93505c7 - symbolic_debuginfo::macho::tests::test_invalid_symbols::{{closure}}::h7eeb9f46ebc18f92
[INFO] [stdout]                                at /opt/rustwide/workdir/src/macho/mod.rs:934:30
[INFO] [stdout]   22:     0x6246f93211a6 - core::ops::function::FnOnce::call_once::ha9e9f4ff035e80c4
[INFO] [stdout]                                at /rustc/df4ca44d3fbc9301ee17f30f4d474e6ae4b05252/library/core/src/ops/function.rs:250:5
[INFO] [stdout]   23:     0x6246f95bf47b - core::ops::function::FnOnce::call_once::h22c3ba5715e93f05
[INFO] [stdout]                                at /rustc/df4ca44d3fbc9301ee17f30f4d474e6ae4b05252/library/core/src/ops/function.rs:250:5
[INFO] [stdout]   24:     0x6246f95bf47b - test::__rust_begin_short_backtrace::h8e82d8113d0da17f
[INFO] [stdout]                                at /rustc/df4ca44d3fbc9301ee17f30f4d474e6ae4b05252/library/test/src/lib.rs:621:18
[INFO] [stdout]   25:     0x6246f95bedf7 - test::run_test_in_process::{{closure}}::h33235f4f20b7b7c7
[INFO] [stdout]                                at /rustc/df4ca44d3fbc9301ee17f30f4d474e6ae4b05252/library/test/src/lib.rs:644:60
[INFO] [stdout]   26:     0x6246f95bedf7 - <core::panic::unwind_safe::AssertUnwindSafe<F> as core::ops::function::FnOnce<()>>::call_once::hb5043206310c586f
[INFO] [stdout]                                at /rustc/df4ca44d3fbc9301ee17f30f4d474e6ae4b05252/library/core/src/panic/unwind_safe.rs:272:9
[INFO] [stdout]   27:     0x6246f95bedf7 - std::panicking::try::do_call::h9ad4731a60ab23e2
[INFO] [stdout]                                at /rustc/df4ca44d3fbc9301ee17f30f4d474e6ae4b05252/library/std/src/panicking.rs:557:40
[INFO] [stdout]   28:     0x6246f95bedf7 - std::panicking::try::h3824d23db772a716
[INFO] [stdout]                                at /rustc/df4ca44d3fbc9301ee17f30f4d474e6ae4b05252/library/std/src/panicking.rs:520:19
[INFO] [stdout]   29:     0x6246f95bedf7 - std::panic::catch_unwind::h5afd514605fde46b
[INFO] [stdout]                                at /rustc/df4ca44d3fbc9301ee17f30f4d474e6ae4b05252/library/std/src/panic.rs:358:14
[INFO] [stdout]   30:     0x6246f95bedf7 - test::run_test_in_process::h0d5cbfa7067d1720
[INFO] [stdout]                                at /rustc/df4ca44d3fbc9301ee17f30f4d474e6ae4b05252/library/test/src/lib.rs:644:27
[INFO] [stdout]   31:     0x6246f95bedf7 - test::run_test::{{closure}}::h708eb8872708115d
[INFO] [stdout]                                at /rustc/df4ca44d3fbc9301ee17f30f4d474e6ae4b05252/library/test/src/lib.rs:565:43
[INFO] [stdout]   32:     0x6246f9582514 - test::run_test::{{closure}}::h392c51cee94713ab
[INFO] [stdout]                                at /rustc/df4ca44d3fbc9301ee17f30f4d474e6ae4b05252/library/test/src/lib.rs:595:41
[INFO] [stdout]   33:     0x6246f9582514 - std::sys::backtrace::__rust_begin_short_backtrace::h2f40290710935a8b
[INFO] [stdout]                                at /rustc/df4ca44d3fbc9301ee17f30f4d474e6ae4b05252/library/std/src/sys/backtrace.rs:154:18
[INFO] [stdout]   34:     0x6246f9585cbe - std::thread::Builder::spawn_unchecked_::{{closure}}::{{closure}}::h3fd968d89053a903
[INFO] [stdout]                                at /rustc/df4ca44d3fbc9301ee17f30f4d474e6ae4b05252/library/std/src/thread/mod.rs:541:17
[INFO] [stdout]   35:     0x6246f9585cbe - <core::panic::unwind_safe::AssertUnwindSafe<F> as core::ops::function::FnOnce<()>>::call_once::h743f637ba4229880
[INFO] [stdout]                                at /rustc/df4ca44d3fbc9301ee17f30f4d474e6ae4b05252/library/core/src/panic/unwind_safe.rs:272:9
[INFO] [stdout]   36:     0x6246f9585cbe - std::panicking::try::do_call::h07440897322525a6
[INFO] [stdout]                                at /rustc/df4ca44d3fbc9301ee17f30f4d474e6ae4b05252/library/std/src/panicking.rs:557:40
[INFO] [stdout]   37:     0x6246f9585cbe - std::panicking::try::he5a2e00188156637
[INFO] [stdout]                                at /rustc/df4ca44d3fbc9301ee17f30f4d474e6ae4b05252/library/std/src/panicking.rs:520:19
[INFO] [stdout]   38:     0x6246f9585cbe - std::panic::catch_unwind::hbaf3cae49b3c6433
[INFO] [stdout]                                at /rustc/df4ca44d3fbc9301ee17f30f4d474e6ae4b05252/library/std/src/panic.rs:358:14
[INFO] [stdout]   39:     0x6246f9585cbe - std::thread::Builder::spawn_unchecked_::{{closure}}::h8e141ea224820bce
[INFO] [stdout]                                at /rustc/df4ca44d3fbc9301ee17f30f4d474e6ae4b05252/library/std/src/thread/mod.rs:540:30
[INFO] [stdout]   40:     0x6246f9585cbe - core::ops::function::FnOnce::call_once{{vtable.shim}}::h90d312fedd7b8ea8
[INFO] [stdout]                                at /rustc/df4ca44d3fbc9301ee17f30f4d474e6ae4b05252/library/core/src/ops/function.rs:250:5
[INFO] [stdout]   41:     0x6246f9c49b4b - <alloc::boxed::Box<F,A> as core::ops::function::FnOnce<Args>>::call_once::h69aa08ddb6adb8b6
[INFO] [stdout]                                at /rustc/df4ca44d3fbc9301ee17f30f4d474e6ae4b05252/library/alloc/src/boxed.rs:2454:9
[INFO] [stdout]   42:     0x6246f9c49b4b - <alloc::boxed::Box<F,A> as core::ops::function::FnOnce<Args>>::call_once::h5aa36efdb79c806f
[INFO] [stdout]                                at /rustc/df4ca44d3fbc9301ee17f30f4d474e6ae4b05252/library/alloc/src/boxed.rs:2454:9
[INFO] [stdout]   43:     0x6246f9c49b4b - std::sys::pal::unix::thread::Thread::new::thread_start::h6cd80a1b4be5158d
[INFO] [stdout]                                at /rustc/df4ca44d3fbc9301ee17f30f4d474e6ae4b05252/library/std/src/sys/pal/unix/thread.rs:105:17
[INFO] [stdout]   44:     0x7af7ab5beac3 - <unknown>
[INFO] [stdout]   45:     0x7af7ab64fa04 - clone
[INFO] [stderr] error: test failed, to rerun pass `--lib`
[INFO] [stdout]   46:                0x0 - <unknown>
[INFO] [stdout] 
[INFO] [stdout] 
[INFO] [stdout] failures:
[INFO] [stdout]     macho::bcsymbolmap::tests::test_basic
[INFO] [stdout]     macho::bcsymbolmap::tests::test_data_lifetime
[INFO] [stdout]     macho::bcsymbolmap::tests::test_iter
[INFO] [stdout]     macho::bcsymbolmap::tests::test_plist
[INFO] [stdout]     macho::bcsymbolmap::tests::test_resolve
[INFO] [stdout]     macho::tests::test_bcsymbolmap
[INFO] [stdout]     macho::tests::test_invalid_symbols
[INFO] [stdout] 
[INFO] [stdout] test result: FAILED. 57 passed; 7 failed; 0 ignored; 0 measured; 0 filtered out; finished in 0.23s
[INFO] [stdout] 
[INFO] running `Command { std: "docker" "inspect" "eef18c73d7772c2bfc43d639d0c3c4185fe619e5e6b2f8fcbfe27943987a5967", kill_on_drop: false }`
[INFO] running `Command { std: "docker" "rm" "-f" "eef18c73d7772c2bfc43d639d0c3c4185fe619e5e6b2f8fcbfe27943987a5967", kill_on_drop: false }`
[INFO] [stdout] eef18c73d7772c2bfc43d639d0c3c4185fe619e5e6b2f8fcbfe27943987a5967
