[INFO] fetching crate svgwriter 0.1.0...
[INFO] testing svgwriter-0.1.0 against nightly-2024-10-28 for randomize-layout
[INFO] extracting crate svgwriter 0.1.0 into /workspace/builds/worker-6-tc1/source
[INFO] validating manifest of crates.io crate svgwriter 0.1.0 on toolchain nightly-2024-10-28
[INFO] running `Command { std: CARGO_HOME="/workspace/cargo-home" RUSTUP_HOME="/workspace/rustup-home" "/workspace/cargo-home/bin/cargo" "+nightly-2024-10-28" "metadata" "--manifest-path" "Cargo.toml" "--no-deps", kill_on_drop: false }`
[INFO] started tweaking crates.io crate svgwriter 0.1.0
[INFO] finished tweaking crates.io crate svgwriter 0.1.0
[INFO] tweaked toml for crates.io crate svgwriter 0.1.0 written to /workspace/builds/worker-6-tc1/source/Cargo.toml
[INFO] running `Command { std: CARGO_HOME="/workspace/cargo-home" RUSTUP_HOME="/workspace/rustup-home" "/workspace/cargo-home/bin/cargo" "+nightly-2024-10-28" "generate-lockfile" "--manifest-path" "Cargo.toml", kill_on_drop: false }`
[INFO] [stderr]     Updating crates.io index
[INFO] [stderr]      Locking 5 packages to latest compatible versions
[INFO] [stderr]       Adding indexmap v1.9.3 (available: v2.6.0)
[INFO] running `Command { std: CARGO_HOME="/workspace/cargo-home" RUSTUP_HOME="/workspace/rustup-home" "/workspace/cargo-home/bin/cargo" "+nightly-2024-10-28" "fetch" "--manifest-path" "Cargo.toml", kill_on_drop: false }`
[INFO] running `Command { std: "docker" "create" "-v" "/var/lib/crater-agent-workspace/builds/worker-6-tc1/target:/opt/rustwide/target:rw,Z" "-v" "/var/lib/crater-agent-workspace/builds/worker-6-tc1/source:/opt/rustwide/workdir:ro,Z" "-v" "/var/lib/crater-agent-workspace/cargo-home:/opt/rustwide/cargo-home:ro,Z" "-v" "/var/lib/crater-agent-workspace/rustup-home:/opt/rustwide/rustup-home:ro,Z" "-e" "SOURCE_DIR=/opt/rustwide/workdir" "-e" "CARGO_TARGET_DIR=/opt/rustwide/target" "-e" "CARGO_HOME=/opt/rustwide/cargo-home" "-e" "RUSTUP_HOME=/opt/rustwide/rustup-home" "-w" "/opt/rustwide/workdir" "-m" "1610612736" "--user" "0:0" "--network" "none" "ghcr.io/rust-lang/crates-build-env/linux@sha256:4a844ea9eb2546a2d2c7022eacef16ef2e8229c7fbb2c7d4d55a9ceca922f72d" "/opt/rustwide/cargo-home/bin/cargo" "+nightly-2024-10-28" "metadata" "--no-deps" "--format-version=1", kill_on_drop: false }`
[INFO] [stdout] 8af46751dea57a691af8d916c36c95651438f6ece982c838f86c61abab468066
[INFO] running `Command { std: "docker" "start" "-a" "8af46751dea57a691af8d916c36c95651438f6ece982c838f86c61abab468066", kill_on_drop: false }`
[INFO] running `Command { std: "docker" "inspect" "8af46751dea57a691af8d916c36c95651438f6ece982c838f86c61abab468066", kill_on_drop: false }`
[INFO] running `Command { std: "docker" "rm" "-f" "8af46751dea57a691af8d916c36c95651438f6ece982c838f86c61abab468066", kill_on_drop: false }`
[INFO] [stdout] 8af46751dea57a691af8d916c36c95651438f6ece982c838f86c61abab468066
[INFO] running `Command { std: "docker" "create" "-v" "/var/lib/crater-agent-workspace/builds/worker-6-tc1/target:/opt/rustwide/target:rw,Z" "-v" "/var/lib/crater-agent-workspace/builds/worker-6-tc1/source:/opt/rustwide/workdir:ro,Z" "-v" "/var/lib/crater-agent-workspace/cargo-home:/opt/rustwide/cargo-home:ro,Z" "-v" "/var/lib/crater-agent-workspace/rustup-home:/opt/rustwide/rustup-home:ro,Z" "-e" "SOURCE_DIR=/opt/rustwide/workdir" "-e" "CARGO_TARGET_DIR=/opt/rustwide/target" "-e" "CARGO_INCREMENTAL=0" "-e" "RUST_BACKTRACE=full" "-e" "RUSTFLAGS=--cap-lints=forbid" "-e" "RUSTDOCFLAGS=--cap-lints=forbid" "-e" "CARGO_HOME=/opt/rustwide/cargo-home" "-e" "RUSTUP_HOME=/opt/rustwide/rustup-home" "-w" "/opt/rustwide/workdir" "-m" "1610612736" "--user" "0:0" "--network" "none" "ghcr.io/rust-lang/crates-build-env/linux@sha256:4a844ea9eb2546a2d2c7022eacef16ef2e8229c7fbb2c7d4d55a9ceca922f72d" "/opt/rustwide/cargo-home/bin/cargo" "+nightly-2024-10-28" "build" "--frozen" "--message-format=json", kill_on_drop: false }`
[INFO] [stdout] a2ac6126a7a474063fa5cbd1e37db2a0490b53509527cd4aaa4a8c52c200f3cf
[INFO] running `Command { std: "docker" "start" "-a" "a2ac6126a7a474063fa5cbd1e37db2a0490b53509527cd4aaa4a8c52c200f3cf", kill_on_drop: false }`
[INFO] [stderr]    Compiling indexmap v1.9.3
[INFO] [stderr]    Compiling paste v1.0.15
[INFO] [stderr]    Compiling hashbrown v0.12.3
[INFO] [stderr]    Compiling svgwriter v0.1.0 (/opt/rustwide/workdir)
[INFO] [stderr]     Finished `dev` profile [unoptimized + debuginfo] target(s) in 4.04s
[INFO] running `Command { std: "docker" "inspect" "a2ac6126a7a474063fa5cbd1e37db2a0490b53509527cd4aaa4a8c52c200f3cf", kill_on_drop: false }`
[INFO] running `Command { std: "docker" "rm" "-f" "a2ac6126a7a474063fa5cbd1e37db2a0490b53509527cd4aaa4a8c52c200f3cf", kill_on_drop: false }`
[INFO] [stdout] a2ac6126a7a474063fa5cbd1e37db2a0490b53509527cd4aaa4a8c52c200f3cf
[INFO] running `Command { std: "docker" "create" "-v" "/var/lib/crater-agent-workspace/builds/worker-6-tc1/target:/opt/rustwide/target:rw,Z" "-v" "/var/lib/crater-agent-workspace/builds/worker-6-tc1/source:/opt/rustwide/workdir:ro,Z" "-v" "/var/lib/crater-agent-workspace/cargo-home:/opt/rustwide/cargo-home:ro,Z" "-v" "/var/lib/crater-agent-workspace/rustup-home:/opt/rustwide/rustup-home:ro,Z" "-e" "SOURCE_DIR=/opt/rustwide/workdir" "-e" "CARGO_TARGET_DIR=/opt/rustwide/target" "-e" "CARGO_INCREMENTAL=0" "-e" "RUST_BACKTRACE=full" "-e" "RUSTFLAGS=--cap-lints=forbid" "-e" "RUSTDOCFLAGS=--cap-lints=forbid" "-e" "CARGO_HOME=/opt/rustwide/cargo-home" "-e" "RUSTUP_HOME=/opt/rustwide/rustup-home" "-w" "/opt/rustwide/workdir" "-m" "1610612736" "--user" "0:0" "--network" "none" "ghcr.io/rust-lang/crates-build-env/linux@sha256:4a844ea9eb2546a2d2c7022eacef16ef2e8229c7fbb2c7d4d55a9ceca922f72d" "/opt/rustwide/cargo-home/bin/cargo" "+nightly-2024-10-28" "test" "--frozen" "--no-run" "--message-format=json", kill_on_drop: false }`
[INFO] [stdout] 25902f1d45b9ec13b2d2eee7626e01e0f1c3f647557d74b36c6a64795db68dfd
[INFO] running `Command { std: "docker" "start" "-a" "25902f1d45b9ec13b2d2eee7626e01e0f1c3f647557d74b36c6a64795db68dfd", kill_on_drop: false }`
[INFO] [stderr]    Compiling svgwriter v0.1.0 (/opt/rustwide/workdir)
[INFO] [stderr]     Finished `test` profile [unoptimized + debuginfo] target(s) in 2.45s
[INFO] running `Command { std: "docker" "inspect" "25902f1d45b9ec13b2d2eee7626e01e0f1c3f647557d74b36c6a64795db68dfd", kill_on_drop: false }`
[INFO] running `Command { std: "docker" "rm" "-f" "25902f1d45b9ec13b2d2eee7626e01e0f1c3f647557d74b36c6a64795db68dfd", kill_on_drop: false }`
[INFO] [stdout] 25902f1d45b9ec13b2d2eee7626e01e0f1c3f647557d74b36c6a64795db68dfd
[INFO] running `Command { std: "docker" "create" "-v" "/var/lib/crater-agent-workspace/builds/worker-6-tc1/target:/opt/rustwide/target:rw,Z" "-v" "/var/lib/crater-agent-workspace/builds/worker-6-tc1/source:/opt/rustwide/workdir:ro,Z" "-v" "/var/lib/crater-agent-workspace/cargo-home:/opt/rustwide/cargo-home:ro,Z" "-v" "/var/lib/crater-agent-workspace/rustup-home:/opt/rustwide/rustup-home:ro,Z" "-e" "SOURCE_DIR=/opt/rustwide/workdir" "-e" "CARGO_TARGET_DIR=/opt/rustwide/target" "-e" "CARGO_INCREMENTAL=0" "-e" "RUST_BACKTRACE=full" "-e" "RUSTFLAGS=--cap-lints=forbid" "-e" "RUSTDOCFLAGS=--cap-lints=forbid" "-e" "CARGO_HOME=/opt/rustwide/cargo-home" "-e" "RUSTUP_HOME=/opt/rustwide/rustup-home" "-w" "/opt/rustwide/workdir" "-m" "1610612736" "--user" "0:0" "--network" "none" "ghcr.io/rust-lang/crates-build-env/linux@sha256:4a844ea9eb2546a2d2c7022eacef16ef2e8229c7fbb2c7d4d55a9ceca922f72d" "/opt/rustwide/cargo-home/bin/cargo" "+nightly-2024-10-28" "test" "--frozen", kill_on_drop: false }`
[INFO] [stdout] 83018ab1a91dfe21809b01a6f4862e41be1e75250fadded4bf5e76fcfcd38afd
[INFO] running `Command { std: "docker" "start" "-a" "83018ab1a91dfe21809b01a6f4862e41be1e75250fadded4bf5e76fcfcd38afd", kill_on_drop: false }`
[INFO] [stderr]     Finished `test` profile [unoptimized + debuginfo] target(s) in 0.01s
[INFO] [stderr]      Running unittests src/lib.rs (/opt/rustwide/target/debug/deps/svgwriter-cd53ef65e1faeb89)
[INFO] [stdout] 
[INFO] [stdout] running 2 tests
[INFO] [stdout] test graphic::tests::empty_svg ... ok
[INFO] [stdout] test graphic::tests::hello_world ... ok
[INFO] [stdout] 
[INFO] [stdout] test result: ok. 2 passed; 0 failed; 0 ignored; 0 measured; 0 filtered out; finished in 0.00s
[INFO] [stdout] 
[INFO] [stderr]    Doc-tests svgwriter
[INFO] [stdout] 
[INFO] [stdout] running 6 tests
[INFO] [stdout] test src/xmlwriter/src/lib.rs - xmlwriter::XmlWriter::write_attribute_raw (line 348) ... FAILED
[INFO] [stdout] test src/xmlwriter/src/lib.rs - xmlwriter (line 11) ... FAILED
[INFO] [stdout] test src/xmlwriter/src/lib.rs - xmlwriter::XmlWriter::write_attribute (line 289) ... FAILED
[INFO] [stdout] test src/xmlwriter/src/lib.rs - xmlwriter::XmlWriter::end_document (line 558) ... FAILED
[INFO] [stdout] test src/xmlwriter/src/lib.rs - xmlwriter::XmlWriter::set_preserve_whitespaces (line 424) ... FAILED
[INFO] [stdout] test src/xmlwriter/src/lib.rs - xmlwriter::XmlWriter::write_attribute_fmt (line 313) ... FAILED
[INFO] [stdout] 
[INFO] [stdout] failures:
[INFO] [stdout] 
[INFO] [stdout] ---- src/xmlwriter/src/lib.rs - xmlwriter::XmlWriter::write_attribute_raw (line 348) stdout ----
[INFO] [stdout] error[E0432]: unresolved import `xmlwriter`
[INFO] [stdout]  --> src/xmlwriter/src/lib.rs:349:5
[INFO] [stdout]   |
[INFO] [stdout] 3 | use xmlwriter::*;
[INFO] [stdout]   |     ^^^^^^^^^ use of undeclared crate or module `xmlwriter`
[INFO] [stdout]   |
[INFO] [stdout] help: there is a crate or module with a similar name
[INFO] [stdout]   |
[INFO] [stdout] 3 | use svgwriter::*;
[INFO] [stdout]   |     ~~~~~~~~~
[INFO] [stdout] 
[INFO] [stdout] error: aborting due to 1 previous error
[INFO] [stdout] 
[INFO] [stdout] For more information about this error, try `rustc --explain E0432`.
[INFO] [stdout] Couldn't compile the test.
[INFO] [stdout] ---- src/xmlwriter/src/lib.rs - xmlwriter (line 11) stdout ----
[INFO] [stdout] error[E0432]: unresolved import `xmlwriter`
[INFO] [stdout]  --> src/xmlwriter/src/lib.rs:12:5
[INFO] [stdout]   |
[INFO] [stdout] 3 | use xmlwriter::*;
[INFO] [stdout]   |     ^^^^^^^^^ use of undeclared crate or module `xmlwriter`
[INFO] [stdout]   |
[INFO] [stdout] help: there is a crate or module with a similar name
[INFO] [stdout]   |
[INFO] [stdout] 3 | use svgwriter::*;
[INFO] [stdout]   |     ~~~~~~~~~
[INFO] [stdout] 
[INFO] [stdout] error: aborting due to 1 previous error
[INFO] [stdout] 
[INFO] [stdout] For more information about this error, try `rustc --explain E0432`.
[INFO] [stdout] Couldn't compile the test.
[INFO] [stdout] ---- src/xmlwriter/src/lib.rs - xmlwriter::XmlWriter::write_attribute (line 289) stdout ----
[INFO] [stdout] error[E0432]: unresolved import `xmlwriter`
[INFO] [stdout]  --> src/xmlwriter/src/lib.rs:290:5
[INFO] [stdout]   |
[INFO] [stdout] 3 | use xmlwriter::*;
[INFO] [stdout]   |     ^^^^^^^^^ use of undeclared crate or module `xmlwriter`
[INFO] [stdout]   |
[INFO] [stdout] help: there is a crate or module with a similar name
[INFO] [stdout]   |
[INFO] [stdout] 3 | use svgwriter::*;
[INFO] [stdout]   |     ~~~~~~~~~
[INFO] [stdout] 
[INFO] [stdout] error: aborting due to 1 previous error
[INFO] [stdout] 
[INFO] [stdout] For more information about this error, try `rustc --explain E0432`.
[INFO] [stdout] Couldn't compile the test.
[INFO] [stdout] ---- src/xmlwriter/src/lib.rs - xmlwriter::XmlWriter::end_document (line 558) stdout ----
[INFO] [stdout] error[E0432]: unresolved import `xmlwriter`
[INFO] [stdout]  --> src/xmlwriter/src/lib.rs:559:5
[INFO] [stdout]   |
[INFO] [stdout] 3 | use xmlwriter::*;
[INFO] [stdout]   |     ^^^^^^^^^ use of undeclared crate or module `xmlwriter`
[INFO] [stdout]   |
[INFO] [stdout] help: there is a crate or module with a similar name
[INFO] [stdout]   |
[INFO] [stdout] 3 | use svgwriter::*;
[INFO] [stdout]   |     ~~~~~~~~~
[INFO] [stdout] 
[INFO] [stdout] error: aborting due to 1 previous error
[INFO] [stdout] 
[INFO] [stdout] For more information about this error, try `rustc --explain E0432`.
[INFO] [stdout] Couldn't compile the test.
[INFO] [stdout] ---- src/xmlwriter/src/lib.rs - xmlwriter::XmlWriter::set_preserve_whitespaces (line 424) stdout ----
[INFO] [stdout] error[E0432]: unresolved import `xmlwriter`
[INFO] [stdout]  --> src/xmlwriter/src/lib.rs:425:5
[INFO] [stdout]   |
[INFO] [stdout] 3 | use xmlwriter::*;
[INFO] [stdout]   |     ^^^^^^^^^ use of undeclared crate or module `xmlwriter`
[INFO] [stdout]   |
[INFO] [stdout] help: there is a crate or module with a similar name
[INFO] [stdout]   |
[INFO] [stdout] 3 | use svgwriter::*;
[INFO] [stdout]   |     ~~~~~~~~~
[INFO] [stdout] 
[INFO] [stdout] error: aborting due to 1 previous error
[INFO] [stdout] 
[INFO] [stdout] For more information about this error, try `rustc --explain E0432`.
[INFO] [stdout] Couldn't compile the test.
[INFO] [stdout] ---- src/xmlwriter/src/lib.rs - xmlwriter::XmlWriter::write_attribute_fmt (line 313) stdout ----
[INFO] [stdout] error[E0432]: unresolved import `xmlwriter`
[INFO] [stdout]  --> src/xmlwriter/src/lib.rs:314:5
[INFO] [stdout]   |
[INFO] [stdout] 3 | use xmlwriter::*;
[INFO] [stdout]   |     ^^^^^^^^^ use of undeclared crate or module `xmlwriter`
[INFO] [stdout]   |
[INFO] [stdout] help: there is a crate or module with a similar name
[INFO] [stdout]   |
[INFO] [stdout] 3 | use svgwriter::*;
[INFO] [stdout]   |     ~~~~~~~~~
[INFO] [stdout] 
[INFO] [stdout] error: aborting due to 1 previous error
[INFO] [stdout] 
[INFO] [stdout] For more information about this error, try `rustc --explain E0432`.
[INFO] [stdout] Couldn't compile the test.
[INFO] [stdout] 
[INFO] [stdout] failures:
[INFO] [stdout]     src/xmlwriter/src/lib.rs - xmlwriter (line 11)
[INFO] [stdout]     src/xmlwriter/src/lib.rs - xmlwriter::XmlWriter::end_document (line 558)
[INFO] [stdout]     src/xmlwriter/src/lib.rs - xmlwriter::XmlWriter::set_preserve_whitespaces (line 424)
[INFO] [stdout]     src/xmlwriter/src/lib.rs - xmlwriter::XmlWriter::write_attribute (line 289)
[INFO] [stdout]     src/xmlwriter/src/lib.rs - xmlwriter::XmlWriter::write_attribute_fmt (line 313)
[INFO] [stdout]     src/xmlwriter/src/lib.rs - xmlwriter::XmlWriter::write_attribute_raw (line 348)
[INFO] [stdout] 
[INFO] [stdout] test result: FAILED. 0 passed; 6 failed; 0 ignored; 0 measured; 0 filtered out; finished in 0.06s
[INFO] [stdout] 
[INFO] [stderr] error: doctest failed, to rerun pass `--doc`
[INFO] running `Command { std: "docker" "inspect" "83018ab1a91dfe21809b01a6f4862e41be1e75250fadded4bf5e76fcfcd38afd", kill_on_drop: false }`
[INFO] running `Command { std: "docker" "rm" "-f" "83018ab1a91dfe21809b01a6f4862e41be1e75250fadded4bf5e76fcfcd38afd", kill_on_drop: false }`
[INFO] [stdout] 83018ab1a91dfe21809b01a6f4862e41be1e75250fadded4bf5e76fcfcd38afd
