[INFO] fetching crate svg-path-cst 0.1.4...
[INFO] testing svg-path-cst-0.1.4 against nightly-2024-10-28 for randomize-layout
[INFO] extracting crate svg-path-cst 0.1.4 into /workspace/builds/worker-7-tc1/source
[INFO] validating manifest of crates.io crate svg-path-cst 0.1.4 on toolchain nightly-2024-10-28
[INFO] running `Command { std: CARGO_HOME="/workspace/cargo-home" RUSTUP_HOME="/workspace/rustup-home" "/workspace/cargo-home/bin/cargo" "+nightly-2024-10-28" "metadata" "--manifest-path" "Cargo.toml" "--no-deps", kill_on_drop: false }`
[INFO] started tweaking crates.io crate svg-path-cst 0.1.4
[INFO] finished tweaking crates.io crate svg-path-cst 0.1.4
[INFO] tweaked toml for crates.io crate svg-path-cst 0.1.4 written to /workspace/builds/worker-7-tc1/source/Cargo.toml
[INFO] crate crates.io crate svg-path-cst 0.1.4 already has a lockfile, it will not be regenerated
[INFO] running `Command { std: CARGO_HOME="/workspace/cargo-home" RUSTUP_HOME="/workspace/rustup-home" "/workspace/cargo-home/bin/cargo" "+nightly-2024-10-28" "fetch" "--manifest-path" "Cargo.toml", kill_on_drop: false }`
[INFO] [stderr]  Downloading crates ...
[INFO] [stderr]   Downloaded snafu v0.8.4
[INFO] [stderr]   Downloaded snafu-derive v0.8.4
[INFO] running `Command { std: "docker" "create" "-v" "/var/lib/crater-agent-workspace/builds/worker-7-tc1/target:/opt/rustwide/target:rw,Z" "-v" "/var/lib/crater-agent-workspace/builds/worker-7-tc1/source:/opt/rustwide/workdir:ro,Z" "-v" "/var/lib/crater-agent-workspace/cargo-home:/opt/rustwide/cargo-home:ro,Z" "-v" "/var/lib/crater-agent-workspace/rustup-home:/opt/rustwide/rustup-home:ro,Z" "-e" "SOURCE_DIR=/opt/rustwide/workdir" "-e" "CARGO_TARGET_DIR=/opt/rustwide/target" "-e" "CARGO_HOME=/opt/rustwide/cargo-home" "-e" "RUSTUP_HOME=/opt/rustwide/rustup-home" "-w" "/opt/rustwide/workdir" "-m" "1610612736" "--user" "0:0" "--network" "none" "ghcr.io/rust-lang/crates-build-env/linux@sha256:4a844ea9eb2546a2d2c7022eacef16ef2e8229c7fbb2c7d4d55a9ceca922f72d" "/opt/rustwide/cargo-home/bin/cargo" "+nightly-2024-10-28" "metadata" "--no-deps" "--format-version=1", kill_on_drop: false }`
[INFO] [stdout] 84589e03d21609cbbd9489a86a04123177ef07ac02b70afa1734722a4648bed2
[INFO] running `Command { std: "docker" "start" "-a" "84589e03d21609cbbd9489a86a04123177ef07ac02b70afa1734722a4648bed2", kill_on_drop: false }`
[INFO] running `Command { std: "docker" "inspect" "84589e03d21609cbbd9489a86a04123177ef07ac02b70afa1734722a4648bed2", kill_on_drop: false }`
[INFO] running `Command { std: "docker" "rm" "-f" "84589e03d21609cbbd9489a86a04123177ef07ac02b70afa1734722a4648bed2", kill_on_drop: false }`
[INFO] [stdout] 84589e03d21609cbbd9489a86a04123177ef07ac02b70afa1734722a4648bed2
[INFO] running `Command { std: "docker" "create" "-v" "/var/lib/crater-agent-workspace/builds/worker-7-tc1/target:/opt/rustwide/target:rw,Z" "-v" "/var/lib/crater-agent-workspace/builds/worker-7-tc1/source:/opt/rustwide/workdir:ro,Z" "-v" "/var/lib/crater-agent-workspace/cargo-home:/opt/rustwide/cargo-home:ro,Z" "-v" "/var/lib/crater-agent-workspace/rustup-home:/opt/rustwide/rustup-home:ro,Z" "-e" "SOURCE_DIR=/opt/rustwide/workdir" "-e" "CARGO_TARGET_DIR=/opt/rustwide/target" "-e" "CARGO_INCREMENTAL=0" "-e" "RUST_BACKTRACE=full" "-e" "RUSTFLAGS=--cap-lints=forbid" "-e" "RUSTDOCFLAGS=--cap-lints=forbid" "-e" "CARGO_HOME=/opt/rustwide/cargo-home" "-e" "RUSTUP_HOME=/opt/rustwide/rustup-home" "-w" "/opt/rustwide/workdir" "-m" "1610612736" "--user" "0:0" "--network" "none" "ghcr.io/rust-lang/crates-build-env/linux@sha256:4a844ea9eb2546a2d2c7022eacef16ef2e8229c7fbb2c7d4d55a9ceca922f72d" "/opt/rustwide/cargo-home/bin/cargo" "+nightly-2024-10-28" "build" "--frozen" "--message-format=json", kill_on_drop: false }`
[INFO] [stdout] 62361fadcbb7cf546c3eb094deb00740f6535daf2a6065d8f1dc9530dd127118
[INFO] running `Command { std: "docker" "start" "-a" "62361fadcbb7cf546c3eb094deb00740f6535daf2a6065d8f1dc9530dd127118", kill_on_drop: false }`
[INFO] [stderr]    Compiling proc-macro2 v1.0.86
[INFO] [stderr]    Compiling quote v1.0.37
[INFO] [stderr]    Compiling syn v2.0.76
[INFO] [stderr]    Compiling snafu-derive v0.8.4
[INFO] [stderr]    Compiling snafu v0.8.4
[INFO] [stderr]    Compiling svg-path-cst v0.1.4 (/opt/rustwide/workdir)
[INFO] [stderr]     Finished `dev` profile [unoptimized + debuginfo] target(s) in 4.11s
[INFO] running `Command { std: "docker" "inspect" "62361fadcbb7cf546c3eb094deb00740f6535daf2a6065d8f1dc9530dd127118", kill_on_drop: false }`
[INFO] running `Command { std: "docker" "rm" "-f" "62361fadcbb7cf546c3eb094deb00740f6535daf2a6065d8f1dc9530dd127118", kill_on_drop: false }`
[INFO] [stdout] 62361fadcbb7cf546c3eb094deb00740f6535daf2a6065d8f1dc9530dd127118
[INFO] running `Command { std: "docker" "create" "-v" "/var/lib/crater-agent-workspace/builds/worker-7-tc1/target:/opt/rustwide/target:rw,Z" "-v" "/var/lib/crater-agent-workspace/builds/worker-7-tc1/source:/opt/rustwide/workdir:ro,Z" "-v" "/var/lib/crater-agent-workspace/cargo-home:/opt/rustwide/cargo-home:ro,Z" "-v" "/var/lib/crater-agent-workspace/rustup-home:/opt/rustwide/rustup-home:ro,Z" "-e" "SOURCE_DIR=/opt/rustwide/workdir" "-e" "CARGO_TARGET_DIR=/opt/rustwide/target" "-e" "CARGO_INCREMENTAL=0" "-e" "RUST_BACKTRACE=full" "-e" "RUSTFLAGS=--cap-lints=forbid" "-e" "RUSTDOCFLAGS=--cap-lints=forbid" "-e" "CARGO_HOME=/opt/rustwide/cargo-home" "-e" "RUSTUP_HOME=/opt/rustwide/rustup-home" "-w" "/opt/rustwide/workdir" "-m" "1610612736" "--user" "0:0" "--network" "none" "ghcr.io/rust-lang/crates-build-env/linux@sha256:4a844ea9eb2546a2d2c7022eacef16ef2e8229c7fbb2c7d4d55a9ceca922f72d" "/opt/rustwide/cargo-home/bin/cargo" "+nightly-2024-10-28" "test" "--frozen" "--no-run" "--message-format=json", kill_on_drop: false }`
[INFO] [stdout] cbad0890939d697c46e55b1cb6baeb4013d130ff8ceba061763e60fe93069250
[INFO] running `Command { std: "docker" "start" "-a" "cbad0890939d697c46e55b1cb6baeb4013d130ff8ceba061763e60fe93069250", kill_on_drop: false }`
[INFO] [stderr]    Compiling crossbeam-utils v0.8.20
[INFO] [stderr]    Compiling serde v1.0.209
[INFO] [stderr]    Compiling autocfg v1.3.0
[INFO] [stderr]    Compiling serde_json v1.0.127
[INFO] [stderr]    Compiling libc v0.2.158
[INFO] [stderr]    Compiling rayon-core v1.12.1
[INFO] [stderr]    Compiling half v2.4.1
[INFO] [stderr]    Compiling serde_derive v1.0.209
[INFO] [stderr]    Compiling regex-syntax v0.8.4
[INFO] [stderr]    Compiling ciborium-io v0.2.2
[INFO] [stderr]    Compiling plotters-backend v0.3.6
[INFO] [stderr]    Compiling clap_lex v0.7.2
[INFO] [stderr]    Compiling anstyle v1.0.8
[INFO] [stderr]    Compiling num-traits v0.2.19
[INFO] [stderr]    Compiling plotters-svg v0.3.6
[INFO] [stderr]    Compiling ciborium-ll v0.2.2
[INFO] [stderr]    Compiling clap_builder v4.5.15
[INFO] [stderr]    Compiling itertools v0.10.5
[INFO] [stderr]    Compiling crossbeam-epoch v0.9.18
[INFO] [stderr]    Compiling cast v0.3.0
[INFO] [stderr]    Compiling crossbeam-deque v0.8.5
[INFO] [stderr]    Compiling doc-comment v0.3.3
[INFO] [stderr]    Compiling same-file v1.0.6
[INFO] [stderr]    Compiling regex-automata v0.4.7
[INFO] [stderr]    Compiling plotters v0.3.6
[INFO] [stderr]    Compiling walkdir v2.5.0
[INFO] [stderr]    Compiling criterion-plot v0.5.0
[INFO] [stderr]    Compiling rayon v1.10.0
[INFO] [stderr]    Compiling is-terminal v0.4.13
[INFO] [stderr]    Compiling anes v0.1.6
[INFO] [stderr]    Compiling oorandom v11.1.4
[INFO] [stderr]    Compiling regex v1.10.6
[INFO] [stderr]    Compiling clap v4.5.16
[INFO] [stderr]    Compiling ciborium v0.2.2
[INFO] [stderr]    Compiling tinytemplate v1.2.1
[INFO] [stderr]    Compiling criterion v0.5.1
[INFO] [stderr]    Compiling svg-path-cst v0.1.4 (/opt/rustwide/workdir)
[INFO] [stderr]     Finished `test` profile [unoptimized + debuginfo] target(s) in 17.93s
[INFO] running `Command { std: "docker" "inspect" "cbad0890939d697c46e55b1cb6baeb4013d130ff8ceba061763e60fe93069250", kill_on_drop: false }`
[INFO] running `Command { std: "docker" "rm" "-f" "cbad0890939d697c46e55b1cb6baeb4013d130ff8ceba061763e60fe93069250", kill_on_drop: false }`
[INFO] [stdout] cbad0890939d697c46e55b1cb6baeb4013d130ff8ceba061763e60fe93069250
[INFO] running `Command { std: "docker" "create" "-v" "/var/lib/crater-agent-workspace/builds/worker-7-tc1/target:/opt/rustwide/target:rw,Z" "-v" "/var/lib/crater-agent-workspace/builds/worker-7-tc1/source:/opt/rustwide/workdir:ro,Z" "-v" "/var/lib/crater-agent-workspace/cargo-home:/opt/rustwide/cargo-home:ro,Z" "-v" "/var/lib/crater-agent-workspace/rustup-home:/opt/rustwide/rustup-home:ro,Z" "-e" "SOURCE_DIR=/opt/rustwide/workdir" "-e" "CARGO_TARGET_DIR=/opt/rustwide/target" "-e" "CARGO_INCREMENTAL=0" "-e" "RUST_BACKTRACE=full" "-e" "RUSTFLAGS=--cap-lints=forbid" "-e" "RUSTDOCFLAGS=--cap-lints=forbid" "-e" "CARGO_HOME=/opt/rustwide/cargo-home" "-e" "RUSTUP_HOME=/opt/rustwide/rustup-home" "-w" "/opt/rustwide/workdir" "-m" "1610612736" "--user" "0:0" "--network" "none" "ghcr.io/rust-lang/crates-build-env/linux@sha256:4a844ea9eb2546a2d2c7022eacef16ef2e8229c7fbb2c7d4d55a9ceca922f72d" "/opt/rustwide/cargo-home/bin/cargo" "+nightly-2024-10-28" "test" "--frozen", kill_on_drop: false }`
[INFO] [stdout] 83c74de5fe293b923a6ea199a841e87967018ff9d75504db4ddb1fb61849b82e
[INFO] running `Command { std: "docker" "start" "-a" "83c74de5fe293b923a6ea199a841e87967018ff9d75504db4ddb1fb61849b82e", kill_on_drop: false }`
[INFO] [stderr]     Finished `test` profile [unoptimized + debuginfo] target(s) in 0.10s
[INFO] [stderr]      Running unittests src/lib.rs (/opt/rustwide/target/debug/deps/svg_path_cst-15922fe68084d950)
[INFO] [stdout] 
[INFO] [stdout] running 35 tests
[INFO] [stdout] test tests::no_features::basic_moveto ... ok
[INFO] [stdout] test tests::no_features::chained_moveto ... ok
[INFO] [stdout] test tests::no_features::empty ... ok
[INFO] [stdout] test tests::no_features::arc_with_flags_together ... ok
[INFO] [stdout] test tests::no_features::horizontal_and_vertical ... ok
[INFO] [stdout] test tests::no_features::invalid_arc_flag ... ok
[INFO] [stdout] test tests::no_features::invalid_character ... ok
[INFO] [stdout] test tests::no_features::invalid_end_in_moveto ... ok
[INFO] [stdout] test tests::no_features::invalid_moveto_after_wsp ... ok
[INFO] [stdout] test tests::no_features::invalid_moveto_args ... ok
[INFO] [stdout] test tests::no_features::invalid_moveto_at_start ... ok
[INFO] [stdout] test tests::no_features::invalid_multiple_commas ... ok
[INFO] [stdout] test tests::no_features::invalid_path_ending ... ok
[INFO] [stdout] test tests::no_features::invalid_utf8_length_1 ... ok
[INFO] [stdout] test tests::no_features::is_command_function_optimization::b_is_not_numeric_after_segment ... ok
[INFO] [stdout] test tests::no_features::is_command_function_optimization::b_is_not_numeric_after_segment_and_wsp ... ok
[INFO] [stdout] test tests::no_features::is_command_function_optimization::b_is_not_numeric_after_wsp_before_segment ... ok
[INFO] [stdout] test tests::no_features::is_command_function_optimization::b_is_not_numeric_at_coordinate_after_wsp ... ok
[INFO] [stdout] test tests::no_features::moveto_curveto ... ok
[INFO] [stdout] test tests::no_features::moveto_and_moveto_drawto ... ok
[INFO] [stdout] test tests::no_features::moveto_quadratic ... ok
[INFO] [stdout] test tests::no_features::none ... ok
[INFO] [stdout] test tests::no_features::moveto_smooth_quadratic ... ok
[INFO] [stdout] test tests::no_features::moveto_whitespaces ... ok
[INFO] [stdout] test tests::no_features::moveto_smooth_curveto ... ok
[INFO] [stdout] test tests::no_features::none_fmt ... ok
[INFO] [stdout] test tests::no_features::sign_as_char ... ok
[INFO] [stdout] test tests::no_features::simple_icons_icon_path ... ok
[INFO] [stdout] test tests::no_features::svg_path_command_as_char ... ok
[INFO] [stdout] test tests::no_features::whitespaces ... ok
[INFO] [stdout] test tests::no_features::wsp_as_char ... ok
[INFO] [stdout] test tests::no_features::moveto_arc ... ok
[INFO] [stdout] test tests::no_features::whitespaces_fmt ... ok
[INFO] [stdout] test tests::no_features::is_command_function_optimization::b_is_not_numeric_at_coordinate ... ok
[INFO] [stdout] test tests::no_features::simple_icons::parse_all_simple_icons ... FAILED
[INFO] [stdout] 
[INFO] [stdout] failures:
[INFO] [stdout] 
[INFO] [stdout] ---- tests::no_features::simple_icons::parse_all_simple_icons stdout ----
[INFO] [stdout] thread 'tests::no_features::simple_icons::parse_all_simple_icons' panicked at src/tests/no_features.rs:1544:77:
[INFO] [stdout] called `Result::unwrap()` on an `Err` value: Os { code: 2, kind: NotFound, message: "No such file or directory" }
[INFO] [stdout] stack backtrace:
[INFO] [stdout]    0:     0x55ff9532d8da - std::backtrace_rs::backtrace::libunwind::trace::h207520d6e9873551
[INFO] [stdout]                                at /rustc/df4ca44d3fbc9301ee17f30f4d474e6ae4b05252/library/std/src/../../backtrace/src/backtrace/libunwind.rs:116:5
[INFO] [stdout]    1:     0x55ff9532d8da - std::backtrace_rs::backtrace::trace_unsynchronized::h2ed7433f370e3eca
[INFO] [stdout]                                at /rustc/df4ca44d3fbc9301ee17f30f4d474e6ae4b05252/library/std/src/../../backtrace/src/backtrace/mod.rs:66:5
[INFO] [stdout]    2:     0x55ff9532d8da - std::sys::backtrace::_print_fmt::h916fac51166b18d7
[INFO] [stdout]                                at /rustc/df4ca44d3fbc9301ee17f30f4d474e6ae4b05252/library/std/src/sys/backtrace.rs:66:9
[INFO] [stdout]    3:     0x55ff9532d8da - <std::sys::backtrace::BacktraceLock::print::DisplayBacktrace as core::fmt::Display>::fmt::ha0a4c9b8ce3802e6
[INFO] [stdout]                                at /rustc/df4ca44d3fbc9301ee17f30f4d474e6ae4b05252/library/std/src/sys/backtrace.rs:39:26
[INFO] [stdout]    4:     0x55ff953558c3 - core::fmt::rt::Argument::fmt::h4cfc8587d52b3eb5
[INFO] [stdout]                                at /rustc/df4ca44d3fbc9301ee17f30f4d474e6ae4b05252/library/core/src/fmt/rt.rs:177:76
[INFO] [stdout]    5:     0x55ff953558c3 - core::fmt::write::h522cc39e5b36ae9f
[INFO] [stdout]                                at /rustc/df4ca44d3fbc9301ee17f30f4d474e6ae4b05252/library/core/src/fmt/mod.rs:1190:21
[INFO] [stdout]    6:     0x55ff9532a313 - std::io::Write::write_fmt::h7d3c26752da97734
[INFO] [stdout]                                at /rustc/df4ca44d3fbc9301ee17f30f4d474e6ae4b05252/library/std/src/io/mod.rs:1839:15
[INFO] [stdout]    7:     0x55ff9532d722 - std::sys::backtrace::BacktraceLock::print::h4b9e00b29e9c0942
[INFO] [stdout]                                at /rustc/df4ca44d3fbc9301ee17f30f4d474e6ae4b05252/library/std/src/sys/backtrace.rs:42:9
[INFO] [stdout]    8:     0x55ff9532ed6a - std::panicking::default_hook::{{closure}}::hb59b88280d0324d9
[INFO] [stdout]                                at /rustc/df4ca44d3fbc9301ee17f30f4d474e6ae4b05252/library/std/src/panicking.rs:268:22
[INFO] [stdout]    9:     0x55ff9532eb74 - std::panicking::default_hook::he1dd496665be4a29
[INFO] [stdout]                                at /rustc/df4ca44d3fbc9301ee17f30f4d474e6ae4b05252/library/std/src/panicking.rs:292:9
[INFO] [stdout]   10:     0x55ff952f7dc9 - <alloc::boxed::Box<F,A> as core::ops::function::Fn<Args>>::call::h4ff71de18744e1dc
[INFO] [stdout]                                at /rustc/df4ca44d3fbc9301ee17f30f4d474e6ae4b05252/library/alloc/src/boxed.rs:2468:9
[INFO] [stdout]   11:     0x55ff952f7dc9 - test::test_main::{{closure}}::hcf7c055ce117aa81
[INFO] [stdout]                                at /rustc/df4ca44d3fbc9301ee17f30f4d474e6ae4b05252/library/test/src/lib.rs:133:21
[INFO] [stdout]   12:     0x55ff9532f468 - <alloc::boxed::Box<F,A> as core::ops::function::Fn<Args>>::call::h1d66c6bbd60c9692
[INFO] [stdout]                                at /rustc/df4ca44d3fbc9301ee17f30f4d474e6ae4b05252/library/alloc/src/boxed.rs:2468:9
[INFO] [stdout]   13:     0x55ff9532f468 - std::panicking::rust_panic_with_hook::h2ff17fe8f26dfcf8
[INFO] [stdout]                                at /rustc/df4ca44d3fbc9301ee17f30f4d474e6ae4b05252/library/std/src/panicking.rs:809:13
[INFO] [stdout]   14:     0x55ff9532f22a - std::panicking::begin_panic_handler::{{closure}}::h4fad77951c07e101
[INFO] [stdout]                                at /rustc/df4ca44d3fbc9301ee17f30f4d474e6ae4b05252/library/std/src/panicking.rs:674:13
[INFO] [stdout]   15:     0x55ff9532ddb9 - std::sys::backtrace::__rust_end_short_backtrace::hb1a25b3da5d0ea08
[INFO] [stdout]                                at /rustc/df4ca44d3fbc9301ee17f30f4d474e6ae4b05252/library/std/src/sys/backtrace.rs:170:18
[INFO] [stdout]   16:     0x55ff9532eebc - rust_begin_unwind
[INFO] [stdout]                                at /rustc/df4ca44d3fbc9301ee17f30f4d474e6ae4b05252/library/std/src/panicking.rs:665:5
[INFO] [stdout]   17:     0x55ff95353fc0 - core::panicking::panic_fmt::ha9db07b529f9b256
[INFO] [stdout]                                at /rustc/df4ca44d3fbc9301ee17f30f4d474e6ae4b05252/library/core/src/panicking.rs:75:14
[INFO] [stdout]   18:     0x55ff95354446 - core::result::unwrap_failed::h5e8218e4d4338b8a
[INFO] [stdout]                                at /rustc/df4ca44d3fbc9301ee17f30f4d474e6ae4b05252/library/core/src/result.rs:1698:5
[INFO] [stdout]   19:     0x55ff9529d59a - core::result::Result<T,E>::unwrap::h2ba5cf58e81e0acd
[INFO] [stdout]                                at /rustc/df4ca44d3fbc9301ee17f30f4d474e6ae4b05252/library/core/src/result.rs:1103:23
[INFO] [stdout]   20:     0x55ff9529d59a - svg_path_cst::tests::no_features::simple_icons::get_simple_icons_paths::h26be09ab89ba4ca3
[INFO] [stdout]                                at /opt/rustwide/workdir/src/tests/no_features.rs:1544:22
[INFO] [stdout]   21:     0x55ff9529de6e - svg_path_cst::tests::no_features::simple_icons::parse_all_simple_icons::h68d936401971900d
[INFO] [stdout]                                at /opt/rustwide/workdir/src/tests/no_features.rs:1564:25
[INFO] [stdout]   22:     0x55ff9529de27 - svg_path_cst::tests::no_features::simple_icons::parse_all_simple_icons::{{closure}}::h16bf41862ca0c33f
[INFO] [stdout]                                at /opt/rustwide/workdir/src/tests/no_features.rs:1562:32
[INFO] [stdout]   23:     0x55ff952aafc6 - core::ops::function::FnOnce::call_once::h596283f0f4223d8f
[INFO] [stdout]                                at /rustc/df4ca44d3fbc9301ee17f30f4d474e6ae4b05252/library/core/src/ops/function.rs:250:5
[INFO] [stdout]   24:     0x55ff952fc69b - core::ops::function::FnOnce::call_once::h22c3ba5715e93f05
[INFO] [stdout]                                at /rustc/df4ca44d3fbc9301ee17f30f4d474e6ae4b05252/library/core/src/ops/function.rs:250:5
[INFO] [stdout]   25:     0x55ff952fc69b - test::__rust_begin_short_backtrace::h8e82d8113d0da17f
[INFO] [stdout]                                at /rustc/df4ca44d3fbc9301ee17f30f4d474e6ae4b05252/library/test/src/lib.rs:621:18
[INFO] [stdout]   26:     0x55ff952fc017 - test::run_test_in_process::{{closure}}::h33235f4f20b7b7c7
[INFO] [stdout]                                at /rustc/df4ca44d3fbc9301ee17f30f4d474e6ae4b05252/library/test/src/lib.rs:644:60
[INFO] [stdout]   27:     0x55ff952fc017 - <core::panic::unwind_safe::AssertUnwindSafe<F> as core::ops::function::FnOnce<()>>::call_once::hb5043206310c586f
[INFO] [stdout]                                at /rustc/df4ca44d3fbc9301ee17f30f4d474e6ae4b05252/library/core/src/panic/unwind_safe.rs:272:9
[INFO] [stdout]   28:     0x55ff952fc017 - std::panicking::try::do_call::h9ad4731a60ab23e2
[INFO] [stdout]                                at /rustc/df4ca44d3fbc9301ee17f30f4d474e6ae4b05252/library/std/src/panicking.rs:557:40
[INFO] [stdout]   29:     0x55ff952fc017 - std::panicking::try::h3824d23db772a716
[INFO] [stdout]                                at /rustc/df4ca44d3fbc9301ee17f30f4d474e6ae4b05252/library/std/src/panicking.rs:520:19
[INFO] [stdout]   30:     0x55ff952fc017 - std::panic::catch_unwind::h5afd514605fde46b
[INFO] [stdout]                                at /rustc/df4ca44d3fbc9301ee17f30f4d474e6ae4b05252/library/std/src/panic.rs:358:14
[INFO] [stdout]   31:     0x55ff952fc017 - test::run_test_in_process::h0d5cbfa7067d1720
[INFO] [stdout]                                at /rustc/df4ca44d3fbc9301ee17f30f4d474e6ae4b05252/library/test/src/lib.rs:644:27
[INFO] [stdout]   32:     0x55ff952fc017 - test::run_test::{{closure}}::h708eb8872708115d
[INFO] [stdout]                                at /rustc/df4ca44d3fbc9301ee17f30f4d474e6ae4b05252/library/test/src/lib.rs:565:43
[INFO] [stdout]   33:     0x55ff952bf734 - test::run_test::{{closure}}::h392c51cee94713ab
[INFO] [stdout]                                at /rustc/df4ca44d3fbc9301ee17f30f4d474e6ae4b05252/library/test/src/lib.rs:595:41
[INFO] [stdout]   34:     0x55ff952bf734 - std::sys::backtrace::__rust_begin_short_backtrace::h2f40290710935a8b
[INFO] [stdout]                                at /rustc/df4ca44d3fbc9301ee17f30f4d474e6ae4b05252/library/std/src/sys/backtrace.rs:154:18
[INFO] [stdout]   35:     0x55ff952c2ede - std::thread::Builder::spawn_unchecked_::{{closure}}::{{closure}}::h3fd968d89053a903
[INFO] [stdout]                                at /rustc/df4ca44d3fbc9301ee17f30f4d474e6ae4b05252/library/std/src/thread/mod.rs:541:17
[INFO] [stdout]   36:     0x55ff952c2ede - <core::panic::unwind_safe::AssertUnwindSafe<F> as core::ops::function::FnOnce<()>>::call_once::h743f637ba4229880
[INFO] [stdout]                                at /rustc/df4ca44d3fbc9301ee17f30f4d474e6ae4b05252/library/core/src/panic/unwind_safe.rs:272:9
[INFO] [stdout]   37:     0x55ff952c2ede - std::panicking::try::do_call::h07440897322525a6
[INFO] [stdout]                                at /rustc/df4ca44d3fbc9301ee17f30f4d474e6ae4b05252/library/std/src/panicking.rs:557:40
[INFO] [stdout]   38:     0x55ff952c2ede - std::panicking::try::he5a2e00188156637
[INFO] [stdout]                                at /rustc/df4ca44d3fbc9301ee17f30f4d474e6ae4b05252/library/std/src/panicking.rs:520:19
[INFO] [stdout]   39:     0x55ff952c2ede - std::panic::catch_unwind::hbaf3cae49b3c6433
[INFO] [stdout]                                at /rustc/df4ca44d3fbc9301ee17f30f4d474e6ae4b05252/library/std/src/panic.rs:358:14
[INFO] [stdout]   40:     0x55ff952c2ede - std::thread::Builder::spawn_unchecked_::{{closure}}::h8e141ea224820bce
[INFO] [stdout]                                at /rustc/df4ca44d3fbc9301ee17f30f4d474e6ae4b05252/library/std/src/thread/mod.rs:540:30
[INFO] [stdout]   41:     0x55ff952c2ede - core::ops::function::FnOnce::call_once{{vtable.shim}}::h90d312fedd7b8ea8
[INFO] [stdout]                                at /rustc/df4ca44d3fbc9301ee17f30f4d474e6ae4b05252/library/core/src/ops/function.rs:250:5
[INFO] [stdout]   42:     0x55ff953337ab - <alloc::boxed::Box<F,A> as core::ops::function::FnOnce<Args>>::call_once::h69aa08ddb6adb8b6
[INFO] [stdout]                                at /rustc/df4ca44d3fbc9301ee17f30f4d474e6ae4b05252/library/alloc/src/boxed.rs:2454:9
[INFO] [stdout]   43:     0x55ff953337ab - <alloc::boxed::Box<F,A> as core::ops::function::FnOnce<Args>>::call_once::h5aa36efdb79c806f
[INFO] [stdout]                                at /rustc/df4ca44d3fbc9301ee17f30f4d474e6ae4b05252/library/alloc/src/boxed.rs:2454:9
[INFO] [stdout]   44:     0x55ff953337ab - std::sys::pal::unix::thread::Thread::new::thread_start::h6cd80a1b4be5158d
[INFO] [stdout]                                at /rustc/df4ca44d3fbc9301ee17f30f4d474e6ae4b05252/library/std/src/sys/pal/unix/thread.rs:105:17
[INFO] [stdout]   45:     0x75be4f6e9ac3 - <unknown>
[INFO] [stdout]   46:     0x75be4f77aa04 - clone
[INFO] [stdout]   47:                0x0 - <unknown>
[INFO] [stdout] 
[INFO] [stdout] 
[INFO] [stdout] failures:
[INFO] [stdout]     tests::no_features::simple_icons::parse_all_simple_icons
[INFO] [stdout] 
[INFO] [stderr] error: test failed, to rerun pass `--lib`
[INFO] [stdout] test result: FAILED. 34 passed; 1 failed; 0 ignored; 0 measured; 0 filtered out; finished in 0.17s
[INFO] [stdout] 
[INFO] running `Command { std: "docker" "inspect" "83c74de5fe293b923a6ea199a841e87967018ff9d75504db4ddb1fb61849b82e", kill_on_drop: false }`
[INFO] running `Command { std: "docker" "rm" "-f" "83c74de5fe293b923a6ea199a841e87967018ff9d75504db4ddb1fb61849b82e", kill_on_drop: false }`
[INFO] [stdout] 83c74de5fe293b923a6ea199a841e87967018ff9d75504db4ddb1fb61849b82e
