[INFO] fetching crate suspend_fn 0.1.0...
[INFO] testing suspend_fn-0.1.0 against nightly-2024-10-28+rustflags=-Zrandomize-layout for randomize-layout
[INFO] extracting crate suspend_fn 0.1.0 into /workspace/builds/worker-3-tc2/source
[INFO] validating manifest of crates.io crate suspend_fn 0.1.0 on toolchain nightly-2024-10-28
[INFO] running `Command { std: CARGO_HOME="/workspace/cargo-home" RUSTUP_HOME="/workspace/rustup-home" "/workspace/cargo-home/bin/cargo" "+nightly-2024-10-28" "metadata" "--manifest-path" "Cargo.toml" "--no-deps", kill_on_drop: false }`
[INFO] started tweaking crates.io crate suspend_fn 0.1.0
[INFO] finished tweaking crates.io crate suspend_fn 0.1.0
[INFO] tweaked toml for crates.io crate suspend_fn 0.1.0 written to /workspace/builds/worker-3-tc2/source/Cargo.toml
[INFO] running `Command { std: CARGO_HOME="/workspace/cargo-home" RUSTUP_HOME="/workspace/rustup-home" "/workspace/cargo-home/bin/cargo" "+nightly-2024-10-28" "generate-lockfile" "--manifest-path" "Cargo.toml", kill_on_drop: false }`
[INFO] [stderr]     Updating crates.io index
[INFO] [stderr]      Locking 29 packages to latest compatible versions
[INFO] running `Command { std: CARGO_HOME="/workspace/cargo-home" RUSTUP_HOME="/workspace/rustup-home" "/workspace/cargo-home/bin/cargo" "+nightly-2024-10-28" "fetch" "--manifest-path" "Cargo.toml", kill_on_drop: false }`
[INFO] running `Command { std: "docker" "create" "-v" "/var/lib/crater-agent-workspace/builds/worker-3-tc2/target:/opt/rustwide/target:rw,Z" "-v" "/var/lib/crater-agent-workspace/builds/worker-3-tc2/source:/opt/rustwide/workdir:ro,Z" "-v" "/var/lib/crater-agent-workspace/cargo-home:/opt/rustwide/cargo-home:ro,Z" "-v" "/var/lib/crater-agent-workspace/rustup-home:/opt/rustwide/rustup-home:ro,Z" "-e" "SOURCE_DIR=/opt/rustwide/workdir" "-e" "CARGO_TARGET_DIR=/opt/rustwide/target" "-e" "CARGO_HOME=/opt/rustwide/cargo-home" "-e" "RUSTUP_HOME=/opt/rustwide/rustup-home" "-w" "/opt/rustwide/workdir" "-m" "1610612736" "--user" "0:0" "--network" "none" "ghcr.io/rust-lang/crates-build-env/linux@sha256:4a844ea9eb2546a2d2c7022eacef16ef2e8229c7fbb2c7d4d55a9ceca922f72d" "/opt/rustwide/cargo-home/bin/cargo" "+nightly-2024-10-28" "metadata" "--no-deps" "--format-version=1", kill_on_drop: false }`
[INFO] [stdout] 1407bb94de1dfe09edf93b251c782b2b8761b831c1af42037f452c72b0c2c2eb
[INFO] running `Command { std: "docker" "start" "-a" "1407bb94de1dfe09edf93b251c782b2b8761b831c1af42037f452c72b0c2c2eb", kill_on_drop: false }`
[INFO] running `Command { std: "docker" "inspect" "1407bb94de1dfe09edf93b251c782b2b8761b831c1af42037f452c72b0c2c2eb", kill_on_drop: false }`
[INFO] running `Command { std: "docker" "rm" "-f" "1407bb94de1dfe09edf93b251c782b2b8761b831c1af42037f452c72b0c2c2eb", kill_on_drop: false }`
[INFO] [stdout] 1407bb94de1dfe09edf93b251c782b2b8761b831c1af42037f452c72b0c2c2eb
[INFO] running `Command { std: "docker" "create" "-v" "/var/lib/crater-agent-workspace/builds/worker-3-tc2/target:/opt/rustwide/target:rw,Z" "-v" "/var/lib/crater-agent-workspace/builds/worker-3-tc2/source:/opt/rustwide/workdir:ro,Z" "-v" "/var/lib/crater-agent-workspace/cargo-home:/opt/rustwide/cargo-home:ro,Z" "-v" "/var/lib/crater-agent-workspace/rustup-home:/opt/rustwide/rustup-home:ro,Z" "-e" "SOURCE_DIR=/opt/rustwide/workdir" "-e" "CARGO_TARGET_DIR=/opt/rustwide/target" "-e" "CARGO_INCREMENTAL=0" "-e" "RUST_BACKTRACE=full" "-e" "RUSTFLAGS=--cap-lints=forbid -Zrandomize-layout" "-e" "RUSTDOCFLAGS=--cap-lints=forbid" "-e" "CARGO_HOME=/opt/rustwide/cargo-home" "-e" "RUSTUP_HOME=/opt/rustwide/rustup-home" "-w" "/opt/rustwide/workdir" "-m" "1610612736" "--user" "0:0" "--network" "none" "ghcr.io/rust-lang/crates-build-env/linux@sha256:4a844ea9eb2546a2d2c7022eacef16ef2e8229c7fbb2c7d4d55a9ceca922f72d" "/opt/rustwide/cargo-home/bin/cargo" "+nightly-2024-10-28" "build" "--frozen" "--message-format=json", kill_on_drop: false }`
[INFO] [stdout] 14e47f33c81c8557a60082a22fba4b1d44e4b2c1c5f19fe7c277619200a72937
[INFO] running `Command { std: "docker" "start" "-a" "14e47f33c81c8557a60082a22fba4b1d44e4b2c1c5f19fe7c277619200a72937", kill_on_drop: false }`
[INFO] [stderr]    Compiling proc-macro2 v1.0.89
[INFO] [stderr]    Compiling syn v1.0.109
[INFO] [stderr]    Compiling take_mut v0.2.2
[INFO] [stderr]    Compiling quote v1.0.37
[INFO] [stderr]    Compiling suspend_fn_proc_macro v0.1.0
[INFO] [stderr]    Compiling suspend_fn v0.1.0 (/opt/rustwide/workdir)
[INFO] [stderr]     Finished `dev` profile [unoptimized + debuginfo] target(s) in 2.61s
[INFO] running `Command { std: "docker" "inspect" "14e47f33c81c8557a60082a22fba4b1d44e4b2c1c5f19fe7c277619200a72937", kill_on_drop: false }`
[INFO] running `Command { std: "docker" "rm" "-f" "14e47f33c81c8557a60082a22fba4b1d44e4b2c1c5f19fe7c277619200a72937", kill_on_drop: false }`
[INFO] [stdout] 14e47f33c81c8557a60082a22fba4b1d44e4b2c1c5f19fe7c277619200a72937
[INFO] running `Command { std: "docker" "create" "-v" "/var/lib/crater-agent-workspace/builds/worker-3-tc2/target:/opt/rustwide/target:rw,Z" "-v" "/var/lib/crater-agent-workspace/builds/worker-3-tc2/source:/opt/rustwide/workdir:ro,Z" "-v" "/var/lib/crater-agent-workspace/cargo-home:/opt/rustwide/cargo-home:ro,Z" "-v" "/var/lib/crater-agent-workspace/rustup-home:/opt/rustwide/rustup-home:ro,Z" "-e" "SOURCE_DIR=/opt/rustwide/workdir" "-e" "CARGO_TARGET_DIR=/opt/rustwide/target" "-e" "CARGO_INCREMENTAL=0" "-e" "RUST_BACKTRACE=full" "-e" "RUSTFLAGS=--cap-lints=forbid -Zrandomize-layout" "-e" "RUSTDOCFLAGS=--cap-lints=forbid" "-e" "CARGO_HOME=/opt/rustwide/cargo-home" "-e" "RUSTUP_HOME=/opt/rustwide/rustup-home" "-w" "/opt/rustwide/workdir" "-m" "1610612736" "--user" "0:0" "--network" "none" "ghcr.io/rust-lang/crates-build-env/linux@sha256:4a844ea9eb2546a2d2c7022eacef16ef2e8229c7fbb2c7d4d55a9ceca922f72d" "/opt/rustwide/cargo-home/bin/cargo" "+nightly-2024-10-28" "test" "--frozen" "--no-run" "--message-format=json", kill_on_drop: false }`
[INFO] [stdout] 3e3b20d6f5595c234b1fb0a381d5c3d95dd41c2cfadb85f3bb9eda8e40c1f4aa
[INFO] running `Command { std: "docker" "start" "-a" "3e3b20d6f5595c234b1fb0a381d5c3d95dd41c2cfadb85f3bb9eda8e40c1f4aa", kill_on_drop: false }`
[INFO] [stderr]    Compiling syn v1.0.109
[INFO] [stderr]    Compiling tokio v1.41.0
[INFO] [stderr]    Compiling suspend_fn_proc_macro v0.1.0
[INFO] [stderr]    Compiling suspend_fn v0.1.0 (/opt/rustwide/workdir)
[INFO] [stderr]     Finished `test` profile [unoptimized + debuginfo] target(s) in 2.25s
[INFO] running `Command { std: "docker" "inspect" "3e3b20d6f5595c234b1fb0a381d5c3d95dd41c2cfadb85f3bb9eda8e40c1f4aa", kill_on_drop: false }`
[INFO] running `Command { std: "docker" "rm" "-f" "3e3b20d6f5595c234b1fb0a381d5c3d95dd41c2cfadb85f3bb9eda8e40c1f4aa", kill_on_drop: false }`
[INFO] [stdout] 3e3b20d6f5595c234b1fb0a381d5c3d95dd41c2cfadb85f3bb9eda8e40c1f4aa
[INFO] running `Command { std: "docker" "create" "-v" "/var/lib/crater-agent-workspace/builds/worker-3-tc2/target:/opt/rustwide/target:rw,Z" "-v" "/var/lib/crater-agent-workspace/builds/worker-3-tc2/source:/opt/rustwide/workdir:ro,Z" "-v" "/var/lib/crater-agent-workspace/cargo-home:/opt/rustwide/cargo-home:ro,Z" "-v" "/var/lib/crater-agent-workspace/rustup-home:/opt/rustwide/rustup-home:ro,Z" "-e" "SOURCE_DIR=/opt/rustwide/workdir" "-e" "CARGO_TARGET_DIR=/opt/rustwide/target" "-e" "CARGO_INCREMENTAL=0" "-e" "RUST_BACKTRACE=full" "-e" "RUSTFLAGS=--cap-lints=forbid -Zrandomize-layout" "-e" "RUSTDOCFLAGS=--cap-lints=forbid" "-e" "CARGO_HOME=/opt/rustwide/cargo-home" "-e" "RUSTUP_HOME=/opt/rustwide/rustup-home" "-w" "/opt/rustwide/workdir" "-m" "1610612736" "--user" "0:0" "--network" "none" "ghcr.io/rust-lang/crates-build-env/linux@sha256:4a844ea9eb2546a2d2c7022eacef16ef2e8229c7fbb2c7d4d55a9ceca922f72d" "/opt/rustwide/cargo-home/bin/cargo" "+nightly-2024-10-28" "test" "--frozen", kill_on_drop: false }`
[INFO] [stdout] 9477539ec2f6a13730c588eda54ee109eea67a494f14735c6ff0e2a41974da43
[INFO] running `Command { std: "docker" "start" "-a" "9477539ec2f6a13730c588eda54ee109eea67a494f14735c6ff0e2a41974da43", kill_on_drop: false }`
[INFO] [stderr]     Finished `test` profile [unoptimized + debuginfo] target(s) in 0.02s
[INFO] [stderr]      Running unittests src/lib.rs (/opt/rustwide/target/debug/deps/suspend_fn-9b7ca4309d0130b9)
[INFO] [stdout] 
[INFO] [stdout] running 0 tests
[INFO] [stdout] 
[INFO] [stdout] test result: ok. 0 passed; 0 failed; 0 ignored; 0 measured; 0 filtered out; finished in 0.00s
[INFO] [stdout] 
[INFO] [stderr]    Doc-tests suspend_fn
[INFO] [stdout] 
[INFO] [stdout] running 6 tests
[INFO] [stdout] test src/lib.rs - (line 67) ... FAILED
[INFO] [stdout] test src/lib.rs - (line 48) ... FAILED
[INFO] [stdout] test src/lib.rs - (line 31) ... FAILED
[INFO] [stdout] test src/lib.rs - (line 44) ... FAILED
[INFO] [stdout] test src/lib.rs - (line 18) ... FAILED
[INFO] [stdout] test src/lib.rs - (line 7) ... FAILED
[INFO] [stdout] 
[INFO] [stdout] failures:
[INFO] [stdout] 
[INFO] [stdout] ---- src/lib.rs - (line 67) stdout ----
[INFO] [stdout] error: expected one of `!`, `.`, `::`, `;`, `?`, `{`, `}`, or an operator, found keyword `fn`
[INFO] [stdout]  --> src/lib.rs:68:9
[INFO] [stdout]   |
[INFO] [stdout] 3 | suspend fn function() {
[INFO] [stdout]   |         ^^ expected one of 8 possible tokens
[INFO] [stdout] 
[INFO] [stdout] error: aborting due to 1 previous error
[INFO] [stdout] 
[INFO] [stdout] Couldn't compile the test.
[INFO] [stdout] ---- src/lib.rs - (line 48) stdout ----
[INFO] [stdout] error: unknown start of token: `
[INFO] [stdout]  --> src/lib.rs:50:30
[INFO] [stdout]   |
[INFO] [stdout] 4 | |                ^^^^^^^^^^  `impl Future` cannot be formatted with the default formatter
[INFO] [stdout]   |                              ^
[INFO] [stdout]   |
[INFO] [stdout] help: Unicode character '`' (Grave Accent) looks like ''' (Single Quote), but it is not
[INFO] [stdout]   |
[INFO] [stdout] 4 | |                ^^^^^^^^^^  'impl Future` cannot be formatted with the default formatter
[INFO] [stdout]   |                              ~
[INFO] [stdout] 
[INFO] [stdout] error: unknown start of token: `
[INFO] [stdout]  --> src/lib.rs:50:42
[INFO] [stdout]   |
[INFO] [stdout] 4 | |                ^^^^^^^^^^  `impl Future` cannot be formatted with the default formatter
[INFO] [stdout]   |                                          ^
[INFO] [stdout]   |
[INFO] [stdout] help: Unicode character '`' (Grave Accent) looks like ''' (Single Quote), but it is not
[INFO] [stdout]   |
[INFO] [stdout] 4 | |                ^^^^^^^^^^  `impl Future' cannot be formatted with the default formatter
[INFO] [stdout]   |                                          ~
[INFO] [stdout] 
[INFO] [stdout] error: expected one of `,`, `:`, or `|`, found `;`
[INFO] [stdout]  --> src/lib.rs:49:29
[INFO] [stdout]   |
[INFO] [stdout] 3 | | println!("{}", async_fn()); 
[INFO] [stdout]   |                             ^ expected one of `,`, `:`, or `|`
[INFO] [stdout] 
[INFO] [stdout] error: expected expression, found `^`
[INFO] [stdout]  --> src/lib.rs:50:18
[INFO] [stdout]   |
[INFO] [stdout] 3 | / | println!("{}", async_fn()); 
[INFO] [stdout] 4 | | |                ^^^^^^^^^^  `impl Future` cannot be formatted with the default formatter
[INFO] [stdout]   | | -                ^ expected expression
[INFO] [stdout]   | |_|
[INFO] [stdout]   |   while parsing the body of this closure
[INFO] [stdout]   |
[INFO] [stdout] help: you might have meant to open the body of the closure, instead of enclosing the closure in a block
[INFO] [stdout]   |
[INFO] [stdout] 2 ~ fn main() { #[allow(non_snake_case)] fn _doctest_main_src_lib_rs_48_0() 
[INFO] [stdout] 3 | | println!("{}", async_fn()); 
[INFO] [stdout] 4 ~ | {                ^^^^^^^^^^  `impl Future` cannot be formatted with the default formatter
[INFO] [stdout]   |
[INFO] [stdout] 
[INFO] [stdout] error: expected pattern, found `{`
[INFO] [stdout]  --> src/lib.rs:49:3
[INFO] [stdout]   |
[INFO] [stdout] 3 | | println!("{}", async_fn()); 
[INFO] [stdout]   |   ^^^^^^^^^^^^^^^^^^^^^^^^^^
[INFO] [stdout]   |   |
[INFO] [stdout]   |   expected pattern
[INFO] [stdout]   |   in this macro invocation
[INFO] [stdout]   |   this macro call doesn't expand to a pattern
[INFO] [stdout]   |
[INFO] [stdout]   = note: this error originates in the macro `println` (in Nightly builds, run with -Z macro-backtrace for more info)
[INFO] [stdout] 
[INFO] [stdout] error: aborting due to 5 previous errors
[INFO] [stdout] 
[INFO] [stdout] Couldn't compile the test.
[INFO] [stdout] ---- src/lib.rs - (line 31) stdout ----
[INFO] [stdout] error: cannot find macro `suspend` in this scope
[INFO] [stdout]  --> src/lib.rs:33:1
[INFO] [stdout]   |
[INFO] [stdout] 4 | suspend! { 
[INFO] [stdout]   | ^^^^^^^
[INFO] [stdout]   |
[INFO] [stdout] help: consider importing one of these macros
[INFO] [stdout]   |
[INFO] [stdout] 3 + use suspend_fn::suspend;
[INFO] [stdout]   |
[INFO] [stdout] 3 + use suspend_fn_proc_macro::suspend;
[INFO] [stdout]   |
[INFO] [stdout] 
[INFO] [stdout] error: aborting due to 1 previous error
[INFO] [stdout] 
[INFO] [stdout] Couldn't compile the test.
[INFO] [stdout] ---- src/lib.rs - (line 44) stdout ----
[INFO] [stdout] error[E0425]: cannot find function `async_fn` in this scope
[INFO] [stdout]  --> src/lib.rs:45:16
[INFO] [stdout]   |
[INFO] [stdout] 3 | println!("{}", async_fn());
[INFO] [stdout]   |                ^^^^^^^^ not found in this scope
[INFO] [stdout] 
[INFO] [stdout] error: aborting due to 1 previous error
[INFO] [stdout] 
[INFO] [stdout] For more information about this error, try `rustc --explain E0425`.
[INFO] [stdout] Couldn't compile the test.
[INFO] [stdout] ---- src/lib.rs - (line 18) stdout ----
[INFO] [stdout] error[E0433]: failed to resolve: use of undeclared crate or module `reqwest`
[INFO] [stdout]  --> src/lib.rs:20:20
[INFO] [stdout]   |
[INFO] [stdout] 4 |     let response = reqwest::get("https://www.rust-lang.org").await?;
[INFO] [stdout]   |                    ^^^^^^^ use of undeclared crate or module `reqwest`
[INFO] [stdout] 
[INFO] [stdout] error[E0433]: failed to resolve: use of undeclared crate or module `reqwest`
[INFO] [stdout]  --> src/lib.rs:19:41
[INFO] [stdout]   |
[INFO] [stdout] 3 | async fn visit_rustlang() -> Result<(), reqwest::Error> {
[INFO] [stdout]   |                                         ^^^^^^^ use of undeclared crate or module `reqwest`
[INFO] [stdout] 
[INFO] [stdout] error: aborting due to 2 previous errors
[INFO] [stdout] 
[INFO] [stdout] For more information about this error, try `rustc --explain E0433`.
[INFO] [stdout] Couldn't compile the test.
[INFO] [stdout] ---- src/lib.rs - (line 7) stdout ----
[INFO] [stdout] error: cannot find attribute `suspend_fn` in this scope
[INFO] [stdout]  --> src/lib.rs:9:3
[INFO] [stdout]   |
[INFO] [stdout] 5 | #[suspend_fn]
[INFO] [stdout]   |   ^^^^^^^^^^
[INFO] [stdout]   |
[INFO] [stdout] note: `suspend_fn` is imported here, but it is a crate, not an attribute
[INFO] [stdout]  --> src/lib.rs:7:1
[INFO] [stdout]   |
[INFO] [stdout] 3 | extern crate r#suspend_fn;
[INFO] [stdout]   | ^^^^^^^^^^^^^^^^^^^^^^^^^^
[INFO] [stdout] help: consider importing one of these attribute macros
[INFO] [stdout]   |
[INFO] [stdout] 2 + use suspend_fn::suspend_fn;
[INFO] [stdout]   |
[INFO] [stdout] 2 + use suspend_fn_proc_macro::suspend_fn;
[INFO] [stdout]   |
[INFO] [stdout] 
[INFO] [stdout] error[E0433]: failed to resolve: use of undeclared crate or module `reqwest`
[INFO] [stdout]  --> src/lib.rs:11:20
[INFO] [stdout]   |
[INFO] [stdout] 7 |     let response = reqwest::get("https://www.rust-lang.org")?;
[INFO] [stdout]   |                    ^^^^^^^ use of undeclared crate or module `reqwest`
[INFO] [stdout] 
[INFO] [stdout] error[E0433]: failed to resolve: use of undeclared crate or module `reqwest`
[INFO] [stdout]  --> src/lib.rs:10:35
[INFO] [stdout]   |
[INFO] [stdout] 6 | fn visit_rustlang() -> Result<(), reqwest::Error> {
[INFO] [stdout]   |                                   ^^^^^^^ use of undeclared crate or module `reqwest`
[INFO] [stdout] 
[INFO] [stdout] error: aborting due to 3 previous errors
[INFO] [stdout] 
[INFO] [stdout] For more information about this error, try `rustc --explain E0433`.
[INFO] [stdout] Couldn't compile the test.
[INFO] [stdout] 
[INFO] [stdout] failures:
[INFO] [stdout]     src/lib.rs - (line 18)
[INFO] [stdout]     src/lib.rs - (line 31)
[INFO] [stdout]     src/lib.rs - (line 44)
[INFO] [stdout]     src/lib.rs - (line 48)
[INFO] [stdout]     src/lib.rs - (line 67)
[INFO] [stdout]     src/lib.rs - (line 7)
[INFO] [stdout] 
[INFO] [stdout] test result: FAILED. 0 passed; 6 failed; 0 ignored; 0 measured; 0 filtered out; finished in 0.05s
[INFO] [stdout] 
[INFO] [stderr] error: doctest failed, to rerun pass `--doc`
[INFO] running `Command { std: "docker" "inspect" "9477539ec2f6a13730c588eda54ee109eea67a494f14735c6ff0e2a41974da43", kill_on_drop: false }`
[INFO] running `Command { std: "docker" "rm" "-f" "9477539ec2f6a13730c588eda54ee109eea67a494f14735c6ff0e2a41974da43", kill_on_drop: false }`
[INFO] [stdout] 9477539ec2f6a13730c588eda54ee109eea67a494f14735c6ff0e2a41974da43
