[INFO] fetching crate superbitty 0.3.2...
[INFO] testing superbitty-0.3.2 against nightly-2024-10-28 for randomize-layout
[INFO] extracting crate superbitty 0.3.2 into /workspace/builds/worker-4-tc1/source
[INFO] validating manifest of crates.io crate superbitty 0.3.2 on toolchain nightly-2024-10-28
[INFO] running `Command { std: CARGO_HOME="/workspace/cargo-home" RUSTUP_HOME="/workspace/rustup-home" "/workspace/cargo-home/bin/cargo" "+nightly-2024-10-28" "metadata" "--manifest-path" "Cargo.toml" "--no-deps", kill_on_drop: false }`
[INFO] started tweaking crates.io crate superbitty 0.3.2
[INFO] finished tweaking crates.io crate superbitty 0.3.2
[INFO] tweaked toml for crates.io crate superbitty 0.3.2 written to /workspace/builds/worker-4-tc1/source/Cargo.toml
[INFO] running `Command { std: CARGO_HOME="/workspace/cargo-home" RUSTUP_HOME="/workspace/rustup-home" "/workspace/cargo-home/bin/cargo" "+nightly-2024-10-28" "generate-lockfile" "--manifest-path" "Cargo.toml", kill_on_drop: false }`
[INFO] [stderr]     Updating crates.io index
[INFO] [stderr]      Locking 36 packages to latest compatible versions
[INFO] running `Command { std: CARGO_HOME="/workspace/cargo-home" RUSTUP_HOME="/workspace/rustup-home" "/workspace/cargo-home/bin/cargo" "+nightly-2024-10-28" "fetch" "--manifest-path" "Cargo.toml", kill_on_drop: false }`
[INFO] [stderr]  Downloading crates ...
[INFO] [stderr]   Downloaded superbitty-macros v0.3.1
[INFO] running `Command { std: "docker" "create" "-v" "/var/lib/crater-agent-workspace/builds/worker-4-tc1/target:/opt/rustwide/target:rw,Z" "-v" "/var/lib/crater-agent-workspace/builds/worker-4-tc1/source:/opt/rustwide/workdir:ro,Z" "-v" "/var/lib/crater-agent-workspace/cargo-home:/opt/rustwide/cargo-home:ro,Z" "-v" "/var/lib/crater-agent-workspace/rustup-home:/opt/rustwide/rustup-home:ro,Z" "-e" "SOURCE_DIR=/opt/rustwide/workdir" "-e" "CARGO_TARGET_DIR=/opt/rustwide/target" "-e" "CARGO_HOME=/opt/rustwide/cargo-home" "-e" "RUSTUP_HOME=/opt/rustwide/rustup-home" "-w" "/opt/rustwide/workdir" "-m" "1610612736" "--user" "0:0" "--network" "none" "ghcr.io/rust-lang/crates-build-env/linux@sha256:4a844ea9eb2546a2d2c7022eacef16ef2e8229c7fbb2c7d4d55a9ceca922f72d" "/opt/rustwide/cargo-home/bin/cargo" "+nightly-2024-10-28" "metadata" "--no-deps" "--format-version=1", kill_on_drop: false }`
[INFO] [stdout] fc1c46d56464b1ea5983ec5ec5b2999672ca710a6ab7ddf34ad4904a4f9f018c
[INFO] running `Command { std: "docker" "start" "-a" "fc1c46d56464b1ea5983ec5ec5b2999672ca710a6ab7ddf34ad4904a4f9f018c", kill_on_drop: false }`
[INFO] running `Command { std: "docker" "inspect" "fc1c46d56464b1ea5983ec5ec5b2999672ca710a6ab7ddf34ad4904a4f9f018c", kill_on_drop: false }`
[INFO] running `Command { std: "docker" "rm" "-f" "fc1c46d56464b1ea5983ec5ec5b2999672ca710a6ab7ddf34ad4904a4f9f018c", kill_on_drop: false }`
[INFO] [stdout] fc1c46d56464b1ea5983ec5ec5b2999672ca710a6ab7ddf34ad4904a4f9f018c
[INFO] running `Command { std: "docker" "create" "-v" "/var/lib/crater-agent-workspace/builds/worker-4-tc1/target:/opt/rustwide/target:rw,Z" "-v" "/var/lib/crater-agent-workspace/builds/worker-4-tc1/source:/opt/rustwide/workdir:ro,Z" "-v" "/var/lib/crater-agent-workspace/cargo-home:/opt/rustwide/cargo-home:ro,Z" "-v" "/var/lib/crater-agent-workspace/rustup-home:/opt/rustwide/rustup-home:ro,Z" "-e" "SOURCE_DIR=/opt/rustwide/workdir" "-e" "CARGO_TARGET_DIR=/opt/rustwide/target" "-e" "CARGO_INCREMENTAL=0" "-e" "RUST_BACKTRACE=full" "-e" "RUSTFLAGS=--cap-lints=forbid" "-e" "RUSTDOCFLAGS=--cap-lints=forbid" "-e" "CARGO_HOME=/opt/rustwide/cargo-home" "-e" "RUSTUP_HOME=/opt/rustwide/rustup-home" "-w" "/opt/rustwide/workdir" "-m" "1610612736" "--user" "0:0" "--network" "none" "ghcr.io/rust-lang/crates-build-env/linux@sha256:4a844ea9eb2546a2d2c7022eacef16ef2e8229c7fbb2c7d4d55a9ceca922f72d" "/opt/rustwide/cargo-home/bin/cargo" "+nightly-2024-10-28" "build" "--frozen" "--message-format=json", kill_on_drop: false }`
[INFO] [stdout] 48dc4eb78a1d3edb7aa7f03dee0dbe1022c24fd7ee02e5bb1b86ef1d5fa60961
[INFO] running `Command { std: "docker" "start" "-a" "48dc4eb78a1d3edb7aa7f03dee0dbe1022c24fd7ee02e5bb1b86ef1d5fa60961", kill_on_drop: false }`
[INFO] [stderr]    Compiling superbitty-macros v0.3.1
[INFO] [stderr]    Compiling superbitty v0.3.2 (/opt/rustwide/workdir)
[INFO] [stderr]     Finished `dev` profile [unoptimized + debuginfo] target(s) in 0.64s
[INFO] running `Command { std: "docker" "inspect" "48dc4eb78a1d3edb7aa7f03dee0dbe1022c24fd7ee02e5bb1b86ef1d5fa60961", kill_on_drop: false }`
[INFO] running `Command { std: "docker" "rm" "-f" "48dc4eb78a1d3edb7aa7f03dee0dbe1022c24fd7ee02e5bb1b86ef1d5fa60961", kill_on_drop: false }`
[INFO] [stdout] 48dc4eb78a1d3edb7aa7f03dee0dbe1022c24fd7ee02e5bb1b86ef1d5fa60961
[INFO] running `Command { std: "docker" "create" "-v" "/var/lib/crater-agent-workspace/builds/worker-4-tc1/target:/opt/rustwide/target:rw,Z" "-v" "/var/lib/crater-agent-workspace/builds/worker-4-tc1/source:/opt/rustwide/workdir:ro,Z" "-v" "/var/lib/crater-agent-workspace/cargo-home:/opt/rustwide/cargo-home:ro,Z" "-v" "/var/lib/crater-agent-workspace/rustup-home:/opt/rustwide/rustup-home:ro,Z" "-e" "SOURCE_DIR=/opt/rustwide/workdir" "-e" "CARGO_TARGET_DIR=/opt/rustwide/target" "-e" "CARGO_INCREMENTAL=0" "-e" "RUST_BACKTRACE=full" "-e" "RUSTFLAGS=--cap-lints=forbid" "-e" "RUSTDOCFLAGS=--cap-lints=forbid" "-e" "CARGO_HOME=/opt/rustwide/cargo-home" "-e" "RUSTUP_HOME=/opt/rustwide/rustup-home" "-w" "/opt/rustwide/workdir" "-m" "1610612736" "--user" "0:0" "--network" "none" "ghcr.io/rust-lang/crates-build-env/linux@sha256:4a844ea9eb2546a2d2c7022eacef16ef2e8229c7fbb2c7d4d55a9ceca922f72d" "/opt/rustwide/cargo-home/bin/cargo" "+nightly-2024-10-28" "test" "--frozen" "--no-run" "--message-format=json", kill_on_drop: false }`
[INFO] [stdout] 3b3e54d4b151984c51004490e0572b988cfb65318ce56438b5f2843d0b6c8e5e
[INFO] running `Command { std: "docker" "start" "-a" "3b3e54d4b151984c51004490e0572b988cfb65318ce56438b5f2843d0b6c8e5e", kill_on_drop: false }`
[INFO] [stderr]    Compiling serde v1.0.214
[INFO] [stderr]    Compiling target-triple v0.1.3
[INFO] [stderr]    Compiling winnow v0.6.20
[INFO] [stderr]    Compiling termcolor v1.4.1
[INFO] [stderr]    Compiling glob v0.3.1
[INFO] [stderr]    Compiling syn v2.0.86
[INFO] [stderr]    Compiling serde_derive v1.0.214
[INFO] [stderr]    Compiling toml_datetime v0.6.8
[INFO] [stderr]    Compiling serde_spanned v0.6.8
[INFO] [stderr]    Compiling serde_json v1.0.132
[INFO] [stderr]    Compiling toml_edit v0.22.22
[INFO] [stderr]    Compiling toml v0.8.19
[INFO] [stderr]    Compiling trybuild v1.0.101
[INFO] [stderr]    Compiling superbitty v0.3.2 (/opt/rustwide/workdir)
[INFO] [stderr]     Finished `test` profile [unoptimized + debuginfo] target(s) in 6.52s
[INFO] running `Command { std: "docker" "inspect" "3b3e54d4b151984c51004490e0572b988cfb65318ce56438b5f2843d0b6c8e5e", kill_on_drop: false }`
[INFO] running `Command { std: "docker" "rm" "-f" "3b3e54d4b151984c51004490e0572b988cfb65318ce56438b5f2843d0b6c8e5e", kill_on_drop: false }`
[INFO] [stdout] 3b3e54d4b151984c51004490e0572b988cfb65318ce56438b5f2843d0b6c8e5e
[INFO] running `Command { std: "docker" "create" "-v" "/var/lib/crater-agent-workspace/builds/worker-4-tc1/target:/opt/rustwide/target:rw,Z" "-v" "/var/lib/crater-agent-workspace/builds/worker-4-tc1/source:/opt/rustwide/workdir:ro,Z" "-v" "/var/lib/crater-agent-workspace/cargo-home:/opt/rustwide/cargo-home:ro,Z" "-v" "/var/lib/crater-agent-workspace/rustup-home:/opt/rustwide/rustup-home:ro,Z" "-e" "SOURCE_DIR=/opt/rustwide/workdir" "-e" "CARGO_TARGET_DIR=/opt/rustwide/target" "-e" "CARGO_INCREMENTAL=0" "-e" "RUST_BACKTRACE=full" "-e" "RUSTFLAGS=--cap-lints=forbid" "-e" "RUSTDOCFLAGS=--cap-lints=forbid" "-e" "CARGO_HOME=/opt/rustwide/cargo-home" "-e" "RUSTUP_HOME=/opt/rustwide/rustup-home" "-w" "/opt/rustwide/workdir" "-m" "1610612736" "--user" "0:0" "--network" "none" "ghcr.io/rust-lang/crates-build-env/linux@sha256:4a844ea9eb2546a2d2c7022eacef16ef2e8229c7fbb2c7d4d55a9ceca922f72d" "/opt/rustwide/cargo-home/bin/cargo" "+nightly-2024-10-28" "test" "--frozen", kill_on_drop: false }`
[INFO] [stdout] 89c9db6b2d882382f9d50a278b503ec4cb4af12964a5bcf5d11dc6652302d948
[INFO] running `Command { std: "docker" "start" "-a" "89c9db6b2d882382f9d50a278b503ec4cb4af12964a5bcf5d11dc6652302d948", kill_on_drop: false }`
[INFO] [stderr]     Finished `test` profile [unoptimized + debuginfo] target(s) in 0.04s
[INFO] [stderr]      Running unittests src/lib.rs (/opt/rustwide/target/debug/deps/superbitty-7d71ebe757cfac30)
[INFO] [stdout] 
[INFO] [stdout] running 0 tests
[INFO] [stdout] 
[INFO] [stdout] test result: ok. 0 passed; 0 failed; 0 ignored; 0 measured; 0 filtered out; finished in 0.00s
[INFO] [stdout] 
[INFO] [stderr]      Running tests/bit_field_compatible.rs (/opt/rustwide/target/debug/deps/bit_field_compatible-9a8cbd2fba39a40f)
[INFO] [stdout] 
[INFO] [stdout] running 1 test
[INFO] [stdout] test test ... ok
[INFO] [stdout] 
[INFO] [stdout] test result: ok. 1 passed; 0 failed; 0 ignored; 0 measured; 0 filtered out; finished in 0.00s
[INFO] [stdout] 
[INFO] [stderr]      Running tests/bitfields.rs (/opt/rustwide/target/debug/deps/bitfields-d136fd4bad1df864)
[INFO] [stdout] 
[INFO] [stdout] running 8 tests
[INFO] [stdout] test clone_copy ... ok
[INFO] [stdout] test comparison ... ok
[INFO] [stdout] test debug ... ok
[INFO] [stdout] test default ... ok
[INFO] [stdout] test empty ... ok
[INFO] [stdout] test equality ... ok
[INFO] [stdout] test hash ... ok
[INFO] [stdout] test new_and_set ... ok
[INFO] [stdout] 
[INFO] [stdout] test result: ok. 8 passed; 0 failed; 0 ignored; 0 measured; 0 filtered out; finished in 0.00s
[INFO] [stdout] 
[INFO] [stderr]      Running tests/ui.rs (/opt/rustwide/target/debug/deps/ui-c22c7ee6bbc4894e)
[INFO] [stdout] 
[INFO] [stdout] running 1 test
[INFO] [stderr]    Compiling proc-macro2 v1.0.89
[INFO] [stderr]    Compiling unicode-ident v1.0.13
[INFO] [stderr]    Compiling syn v1.0.109
[INFO] [stderr]    Compiling rustversion v1.0.18
[INFO] [stderr]    Compiling quote v1.0.37
[INFO] [stderr]    Compiling superbitty-macros v0.3.1
[INFO] [stderr]     Checking superbitty v0.3.2 (/opt/rustwide/workdir)
[INFO] [stderr]     Checking superbitty-tests v0.0.0 (/opt/rustwide/target/tests/trybuild/superbitty)
[INFO] [stderr]     Finished `dev` profile [unoptimized + debuginfo] target(s) in 4.08s
[INFO] [stderr] 
[INFO] [stderr] 
[INFO] [stderr] test tests/ui/BitFieldCompatible/complex_discriminant.rs ... ok
[INFO] [stderr] test tests/ui/BitFieldCompatible/structs_and_unions.rs ... ok
[INFO] [stderr] test tests/ui/BitFieldCompatible/with_negative_discriminant.rs ... ok
[INFO] [stderr] test tests/ui/BitFieldCompatible/with_payload.rs ... ok
[INFO] [stderr] test tests/ui/bitfields/invalid_attributes.rs ... ok
[INFO] [stderr] test tests/ui/bitfields/invalid_base_ty.rs ... ok
[INFO] [stderr] test tests/ui/bitfields/malformed_derive_handled_by_rustc.rs ... mismatch
[INFO] [stderr] 
[INFO] [stderr] EXPECTED:
[INFO] [stderr] ┈┈┈┈┈┈┈┈┈┈┈┈┈┈┈┈┈┈┈┈┈┈┈┈┈┈┈┈┈┈┈┈┈┈┈┈┈┈┈┈┈┈┈┈┈┈┈┈┈┈┈┈┈┈┈┈┈┈┈┈
[INFO] [stderr] error: malformed `derive` attribute input
[INFO] [stderr]  --> $DIR/malformed_derive_handled_by_rustc.rs:7:5
[INFO] [stderr]   |
[INFO] [stderr] 7 |     #[derive]
[INFO] [stderr]   |     ^^^^^^^^^ help: must be of the form: `#[derive(Trait1, Trait2, ...)]`
[INFO] [stderr] 
[INFO] [stderr] error: malformed `derive` attribute input
[INFO] [stderr]  --> $DIR/malformed_derive_handled_by_rustc.rs:8:5
[INFO] [stderr]   |
[INFO] [stderr] 8 |     #[derive = ""]
[INFO] [stderr]   |     ^^^^^^^^^^^^^^ help: must be of the form: `#[derive(Trait1, Trait2, ...)]`
[INFO] [stderr] 
[INFO] [stderr] error: wrong meta list delimiters
[INFO] [stderr]  --> $DIR/malformed_derive_handled_by_rustc.rs:9:13
[INFO] [stderr]   |
[INFO] [stderr] 9 |     #[derive[Debug]]
[INFO] [stderr]   |             ^^^^^^^
[INFO] [stderr]   |
[INFO] [stderr] help: the delimiters should be `(` and `)`
[INFO] [stderr]   |
[INFO] [stderr] 9 |     #[derive(Debug)]
[INFO] [stderr]   |             ~     ~
[INFO] [stderr] 
[INFO] [stderr] error[E0277]: `Raw<u8>` doesn't implement `Debug`
[INFO] [stderr]   --> $DIR/malformed_derive_handled_by_rustc.rs:6:1
[INFO] [stderr]    |
[INFO] [stderr] 6  | / bitfields! {
[INFO] [stderr] 7  | |     #[derive]
[INFO] [stderr] 8  | |     #[derive = ""]
[INFO] [stderr] 9  | |     #[derive[Debug]]
[INFO] [stderr]    | |              ----- in this derive macro expansion
[INFO] [stderr] 10 | |     struct WithMalformedDerive : u8 {}
[INFO] [stderr] 11 | | }
[INFO] [stderr]    | |_^ `Raw<u8>` cannot be formatted using `{:?}` because it doesn't implement `Debug`
[INFO] [stderr]    |
[INFO] [stderr]    = help: the trait `Debug` is not implemented for `Raw<u8>`
[INFO] [stderr]    = note: this error originates in the derive macro `Debug` (in Nightly builds, run with -Z macro-backtrace for more info)
[INFO] [stderr] ┈┈┈┈┈┈┈┈┈┈┈┈┈┈┈┈┈┈┈┈┈┈┈┈┈┈┈┈┈┈┈┈┈┈┈┈┈┈┈┈┈┈┈┈┈┈┈┈┈┈┈┈┈┈┈┈┈┈┈┈
[INFO] [stderr] 
[INFO] [stderr] ACTUAL OUTPUT:
[INFO] [stderr] ┈┈┈┈┈┈┈┈┈┈┈┈┈┈┈┈┈┈┈┈┈┈┈┈┈┈┈┈┈┈┈┈┈┈┈┈┈┈┈┈┈┈┈┈┈┈┈┈┈┈┈┈┈┈┈┈┈┈┈┈
[INFO] [stderr] error: malformed `derive` attribute input
[INFO] [stderr]  --> tests/ui/bitfields/malformed_derive_handled_by_rustc.rs:7:5
[INFO] [stderr]   |
[INFO] [stderr] 7 |     #[derive]
[INFO] [stderr]   |     ^^^^^^^^^ help: must be of the form: `#[derive(Trait1, Trait2, ...)]`
[INFO] [stderr] 
[INFO] [stderr] error: malformed `derive` attribute input
[INFO] [stderr]  --> tests/ui/bitfields/malformed_derive_handled_by_rustc.rs:8:5
[INFO] [stderr]   |
[INFO] [stderr] 8 |     #[derive = ""]
[INFO] [stderr]   |     ^^^^^^^^^^^^^^ help: must be of the form: `#[derive(Trait1, Trait2, ...)]`
[INFO] [stderr] 
[INFO] [stderr] error: wrong meta list delimiters
[INFO] [stderr]  --> tests/ui/bitfields/malformed_derive_handled_by_rustc.rs:9:13
[INFO] [stderr]   |
[INFO] [stderr] 9 |     #[derive[Debug]]
[INFO] [stderr]   |             ^^^^^^^
[INFO] [stderr]   |
[INFO] [stderr] help: the delimiters should be `(` and `)`
[INFO] [stderr]   |
[INFO] [stderr] 9 |     #[derive(Debug)]
[INFO] [stderr]   |             ~     ~
[INFO] [stderr] 
[INFO] [stderr] error[E0277]: `Raw<u8>` doesn't implement `Debug`
[INFO] [stderr]   --> tests/ui/bitfields/malformed_derive_handled_by_rustc.rs:6:1
[INFO] [stderr]    |
[INFO] [stderr] 6  | / bitfields! {
[INFO] [stderr] 7  | |     #[derive]
[INFO] [stderr] 8  | |     #[derive = ""]
[INFO] [stderr] 9  | |     #[derive[Debug]]
[INFO] [stderr]    | |              ----- in this derive macro expansion
[INFO] [stderr] 10 | |     struct WithMalformedDerive : u8 {}
[INFO] [stderr] 11 | | }
[INFO] [stderr]    | |_^ `Raw<u8>` cannot be formatted using `{:?}` because it doesn't implement `Debug`
[INFO] [stderr]    |
[INFO] [stderr]    = help: the trait `Debug` is not implemented for `Raw<u8>`, which is required by `&Raw<u8>: Debug`
[INFO] [stderr]    = note: this error originates in the derive macro `Debug` (in Nightly builds, run with -Z macro-backtrace for more info)
[INFO] [stderr] ┈┈┈┈┈┈┈┈┈┈┈┈┈┈┈┈┈┈┈┈┈┈┈┈┈┈┈┈┈┈┈┈┈┈┈┈┈┈┈┈┈┈┈┈┈┈┈┈┈┈┈┈┈┈┈┈┈┈┈┈
[INFO] [stderr] note: If the actual output is the correct output you can bless it by rerunning
[INFO] [stderr]       your test with the environment variable TRYBUILD=overwrite
[INFO] [stderr] 
[INFO] [stderr] test tests/ui/bitfields/non_compatible_fields.rs ... mismatch
[INFO] [stderr] 
[INFO] [stderr] EXPECTED:
[INFO] [stderr] ┈┈┈┈┈┈┈┈┈┈┈┈┈┈┈┈┈┈┈┈┈┈┈┈┈┈┈┈┈┈┈┈┈┈┈┈┈┈┈┈┈┈┈┈┈┈┈┈┈┈┈┈┈┈┈┈┈┈┈┈
[INFO] [stderr] error[E0277]: the trait bound `FieldA: BitFieldCompatible` is not satisfied
[INFO] [stderr]    --> tests/ui/bitfields/non_compatible_fields.rs:14:12
[INFO] [stderr]     |
[INFO] [stderr] 14  |         a: FieldA,
[INFO] [stderr]     |            ^^^^^^ the trait `BitFieldCompatible` is not implemented for `FieldA`
[INFO] [stderr]     |
[INFO] [stderr]     = help: the trait `BitFieldCompatible` is implemented for `CompatibleField`
[INFO] [stderr] note: required by a bound in `assert_bitfield_compatible`
[INFO] [stderr]    --> src/lib.rs
[INFO] [stderr]     |
[INFO] [stderr]     |     pub const fn assert_bitfield_compatible<T: super::BitFieldCompatible>() {}
[INFO] [stderr]     |                                                ^^^^^^^^^^^^^^^^^^^^^^^^^ required by this bound in `assert_bitfield_compatible`
[INFO] [stderr] 
[INFO] [stderr] error[E0277]: the trait bound `FieldB: BitFieldCompatible` is not satisfied
[INFO] [stderr]    --> tests/ui/bitfields/non_compatible_fields.rs:16:12
[INFO] [stderr]     |
[INFO] [stderr] 16  |         b: FieldB,
[INFO] [stderr]     |            ^^^^^^ the trait `BitFieldCompatible` is not implemented for `FieldB`
[INFO] [stderr]     |
[INFO] [stderr]     = help: the trait `BitFieldCompatible` is implemented for `CompatibleField`
[INFO] [stderr] note: required by a bound in `assert_bitfield_compatible`
[INFO] [stderr]    --> src/lib.rs
[INFO] [stderr]     |
[INFO] [stderr]     |     pub const fn assert_bitfield_compatible<T: super::BitFieldCompatible>() {}
[INFO] [stderr]     |                                                ^^^^^^^^^^^^^^^^^^^^^^^^^ required by this bound in `assert_bitfield_compatible`
[INFO] [stderr] 
[INFO] [stderr] error[E0277]: the trait bound `FieldA: BitFieldCompatible` is not satisfied
[INFO] [stderr]   --> tests/ui/bitfields/non_compatible_fields.rs:12:1
[INFO] [stderr]    |
[INFO] [stderr] 12 | / bitfields! {
[INFO] [stderr] 13 | |     struct NonCompatibleFields : u8 {
[INFO] [stderr] 14 | |         a: FieldA,
[INFO] [stderr] 15 | |         compatible: CompatibleField,
[INFO] [stderr] 16 | |         b: FieldB,
[INFO] [stderr] 17 | |     }
[INFO] [stderr] 18 | | }
[INFO] [stderr]    | |_^ the trait `BitFieldCompatible` is not implemented for `FieldA`
[INFO] [stderr]    |
[INFO] [stderr]    = help: the trait `BitFieldCompatible` is implemented for `CompatibleField`
[INFO] [stderr]    = note: this error originates in the macro `bitfields` (in Nightly builds, run with -Z macro-backtrace for more info)
[INFO] [stderr] 
[INFO] [stderr] error[E0277]: the trait bound `FieldB: BitFieldCompatible` is not satisfied
[INFO] [stderr]   --> tests/ui/bitfields/non_compatible_fields.rs:12:1
[INFO] [stderr]    |
[INFO] [stderr] 12 | / bitfields! {
[INFO] [stderr] 13 | |     struct NonCompatibleFields : u8 {
[INFO] [stderr] 14 | |         a: FieldA,
[INFO] [stderr] 15 | |         compatible: CompatibleField,
[INFO] [stderr] 16 | |         b: FieldB,
[INFO] [stderr] 17 | |     }
[INFO] [stderr] 18 | | }
[INFO] [stderr]    | |_^ the trait `BitFieldCompatible` is not implemented for `FieldB`
[INFO] [stderr]    |
[INFO] [stderr]    = help: the trait `BitFieldCompatible` is implemented for `CompatibleField`
[INFO] [stderr]    = note: this error originates in the macro `bitfields` (in Nightly builds, run with -Z macro-backtrace for more info)
[INFO] [stderr] 
[INFO] [stderr] error[E0277]: the trait bound `FieldA: BitFieldCompatible` is not satisfied
[INFO] [stderr]   --> tests/ui/bitfields/non_compatible_fields.rs:14:9
[INFO] [stderr]    |
[INFO] [stderr] 12 | / bitfields! {
[INFO] [stderr] 13 | |     struct NonCompatibleFields : u8 {
[INFO] [stderr] 14 | |         a: FieldA,
[INFO] [stderr]    | |         ^ the trait `BitFieldCompatible` is not implemented for `FieldA`
[INFO] [stderr] 15 | |         compatible: CompatibleField,
[INFO] [stderr] 16 | |         b: FieldB,
[INFO] [stderr] 17 | |     }
[INFO] [stderr] 18 | | }
[INFO] [stderr]    | |_- required by a bound introduced by this call
[INFO] [stderr]    |
[INFO] [stderr]    = help: the trait `BitFieldCompatible` is implemented for `CompatibleField`
[INFO] [stderr] 
[INFO] [stderr] error[E0277]: the trait bound `FieldB: BitFieldCompatible` is not satisfied
[INFO] [stderr]   --> tests/ui/bitfields/non_compatible_fields.rs:16:9
[INFO] [stderr]    |
[INFO] [stderr] 12 | / bitfields! {
[INFO] [stderr] 13 | |     struct NonCompatibleFields : u8 {
[INFO] [stderr] 14 | |         a: FieldA,
[INFO] [stderr] 15 | |         compatible: CompatibleField,
[INFO] [stderr] 16 | |         b: FieldB,
[INFO] [stderr]    | |         ^ the trait `BitFieldCompatible` is not implemented for `FieldB`
[INFO] [stderr] 17 | |     }
[INFO] [stderr] 18 | | }
[INFO] [stderr]    | |_- required by a bound introduced by this call
[INFO] [stderr]    |
[INFO] [stderr]    = help: the trait `BitFieldCompatible` is implemented for `CompatibleField`
[INFO] [stderr] 
[INFO] [stderr] error[E0277]: the trait bound `FieldA: BitFieldCompatible` is not satisfied
[INFO] [stderr]   --> tests/ui/bitfields/non_compatible_fields.rs:14:9
[INFO] [stderr]    |
[INFO] [stderr] 14 |         a: FieldA,
[INFO] [stderr]    |         ^ the trait `BitFieldCompatible` is not implemented for `FieldA`
[INFO] [stderr]    |
[INFO] [stderr]    = help: the trait `BitFieldCompatible` is implemented for `CompatibleField`
[INFO] [stderr] 
[INFO] [stderr] error[E0277]: the trait bound `FieldB: BitFieldCompatible` is not satisfied
[INFO] [stderr]   --> tests/ui/bitfields/non_compatible_fields.rs:16:9
[INFO] [stderr]    |
[INFO] [stderr] 16 |         b: FieldB,
[INFO] [stderr]    |         ^ the trait `BitFieldCompatible` is not implemented for `FieldB`
[INFO] [stderr]    |
[INFO] [stderr]    = help: the trait `BitFieldCompatible` is implemented for `CompatibleField`
[INFO] [stderr] ┈┈┈┈┈┈┈┈┈┈┈┈┈┈┈┈┈┈┈┈┈┈┈┈┈┈┈┈┈┈┈┈┈┈┈┈┈┈┈┈┈┈┈┈┈┈┈┈┈┈┈┈┈┈┈┈┈┈┈┈
[INFO] [stderr] 
[INFO] [stderr] ACTUAL OUTPUT:
[INFO] [stderr] ┈┈┈┈┈┈┈┈┈┈┈┈┈┈┈┈┈┈┈┈┈┈┈┈┈┈┈┈┈┈┈┈┈┈┈┈┈┈┈┈┈┈┈┈┈┈┈┈┈┈┈┈┈┈┈┈┈┈┈┈
[INFO] [stderr] error[E0277]: the trait bound `FieldA: BitFieldCompatible` is not satisfied
[INFO] [stderr]   --> tests/ui/bitfields/non_compatible_fields.rs:14:12
[INFO] [stderr]    |
[INFO] [stderr] 14 |         a: FieldA,
[INFO] [stderr]    |            ^^^^^^ the trait `BitFieldCompatible` is not implemented for `FieldA`
[INFO] [stderr]    |
[INFO] [stderr]    = help: the trait `BitFieldCompatible` is implemented for `CompatibleField`
[INFO] [stderr] note: required by a bound in `assert_bitfield_compatible`
[INFO] [stderr]   --> src/lib.rs
[INFO] [stderr]    |
[INFO] [stderr]    |     pub const fn assert_bitfield_compatible<T: super::BitFieldCompatible>() {}
[INFO] [stderr]    |                                                ^^^^^^^^^^^^^^^^^^^^^^^^^ required by this bound in `assert_bitfield_compatible`
[INFO] [stderr] 
[INFO] [stderr] error[E0277]: the trait bound `FieldB: BitFieldCompatible` is not satisfied
[INFO] [stderr]   --> tests/ui/bitfields/non_compatible_fields.rs:16:12
[INFO] [stderr]    |
[INFO] [stderr] 16 |         b: FieldB,
[INFO] [stderr]    |            ^^^^^^ the trait `BitFieldCompatible` is not implemented for `FieldB`
[INFO] [stderr]    |
[INFO] [stderr]    = help: the trait `BitFieldCompatible` is implemented for `CompatibleField`
[INFO] [stderr] note: required by a bound in `assert_bitfield_compatible`
[INFO] [stderr]   --> src/lib.rs
[INFO] [stderr]    |
[INFO] [stderr]    |     pub const fn assert_bitfield_compatible<T: super::BitFieldCompatible>() {}
[INFO] [stderr]    |                                                ^^^^^^^^^^^^^^^^^^^^^^^^^ required by this bound in `assert_bitfield_compatible`
[INFO] [stderr] 
[INFO] [stderr] error[E0277]: the trait bound `FieldA: BitFieldCompatible` is not satisfied
[INFO] [stderr]   --> tests/ui/bitfields/non_compatible_fields.rs:14:12
[INFO] [stderr]    |
[INFO] [stderr] 14 |         a: FieldA,
[INFO] [stderr]    |            ^^^^^^ the trait `BitFieldCompatible` is not implemented for `FieldA`
[INFO] [stderr]    |
[INFO] [stderr]    = help: the trait `BitFieldCompatible` is implemented for `CompatibleField`
[INFO] [stderr] 
[INFO] [stderr] error[E0277]: the trait bound `FieldB: BitFieldCompatible` is not satisfied
[INFO] [stderr]   --> tests/ui/bitfields/non_compatible_fields.rs:16:12
[INFO] [stderr]    |
[INFO] [stderr] 16 |         b: FieldB,
[INFO] [stderr]    |            ^^^^^^ the trait `BitFieldCompatible` is not implemented for `FieldB`
[INFO] [stderr]    |
[INFO] [stderr]    = help: the trait `BitFieldCompatible` is implemented for `CompatibleField`
[INFO] [stderr] ┈┈┈┈┈┈┈┈┈┈┈┈┈┈┈┈┈┈┈┈┈┈┈┈┈┈┈┈┈┈┈┈┈┈┈┈┈┈┈┈┈┈┈┈┈┈┈┈┈┈┈┈┈┈┈┈┈┈┈┈
[INFO] [stderr] note: If the actual output is the correct output you can bless it by rerunning
[INFO] [stderr]       your test with the environment variable TRYBUILD=overwrite
[INFO] [stderr] 
[INFO] [stderr] test tests/ui/bitfields/shadowed_primitive.rs ... mismatch
[INFO] [stderr] 
[INFO] [stderr] EXPECTED:
[INFO] [stderr] ┈┈┈┈┈┈┈┈┈┈┈┈┈┈┈┈┈┈┈┈┈┈┈┈┈┈┈┈┈┈┈┈┈┈┈┈┈┈┈┈┈┈┈┈┈┈┈┈┈┈┈┈┈┈┈┈┈┈┈┈
[INFO] [stderr] error[E0277]: the trait bound `u32: superbitty::raw::OnlyPrimitiveUnsignedIntegersAreAllowedAsBaseTypesForSuperbittyBitfields` is not satisfied
[INFO] [stderr]  --> tests/ui/bitfields/shadowed_primitive.rs:6:1
[INFO] [stderr]   |
[INFO] [stderr] 6 | / bitfields! {
[INFO] [stderr] 7 | |     struct Foo : u32 {}
[INFO] [stderr] 8 | | }
[INFO] [stderr]   | |_^ the trait `superbitty::raw::OnlyPrimitiveUnsignedIntegersAreAllowedAsBaseTypesForSuperbittyBitfields` is not implemented for `u32`
[INFO] [stderr]   |
[INFO] [stderr]   = help: the following other types implement trait `superbitty::raw::OnlyPrimitiveUnsignedIntegersAreAllowedAsBaseTypesForSuperbittyBitfields`:
[INFO] [stderr]             u128
[INFO] [stderr]             u16
[INFO] [stderr]             u32
[INFO] [stderr]             u64
[INFO] [stderr]             u8
[INFO] [stderr]             usize
[INFO] [stderr] note: required by a bound in `Raw`
[INFO] [stderr]  --> src/raw.rs
[INFO] [stderr]   |
[INFO] [stderr]   | pub struct Raw<T: OnlyPrimitiveUnsignedIntegersAreAllowedAsBaseTypesForSuperbittyBitfields>(T);
[INFO] [stderr]   |                   ^^^^^^^^^^^^^^^^^^^^^^^^^^^^^^^^^^^^^^^^^^^^^^^^^^^^^^^^^^^^^^^^^^^^^^^^ required by this bound in `Raw`
[INFO] [stderr]   = note: this error originates in the macro `bitfields` (in Nightly builds, run with -Z macro-backtrace for more info)
[INFO] [stderr] ┈┈┈┈┈┈┈┈┈┈┈┈┈┈┈┈┈┈┈┈┈┈┈┈┈┈┈┈┈┈┈┈┈┈┈┈┈┈┈┈┈┈┈┈┈┈┈┈┈┈┈┈┈┈┈┈┈┈┈┈
[INFO] [stderr] 
[INFO] [stderr] ACTUAL OUTPUT:
[INFO] [stderr] ┈┈┈┈┈┈┈┈┈┈┈┈┈┈┈┈┈┈┈┈┈┈┈┈┈┈┈┈┈┈┈┈┈┈┈┈┈┈┈┈┈┈┈┈┈┈┈┈┈┈┈┈┈┈┈┈┈┈┈┈
[INFO] [stderr] error[E0277]: the trait bound `u32: superbitty::raw::OnlyPrimitiveUnsignedIntegersAreAllowedAsBaseTypesForSuperbittyBitfields` is not satisfied
[INFO] [stderr]  --> tests/ui/bitfields/shadowed_primitive.rs:6:1
[INFO] [stderr]   |
[INFO] [stderr] 6 | / bitfields! {
[INFO] [stderr] 7 | |     struct Foo : u32 {}
[INFO] [stderr] 8 | | }
[INFO] [stderr]   | |_^ the trait `superbitty::raw::OnlyPrimitiveUnsignedIntegersAreAllowedAsBaseTypesForSuperbittyBitfields` is not implemented for `u32`
[INFO] [stderr]   |
[INFO] [stderr]   = help: the following other types implement trait `superbitty::raw::OnlyPrimitiveUnsignedIntegersAreAllowedAsBaseTypesForSuperbittyBitfields`:
[INFO] [stderr]             u128
[INFO] [stderr]             u16
[INFO] [stderr]             u32
[INFO] [stderr]             u64
[INFO] [stderr]             u8
[INFO] [stderr]             usize
[INFO] [stderr] note: required by a bound in `Raw`
[INFO] [stderr]  --> src/raw.rs
[INFO] [stderr]   |
[INFO] [stderr]   | pub struct Raw<T: OnlyPrimitiveUnsignedIntegersAreAllowedAsBaseTypesForSuperbittyBitfields>(T);
[INFO] [stderr]   |                   ^^^^^^^^^^^^^^^^^^^^^^^^^^^^^^^^^^^^^^^^^^^^^^^^^^^^^^^^^^^^^^^^^^^^^^^^ required by this bound in `Raw`
[INFO] [stderr]   = note: this error originates in the macro `bitfields` (in Nightly builds, run with -Z macro-backtrace for more info)
[INFO] [stderr] 
[INFO] [stderr] error[E0599]: no associated item named `BITS` found for struct `u32` in the current scope
[INFO] [stderr]  --> tests/ui/bitfields/shadowed_primitive.rs:6:1
[INFO] [stderr]   |
[INFO] [stderr] 4 |   struct u32;
[INFO] [stderr]   |   ---------- associated item `BITS` not found for this struct
[INFO] [stderr] 5 |
[INFO] [stderr] 6 |   bitfields! {
[INFO] [stderr]   |  _^
[INFO] [stderr] 7 | |     struct Foo : u32 {}
[INFO] [stderr] 8 | | }
[INFO] [stderr]   | |_^ associated item not found in `u32`
[INFO] [stderr]   |
[INFO] [stderr]   = note: this error originates in the macro `bitfields` (in Nightly builds, run with -Z macro-backtrace for more info)
[INFO] [stderr] 
[INFO] [stderr] error[E0605]: non-primitive cast: `{integer}` as `u32`
[INFO] [stderr]  --> tests/ui/bitfields/shadowed_primitive.rs:6:1
[INFO] [stderr]   |
[INFO] [stderr] 6 | / bitfields! {
[INFO] [stderr] 7 | |     struct Foo : u32 {}
[INFO] [stderr] 8 | | }
[INFO] [stderr]   | |_^ an `as` expression can only be used to convert between primitive types or to coerce to a specific trait object
[INFO] [stderr]   |
[INFO] [stderr]   = note: this error originates in the macro `bitfields` (in Nightly builds, run with -Z macro-backtrace for more info)
[INFO] [stderr] ┈┈┈┈┈┈┈┈┈┈┈┈┈┈┈┈┈┈┈┈┈┈┈┈┈┈┈┈┈┈┈┈┈┈┈┈┈┈┈┈┈┈┈┈┈┈┈┈┈┈┈┈┈┈┈┈┈┈┈┈
[INFO] [stderr] note: If the actual output is the correct output you can bless it by rerunning
[INFO] [stderr]       your test with the environment variable TRYBUILD=overwrite
[INFO] [stderr] 
[INFO] [stderr] test tests/ui/bitfields/too_big_size.rs ... ok
[INFO] [stderr] test tests/ui/bitfields/unknown_derive.rs ... ok
[INFO] [stderr] 
[INFO] [stderr] 
[INFO] [stdout] test ui ... FAILED
[INFO] [stdout] 
[INFO] [stdout] failures:
[INFO] [stdout] 
[INFO] [stdout] ---- ui stdout ----
[INFO] [stdout] thread 'ui' panicked at /opt/rustwide/cargo-home/registry/src/index.crates.io-6f17d22bba15001f/trybuild-1.0.101/src/run.rs:101:13:
[INFO] [stdout] 3 of 11 tests failed
[INFO] [stdout] stack backtrace:
[INFO] [stdout]    0:     0x55a064ef236a - std::backtrace_rs::backtrace::libunwind::trace::h207520d6e9873551
[INFO] [stdout]                                at /rustc/df4ca44d3fbc9301ee17f30f4d474e6ae4b05252/library/std/src/../../backtrace/src/backtrace/libunwind.rs:116:5
[INFO] [stdout]    1:     0x55a064ef236a - std::backtrace_rs::backtrace::trace_unsynchronized::h2ed7433f370e3eca
[INFO] [stdout]                                at /rustc/df4ca44d3fbc9301ee17f30f4d474e6ae4b05252/library/std/src/../../backtrace/src/backtrace/mod.rs:66:5
[INFO] [stdout]    2:     0x55a064ef236a - std::sys::backtrace::_print_fmt::h916fac51166b18d7
[INFO] [stdout]                                at /rustc/df4ca44d3fbc9301ee17f30f4d474e6ae4b05252/library/std/src/sys/backtrace.rs:66:9
[INFO] [stdout]    3:     0x55a064ef236a - <std::sys::backtrace::BacktraceLock::print::DisplayBacktrace as core::fmt::Display>::fmt::ha0a4c9b8ce3802e6
[INFO] [stdout]                                at /rustc/df4ca44d3fbc9301ee17f30f4d474e6ae4b05252/library/std/src/sys/backtrace.rs:39:26
[INFO] [stdout]    4:     0x55a064f1c813 - core::fmt::rt::Argument::fmt::h4cfc8587d52b3eb5
[INFO] [stdout]                                at /rustc/df4ca44d3fbc9301ee17f30f4d474e6ae4b05252/library/core/src/fmt/rt.rs:177:76
[INFO] [stdout]    5:     0x55a064f1c813 - core::fmt::write::h522cc39e5b36ae9f
[INFO] [stdout]                                at /rustc/df4ca44d3fbc9301ee17f30f4d474e6ae4b05252/library/core/src/fmt/mod.rs:1190:21
[INFO] [stdout]    6:     0x55a064eee3a3 - std::io::Write::write_fmt::h7d3c26752da97734
[INFO] [stdout]                                at /rustc/df4ca44d3fbc9301ee17f30f4d474e6ae4b05252/library/std/src/io/mod.rs:1839:15
[INFO] [stdout]    7:     0x55a064ef21b2 - std::sys::backtrace::BacktraceLock::print::h4b9e00b29e9c0942
[INFO] [stdout]                                at /rustc/df4ca44d3fbc9301ee17f30f4d474e6ae4b05252/library/std/src/sys/backtrace.rs:42:9
[INFO] [stdout]    8:     0x55a064ef3dfa - std::panicking::default_hook::{{closure}}::hb59b88280d0324d9
[INFO] [stdout]                                at /rustc/df4ca44d3fbc9301ee17f30f4d474e6ae4b05252/library/std/src/panicking.rs:268:22
[INFO] [stdout]    9:     0x55a064ef3c04 - std::panicking::default_hook::he1dd496665be4a29
[INFO] [stdout]                                at /rustc/df4ca44d3fbc9301ee17f30f4d474e6ae4b05252/library/std/src/panicking.rs:292:9
[INFO] [stdout]   10:     0x55a064eba8f9 - <alloc::boxed::Box<F,A> as core::ops::function::Fn<Args>>::call::h4ff71de18744e1dc
[INFO] [stdout]                                at /rustc/df4ca44d3fbc9301ee17f30f4d474e6ae4b05252/library/alloc/src/boxed.rs:2468:9
[INFO] [stdout]   11:     0x55a064eba8f9 - test::test_main::{{closure}}::hcf7c055ce117aa81
[INFO] [stdout]                                at /rustc/df4ca44d3fbc9301ee17f30f4d474e6ae4b05252/library/test/src/lib.rs:133:21
[INFO] [stdout]   12:     0x55a064ef44f8 - <alloc::boxed::Box<F,A> as core::ops::function::Fn<Args>>::call::h1d66c6bbd60c9692
[INFO] [stdout]                                at /rustc/df4ca44d3fbc9301ee17f30f4d474e6ae4b05252/library/alloc/src/boxed.rs:2468:9
[INFO] [stdout]   13:     0x55a064ef44f8 - std::panicking::rust_panic_with_hook::h2ff17fe8f26dfcf8
[INFO] [stdout]                                at /rustc/df4ca44d3fbc9301ee17f30f4d474e6ae4b05252/library/std/src/panicking.rs:809:13
[INFO] [stdout]   14:     0x55a064ef42ba - std::panicking::begin_panic_handler::{{closure}}::h4fad77951c07e101
[INFO] [stdout]                                at /rustc/df4ca44d3fbc9301ee17f30f4d474e6ae4b05252/library/std/src/panicking.rs:674:13
[INFO] [stdout]   15:     0x55a064ef2849 - std::sys::backtrace::__rust_end_short_backtrace::hb1a25b3da5d0ea08
[INFO] [stdout]                                at /rustc/df4ca44d3fbc9301ee17f30f4d474e6ae4b05252/library/std/src/sys/backtrace.rs:170:18
[INFO] [stdout]   16:     0x55a064ef3f4c - rust_begin_unwind
[INFO] [stdout]                                at /rustc/df4ca44d3fbc9301ee17f30f4d474e6ae4b05252/library/std/src/panicking.rs:665:5
[INFO] [stdout]   17:     0x55a064f1abc0 - core::panicking::panic_fmt::ha9db07b529f9b256
[INFO] [stdout]                                at /rustc/df4ca44d3fbc9301ee17f30f4d474e6ae4b05252/library/core/src/panicking.rs:75:14
[INFO] [stdout]   18:     0x55a064c99d1f - trybuild::run::<impl trybuild::Runner>::run::h1ba9e629efd84a18
[INFO] [stdout]                                at /opt/rustwide/cargo-home/registry/src/index.crates.io-6f17d22bba15001f/trybuild-1.0.101/src/run.rs:101:13
[INFO] [stdout]   19:     0x55a064c9f238 - <trybuild::TestCases as core::ops::drop::Drop>::drop::h56ae58aa76605fdc
[INFO] [stdout]                                at /opt/rustwide/cargo-home/registry/src/index.crates.io-6f17d22bba15001f/trybuild-1.0.101/src/lib.rs:340:13
[INFO] [stdout]   20:     0x55a064bcb477 - core::ptr::drop_in_place<trybuild::TestCases>::h81d61d0353cb1090
[INFO] [stdout]                                at /rustc/df4ca44d3fbc9301ee17f30f4d474e6ae4b05252/library/core/src/ptr/mod.rs:521:1
[INFO] [stdout]   21:     0x55a064bcbbc3 - ui::ui::h5a5c7b2295240382
[INFO] [stdout]                                at /opt/rustwide/workdir/tests/ui.rs:7:1
[INFO] [stdout]   22:     0x55a064bcbb57 - ui::ui::{{closure}}::h7dc59994d74bb576
[INFO] [stdout]                                at /opt/rustwide/workdir/tests/ui.rs:4:8
[INFO] [stdout]   23:     0x55a064bcb416 - core::ops::function::FnOnce::call_once::hcd552a677ddfdb9b
[INFO] [stdout]                                at /rustc/df4ca44d3fbc9301ee17f30f4d474e6ae4b05252/library/core/src/ops/function.rs:250:5
[INFO] [stdout]   24:     0x55a064ebf1cb - core::ops::function::FnOnce::call_once::h22c3ba5715e93f05
[INFO] [stdout]                                at /rustc/df4ca44d3fbc9301ee17f30f4d474e6ae4b05252/library/core/src/ops/function.rs:250:5
[INFO] [stdout]   25:     0x55a064ebf1cb - test::__rust_begin_short_backtrace::h8e82d8113d0da17f
[INFO] [stdout]                                at /rustc/df4ca44d3fbc9301ee17f30f4d474e6ae4b05252/library/test/src/lib.rs:621:18
[INFO] [stdout]   26:     0x55a064ebeb47 - test::run_test_in_process::{{closure}}::h33235f4f20b7b7c7
[INFO] [stdout]                                at /rustc/df4ca44d3fbc9301ee17f30f4d474e6ae4b05252/library/test/src/lib.rs:644:60
[INFO] [stdout]   27:     0x55a064ebeb47 - <core::panic::unwind_safe::AssertUnwindSafe<F> as core::ops::function::FnOnce<()>>::call_once::hb5043206310c586f
[INFO] [stdout]                                at /rustc/df4ca44d3fbc9301ee17f30f4d474e6ae4b05252/library/core/src/panic/unwind_safe.rs:272:9
[INFO] [stdout]   28:     0x55a064ebeb47 - std::panicking::try::do_call::h9ad4731a60ab23e2
[INFO] [stdout]                                at /rustc/df4ca44d3fbc9301ee17f30f4d474e6ae4b05252/library/std/src/panicking.rs:557:40
[INFO] [stdout]   29:     0x55a064ebeb47 - std::panicking::try::h3824d23db772a716
[INFO] [stdout]                                at /rustc/df4ca44d3fbc9301ee17f30f4d474e6ae4b05252/library/std/src/panicking.rs:520:19
[INFO] [stdout]   30:     0x55a064ebeb47 - std::panic::catch_unwind::h5afd514605fde46b
[INFO] [stdout]                                at /rustc/df4ca44d3fbc9301ee17f30f4d474e6ae4b05252/library/std/src/panic.rs:358:14
[INFO] [stdout]   31:     0x55a064ebeb47 - test::run_test_in_process::h0d5cbfa7067d1720
[INFO] [stdout]                                at /rustc/df4ca44d3fbc9301ee17f30f4d474e6ae4b05252/library/test/src/lib.rs:644:27
[INFO] [stdout]   32:     0x55a064ebeb47 - test::run_test::{{closure}}::h708eb8872708115d
[INFO] [stdout]                                at /rustc/df4ca44d3fbc9301ee17f30f4d474e6ae4b05252/library/test/src/lib.rs:565:43
[INFO] [stdout]   33:     0x55a064e82264 - test::run_test::{{closure}}::h392c51cee94713ab
[INFO] [stdout]                                at /rustc/df4ca44d3fbc9301ee17f30f4d474e6ae4b05252/library/test/src/lib.rs:595:41
[INFO] [stdout]   34:     0x55a064e82264 - std::sys::backtrace::__rust_begin_short_backtrace::h2f40290710935a8b
[INFO] [stdout]                                at /rustc/df4ca44d3fbc9301ee17f30f4d474e6ae4b05252/library/std/src/sys/backtrace.rs:154:18
[INFO] [stdout]   35:     0x55a064e85a0e - std::thread::Builder::spawn_unchecked_::{{closure}}::{{closure}}::h3fd968d89053a903
[INFO] [stdout]                                at /rustc/df4ca44d3fbc9301ee17f30f4d474e6ae4b05252/library/std/src/thread/mod.rs:541:17
[INFO] [stdout]   36:     0x55a064e85a0e - <core::panic::unwind_safe::AssertUnwindSafe<F> as core::ops::function::FnOnce<()>>::call_once::h743f637ba4229880
[INFO] [stdout]                                at /rustc/df4ca44d3fbc9301ee17f30f4d474e6ae4b05252/library/core/src/panic/unwind_safe.rs:272:9
[INFO] [stdout]   37:     0x55a064e85a0e - std::panicking::try::do_call::h07440897322525a6
[INFO] [stdout]                                at /rustc/df4ca44d3fbc9301ee17f30f4d474e6ae4b05252/library/std/src/panicking.rs:557:40
[INFO] [stdout]   38:     0x55a064e85a0e - std::panicking::try::he5a2e00188156637
[INFO] [stdout]                                at /rustc/df4ca44d3fbc9301ee17f30f4d474e6ae4b05252/library/std/src/panicking.rs:520:19
[INFO] [stdout]   39:     0x55a064e85a0e - std::panic::catch_unwind::hbaf3cae49b3c6433
[INFO] [stdout]                                at /rustc/df4ca44d3fbc9301ee17f30f4d474e6ae4b05252/library/std/src/panic.rs:358:14
[INFO] [stdout]   40:     0x55a064e85a0e - std::thread::Builder::spawn_unchecked_::{{closure}}::h8e141ea224820bce
[INFO] [stdout]                                at /rustc/df4ca44d3fbc9301ee17f30f4d474e6ae4b05252/library/std/src/thread/mod.rs:540:30
[INFO] [stdout]   41:     0x55a064e85a0e - core::ops::function::FnOnce::call_once{{vtable.shim}}::h90d312fedd7b8ea8
[INFO] [stdout]                                at /rustc/df4ca44d3fbc9301ee17f30f4d474e6ae4b05252/library/core/src/ops/function.rs:250:5
[INFO] [stdout]   42:     0x55a064ef92bb - <alloc::boxed::Box<F,A> as core::ops::function::FnOnce<Args>>::call_once::h69aa08ddb6adb8b6
[INFO] [stdout]                                at /rustc/df4ca44d3fbc9301ee17f30f4d474e6ae4b05252/library/alloc/src/boxed.rs:2454:9
[INFO] [stdout]   43:     0x55a064ef92bb - <alloc::boxed::Box<F,A> as core::ops::function::FnOnce<Args>>::call_once::h5aa36efdb79c806f
[INFO] [stdout]                                at /rustc/df4ca44d3fbc9301ee17f30f4d474e6ae4b05252/library/alloc/src/boxed.rs:2454:9
[INFO] [stdout]   44:     0x55a064ef92bb - std::sys::pal::unix::thread::Thread::new::thread_start::h6cd80a1b4be5158d
[INFO] [stdout]                                at /rustc/df4ca44d3fbc9301ee17f30f4d474e6ae4b05252/library/std/src/sys/pal/unix/thread.rs:105:17
[INFO] [stdout]   45:     0x7997ffa0fac3 - <unknown>
[INFO] [stdout]   46:     0x7997ffaa0a04 - clone
[INFO] [stdout]   47:                0x0 - <unknown>
[INFO] [stdout] 
[INFO] [stdout] 
[INFO] [stdout] failures:
[INFO] [stdout]     ui
[INFO] [stdout] 
[INFO] [stdout] test result: FAILED. 0 passed; 1 failed; 0 ignored; 0 measured; 0 filtered out; finished in 4.54s
[INFO] [stdout] 
[INFO] [stderr] error: test failed, to rerun pass `--test ui`
[INFO] running `Command { std: "docker" "inspect" "89c9db6b2d882382f9d50a278b503ec4cb4af12964a5bcf5d11dc6652302d948", kill_on_drop: false }`
[INFO] running `Command { std: "docker" "rm" "-f" "89c9db6b2d882382f9d50a278b503ec4cb4af12964a5bcf5d11dc6652302d948", kill_on_drop: false }`
[INFO] [stdout] 89c9db6b2d882382f9d50a278b503ec4cb4af12964a5bcf5d11dc6652302d948
