[INFO] fetching crate super-struct 1.0.2...
[INFO] testing super-struct-1.0.2 against nightly-2024-10-28 for randomize-layout
[INFO] extracting crate super-struct 1.0.2 into /workspace/builds/worker-5-tc1/source
[INFO] validating manifest of crates.io crate super-struct 1.0.2 on toolchain nightly-2024-10-28
[INFO] running `Command { std: CARGO_HOME="/workspace/cargo-home" RUSTUP_HOME="/workspace/rustup-home" "/workspace/cargo-home/bin/cargo" "+nightly-2024-10-28" "metadata" "--manifest-path" "Cargo.toml" "--no-deps", kill_on_drop: false }`
[INFO] started tweaking crates.io crate super-struct 1.0.2
[INFO] finished tweaking crates.io crate super-struct 1.0.2
[INFO] tweaked toml for crates.io crate super-struct 1.0.2 written to /workspace/builds/worker-5-tc1/source/Cargo.toml
[INFO] running `Command { std: CARGO_HOME="/workspace/cargo-home" RUSTUP_HOME="/workspace/rustup-home" "/workspace/cargo-home/bin/cargo" "+nightly-2024-10-28" "generate-lockfile" "--manifest-path" "Cargo.toml", kill_on_drop: false }`
[INFO] [stderr]     Updating crates.io index
[INFO] [stderr]      Locking 4 packages to latest compatible versions
[INFO] running `Command { std: CARGO_HOME="/workspace/cargo-home" RUSTUP_HOME="/workspace/rustup-home" "/workspace/cargo-home/bin/cargo" "+nightly-2024-10-28" "fetch" "--manifest-path" "Cargo.toml", kill_on_drop: false }`
[INFO] running `Command { std: "docker" "create" "-v" "/var/lib/crater-agent-workspace/builds/worker-5-tc1/target:/opt/rustwide/target:rw,Z" "-v" "/var/lib/crater-agent-workspace/builds/worker-5-tc1/source:/opt/rustwide/workdir:ro,Z" "-v" "/var/lib/crater-agent-workspace/cargo-home:/opt/rustwide/cargo-home:ro,Z" "-v" "/var/lib/crater-agent-workspace/rustup-home:/opt/rustwide/rustup-home:ro,Z" "-e" "SOURCE_DIR=/opt/rustwide/workdir" "-e" "CARGO_TARGET_DIR=/opt/rustwide/target" "-e" "CARGO_HOME=/opt/rustwide/cargo-home" "-e" "RUSTUP_HOME=/opt/rustwide/rustup-home" "-w" "/opt/rustwide/workdir" "-m" "1610612736" "--user" "0:0" "--network" "none" "ghcr.io/rust-lang/crates-build-env/linux@sha256:4a844ea9eb2546a2d2c7022eacef16ef2e8229c7fbb2c7d4d55a9ceca922f72d" "/opt/rustwide/cargo-home/bin/cargo" "+nightly-2024-10-28" "metadata" "--no-deps" "--format-version=1", kill_on_drop: false }`
[INFO] [stdout] 98816d050c221f292a0e6d60e7f12f593bf167074eb42acc7efab811926d5392
[INFO] running `Command { std: "docker" "start" "-a" "98816d050c221f292a0e6d60e7f12f593bf167074eb42acc7efab811926d5392", kill_on_drop: false }`
[INFO] running `Command { std: "docker" "inspect" "98816d050c221f292a0e6d60e7f12f593bf167074eb42acc7efab811926d5392", kill_on_drop: false }`
[INFO] running `Command { std: "docker" "rm" "-f" "98816d050c221f292a0e6d60e7f12f593bf167074eb42acc7efab811926d5392", kill_on_drop: false }`
[INFO] [stdout] 98816d050c221f292a0e6d60e7f12f593bf167074eb42acc7efab811926d5392
[INFO] running `Command { std: "docker" "create" "-v" "/var/lib/crater-agent-workspace/builds/worker-5-tc1/target:/opt/rustwide/target:rw,Z" "-v" "/var/lib/crater-agent-workspace/builds/worker-5-tc1/source:/opt/rustwide/workdir:ro,Z" "-v" "/var/lib/crater-agent-workspace/cargo-home:/opt/rustwide/cargo-home:ro,Z" "-v" "/var/lib/crater-agent-workspace/rustup-home:/opt/rustwide/rustup-home:ro,Z" "-e" "SOURCE_DIR=/opt/rustwide/workdir" "-e" "CARGO_TARGET_DIR=/opt/rustwide/target" "-e" "CARGO_INCREMENTAL=0" "-e" "RUST_BACKTRACE=full" "-e" "RUSTFLAGS=--cap-lints=forbid" "-e" "RUSTDOCFLAGS=--cap-lints=forbid" "-e" "CARGO_HOME=/opt/rustwide/cargo-home" "-e" "RUSTUP_HOME=/opt/rustwide/rustup-home" "-w" "/opt/rustwide/workdir" "-m" "1610612736" "--user" "0:0" "--network" "none" "ghcr.io/rust-lang/crates-build-env/linux@sha256:4a844ea9eb2546a2d2c7022eacef16ef2e8229c7fbb2c7d4d55a9ceca922f72d" "/opt/rustwide/cargo-home/bin/cargo" "+nightly-2024-10-28" "build" "--frozen" "--message-format=json", kill_on_drop: false }`
[INFO] [stdout] bd638620b385e6c18d03df460857e62c39f0a75a71ce86a91f0113de298d5032
[INFO] running `Command { std: "docker" "start" "-a" "bd638620b385e6c18d03df460857e62c39f0a75a71ce86a91f0113de298d5032", kill_on_drop: false }`
[INFO] [stderr]    Compiling syn v2.0.86
[INFO] [stderr]    Compiling super-struct v1.0.2 (/opt/rustwide/workdir)
[INFO] [stderr]     Finished `dev` profile [unoptimized + debuginfo] target(s) in 2.61s
[INFO] running `Command { std: "docker" "inspect" "bd638620b385e6c18d03df460857e62c39f0a75a71ce86a91f0113de298d5032", kill_on_drop: false }`
[INFO] running `Command { std: "docker" "rm" "-f" "bd638620b385e6c18d03df460857e62c39f0a75a71ce86a91f0113de298d5032", kill_on_drop: false }`
[INFO] [stdout] bd638620b385e6c18d03df460857e62c39f0a75a71ce86a91f0113de298d5032
[INFO] running `Command { std: "docker" "create" "-v" "/var/lib/crater-agent-workspace/builds/worker-5-tc1/target:/opt/rustwide/target:rw,Z" "-v" "/var/lib/crater-agent-workspace/builds/worker-5-tc1/source:/opt/rustwide/workdir:ro,Z" "-v" "/var/lib/crater-agent-workspace/cargo-home:/opt/rustwide/cargo-home:ro,Z" "-v" "/var/lib/crater-agent-workspace/rustup-home:/opt/rustwide/rustup-home:ro,Z" "-e" "SOURCE_DIR=/opt/rustwide/workdir" "-e" "CARGO_TARGET_DIR=/opt/rustwide/target" "-e" "CARGO_INCREMENTAL=0" "-e" "RUST_BACKTRACE=full" "-e" "RUSTFLAGS=--cap-lints=forbid" "-e" "RUSTDOCFLAGS=--cap-lints=forbid" "-e" "CARGO_HOME=/opt/rustwide/cargo-home" "-e" "RUSTUP_HOME=/opt/rustwide/rustup-home" "-w" "/opt/rustwide/workdir" "-m" "1610612736" "--user" "0:0" "--network" "none" "ghcr.io/rust-lang/crates-build-env/linux@sha256:4a844ea9eb2546a2d2c7022eacef16ef2e8229c7fbb2c7d4d55a9ceca922f72d" "/opt/rustwide/cargo-home/bin/cargo" "+nightly-2024-10-28" "test" "--frozen" "--no-run" "--message-format=json", kill_on_drop: false }`
[INFO] [stdout] 621a05b50f60c0e5804d9ecf6bd781b12627dd74a180bdafa4345caa5f007a29
[INFO] running `Command { std: "docker" "start" "-a" "621a05b50f60c0e5804d9ecf6bd781b12627dd74a180bdafa4345caa5f007a29", kill_on_drop: false }`
[INFO] [stderr]    Compiling super-struct v1.0.2 (/opt/rustwide/workdir)
[INFO] [stderr]     Finished `test` profile [unoptimized + debuginfo] target(s) in 0.25s
[INFO] running `Command { std: "docker" "inspect" "621a05b50f60c0e5804d9ecf6bd781b12627dd74a180bdafa4345caa5f007a29", kill_on_drop: false }`
[INFO] running `Command { std: "docker" "rm" "-f" "621a05b50f60c0e5804d9ecf6bd781b12627dd74a180bdafa4345caa5f007a29", kill_on_drop: false }`
[INFO] [stdout] 621a05b50f60c0e5804d9ecf6bd781b12627dd74a180bdafa4345caa5f007a29
[INFO] running `Command { std: "docker" "create" "-v" "/var/lib/crater-agent-workspace/builds/worker-5-tc1/target:/opt/rustwide/target:rw,Z" "-v" "/var/lib/crater-agent-workspace/builds/worker-5-tc1/source:/opt/rustwide/workdir:ro,Z" "-v" "/var/lib/crater-agent-workspace/cargo-home:/opt/rustwide/cargo-home:ro,Z" "-v" "/var/lib/crater-agent-workspace/rustup-home:/opt/rustwide/rustup-home:ro,Z" "-e" "SOURCE_DIR=/opt/rustwide/workdir" "-e" "CARGO_TARGET_DIR=/opt/rustwide/target" "-e" "CARGO_INCREMENTAL=0" "-e" "RUST_BACKTRACE=full" "-e" "RUSTFLAGS=--cap-lints=forbid" "-e" "RUSTDOCFLAGS=--cap-lints=forbid" "-e" "CARGO_HOME=/opt/rustwide/cargo-home" "-e" "RUSTUP_HOME=/opt/rustwide/rustup-home" "-w" "/opt/rustwide/workdir" "-m" "1610612736" "--user" "0:0" "--network" "none" "ghcr.io/rust-lang/crates-build-env/linux@sha256:4a844ea9eb2546a2d2c7022eacef16ef2e8229c7fbb2c7d4d55a9ceca922f72d" "/opt/rustwide/cargo-home/bin/cargo" "+nightly-2024-10-28" "test" "--frozen", kill_on_drop: false }`
[INFO] [stdout] 1b9b8122697fb17cd0aec3dda87ce7c382258efebbdd88d96460ee60d0c67daf
[INFO] running `Command { std: "docker" "start" "-a" "1b9b8122697fb17cd0aec3dda87ce7c382258efebbdd88d96460ee60d0c67daf", kill_on_drop: false }`
[INFO] [stderr]     Finished `test` profile [unoptimized + debuginfo] target(s) in 0.01s
[INFO] [stderr]      Running unittests src/lib.rs (/opt/rustwide/target/debug/deps/super_struct-1db071b655b7ff4a)
[INFO] [stdout] 
[INFO] [stdout] running 0 tests
[INFO] [stdout] 
[INFO] [stdout] test result: ok. 0 passed; 0 failed; 0 ignored; 0 measured; 0 filtered out; finished in 0.00s
[INFO] [stdout] 
[INFO] [stderr]    Doc-tests super_struct
[INFO] [stdout] 
[INFO] [stdout] running 4 tests
[INFO] [stdout] test src/lib.rs - (line 199) ... FAILED
[INFO] [stdout] test src/lib.rs - (line 126) ... FAILED
[INFO] [stdout] test src/lib.rs - (line 84) ... FAILED
[INFO] [stdout] test src/lib.rs - (line 214) ... FAILED
[INFO] [stdout] 
[INFO] [stdout] failures:
[INFO] [stdout] 
[INFO] [stdout] ---- src/lib.rs - (line 199) stdout ----
[INFO] [stdout] error: associated function in `impl` without body
[INFO] [stdout]  --> src/lib.rs:201:5
[INFO] [stdout]   |
[INFO] [stdout] 4 |     fn keys() -> Vec<&str>;
[INFO] [stdout]   |     ^^^^^^^^^^^^^^^^^^^^^^-
[INFO] [stdout]   |                           |
[INFO] [stdout]   |                           help: provide a definition for the function: `{ <body> }`
[INFO] [stdout] 
[INFO] [stdout] error: associated function in `impl` without body
[INFO] [stdout]  --> src/lib.rs:202:5
[INFO] [stdout]   |
[INFO] [stdout] 5 |     fn values(&self) -> Vec<&T>;
[INFO] [stdout]   |     ^^^^^^^^^^^^^^^^^^^^^^^^^^^-
[INFO] [stdout]   |                                |
[INFO] [stdout]   |                                help: provide a definition for the function: `{ <body> }`
[INFO] [stdout] 
[INFO] [stdout] error: associated function in `impl` without body
[INFO] [stdout]  --> src/lib.rs:203:5
[INFO] [stdout]   |
[INFO] [stdout] 6 |     fn values(&self) -> Vec<&dyn Any>;
[INFO] [stdout]   |     ^^^^^^^^^^^^^^^^^^^^^^^^^^^^^^^^^-
[INFO] [stdout]   |                                      |
[INFO] [stdout]   |                                      help: provide a definition for the function: `{ <body> }`
[INFO] [stdout] 
[INFO] [stdout] error: associated function in `impl` without body
[INFO] [stdout]  --> src/lib.rs:204:5
[INFO] [stdout]   |
[INFO] [stdout] 7 |     fn get(&self, key: &str) -> &T;
[INFO] [stdout]   |     ^^^^^^^^^^^^^^^^^^^^^^^^^^^^^^-
[INFO] [stdout]   |                                   |
[INFO] [stdout]   |                                   help: provide a definition for the function: `{ <body> }`
[INFO] [stdout] 
[INFO] [stdout] error: associated function in `impl` without body
[INFO] [stdout]  --> src/lib.rs:205:5
[INFO] [stdout]   |
[INFO] [stdout] 8 |     fn get(&self, key: &str) -> &dyn Any;
[INFO] [stdout]   |     ^^^^^^^^^^^^^^^^^^^^^^^^^^^^^^^^^^^^-
[INFO] [stdout]   |                                         |
[INFO] [stdout]   |                                         help: provide a definition for the function: `{ <body> }`
[INFO] [stdout] 
[INFO] [stdout] error: associated function in `impl` without body
[INFO] [stdout]  --> src/lib.rs:206:5
[INFO] [stdout]   |
[INFO] [stdout] 9 |     fn set(&mut self, key: &str, value: T);
[INFO] [stdout]   |     ^^^^^^^^^^^^^^^^^^^^^^^^^^^^^^^^^^^^^^-
[INFO] [stdout]   |                                           |
[INFO] [stdout]   |                                           help: provide a definition for the function: `{ <body> }`
[INFO] [stdout] 
[INFO] [stdout] error: associated function in `impl` without body
[INFO] [stdout]   --> src/lib.rs:207:5
[INFO] [stdout]    |
[INFO] [stdout] 10 |     fn set(&mut self, key: &str, value: &dyn Any);
[INFO] [stdout]    |     ^^^^^^^^^^^^^^^^^^^^^^^^^^^^^^^^^^^^^^^^^^^^^-
[INFO] [stdout]    |                                                  |
[INFO] [stdout]    |                                                  help: provide a definition for the function: `{ <body> }`
[INFO] [stdout] 
[INFO] [stdout] error[E0106]: missing lifetime specifier
[INFO] [stdout]  --> src/lib.rs:201:22
[INFO] [stdout]   |
[INFO] [stdout] 4 |     fn keys() -> Vec<&str>;
[INFO] [stdout]   |                      ^ expected named lifetime parameter
[INFO] [stdout]   |
[INFO] [stdout]   = help: this function's return type contains a borrowed value, but there is no value for it to be borrowed from
[INFO] [stdout] help: consider using the `'static` lifetime, but this is uncommon unless you're returning a borrowed value from a `const` or a `static`
[INFO] [stdout]   |
[INFO] [stdout] 4 |     fn keys() -> Vec<&'static str>;
[INFO] [stdout]   |                       +++++++
[INFO] [stdout] help: instead, you are more likely to want to return an owned value
[INFO] [stdout]   |
[INFO] [stdout] 4 -     fn keys() -> Vec<&str>;
[INFO] [stdout] 4 +     fn keys() -> Vec<str>;
[INFO] [stdout]   |
[INFO] [stdout] 
[INFO] [stdout] error[E0412]: cannot find type `T` in this scope
[INFO] [stdout]  --> src/lib.rs:202:30
[INFO] [stdout]   |
[INFO] [stdout] 5 |     fn values(&self) -> Vec<&T>;
[INFO] [stdout]   |                              ^ not found in this scope
[INFO] [stdout]   |
[INFO] [stdout] help: you might be missing a type parameter
[INFO] [stdout]   |
[INFO] [stdout] 3 | impl<T> Self {
[INFO] [stdout]   |     +++
[INFO] [stdout] 
[INFO] [stdout] error[E0405]: cannot find trait `Any` in this scope
[INFO] [stdout]  --> src/lib.rs:203:34
[INFO] [stdout]   |
[INFO] [stdout] 6 |     fn values(&self) -> Vec<&dyn Any>;
[INFO] [stdout]   |                                  ^^^ not found in this scope
[INFO] [stdout]   |
[INFO] [stdout] help: consider importing this trait
[INFO] [stdout]   |
[INFO] [stdout] 2 + use std::any::Any;
[INFO] [stdout]   |
[INFO] [stdout] 
[INFO] [stdout] error[E0412]: cannot find type `T` in this scope
[INFO] [stdout]  --> src/lib.rs:204:34
[INFO] [stdout]   |
[INFO] [stdout] 7 |     fn get(&self, key: &str) -> &T;
[INFO] [stdout]   |                                  ^ not found in this scope
[INFO] [stdout] 
[INFO] [stdout] error[E0405]: cannot find trait `Any` in this scope
[INFO] [stdout]  --> src/lib.rs:205:38
[INFO] [stdout]   |
[INFO] [stdout] 8 |     fn get(&self, key: &str) -> &dyn Any;
[INFO] [stdout]   |                                      ^^^ not found in this scope
[INFO] [stdout]   |
[INFO] [stdout] help: consider importing this trait
[INFO] [stdout]   |
[INFO] [stdout] 2 + use std::any::Any;
[INFO] [stdout]   |
[INFO] [stdout] 
[INFO] [stdout] error[E0412]: cannot find type `T` in this scope
[INFO] [stdout]  --> src/lib.rs:206:41
[INFO] [stdout]   |
[INFO] [stdout] 9 |     fn set(&mut self, key: &str, value: T);
[INFO] [stdout]   |                                         ^ not found in this scope
[INFO] [stdout] 
[INFO] [stdout] error[E0405]: cannot find trait `Any` in this scope
[INFO] [stdout]   --> src/lib.rs:207:46
[INFO] [stdout]    |
[INFO] [stdout] 10 |     fn set(&mut self, key: &str, value: &dyn Any);
[INFO] [stdout]    |                                              ^^^ not found in this scope
[INFO] [stdout]    |
[INFO] [stdout] help: consider importing this trait
[INFO] [stdout]    |
[INFO] [stdout] 2  + use std::any::Any;
[INFO] [stdout]    |
[INFO] [stdout] 
[INFO] [stdout] error: `Self` is not valid in the self type of an impl block
[INFO] [stdout]  --> src/lib.rs:200:6
[INFO] [stdout]   |
[INFO] [stdout] 3 | impl Self {
[INFO] [stdout]   |      ^^^^
[INFO] [stdout]   |
[INFO] [stdout]   = note: replace `Self` with a different type
[INFO] [stdout] 
[INFO] [stdout] error: aborting due to 15 previous errors
[INFO] [stdout] 
[INFO] [stdout] Some errors have detailed explanations: E0106, E0405, E0412.
[INFO] [stdout] For more information about an error, try `rustc --explain E0106`.
[INFO] [stdout] Couldn't compile the test.
[INFO] [stdout] ---- src/lib.rs - (line 126) stdout ----
[INFO] [stdout] error[E0599]: no method named `keys` found for struct `Test` in the current scope
[INFO] [stdout]   --> src/lib.rs:145:27
[INFO] [stdout]    |
[INFO] [stdout] 7  | struct Test {
[INFO] [stdout]    | ----------- method `keys` not found for this struct
[INFO] [stdout] ...
[INFO] [stdout] 21 |     println!("{:?}", test.keys());
[INFO] [stdout]    |                      -----^^^^--
[INFO] [stdout]    |                      |    |
[INFO] [stdout]    |                      |    this is an associated function, not a method
[INFO] [stdout]    |                      help: use associated function syntax instead: `Test::keys()`
[INFO] [stdout]    |
[INFO] [stdout]    = note: found the following associated functions; to be used as methods, functions must have a `self` parameter
[INFO] [stdout] note: the candidate is defined in an impl for the type `Test`
[INFO] [stdout]   --> src/lib.rs:130:17
[INFO] [stdout]    |
[INFO] [stdout] 6  | #[derive(Debug, Rustdict)]
[INFO] [stdout]    |                 ^^^^^^^^
[INFO] [stdout]    = note: this error originates in the derive macro `Rustdict` (in Nightly builds, run with -Z macro-backtrace for more info)
[INFO] [stdout] 
[INFO] [stdout] error[E0599]: no method named `keys` found for struct `Test` in the current scope
[INFO] [stdout]   --> src/lib.rs:150:19
[INFO] [stdout]    |
[INFO] [stdout] 7  | struct Test {
[INFO] [stdout]    | ----------- method `keys` not found for this struct
[INFO] [stdout] ...
[INFO] [stdout] 26 |     for i in test.keys() {
[INFO] [stdout]    |              -----^^^^--
[INFO] [stdout]    |              |    |
[INFO] [stdout]    |              |    this is an associated function, not a method
[INFO] [stdout]    |              help: use associated function syntax instead: `Test::keys()`
[INFO] [stdout]    |
[INFO] [stdout]    = note: found the following associated functions; to be used as methods, functions must have a `self` parameter
[INFO] [stdout] note: the candidate is defined in an impl for the type `Test`
[INFO] [stdout]   --> src/lib.rs:130:17
[INFO] [stdout]    |
[INFO] [stdout] 6  | #[derive(Debug, Rustdict)]
[INFO] [stdout]    |                 ^^^^^^^^
[INFO] [stdout]    = note: this error originates in the derive macro `Rustdict` (in Nightly builds, run with -Z macro-backtrace for more info)
[INFO] [stdout] 
[INFO] [stdout] error: aborting due to 2 previous errors
[INFO] [stdout] 
[INFO] [stdout] For more information about this error, try `rustc --explain E0599`.
[INFO] [stdout] Couldn't compile the test.
[INFO] [stdout] ---- src/lib.rs - (line 84) stdout ----
[INFO] [stdout] error[E0599]: no method named `keys` found for struct `Test` in the current scope
[INFO] [stdout]   --> src/lib.rs:101:27
[INFO] [stdout]    |
[INFO] [stdout] 7  | struct Test {
[INFO] [stdout]    | ----------- method `keys` not found for this struct
[INFO] [stdout] ...
[INFO] [stdout] 19 |     println!("{:?}", test.keys());
[INFO] [stdout]    |                      -----^^^^--
[INFO] [stdout]    |                      |    |
[INFO] [stdout]    |                      |    this is an associated function, not a method
[INFO] [stdout]    |                      help: use associated function syntax instead: `Test::keys()`
[INFO] [stdout]    |
[INFO] [stdout]    = note: found the following associated functions; to be used as methods, functions must have a `self` parameter
[INFO] [stdout] note: the candidate is defined in an impl for the type `Test`
[INFO] [stdout]   --> src/lib.rs:88:17
[INFO] [stdout]    |
[INFO] [stdout] 6  | #[derive(Debug, Rustdict)]
[INFO] [stdout]    |                 ^^^^^^^^
[INFO] [stdout]    = note: this error originates in the derive macro `Rustdict` (in Nightly builds, run with -Z macro-backtrace for more info)
[INFO] [stdout] 
[INFO] [stdout] error[E0599]: no method named `keys` found for struct `Test` in the current scope
[INFO] [stdout]   --> src/lib.rs:104:19
[INFO] [stdout]    |
[INFO] [stdout] 7  | struct Test {
[INFO] [stdout]    | ----------- method `keys` not found for this struct
[INFO] [stdout] ...
[INFO] [stdout] 22 |     for i in test.keys() {
[INFO] [stdout]    |              -----^^^^--
[INFO] [stdout]    |              |    |
[INFO] [stdout]    |              |    this is an associated function, not a method
[INFO] [stdout]    |              help: use associated function syntax instead: `Test::keys()`
[INFO] [stdout]    |
[INFO] [stdout]    = note: found the following associated functions; to be used as methods, functions must have a `self` parameter
[INFO] [stdout] note: the candidate is defined in an impl for the type `Test`
[INFO] [stdout]   --> src/lib.rs:88:17
[INFO] [stdout]    |
[INFO] [stdout] 6  | #[derive(Debug, Rustdict)]
[INFO] [stdout]    |                 ^^^^^^^^
[INFO] [stdout]    = note: this error originates in the derive macro `Rustdict` (in Nightly builds, run with -Z macro-backtrace for more info)
[INFO] [stdout] 
[INFO] [stdout] error: aborting due to 2 previous errors
[INFO] [stdout] 
[INFO] [stdout] For more information about this error, try `rustc --explain E0599`.
[INFO] [stdout] Couldn't compile the test.
[INFO] [stdout] ---- src/lib.rs - (line 214) stdout ----
[INFO] [stdout] error: associated function in `impl` without body
[INFO] [stdout]  --> src/lib.rs:217:5
[INFO] [stdout]   |
[INFO] [stdout] 5 |     fn index(&self, index: &str) -> &Self::Output;
[INFO] [stdout]   |     ^^^^^^^^^^^^^^^^^^^^^^^^^^^^^^^^^^^^^^^^^^^^^-
[INFO] [stdout]   |                                                  |
[INFO] [stdout]   |                                                  help: provide a definition for the function: `{ <body> }`
[INFO] [stdout] 
[INFO] [stdout] error: associated function in `impl` without body
[INFO] [stdout]  --> src/lib.rs:220:5
[INFO] [stdout]   |
[INFO] [stdout] 8 |     fn index_mut(&mut self, index: &str) -> &mut Self::Output;
[INFO] [stdout]   |     ^^^^^^^^^^^^^^^^^^^^^^^^^^^^^^^^^^^^^^^^^^^^^^^^^^^^^^^^^-
[INFO] [stdout]   |                                                              |
[INFO] [stdout]   |                                                              help: provide a definition for the function: `{ <body> }`
[INFO] [stdout] 
[INFO] [stdout] error[E0405]: cannot find trait `Index` in this scope
[INFO] [stdout]  --> src/lib.rs:215:6
[INFO] [stdout]   |
[INFO] [stdout] 3 | impl Index<&str> for Self {
[INFO] [stdout]   |      ^^^^^ not found in this scope
[INFO] [stdout]   |
[INFO] [stdout] help: consider importing this trait
[INFO] [stdout]   |
[INFO] [stdout] 2 + use std::ops::Index;
[INFO] [stdout]   |
[INFO] [stdout] 
[INFO] [stdout] error[E0412]: cannot find type `T` in this scope
[INFO] [stdout]  --> src/lib.rs:216:19
[INFO] [stdout]   |
[INFO] [stdout] 4 |     type Output = T;
[INFO] [stdout]   |                   ^ not found in this scope
[INFO] [stdout] 
[INFO] [stdout] error[E0405]: cannot find trait `IndexMut` in this scope
[INFO] [stdout]  --> src/lib.rs:219:6
[INFO] [stdout]   |
[INFO] [stdout] 7 | impl IndexMut<&str> for Self {
[INFO] [stdout]   |      ^^^^^^^^ not found in this scope
[INFO] [stdout]   |
[INFO] [stdout] help: consider importing this trait
[INFO] [stdout]   |
[INFO] [stdout] 2 + use std::ops::IndexMut;
[INFO] [stdout]   |
[INFO] [stdout] 
[INFO] [stdout] error: `Self` is not valid in the self type of an impl block
[INFO] [stdout]  --> src/lib.rs:215:22
[INFO] [stdout]   |
[INFO] [stdout] 3 | impl Index<&str> for Self {
[INFO] [stdout]   |                      ^^^^
[INFO] [stdout]   |
[INFO] [stdout]   = note: replace `Self` with a different type
[INFO] [stdout] 
[INFO] [stdout] error: `Self` is not valid in the self type of an impl block
[INFO] [stdout]  --> src/lib.rs:219:25
[INFO] [stdout]   |
[INFO] [stdout] 7 | impl IndexMut<&str> for Self {
[INFO] [stdout]   |                         ^^^^
[INFO] [stdout]   |
[INFO] [stdout]   = note: replace `Self` with a different type
[INFO] [stdout] 
[INFO] [stdout] error: aborting due to 7 previous errors
[INFO] [stdout] 
[INFO] [stdout] Some errors have detailed explanations: E0405, E0412.
[INFO] [stdout] For more information about an error, try `rustc --explain E0405`.
[INFO] [stdout] Couldn't compile the test.
[INFO] [stdout] 
[INFO] [stdout] failures:
[INFO] [stdout]     src/lib.rs - (line 126)
[INFO] [stdout]     src/lib.rs - (line 199)
[INFO] [stdout]     src/lib.rs - (line 214)
[INFO] [stdout]     src/lib.rs - (line 84)
[INFO] [stdout] 
[INFO] [stdout] test result: FAILED. 0 passed; 4 failed; 0 ignored; 0 measured; 0 filtered out; finished in 0.06s
[INFO] [stdout] 
[INFO] [stderr] error: doctest failed, to rerun pass `--doc`
[INFO] running `Command { std: "docker" "inspect" "1b9b8122697fb17cd0aec3dda87ce7c382258efebbdd88d96460ee60d0c67daf", kill_on_drop: false }`
[INFO] running `Command { std: "docker" "rm" "-f" "1b9b8122697fb17cd0aec3dda87ce7c382258efebbdd88d96460ee60d0c67daf", kill_on_drop: false }`
[INFO] [stdout] 1b9b8122697fb17cd0aec3dda87ce7c382258efebbdd88d96460ee60d0c67daf
