[INFO] fetching crate stun-client 0.1.4...
[INFO] testing stun-client-0.1.4 against nightly-2024-10-28 for randomize-layout
[INFO] extracting crate stun-client 0.1.4 into /workspace/builds/worker-3-tc1/source
[INFO] validating manifest of crates.io crate stun-client 0.1.4 on toolchain nightly-2024-10-28
[INFO] running `Command { std: CARGO_HOME="/workspace/cargo-home" RUSTUP_HOME="/workspace/rustup-home" "/workspace/cargo-home/bin/cargo" "+nightly-2024-10-28" "metadata" "--manifest-path" "Cargo.toml" "--no-deps", kill_on_drop: false }`
[INFO] started tweaking crates.io crate stun-client 0.1.4
[INFO] finished tweaking crates.io crate stun-client 0.1.4
[INFO] tweaked toml for crates.io crate stun-client 0.1.4 written to /workspace/builds/worker-3-tc1/source/Cargo.toml
[INFO] crate crates.io crate stun-client 0.1.4 already has a lockfile, it will not be regenerated
[INFO] running `Command { std: CARGO_HOME="/workspace/cargo-home" RUSTUP_HOME="/workspace/rustup-home" "/workspace/cargo-home/bin/cargo" "+nightly-2024-10-28" "fetch" "--manifest-path" "Cargo.toml", kill_on_drop: false }`
[INFO] [stderr]     Updating crates.io index
[INFO] [stderr]  Downloading crates ...
[INFO] [stderr]   Downloaded value-bag v1.4.1
[INFO] [stderr]   Downloaded pnet_sys v0.33.0
[INFO] [stderr]   Downloaded pnet_transport v0.33.0
[INFO] [stderr]   Downloaded redis v0.20.2
[INFO] [stderr]   Downloaded pnet_base v0.33.0
[INFO] [stderr]   Downloaded pnet_macros_support v0.33.0
[INFO] [stderr]   Downloaded async-macros v2.0.0
[INFO] [stderr]   Downloaded pnet_datalink v0.33.0
[INFO] [stderr]   Downloaded pnet_macros v0.33.0
[INFO] [stderr]   Downloaded pnet_packet v0.33.0
[INFO] [stderr]   Downloaded pnet v0.33.0
[INFO] running `Command { std: "docker" "create" "-v" "/var/lib/crater-agent-workspace/builds/worker-3-tc1/target:/opt/rustwide/target:rw,Z" "-v" "/var/lib/crater-agent-workspace/builds/worker-3-tc1/source:/opt/rustwide/workdir:ro,Z" "-v" "/var/lib/crater-agent-workspace/cargo-home:/opt/rustwide/cargo-home:ro,Z" "-v" "/var/lib/crater-agent-workspace/rustup-home:/opt/rustwide/rustup-home:ro,Z" "-e" "SOURCE_DIR=/opt/rustwide/workdir" "-e" "CARGO_TARGET_DIR=/opt/rustwide/target" "-e" "CARGO_HOME=/opt/rustwide/cargo-home" "-e" "RUSTUP_HOME=/opt/rustwide/rustup-home" "-w" "/opt/rustwide/workdir" "-m" "1610612736" "--user" "0:0" "--network" "none" "ghcr.io/rust-lang/crates-build-env/linux@sha256:4a844ea9eb2546a2d2c7022eacef16ef2e8229c7fbb2c7d4d55a9ceca922f72d" "/opt/rustwide/cargo-home/bin/cargo" "+nightly-2024-10-28" "metadata" "--no-deps" "--format-version=1", kill_on_drop: false }`
[INFO] [stdout] cc59d79b99a6a9ee1950b50d5fbb206790785b76d5bd018cefe4507c5e6a3bbd
[INFO] running `Command { std: "docker" "start" "-a" "cc59d79b99a6a9ee1950b50d5fbb206790785b76d5bd018cefe4507c5e6a3bbd", kill_on_drop: false }`
[INFO] running `Command { std: "docker" "inspect" "cc59d79b99a6a9ee1950b50d5fbb206790785b76d5bd018cefe4507c5e6a3bbd", kill_on_drop: false }`
[INFO] running `Command { std: "docker" "rm" "-f" "cc59d79b99a6a9ee1950b50d5fbb206790785b76d5bd018cefe4507c5e6a3bbd", kill_on_drop: false }`
[INFO] [stdout] cc59d79b99a6a9ee1950b50d5fbb206790785b76d5bd018cefe4507c5e6a3bbd
[INFO] running `Command { std: "docker" "create" "-v" "/var/lib/crater-agent-workspace/builds/worker-3-tc1/target:/opt/rustwide/target:rw,Z" "-v" "/var/lib/crater-agent-workspace/builds/worker-3-tc1/source:/opt/rustwide/workdir:ro,Z" "-v" "/var/lib/crater-agent-workspace/cargo-home:/opt/rustwide/cargo-home:ro,Z" "-v" "/var/lib/crater-agent-workspace/rustup-home:/opt/rustwide/rustup-home:ro,Z" "-e" "SOURCE_DIR=/opt/rustwide/workdir" "-e" "CARGO_TARGET_DIR=/opt/rustwide/target" "-e" "CARGO_INCREMENTAL=0" "-e" "RUST_BACKTRACE=full" "-e" "RUSTFLAGS=--cap-lints=forbid" "-e" "RUSTDOCFLAGS=--cap-lints=forbid" "-e" "CARGO_HOME=/opt/rustwide/cargo-home" "-e" "RUSTUP_HOME=/opt/rustwide/rustup-home" "-w" "/opt/rustwide/workdir" "-m" "1610612736" "--user" "0:0" "--network" "none" "ghcr.io/rust-lang/crates-build-env/linux@sha256:4a844ea9eb2546a2d2c7022eacef16ef2e8229c7fbb2c7d4d55a9ceca922f72d" "/opt/rustwide/cargo-home/bin/cargo" "+nightly-2024-10-28" "build" "--frozen" "--message-format=json", kill_on_drop: false }`
[INFO] [stdout] 6b207c8ea8af5147e593dff3e54c80ff8646dcdfff1dad8a9ee966c219d4e845
[INFO] running `Command { std: "docker" "start" "-a" "6b207c8ea8af5147e593dff3e54c80ff8646dcdfff1dad8a9ee966c219d4e845", kill_on_drop: false }`
[INFO] [stderr]    Compiling memchr v2.5.0
[INFO] [stderr]    Compiling libc v0.2.147
[INFO] [stderr]    Compiling proc-macro2 v1.0.66
[INFO] [stderr]    Compiling autocfg v1.1.0
[INFO] [stderr]    Compiling futures-core v0.3.28
[INFO] [stderr]    Compiling unicode-ident v1.0.11
[INFO] [stderr]    Compiling pin-project-lite v0.2.10
[INFO] [stderr]    Compiling futures-io v0.3.28
[INFO] [stderr]    Compiling crossbeam-utils v0.8.16
[INFO] [stderr]    Compiling value-bag v1.4.1
[INFO] [stderr]    Compiling event-listener v2.5.3
[INFO] [stderr]    Compiling log v0.4.19
[INFO] [stderr]    Compiling fastrand v1.9.0
[INFO] [stderr]    Compiling waker-fn v1.1.0
[INFO] [stderr]    Compiling slab v0.4.8
[INFO] [stderr]    Compiling no-std-net v0.6.0
[INFO] [stderr]    Compiling parking v2.1.0
[INFO] [stderr]    Compiling io-lifetimes v1.0.11
[INFO] [stderr]    Compiling concurrent-queue v2.2.0
[INFO] [stderr]    Compiling aho-corasick v1.0.2
[INFO] [stderr]    Compiling quote v1.0.31
[INFO] [stderr]    Compiling syn v1.0.109
[INFO] [stderr]    Compiling regex-syntax v0.7.4
[INFO] [stderr]    Compiling futures-lite v1.13.0
[INFO] [stderr]    Compiling syn v2.0.26
[INFO] [stderr]    Compiling pnet_base v0.33.0
[INFO] [stderr]    Compiling polling v2.8.0
[INFO] [stderr]    Compiling async-lock v2.7.0
[INFO] [stderr]    Compiling rustix v0.37.23
[INFO] [stderr]    Compiling futures-channel v0.3.28
[INFO] [stderr]    Compiling pin-utils v0.1.0
[INFO] [stderr]    Compiling serde v1.0.171
[INFO] [stderr]    Compiling futures-task v0.3.28
[INFO] [stderr]    Compiling async-io v1.13.0
[INFO] [stderr]    Compiling futures-util v0.3.28
[INFO] [stderr]    Compiling async-task v4.4.0
[INFO] [stderr]    Compiling linux-raw-sys v0.3.8
[INFO] [stderr]    Compiling futures-sink v0.3.28
[INFO] [stderr]    Compiling pnet_sys v0.33.0
[INFO] [stderr]    Compiling socket2 v0.4.9
[INFO] [stderr]    Compiling getrandom v0.2.10
[INFO] [stderr]    Compiling regex-automata v0.3.3
[INFO] [stderr]    Compiling pnet_macros_support v0.33.0
[INFO] [stderr]    Compiling async-channel v1.9.0
[INFO] [stderr]    Compiling atomic-waker v1.1.1
[INFO] [stderr]    Compiling blocking v1.3.1
[INFO] [stderr]    Compiling rand_core v0.6.4
[INFO] [stderr]    Compiling async-executor v1.5.1
[INFO] [stderr]    Compiling ppv-lite86 v0.2.17
[INFO] [stderr]    Compiling once_cell v1.18.0
[INFO] [stderr]    Compiling thiserror v1.0.43
[INFO] [stderr]    Compiling pnet v0.33.0
[INFO] [stderr]    Compiling rand_chacha v0.3.1
[INFO] [stderr]    Compiling kv-log-macro v1.0.7
[INFO] [stderr]    Compiling async-macros v2.0.0
[INFO] [stderr]    Compiling rand v0.8.5
[INFO] [stderr]    Compiling ipnetwork v0.20.0
[INFO] [stderr]    Compiling regex v1.9.1
[INFO] [stderr]    Compiling futures-macro v0.3.28
[INFO] [stderr]    Compiling pnet_datalink v0.33.0
[INFO] [stderr]    Compiling thiserror-impl v1.0.43
[INFO] [stderr]    Compiling async-global-executor v2.3.1
[INFO] [stderr]    Compiling async-std v1.12.0
[INFO] [stderr]    Compiling pnet_macros v0.33.0
[INFO] [stderr]    Compiling pnet_packet v0.33.0
[INFO] [stderr]    Compiling futures-executor v0.3.28
[INFO] [stderr]    Compiling futures v0.3.28
[INFO] [stderr]    Compiling pnet_transport v0.33.0
[INFO] [stderr]    Compiling stun-client v0.1.4 (/opt/rustwide/workdir)
[INFO] [stdout] warning: field `0` is never read
[INFO] [stdout]    --> src/client.rs:232:10
[INFO] [stdout]     |
[INFO] [stdout] 232 |     Stop(bool),
[INFO] [stdout]     |     ---- ^^^^
[INFO] [stdout]     |     |
[INFO] [stdout]     |     field in this variant
[INFO] [stdout]     |
[INFO] [stdout]     = note: `#[warn(dead_code)]` on by default
[INFO] [stdout] help: consider changing the field to be of unit type to suppress this warning while preserving the field numbering, or remove the field
[INFO] [stdout]     |
[INFO] [stdout] 232 |     Stop(()),
[INFO] [stdout]     |          ~~
[INFO] [stdout] 
[INFO] [stdout] 
[INFO] [stderr]     Finished `dev` profile [unoptimized + debuginfo] target(s) in 10.76s
[INFO] running `Command { std: "docker" "inspect" "6b207c8ea8af5147e593dff3e54c80ff8646dcdfff1dad8a9ee966c219d4e845", kill_on_drop: false }`
[INFO] running `Command { std: "docker" "rm" "-f" "6b207c8ea8af5147e593dff3e54c80ff8646dcdfff1dad8a9ee966c219d4e845", kill_on_drop: false }`
[INFO] [stdout] 6b207c8ea8af5147e593dff3e54c80ff8646dcdfff1dad8a9ee966c219d4e845
[INFO] running `Command { std: "docker" "create" "-v" "/var/lib/crater-agent-workspace/builds/worker-3-tc1/target:/opt/rustwide/target:rw,Z" "-v" "/var/lib/crater-agent-workspace/builds/worker-3-tc1/source:/opt/rustwide/workdir:ro,Z" "-v" "/var/lib/crater-agent-workspace/cargo-home:/opt/rustwide/cargo-home:ro,Z" "-v" "/var/lib/crater-agent-workspace/rustup-home:/opt/rustwide/rustup-home:ro,Z" "-e" "SOURCE_DIR=/opt/rustwide/workdir" "-e" "CARGO_TARGET_DIR=/opt/rustwide/target" "-e" "CARGO_INCREMENTAL=0" "-e" "RUST_BACKTRACE=full" "-e" "RUSTFLAGS=--cap-lints=forbid" "-e" "RUSTDOCFLAGS=--cap-lints=forbid" "-e" "CARGO_HOME=/opt/rustwide/cargo-home" "-e" "RUSTUP_HOME=/opt/rustwide/rustup-home" "-w" "/opt/rustwide/workdir" "-m" "1610612736" "--user" "0:0" "--network" "none" "ghcr.io/rust-lang/crates-build-env/linux@sha256:4a844ea9eb2546a2d2c7022eacef16ef2e8229c7fbb2c7d4d55a9ceca922f72d" "/opt/rustwide/cargo-home/bin/cargo" "+nightly-2024-10-28" "test" "--frozen" "--no-run" "--message-format=json", kill_on_drop: false }`
[INFO] [stdout] 8918fd8d4f5d93773535399c12ef925662a15384142f874c2d961d903267cd49
[INFO] running `Command { std: "docker" "start" "-a" "8918fd8d4f5d93773535399c12ef925662a15384142f874c2d961d903267cd49", kill_on_drop: false }`
[INFO] [stderr]    Compiling tokio v1.29.1
[INFO] [stderr]    Compiling bytes v1.4.0
[INFO] [stderr]    Compiling tinyvec_macros v0.1.1
[INFO] [stderr]    Compiling tracing-core v0.1.31
[INFO] [stderr]    Compiling percent-encoding v2.3.0
[INFO] [stderr]    Compiling unicode-bidi v0.3.13
[INFO] [stderr]    Compiling async-trait v0.1.71
[INFO] [stderr]    Compiling sha1_smol v1.0.0
[INFO] [stderr]    Compiling tinyvec v1.6.0
[INFO] [stderr]    Compiling form_urlencoded v1.2.0
[INFO] [stderr]    Compiling anyhow v1.0.72
[INFO] [stderr]    Compiling sha1 v0.6.1
[INFO] [stderr]    Compiling dtoa v0.4.8
[INFO] [stderr]    Compiling itoa v0.4.8
[INFO] [stdout] warning: field `0` is never read
[INFO] [stdout]    --> src/client.rs:232:10
[INFO] [stdout]     |
[INFO] [stdout] 232 |     Stop(bool),
[INFO] [stdout]     |     ---- ^^^^
[INFO] [stdout]     |     |
[INFO] [stdout]     |     field in this variant
[INFO] [stdout]     |
[INFO] [stdout]     = note: `#[warn(dead_code)]` on by default
[INFO] [stdout] help: consider changing the field to be of unit type to suppress this warning while preserving the field numbering, or remove the field
[INFO] [stdout]     |
[INFO] [stdout] 232 |     Stop(()),
[INFO] [stdout]     |          ~~
[INFO] [stdout] 
[INFO] [stdout] 
[INFO] [stderr]    Compiling tracing v0.1.37
[INFO] [stderr]    Compiling unicode-normalization v0.1.22
[INFO] [stderr]    Compiling idna v0.4.0
[INFO] [stderr]    Compiling url v2.4.0
[INFO] [stderr]    Compiling tokio-util v0.7.8
[INFO] [stderr]    Compiling tokio-util v0.6.10
[INFO] [stderr]    Compiling combine v4.6.6
[INFO] [stderr]    Compiling redis v0.20.2
[INFO] [stderr]    Compiling stun-client v0.1.4 (/opt/rustwide/workdir)
[INFO] [stdout] warning: field `0` is never read
[INFO] [stdout]    --> src/client.rs:232:10
[INFO] [stdout]     |
[INFO] [stdout] 232 |     Stop(bool),
[INFO] [stdout]     |     ---- ^^^^
[INFO] [stdout]     |     |
[INFO] [stdout]     |     field in this variant
[INFO] [stdout]     |
[INFO] [stdout]     = note: `#[warn(dead_code)]` on by default
[INFO] [stdout] help: consider changing the field to be of unit type to suppress this warning while preserving the field numbering, or remove the field
[INFO] [stdout]     |
[INFO] [stdout] 232 |     Stop(()),
[INFO] [stdout]     |          ~~
[INFO] [stdout] 
[INFO] [stdout] 
[INFO] [stderr]     Finished `test` profile [unoptimized + debuginfo] target(s) in 9.79s
[INFO] [stderr] warning: the following packages contain code that will be rejected by a future version of Rust: redis v0.20.2
[INFO] [stderr] note: to see what the problems were, use the option `--future-incompat-report`, or run `cargo report future-incompatibilities --id 2`
[INFO] running `Command { std: "docker" "inspect" "8918fd8d4f5d93773535399c12ef925662a15384142f874c2d961d903267cd49", kill_on_drop: false }`
[INFO] running `Command { std: "docker" "rm" "-f" "8918fd8d4f5d93773535399c12ef925662a15384142f874c2d961d903267cd49", kill_on_drop: false }`
[INFO] [stdout] 8918fd8d4f5d93773535399c12ef925662a15384142f874c2d961d903267cd49
[INFO] running `Command { std: "docker" "create" "-v" "/var/lib/crater-agent-workspace/builds/worker-3-tc1/target:/opt/rustwide/target:rw,Z" "-v" "/var/lib/crater-agent-workspace/builds/worker-3-tc1/source:/opt/rustwide/workdir:ro,Z" "-v" "/var/lib/crater-agent-workspace/cargo-home:/opt/rustwide/cargo-home:ro,Z" "-v" "/var/lib/crater-agent-workspace/rustup-home:/opt/rustwide/rustup-home:ro,Z" "-e" "SOURCE_DIR=/opt/rustwide/workdir" "-e" "CARGO_TARGET_DIR=/opt/rustwide/target" "-e" "CARGO_INCREMENTAL=0" "-e" "RUST_BACKTRACE=full" "-e" "RUSTFLAGS=--cap-lints=forbid" "-e" "RUSTDOCFLAGS=--cap-lints=forbid" "-e" "CARGO_HOME=/opt/rustwide/cargo-home" "-e" "RUSTUP_HOME=/opt/rustwide/rustup-home" "-w" "/opt/rustwide/workdir" "-m" "1610612736" "--user" "0:0" "--network" "none" "ghcr.io/rust-lang/crates-build-env/linux@sha256:4a844ea9eb2546a2d2c7022eacef16ef2e8229c7fbb2c7d4d55a9ceca922f72d" "/opt/rustwide/cargo-home/bin/cargo" "+nightly-2024-10-28" "test" "--frozen", kill_on_drop: false }`
[INFO] [stdout] 42f88bc201e4286e46fce881e8b8706f64a11e2ab747b1c5bd1be22f1989443b
[INFO] running `Command { std: "docker" "start" "-a" "42f88bc201e4286e46fce881e8b8706f64a11e2ab747b1c5bd1be22f1989443b", kill_on_drop: false }`
[INFO] [stderr] warning: field `0` is never read
[INFO] [stderr]    --> src/client.rs:232:10
[INFO] [stderr]     |
[INFO] [stderr] 232 |     Stop(bool),
[INFO] [stderr]     |     ---- ^^^^
[INFO] [stderr]     |     |
[INFO] [stderr]     |     field in this variant
[INFO] [stderr]     |
[INFO] [stderr]     = note: `#[warn(dead_code)]` on by default
[INFO] [stderr] help: consider changing the field to be of unit type to suppress this warning while preserving the field numbering, or remove the field
[INFO] [stderr]     |
[INFO] [stderr] 232 |     Stop(()),
[INFO] [stderr]     |          ~~
[INFO] [stderr] 
[INFO] [stderr] warning: `stun-client` (lib) generated 1 warning
[INFO] [stderr] warning: `stun-client` (lib test) generated 1 warning (1 duplicate)
[INFO] [stderr]     Finished `test` profile [unoptimized + debuginfo] target(s) in 0.14s
[INFO] [stderr] warning: the following packages contain code that will be rejected by a future version of Rust: redis v0.20.2
[INFO] [stderr] note: to see what the problems were, use the option `--future-incompat-report`, or run `cargo report future-incompatibilities --id 2`
[INFO] [stderr]      Running unittests src/lib.rs (/opt/rustwide/target/debug/deps/stun_client-df5c102aa962b9a3)
[INFO] [stdout] 
[INFO] [stdout] running 1 test
[INFO] [stdout] test message::tests::message_new_and_message_from_raw_are_equivalent ... ok
[INFO] [stdout] 
[INFO] [stdout] test result: ok. 1 passed; 0 failed; 0 ignored; 0 measured; 0 filtered out; finished in 0.00s
[INFO] [stdout] 
[INFO] [stderr]    Doc-tests stun_client
[INFO] [stdout] 
[INFO] [stdout] running 1 test
[INFO] [stdout] test src/lib.rs - (line 8) ... FAILED
[INFO] [stdout] 
[INFO] [stdout] failures:
[INFO] [stdout] 
[INFO] [stdout] ---- src/lib.rs - (line 8) stdout ----
[INFO] [stdout] Test executable failed (exit status: 101).
[INFO] [stdout] 
[INFO] [stdout] stderr:
[INFO] [stdout] thread 'main' panicked at src/lib.rs:13:10:
[INFO] [stdout] called `Result::unwrap()` on an `Err` value: IOError(Custom { kind: Uncategorized, error: VerboseError { source: Custom { kind: Uncategorized, error: "failed to lookup address information: Temporary failure in name resolution" }, message: "could not resolve address `\"stun.l.google.com:19302\"`" } })
[INFO] [stdout] stack backtrace:
[INFO] [stdout]    0:     0x5a7665611a4a - std::backtrace_rs::backtrace::libunwind::trace::h207520d6e9873551
[INFO] [stdout]                                at /rustc/df4ca44d3fbc9301ee17f30f4d474e6ae4b05252/library/std/src/../../backtrace/src/backtrace/libunwind.rs:116:5
[INFO] [stdout]    1:     0x5a7665611a4a - std::backtrace_rs::backtrace::trace_unsynchronized::h2ed7433f370e3eca
[INFO] [stdout]                                at /rustc/df4ca44d3fbc9301ee17f30f4d474e6ae4b05252/library/std/src/../../backtrace/src/backtrace/mod.rs:66:5
[INFO] [stdout]    2:     0x5a7665611a4a - std::sys::backtrace::_print_fmt::h916fac51166b18d7
[INFO] [stdout]                                at /rustc/df4ca44d3fbc9301ee17f30f4d474e6ae4b05252/library/std/src/sys/backtrace.rs:66:9
[INFO] [stdout]    3:     0x5a7665611a4a - <std::sys::backtrace::BacktraceLock::print::DisplayBacktrace as core::fmt::Display>::fmt::ha0a4c9b8ce3802e6
[INFO] [stdout]                                at /rustc/df4ca44d3fbc9301ee17f30f4d474e6ae4b05252/library/std/src/sys/backtrace.rs:39:26
[INFO] [stdout]    4:     0x5a7665633563 - core::fmt::rt::Argument::fmt::h4cfc8587d52b3eb5
[INFO] [stdout]                                at /rustc/df4ca44d3fbc9301ee17f30f4d474e6ae4b05252/library/core/src/fmt/rt.rs:177:76
[INFO] [stdout]    5:     0x5a7665633563 - core::fmt::write::h522cc39e5b36ae9f
[INFO] [stdout]                                at /rustc/df4ca44d3fbc9301ee17f30f4d474e6ae4b05252/library/core/src/fmt/mod.rs:1190:21
[INFO] [stdout]    6:     0x5a766560e943 - std::io::Write::write_fmt::hf1c1dcc8cc1287f0
[INFO] [stdout]                                at /rustc/df4ca44d3fbc9301ee17f30f4d474e6ae4b05252/library/std/src/io/mod.rs:1839:15
[INFO] [stdout]    7:     0x5a7665611892 - std::sys::backtrace::BacktraceLock::print::h4b9e00b29e9c0942
[INFO] [stdout]                                at /rustc/df4ca44d3fbc9301ee17f30f4d474e6ae4b05252/library/std/src/sys/backtrace.rs:42:9
[INFO] [stdout]    8:     0x5a766561299c - std::panicking::default_hook::{{closure}}::hb59b88280d0324d9
[INFO] [stdout]                                at /rustc/df4ca44d3fbc9301ee17f30f4d474e6ae4b05252/library/std/src/panicking.rs:268:22
[INFO] [stdout]    9:     0x5a76656127e2 - std::panicking::default_hook::he1dd496665be4a29
[INFO] [stdout]                                at /rustc/df4ca44d3fbc9301ee17f30f4d474e6ae4b05252/library/std/src/panicking.rs:295:9
[INFO] [stdout]   10:     0x5a7665612fd7 - std::panicking::rust_panic_with_hook::h2ff17fe8f26dfcf8
[INFO] [stdout]                                at /rustc/df4ca44d3fbc9301ee17f30f4d474e6ae4b05252/library/std/src/panicking.rs:801:13
[INFO] [stdout]   11:     0x5a7665612e6a - std::panicking::begin_panic_handler::{{closure}}::h4fad77951c07e101
[INFO] [stdout]                                at /rustc/df4ca44d3fbc9301ee17f30f4d474e6ae4b05252/library/std/src/panicking.rs:674:13
[INFO] [stdout]   12:     0x5a7665611f29 - std::sys::backtrace::__rust_end_short_backtrace::hb1a25b3da5d0ea08
[INFO] [stdout]                                at /rustc/df4ca44d3fbc9301ee17f30f4d474e6ae4b05252/library/std/src/sys/backtrace.rs:170:18
[INFO] [stdout]   13:     0x5a7665612afc - rust_begin_unwind
[INFO] [stdout]                                at /rustc/df4ca44d3fbc9301ee17f30f4d474e6ae4b05252/library/std/src/panicking.rs:665:5
[INFO] [stdout]   14:     0x5a7665632220 - core::panicking::panic_fmt::ha9db07b529f9b256
[INFO] [stdout]                                at /rustc/df4ca44d3fbc9301ee17f30f4d474e6ae4b05252/library/core/src/panicking.rs:75:14
[INFO] [stdout]   15:     0x5a7665632636 - core::result::unwrap_failed::h5e8218e4d4338b8a
[INFO] [stdout]                                at /rustc/df4ca44d3fbc9301ee17f30f4d474e6ae4b05252/library/core/src/result.rs:1698:5
[INFO] [stdout]   16:     0x5a76654eace3 - rust_out::main::_doctest_main_src_lib_rs_8_0::{{closure}}::he2471ec33288c1d6
[INFO] [stdout]   17:     0x5a76654d4d38 - <async_std::task::builder::SupportTaskLocals<F> as core::future::future::Future>::poll::{{closure}}::h73d4955c58b4542f
[INFO] [stdout]   18:     0x5a76654e707c - async_std::task::task_locals_wrapper::TaskLocalsWrapper::set_current::{{closure}}::h3ded5546916f6d8d
[INFO] [stdout]   19:     0x5a76654de93a - std::thread::local::LocalKey<T>::try_with::h2e9933eebaac4ef9
[INFO] [stdout]   20:     0x5a76654de536 - std::thread::local::LocalKey<T>::with::h7bbc77c26f7e01bc
[INFO] [stdout]   21:     0x5a76654e6f8e - async_std::task::task_locals_wrapper::TaskLocalsWrapper::set_current::hf06768bb3755f4ef
[INFO] [stdout]   22:     0x5a76654d4c91 - <async_std::task::builder::SupportTaskLocals<F> as core::future::future::Future>::poll::hac0788d51934f674
[INFO] [stdout]   23:     0x5a76654e35fe - <futures_lite::future::Or<F1,F2> as core::future::future::Future>::poll::h259cda584d72cd38
[INFO] [stdout]   24:     0x5a76654dc06e - async_executor::Executor::run::{{closure}}::hc1646d7d93a76524
[INFO] [stdout]   25:     0x5a76654dbd18 - async_executor::LocalExecutor::run::{{closure}}::h2428106fab66c0e7
[INFO] [stdout]   26:     0x5a76654e48b8 - async_io::driver::block_on::hf2d4c45cc81edb0a
[INFO] [stdout]   27:     0x5a76654ddd2f - async_global_executor::reactor::block_on::{{closure}}::hd8b36de798d5e204
[INFO] [stdout]   28:     0x5a76654ddcff - async_global_executor::reactor::block_on::hfe2fab088b03b110
[INFO] [stdout]   29:     0x5a76654dde73 - async_global_executor::executor::block_on::{{closure}}::hf7ce901ab20dd911
[INFO] [stdout]   30:     0x5a76654decd7 - std::thread::local::LocalKey<T>::try_with::ha3f0732335ad1130
[INFO] [stdout]   31:     0x5a76654de5c6 - std::thread::local::LocalKey<T>::with::hf98e3e4d76248215
[INFO] [stdout]   32:     0x5a76654dde26 - async_global_executor::executor::block_on::h6262e850e5f6381e
[INFO] [stdout]   33:     0x5a76654e80b0 - async_std::task::builder::Builder::blocking::{{closure}}::{{closure}}::h2c47d3c0d58de2ff
[INFO] [stdout]   34:     0x5a76654e7198 - async_std::task::task_locals_wrapper::TaskLocalsWrapper::set_current::{{closure}}::h937172b25f2d0b78
[INFO] [stdout]   35:     0x5a76654deb15 - std::thread::local::LocalKey<T>::try_with::h46dd2d5b12a1bb39
[INFO] [stdout]   36:     0x5a76654de5f6 - std::thread::local::LocalKey<T>::with::hfdbad44c14b86796
[INFO] [stdout]   37:     0x5a76654e6fd7 - async_std::task::task_locals_wrapper::TaskLocalsWrapper::set_current::hf06a9501392f53dc
[INFO] [stdout]   38:     0x5a76654e8022 - async_std::task::builder::Builder::blocking::{{closure}}::h760c2d8e9d152af7
[INFO] [stdout]   39:     0x5a76654de7a7 - std::thread::local::LocalKey<T>::try_with::h158abdfb4b22f2cf
[INFO] [stdout]   40:     0x5a76654de4a6 - std::thread::local::LocalKey<T>::with::h279b959f76fe8db5
[INFO] [stdout]   41:     0x5a76654e7d1c - async_std::task::builder::Builder::blocking::h13b456f5a1d1b802
[INFO] [stdout]   42:     0x5a76654e81be - async_std::task::block_on::block_on::hac55c5d05bfcb2cb
[INFO] [stdout]   43:     0x5a76654ea7c6 - rust_out::main::_doctest_main_src_lib_rs_8_0::hce8f5aea0838d5b6
[INFO] [stdout]   44:     0x5a76654ea7a6 - rust_out::main::ha213a30daa5df4da
[INFO] [stdout]   45:     0x5a76654df9f3 - core::ops::function::FnOnce::call_once::hf7edf7132571051c
[INFO] [stdout]   46:     0x5a76654de356 - std::sys::backtrace::__rust_begin_short_backtrace::h32fd822fd2ba4079
[INFO] [stdout]   47:     0x5a76654ddf89 - std::rt::lang_start::{{closure}}::h4039a1c394ed4f7c
[INFO] [stdout]   48:     0x5a7665609a37 - core::ops::function::impls::<impl core::ops::function::FnOnce<A> for &F>::call_once::hd87d66b906e0ccaf
[INFO] [stdout]                                at /rustc/df4ca44d3fbc9301ee17f30f4d474e6ae4b05252/library/core/src/ops/function.rs:284:13
[INFO] [stdout]   49:     0x5a7665609a37 - std::panicking::try::do_call::hae3703de71fc9e3a
[INFO] [stdout]                                at /rustc/df4ca44d3fbc9301ee17f30f4d474e6ae4b05252/library/std/src/panicking.rs:557:40
[INFO] [stdout]   50:     0x5a7665609a37 - std::panicking::try::h1178330e9a2b2645
[INFO] [stdout]                                at /rustc/df4ca44d3fbc9301ee17f30f4d474e6ae4b05252/library/std/src/panicking.rs:520:19
[INFO] [stdout]   51:     0x5a7665609a37 - std::panic::catch_unwind::h0acf49d2305d32ad
[INFO] [stdout]                                at /rustc/df4ca44d3fbc9301ee17f30f4d474e6ae4b05252/library/std/src/panic.rs:358:14
[INFO] [stdout]   52:     0x5a7665609a37 - std::rt::lang_start_internal::{{closure}}::h2d95182d798177be
[INFO] [stdout]                                at /rustc/df4ca44d3fbc9301ee17f30f4d474e6ae4b05252/library/std/src/rt.rs:174:48
[INFO] [stdout]   53:     0x5a7665609a37 - std::panicking::try::do_call::hb506f5bfe11fd30c
[INFO] [stdout]                                at /rustc/df4ca44d3fbc9301ee17f30f4d474e6ae4b05252/library/std/src/panicking.rs:557:40
[INFO] [stdout]   54:     0x5a7665609a37 - std::panicking::try::h54d825c46bd0fa95
[INFO] [stdout]                                at /rustc/df4ca44d3fbc9301ee17f30f4d474e6ae4b05252/library/std/src/panicking.rs:520:19
[INFO] [stdout]   55:     0x5a7665609a37 - std::panic::catch_unwind::hffbb0ad20c4e9fac
[INFO] [stdout]                                at /rustc/df4ca44d3fbc9301ee17f30f4d474e6ae4b05252/library/std/src/panic.rs:358:14
[INFO] [stdout]   56:     0x5a7665609a37 - std::rt::lang_start_internal::h52c291ef1962c925
[INFO] [stdout]                                at /rustc/df4ca44d3fbc9301ee17f30f4d474e6ae4b05252/library/std/src/rt.rs:174:20
[INFO] [stdout]   57:     0x5a76654ddf67 - std::rt::lang_start::h8c6075cd6f225ba1
[INFO] [stdout]   58:     0x5a76654eafc5 - main
[INFO] [stdout]   59:     0x75a4f8f48d90 - <unknown>
[INFO] [stdout]   60:     0x75a4f8f48e40 - __libc_start_main
[INFO] [stdout]   61:     0x5a76654d4b95 - _start
[INFO] [stdout]   62:                0x0 - <unknown>
[INFO] [stdout] 
[INFO] [stdout] 
[INFO] [stdout] 
[INFO] [stdout] failures:
[INFO] [stdout]     src/lib.rs - (line 8)
[INFO] [stdout] 
[INFO] [stdout] test result: FAILED. 0 passed; 1 failed; 0 ignored; 0 measured; 0 filtered out; finished in 0.62s
[INFO] [stdout] 
[INFO] [stderr] error: doctest failed, to rerun pass `--doc`
[INFO] running `Command { std: "docker" "inspect" "42f88bc201e4286e46fce881e8b8706f64a11e2ab747b1c5bd1be22f1989443b", kill_on_drop: false }`
[INFO] running `Command { std: "docker" "rm" "-f" "42f88bc201e4286e46fce881e8b8706f64a11e2ab747b1c5bd1be22f1989443b", kill_on_drop: false }`
[INFO] [stdout] 42f88bc201e4286e46fce881e8b8706f64a11e2ab747b1c5bd1be22f1989443b
