[INFO] fetching crate structified_enum 0.1.0...
[INFO] testing structified_enum-0.1.0 against nightly-2024-10-28 for randomize-layout
[INFO] extracting crate structified_enum 0.1.0 into /workspace/builds/worker-6-tc1/source
[INFO] validating manifest of crates.io crate structified_enum 0.1.0 on toolchain nightly-2024-10-28
[INFO] running `Command { std: CARGO_HOME="/workspace/cargo-home" RUSTUP_HOME="/workspace/rustup-home" "/workspace/cargo-home/bin/cargo" "+nightly-2024-10-28" "metadata" "--manifest-path" "Cargo.toml" "--no-deps", kill_on_drop: false }`
[INFO] started tweaking crates.io crate structified_enum 0.1.0
[INFO] finished tweaking crates.io crate structified_enum 0.1.0
[INFO] tweaked toml for crates.io crate structified_enum 0.1.0 written to /workspace/builds/worker-6-tc1/source/Cargo.toml
[INFO] running `Command { std: CARGO_HOME="/workspace/cargo-home" RUSTUP_HOME="/workspace/rustup-home" "/workspace/cargo-home/bin/cargo" "+nightly-2024-10-28" "generate-lockfile" "--manifest-path" "Cargo.toml", kill_on_drop: false }`
[INFO] [stderr]     Updating crates.io index
[INFO] [stderr]      Locking 33 packages to latest compatible versions
[INFO] running `Command { std: CARGO_HOME="/workspace/cargo-home" RUSTUP_HOME="/workspace/rustup-home" "/workspace/cargo-home/bin/cargo" "+nightly-2024-10-28" "fetch" "--manifest-path" "Cargo.toml", kill_on_drop: false }`
[INFO] running `Command { std: "docker" "create" "-v" "/var/lib/crater-agent-workspace/builds/worker-6-tc1/target:/opt/rustwide/target:rw,Z" "-v" "/var/lib/crater-agent-workspace/builds/worker-6-tc1/source:/opt/rustwide/workdir:ro,Z" "-v" "/var/lib/crater-agent-workspace/cargo-home:/opt/rustwide/cargo-home:ro,Z" "-v" "/var/lib/crater-agent-workspace/rustup-home:/opt/rustwide/rustup-home:ro,Z" "-e" "SOURCE_DIR=/opt/rustwide/workdir" "-e" "CARGO_TARGET_DIR=/opt/rustwide/target" "-e" "CARGO_HOME=/opt/rustwide/cargo-home" "-e" "RUSTUP_HOME=/opt/rustwide/rustup-home" "-w" "/opt/rustwide/workdir" "-m" "1610612736" "--user" "0:0" "--network" "none" "ghcr.io/rust-lang/crates-build-env/linux@sha256:4a844ea9eb2546a2d2c7022eacef16ef2e8229c7fbb2c7d4d55a9ceca922f72d" "/opt/rustwide/cargo-home/bin/cargo" "+nightly-2024-10-28" "metadata" "--no-deps" "--format-version=1", kill_on_drop: false }`
[INFO] [stdout] e09af82543aaa4a56e0fb4d5ed437ff6b2bb5bc5b404743802bd6cbcbd6b57b2
[INFO] running `Command { std: "docker" "start" "-a" "e09af82543aaa4a56e0fb4d5ed437ff6b2bb5bc5b404743802bd6cbcbd6b57b2", kill_on_drop: false }`
[INFO] running `Command { std: "docker" "inspect" "e09af82543aaa4a56e0fb4d5ed437ff6b2bb5bc5b404743802bd6cbcbd6b57b2", kill_on_drop: false }`
[INFO] running `Command { std: "docker" "rm" "-f" "e09af82543aaa4a56e0fb4d5ed437ff6b2bb5bc5b404743802bd6cbcbd6b57b2", kill_on_drop: false }`
[INFO] [stdout] e09af82543aaa4a56e0fb4d5ed437ff6b2bb5bc5b404743802bd6cbcbd6b57b2
[INFO] running `Command { std: "docker" "create" "-v" "/var/lib/crater-agent-workspace/builds/worker-6-tc1/target:/opt/rustwide/target:rw,Z" "-v" "/var/lib/crater-agent-workspace/builds/worker-6-tc1/source:/opt/rustwide/workdir:ro,Z" "-v" "/var/lib/crater-agent-workspace/cargo-home:/opt/rustwide/cargo-home:ro,Z" "-v" "/var/lib/crater-agent-workspace/rustup-home:/opt/rustwide/rustup-home:ro,Z" "-e" "SOURCE_DIR=/opt/rustwide/workdir" "-e" "CARGO_TARGET_DIR=/opt/rustwide/target" "-e" "CARGO_INCREMENTAL=0" "-e" "RUST_BACKTRACE=full" "-e" "RUSTFLAGS=--cap-lints=forbid" "-e" "RUSTDOCFLAGS=--cap-lints=forbid" "-e" "CARGO_HOME=/opt/rustwide/cargo-home" "-e" "RUSTUP_HOME=/opt/rustwide/rustup-home" "-w" "/opt/rustwide/workdir" "-m" "1610612736" "--user" "0:0" "--network" "none" "ghcr.io/rust-lang/crates-build-env/linux@sha256:4a844ea9eb2546a2d2c7022eacef16ef2e8229c7fbb2c7d4d55a9ceca922f72d" "/opt/rustwide/cargo-home/bin/cargo" "+nightly-2024-10-28" "build" "--frozen" "--message-format=json", kill_on_drop: false }`
[INFO] [stdout] 9cc7200ace50e949256dda2aacb3896ccf58c2194ea0b5869d15269f5395e194
[INFO] running `Command { std: "docker" "start" "-a" "9cc7200ace50e949256dda2aacb3896ccf58c2194ea0b5869d15269f5395e194", kill_on_drop: false }`
[INFO] [stderr]    Compiling syn v2.0.86
[INFO] [stderr]    Compiling structified_enum v0.1.0 (/opt/rustwide/workdir)
[INFO] [stderr]     Finished `dev` profile [unoptimized + debuginfo] target(s) in 3.38s
[INFO] running `Command { std: "docker" "inspect" "9cc7200ace50e949256dda2aacb3896ccf58c2194ea0b5869d15269f5395e194", kill_on_drop: false }`
[INFO] running `Command { std: "docker" "rm" "-f" "9cc7200ace50e949256dda2aacb3896ccf58c2194ea0b5869d15269f5395e194", kill_on_drop: false }`
[INFO] [stdout] 9cc7200ace50e949256dda2aacb3896ccf58c2194ea0b5869d15269f5395e194
[INFO] running `Command { std: "docker" "create" "-v" "/var/lib/crater-agent-workspace/builds/worker-6-tc1/target:/opt/rustwide/target:rw,Z" "-v" "/var/lib/crater-agent-workspace/builds/worker-6-tc1/source:/opt/rustwide/workdir:ro,Z" "-v" "/var/lib/crater-agent-workspace/cargo-home:/opt/rustwide/cargo-home:ro,Z" "-v" "/var/lib/crater-agent-workspace/rustup-home:/opt/rustwide/rustup-home:ro,Z" "-e" "SOURCE_DIR=/opt/rustwide/workdir" "-e" "CARGO_TARGET_DIR=/opt/rustwide/target" "-e" "CARGO_INCREMENTAL=0" "-e" "RUST_BACKTRACE=full" "-e" "RUSTFLAGS=--cap-lints=forbid" "-e" "RUSTDOCFLAGS=--cap-lints=forbid" "-e" "CARGO_HOME=/opt/rustwide/cargo-home" "-e" "RUSTUP_HOME=/opt/rustwide/rustup-home" "-w" "/opt/rustwide/workdir" "-m" "1610612736" "--user" "0:0" "--network" "none" "ghcr.io/rust-lang/crates-build-env/linux@sha256:4a844ea9eb2546a2d2c7022eacef16ef2e8229c7fbb2c7d4d55a9ceca922f72d" "/opt/rustwide/cargo-home/bin/cargo" "+nightly-2024-10-28" "test" "--frozen" "--no-run" "--message-format=json", kill_on_drop: false }`
[INFO] [stdout] 3d5f52768ca19b7b4426022bd3a08fec2f5b471a0d0b867d17c72f8c7388f92a
[INFO] running `Command { std: "docker" "start" "-a" "3d5f52768ca19b7b4426022bd3a08fec2f5b471a0d0b867d17c72f8c7388f92a", kill_on_drop: false }`
[INFO] [stderr]    Compiling proc-macro2 v1.0.89
[INFO] [stderr]    Compiling unicode-ident v1.0.13
[INFO] [stderr]    Compiling target-triple v0.1.3
[INFO] [stderr]    Compiling winnow v0.6.20
[INFO] [stderr]    Compiling glob v0.3.1
[INFO] [stderr]    Compiling termcolor v1.4.1
[INFO] [stderr]    Compiling toml_datetime v0.6.8
[INFO] [stderr]    Compiling serde_spanned v0.6.8
[INFO] [stderr]    Compiling indexmap v2.6.0
[INFO] [stderr]    Compiling quote v1.0.37
[INFO] [stderr]    Compiling syn v2.0.86
[INFO] [stderr]    Compiling toml_edit v0.22.22
[INFO] [stderr]    Compiling toml v0.8.19
[INFO] [stderr]    Compiling serde_derive v1.0.214
[INFO] [stderr]    Compiling structified_enum v0.1.0 (/opt/rustwide/workdir)
[INFO] [stderr]    Compiling trybuild v1.0.101
[INFO] [stderr]     Finished `test` profile [unoptimized + debuginfo] target(s) in 9.08s
[INFO] running `Command { std: "docker" "inspect" "3d5f52768ca19b7b4426022bd3a08fec2f5b471a0d0b867d17c72f8c7388f92a", kill_on_drop: false }`
[INFO] running `Command { std: "docker" "rm" "-f" "3d5f52768ca19b7b4426022bd3a08fec2f5b471a0d0b867d17c72f8c7388f92a", kill_on_drop: false }`
[INFO] [stdout] 3d5f52768ca19b7b4426022bd3a08fec2f5b471a0d0b867d17c72f8c7388f92a
[INFO] running `Command { std: "docker" "create" "-v" "/var/lib/crater-agent-workspace/builds/worker-6-tc1/target:/opt/rustwide/target:rw,Z" "-v" "/var/lib/crater-agent-workspace/builds/worker-6-tc1/source:/opt/rustwide/workdir:ro,Z" "-v" "/var/lib/crater-agent-workspace/cargo-home:/opt/rustwide/cargo-home:ro,Z" "-v" "/var/lib/crater-agent-workspace/rustup-home:/opt/rustwide/rustup-home:ro,Z" "-e" "SOURCE_DIR=/opt/rustwide/workdir" "-e" "CARGO_TARGET_DIR=/opt/rustwide/target" "-e" "CARGO_INCREMENTAL=0" "-e" "RUST_BACKTRACE=full" "-e" "RUSTFLAGS=--cap-lints=forbid" "-e" "RUSTDOCFLAGS=--cap-lints=forbid" "-e" "CARGO_HOME=/opt/rustwide/cargo-home" "-e" "RUSTUP_HOME=/opt/rustwide/rustup-home" "-w" "/opt/rustwide/workdir" "-m" "1610612736" "--user" "0:0" "--network" "none" "ghcr.io/rust-lang/crates-build-env/linux@sha256:4a844ea9eb2546a2d2c7022eacef16ef2e8229c7fbb2c7d4d55a9ceca922f72d" "/opt/rustwide/cargo-home/bin/cargo" "+nightly-2024-10-28" "test" "--frozen", kill_on_drop: false }`
[INFO] [stdout] 4f74f25c7365531dc00498391cdc7c0f8aafe5d5bdae4cee6224ef35460c2d6f
[INFO] running `Command { std: "docker" "start" "-a" "4f74f25c7365531dc00498391cdc7c0f8aafe5d5bdae4cee6224ef35460c2d6f", kill_on_drop: false }`
[INFO] [stderr]     Finished `test` profile [unoptimized + debuginfo] target(s) in 0.02s
[INFO] [stderr]      Running unittests src/lib.rs (/opt/rustwide/target/debug/deps/structified_enum-cd9f65131a25d0f1)
[INFO] [stdout] 
[INFO] [stdout] running 0 tests
[INFO] [stdout] 
[INFO] [stdout] test result: ok. 0 passed; 0 failed; 0 ignored; 0 measured; 0 filtered out; finished in 0.00s
[INFO] [stdout] 
[INFO] [stderr]      Running tests/01-discriminant.rs (/opt/rustwide/target/debug/deps/01_discriminant-aac0d0293e26ccfb)
[INFO] [stdout] 
[INFO] [stdout] running 2 tests
[INFO] [stdout] test test_explicit_discriminant ... ok
[INFO] [stdout] test test_implicit_discriminant ... ok
[INFO] [stdout] 
[INFO] [stdout] test result: ok. 2 passed; 0 failed; 0 ignored; 0 measured; 0 filtered out; finished in 0.00s
[INFO] [stdout] 
[INFO] [stderr]      Running tests/02-repr.rs (/opt/rustwide/target/debug/deps/02_repr-46fdd0871f238a46)
[INFO] [stdout] 
[INFO] [stdout] running 0 tests
[INFO] [stdout] 
[INFO] [stdout] test result: ok. 0 passed; 0 failed; 0 ignored; 0 measured; 0 filtered out; finished in 0.00s
[INFO] [stdout] 
[INFO] [stderr]      Running tests/03-impl-debug.rs (/opt/rustwide/target/debug/deps/03_impl_debug-3fc6c0de6067d202)
[INFO] [stdout] 
[INFO] [stdout] running 1 test
[INFO] [stdout] test test_debug_impl ... ok
[INFO] [stdout] 
[INFO] [stdout] test result: ok. 1 passed; 0 failed; 0 ignored; 0 measured; 0 filtered out; finished in 0.00s
[INFO] [stdout] 
[INFO] [stderr]      Running tests/04-impl-default.rs (/opt/rustwide/target/debug/deps/04_impl_default-67d314338a478bc7)
[INFO] [stdout] 
[INFO] [stdout] running 1 test
[INFO] [stdout] test test_impl_default ... ok
[INFO] [stdout] 
[INFO] [stdout] test result: ok. 1 passed; 0 failed; 0 ignored; 0 measured; 0 filtered out; finished in 0.00s
[INFO] [stdout] 
[INFO] [stderr]      Running tests/05-impl-eq.rs (/opt/rustwide/target/debug/deps/05_impl_eq-beb1d3edfa96f447)
[INFO] [stdout] 
[INFO] [stdout] running 2 tests
[INFO] [stdout] test test_eq ... ok
[INFO] [stdout] test test_pattern_match ... ok
[INFO] [stdout] 
[INFO] [stdout] test result: ok. 2 passed; 0 failed; 0 ignored; 0 measured; 0 filtered out; finished in 0.00s
[INFO] [stdout] 
[INFO] [stderr]      Running tests/06-cfg-attribute.rs (/opt/rustwide/target/debug/deps/06_cfg_attribute-fa15afeeddc68163)
[INFO] [stdout] 
[INFO] [stdout] running 0 tests
[INFO] [stdout] 
[INFO] [stdout] test result: ok. 0 passed; 0 failed; 0 ignored; 0 measured; 0 filtered out; finished in 0.00s
[INFO] [stdout] 
[INFO] [stderr]      Running tests/test-compile.rs (/opt/rustwide/target/debug/deps/test_compile-932d2f1c0a44d6fc)
[INFO] [stdout] 
[INFO] [stdout] running 1 test
[INFO] [stderr]    Compiling proc-macro2 v1.0.89
[INFO] [stderr]    Compiling unicode-ident v1.0.13
[INFO] [stderr]    Compiling quote v1.0.37
[INFO] [stderr]    Compiling syn v2.0.86
[INFO] [stderr]    Compiling structified_enum v0.1.0 (/opt/rustwide/workdir)
[INFO] [stderr]    Compiling structified_enum-tests v0.0.0 (/opt/rustwide/target/tests/trybuild/structified_enum)
[INFO] [stderr]     Finished `dev` profile [unoptimized + debuginfo] target(s) in 5.00s
[INFO] [stderr] 
[INFO] [stderr] 
[INFO] [stderr] test tests/01-discriminant.rs [should pass] ... ok
[INFO] [stderr] test tests/02-repr.rs [should pass] ... ok
[INFO] [stderr] test tests/03-impl-debug.rs [should pass] ... ok
[INFO] [stderr] test tests/04-impl-default.rs [should pass] ... ok
[INFO] [stderr] test tests/05-impl-eq.rs [should pass] ... ok
[INFO] [stderr] test tests/06-cfg-attribute.rs [should pass] ... ok
[INFO] [stderr] test tests/failed/01-repr-failed.rs [should fail to compile] ... mismatch
[INFO] [stderr] 
[INFO] [stderr] EXPECTED:
[INFO] [stderr] ┈┈┈┈┈┈┈┈┈┈┈┈┈┈┈┈┈┈┈┈┈┈┈┈┈┈┈┈┈┈┈┈┈┈┈┈┈┈┈┈┈┈┈┈┈┈┈┈┈┈┈┈┈┈┈┈┈┈┈┈
[INFO] [stderr] error: conflicting representation hints
[INFO] [stderr]  --> tests/failed/01-repr-failed.rs:4:13
[INFO] [stderr]   |
[INFO] [stderr] 4 | #[repr(i32, i64)]
[INFO] [stderr]   |             ^^^
[INFO] [stderr] 
[INFO] [stderr] error[E0692]: transparent struct cannot have other repr hints
[INFO] [stderr]  --> tests/failed/01-repr-failed.rs:8:8
[INFO] [stderr]   |
[INFO] [stderr] 8 | #[repr(C, transparent)]
[INFO] [stderr]   |        ^  ^^^^^^^^^^^
[INFO] [stderr] 
[INFO] [stderr] error[E0692]: transparent struct cannot have other repr hints
[INFO] [stderr]   --> tests/failed/01-repr-failed.rs:12:8
[INFO] [stderr]    |
[INFO] [stderr] 12 | #[repr(transparent, transparent)]
[INFO] [stderr]    |        ^^^^^^^^^^^  ^^^^^^^^^^^
[INFO] [stderr] 
[INFO] [stderr] error[E0600]: cannot apply unary operator `-` to type `u64`
[INFO] [stderr]   --> tests/failed/01-repr-failed.rs:17:23
[INFO] [stderr]    |
[INFO] [stderr] 17 | enum UnsizeRepr { A = -1 }
[INFO] [stderr]    |                       ^^
[INFO] [stderr]    |                       |
[INFO] [stderr]    |                       cannot apply unary operator `-`
[INFO] [stderr]    |                       help: you may have meant the maximum value of `u64`: `u64::MAX`
[INFO] [stderr]    |
[INFO] [stderr]    = note: unsigned values cannot be negated
[INFO] [stderr] ┈┈┈┈┈┈┈┈┈┈┈┈┈┈┈┈┈┈┈┈┈┈┈┈┈┈┈┈┈┈┈┈┈┈┈┈┈┈┈┈┈┈┈┈┈┈┈┈┈┈┈┈┈┈┈┈┈┈┈┈
[INFO] [stderr] 
[INFO] [stderr] ACTUAL OUTPUT:
[INFO] [stderr] ┈┈┈┈┈┈┈┈┈┈┈┈┈┈┈┈┈┈┈┈┈┈┈┈┈┈┈┈┈┈┈┈┈┈┈┈┈┈┈┈┈┈┈┈┈┈┈┈┈┈┈┈┈┈┈┈┈┈┈┈
[INFO] [stderr] error: conflicting representation hints
[INFO] [stderr]  --> tests/failed/01-repr-failed.rs:4:13
[INFO] [stderr]   |
[INFO] [stderr] 4 | #[repr(i32, i64)]
[INFO] [stderr]   |             ^^^
[INFO] [stderr] 
[INFO] [stderr] error[E0692]: transparent struct cannot have other repr hints
[INFO] [stderr]  --> tests/failed/01-repr-failed.rs:8:8
[INFO] [stderr]   |
[INFO] [stderr] 8 | #[repr(C, transparent)]
[INFO] [stderr]   |        ^  ^^^^^^^^^^^
[INFO] [stderr] 
[INFO] [stderr] error[E0692]: transparent struct cannot have other repr hints
[INFO] [stderr]   --> tests/failed/01-repr-failed.rs:12:8
[INFO] [stderr]    |
[INFO] [stderr] 12 | #[repr(transparent, transparent)]
[INFO] [stderr]    |        ^^^^^^^^^^^  ^^^^^^^^^^^
[INFO] [stderr] 
[INFO] [stderr] error[E0600]: cannot apply unary operator `-` to type `u64`
[INFO] [stderr]   --> tests/failed/01-repr-failed.rs:17:23
[INFO] [stderr]    |
[INFO] [stderr] 17 | enum UnsizeRepr { A = -1 }
[INFO] [stderr]    |                       ^^ cannot apply unary operator `-`
[INFO] [stderr]    |
[INFO] [stderr]    = note: unsigned values cannot be negated
[INFO] [stderr] help: you may have meant the maximum value of `u64`
[INFO] [stderr]    |
[INFO] [stderr] 17 | enum UnsizeRepr { A = u64::MAX }
[INFO] [stderr]    |                       ~~~~~~~~
[INFO] [stderr] ┈┈┈┈┈┈┈┈┈┈┈┈┈┈┈┈┈┈┈┈┈┈┈┈┈┈┈┈┈┈┈┈┈┈┈┈┈┈┈┈┈┈┈┈┈┈┈┈┈┈┈┈┈┈┈┈┈┈┈┈
[INFO] [stderr] note: If the actual output is the correct output you can bless it by rerunning
[INFO] [stderr]       your test with the environment variable TRYBUILD=overwrite
[INFO] [stderr] 
[INFO] [stderr] test tests/failed/02-unsupported-derive.rs [should fail to compile] ... ok
[INFO] [stderr] test tests/failed/03-unsupported-attribute.rs [should fail to compile] ... mismatch
[INFO] [stderr] 
[INFO] [stderr] EXPECTED:
[INFO] [stderr] ┈┈┈┈┈┈┈┈┈┈┈┈┈┈┈┈┈┈┈┈┈┈┈┈┈┈┈┈┈┈┈┈┈┈┈┈┈┈┈┈┈┈┈┈┈┈┈┈┈┈┈┈┈┈┈┈┈┈┈┈
[INFO] [stderr] error: unsupported attribute. It only supports `#[repr]` and `#[derive]`
[INFO] [stderr]  --> tests/failed/03-unsupported-attribute.rs:4:1
[INFO] [stderr]   |
[INFO] [stderr] 4 | #[other_attr]
[INFO] [stderr]   | ^
[INFO] [stderr] 
[INFO] [stderr] error: unsupported attribute
[INFO] [stderr]  --> tests/failed/03-unsupported-attribute.rs:9:5
[INFO] [stderr]   |
[INFO] [stderr] 9 |     #[other_attr]
[INFO] [stderr]   |     ^
[INFO] [stderr] ┈┈┈┈┈┈┈┈┈┈┈┈┈┈┈┈┈┈┈┈┈┈┈┈┈┈┈┈┈┈┈┈┈┈┈┈┈┈┈┈┈┈┈┈┈┈┈┈┈┈┈┈┈┈┈┈┈┈┈┈
[INFO] [stderr] 
[INFO] [stderr] ACTUAL OUTPUT:
[INFO] [stderr] ┈┈┈┈┈┈┈┈┈┈┈┈┈┈┈┈┈┈┈┈┈┈┈┈┈┈┈┈┈┈┈┈┈┈┈┈┈┈┈┈┈┈┈┈┈┈┈┈┈┈┈┈┈┈┈┈┈┈┈┈
[INFO] [stderr] error: unsupported attribute. It only supports `#[repr]` and `#[derive]`
[INFO] [stderr]  --> tests/failed/03-unsupported-attribute.rs:4:1
[INFO] [stderr]   |
[INFO] [stderr] 4 | #[other_attr]
[INFO] [stderr]   | ^^^^^^^^^^^^^
[INFO] [stderr] 
[INFO] [stderr] error: unsupported attribute
[INFO] [stderr]  --> tests/failed/03-unsupported-attribute.rs:9:5
[INFO] [stderr]   |
[INFO] [stderr] 9 |     #[other_attr]
[INFO] [stderr]   |     ^^^^^^^^^^^^^
[INFO] [stderr] ┈┈┈┈┈┈┈┈┈┈┈┈┈┈┈┈┈┈┈┈┈┈┈┈┈┈┈┈┈┈┈┈┈┈┈┈┈┈┈┈┈┈┈┈┈┈┈┈┈┈┈┈┈┈┈┈┈┈┈┈
[INFO] [stderr] note: If the actual output is the correct output you can bless it by rerunning
[INFO] [stderr]       your test with the environment variable TRYBUILD=overwrite
[INFO] [stderr] 
[INFO] [stderr] test tests/failed/04-unsupported-variant.rs [should fail to compile] ... mismatch
[INFO] [stderr] 
[INFO] [stderr] EXPECTED:
[INFO] [stderr] ┈┈┈┈┈┈┈┈┈┈┈┈┈┈┈┈┈┈┈┈┈┈┈┈┈┈┈┈┈┈┈┈┈┈┈┈┈┈┈┈┈┈┈┈┈┈┈┈┈┈┈┈┈┈┈┈┈┈┈┈
[INFO] [stderr] error: unsupported variant. It only supports unit variant
[INFO] [stderr]  --> tests/failed/04-unsupported-variant.rs:5:5
[INFO] [stderr]   |
[INFO] [stderr] 5 |     A()
[INFO] [stderr]   |     ^
[INFO] [stderr] 
[INFO] [stderr] error: unsupported variant. It only supports unit variant
[INFO] [stderr]   --> tests/failed/04-unsupported-variant.rs:10:5
[INFO] [stderr]    |
[INFO] [stderr] 10 |     Bar {}
[INFO] [stderr]    |     ^^^
[INFO] [stderr] ┈┈┈┈┈┈┈┈┈┈┈┈┈┈┈┈┈┈┈┈┈┈┈┈┈┈┈┈┈┈┈┈┈┈┈┈┈┈┈┈┈┈┈┈┈┈┈┈┈┈┈┈┈┈┈┈┈┈┈┈
[INFO] [stderr] 
[INFO] [stderr] ACTUAL OUTPUT:
[INFO] [stderr] ┈┈┈┈┈┈┈┈┈┈┈┈┈┈┈┈┈┈┈┈┈┈┈┈┈┈┈┈┈┈┈┈┈┈┈┈┈┈┈┈┈┈┈┈┈┈┈┈┈┈┈┈┈┈┈┈┈┈┈┈
[INFO] [stderr] error: unsupported variant. It only supports unit variant
[INFO] [stderr]  --> tests/failed/04-unsupported-variant.rs:5:5
[INFO] [stderr]   |
[INFO] [stderr] 5 |     A()
[INFO] [stderr]   |     ^^^
[INFO] [stderr] 
[INFO] [stderr] error: unsupported variant. It only supports unit variant
[INFO] [stderr]   --> tests/failed/04-unsupported-variant.rs:10:5
[INFO] [stderr]    |
[INFO] [stderr] 10 |     Bar {}
[INFO] [stderr]    |     ^^^^^^
[INFO] [stderr] ┈┈┈┈┈┈┈┈┈┈┈┈┈┈┈┈┈┈┈┈┈┈┈┈┈┈┈┈┈┈┈┈┈┈┈┈┈┈┈┈┈┈┈┈┈┈┈┈┈┈┈┈┈┈┈┈┈┈┈┈
[INFO] [stderr] note: If the actual output is the correct output you can bless it by rerunning
[INFO] [stderr]       your test with the environment variable TRYBUILD=overwrite
[INFO] [stderr] 
[INFO] [stderr] test tests/failed/06-unsupported-type.rs [should fail to compile] ... ok
[INFO] [stderr] test tests/failed/07-discriminant.rs [should fail to compile] ... ok
[INFO] [stderr] 
[INFO] [stderr] 
[INFO] [stdout] test test_compile_fail ... FAILED
[INFO] [stdout] 
[INFO] [stdout] failures:
[INFO] [stdout] 
[INFO] [stdout] ---- test_compile_fail stdout ----
[INFO] [stdout] thread 'test_compile_fail' panicked at /opt/rustwide/cargo-home/registry/src/index.crates.io-6f17d22bba15001f/trybuild-1.0.101/src/run.rs:101:13:
[INFO] [stdout] 3 of 12 tests failed
[INFO] [stdout] stack backtrace:
[INFO] [stdout]    0:     0x64783e59853a - std::backtrace_rs::backtrace::libunwind::trace::h207520d6e9873551
[INFO] [stdout]                                at /rustc/df4ca44d3fbc9301ee17f30f4d474e6ae4b05252/library/std/src/../../backtrace/src/backtrace/libunwind.rs:116:5
[INFO] [stdout]    1:     0x64783e59853a - std::backtrace_rs::backtrace::trace_unsynchronized::h2ed7433f370e3eca
[INFO] [stdout]                                at /rustc/df4ca44d3fbc9301ee17f30f4d474e6ae4b05252/library/std/src/../../backtrace/src/backtrace/mod.rs:66:5
[INFO] [stdout]    2:     0x64783e59853a - std::sys::backtrace::_print_fmt::h916fac51166b18d7
[INFO] [stdout]                                at /rustc/df4ca44d3fbc9301ee17f30f4d474e6ae4b05252/library/std/src/sys/backtrace.rs:66:9
[INFO] [stdout]    3:     0x64783e59853a - <std::sys::backtrace::BacktraceLock::print::DisplayBacktrace as core::fmt::Display>::fmt::ha0a4c9b8ce3802e6
[INFO] [stdout]                                at /rustc/df4ca44d3fbc9301ee17f30f4d474e6ae4b05252/library/std/src/sys/backtrace.rs:39:26
[INFO] [stdout]    4:     0x64783e5c29e3 - core::fmt::rt::Argument::fmt::h4cfc8587d52b3eb5
[INFO] [stdout]                                at /rustc/df4ca44d3fbc9301ee17f30f4d474e6ae4b05252/library/core/src/fmt/rt.rs:177:76
[INFO] [stdout]    5:     0x64783e5c29e3 - core::fmt::write::h522cc39e5b36ae9f
[INFO] [stdout]                                at /rustc/df4ca44d3fbc9301ee17f30f4d474e6ae4b05252/library/core/src/fmt/mod.rs:1190:21
[INFO] [stdout]    6:     0x64783e594573 - std::io::Write::write_fmt::h7d3c26752da97734
[INFO] [stdout]                                at /rustc/df4ca44d3fbc9301ee17f30f4d474e6ae4b05252/library/std/src/io/mod.rs:1839:15
[INFO] [stdout]    7:     0x64783e598382 - std::sys::backtrace::BacktraceLock::print::h4b9e00b29e9c0942
[INFO] [stdout]                                at /rustc/df4ca44d3fbc9301ee17f30f4d474e6ae4b05252/library/std/src/sys/backtrace.rs:42:9
[INFO] [stdout]    8:     0x64783e599fca - std::panicking::default_hook::{{closure}}::hb59b88280d0324d9
[INFO] [stdout]                                at /rustc/df4ca44d3fbc9301ee17f30f4d474e6ae4b05252/library/std/src/panicking.rs:268:22
[INFO] [stdout]    9:     0x64783e599dd4 - std::panicking::default_hook::he1dd496665be4a29
[INFO] [stdout]                                at /rustc/df4ca44d3fbc9301ee17f30f4d474e6ae4b05252/library/std/src/panicking.rs:292:9
[INFO] [stdout]   10:     0x64783e2abd09 - <alloc::boxed::Box<F,A> as core::ops::function::Fn<Args>>::call::h4ff71de18744e1dc
[INFO] [stdout]                                at /rustc/df4ca44d3fbc9301ee17f30f4d474e6ae4b05252/library/alloc/src/boxed.rs:2468:9
[INFO] [stdout]   11:     0x64783e2abd09 - test::test_main::{{closure}}::hcf7c055ce117aa81
[INFO] [stdout]                                at /rustc/df4ca44d3fbc9301ee17f30f4d474e6ae4b05252/library/test/src/lib.rs:133:21
[INFO] [stdout]   12:     0x64783e59a6c8 - <alloc::boxed::Box<F,A> as core::ops::function::Fn<Args>>::call::h1d66c6bbd60c9692
[INFO] [stdout]                                at /rustc/df4ca44d3fbc9301ee17f30f4d474e6ae4b05252/library/alloc/src/boxed.rs:2468:9
[INFO] [stdout]   13:     0x64783e59a6c8 - std::panicking::rust_panic_with_hook::h2ff17fe8f26dfcf8
[INFO] [stdout]                                at /rustc/df4ca44d3fbc9301ee17f30f4d474e6ae4b05252/library/std/src/panicking.rs:809:13
[INFO] [stdout]   14:     0x64783e59a48a - std::panicking::begin_panic_handler::{{closure}}::h4fad77951c07e101
[INFO] [stdout]                                at /rustc/df4ca44d3fbc9301ee17f30f4d474e6ae4b05252/library/std/src/panicking.rs:674:13
[INFO] [stdout]   15:     0x64783e598a19 - std::sys::backtrace::__rust_end_short_backtrace::hb1a25b3da5d0ea08
[INFO] [stdout]                                at /rustc/df4ca44d3fbc9301ee17f30f4d474e6ae4b05252/library/std/src/sys/backtrace.rs:170:18
[INFO] [stdout]   16:     0x64783e59a11c - rust_begin_unwind
[INFO] [stdout]                                at /rustc/df4ca44d3fbc9301ee17f30f4d474e6ae4b05252/library/std/src/panicking.rs:665:5
[INFO] [stdout]   17:     0x64783e5c0d90 - core::panicking::panic_fmt::ha9db07b529f9b256
[INFO] [stdout]                                at /rustc/df4ca44d3fbc9301ee17f30f4d474e6ae4b05252/library/core/src/panicking.rs:75:14
[INFO] [stdout]   18:     0x64783e2c4a4f - trybuild::run::<impl trybuild::Runner>::run::h220d146e2e5727e4
[INFO] [stdout]                                at /opt/rustwide/cargo-home/registry/src/index.crates.io-6f17d22bba15001f/trybuild-1.0.101/src/run.rs:101:13
[INFO] [stdout]   19:     0x64783e2c9f68 - <trybuild::TestCases as core::ops::drop::Drop>::drop::h4df1af05e02abf00
[INFO] [stdout]                                at /opt/rustwide/cargo-home/registry/src/index.crates.io-6f17d22bba15001f/trybuild-1.0.101/src/lib.rs:340:13
[INFO] [stdout]   20:     0x64783e2714e7 - core::ptr::drop_in_place<trybuild::TestCases>::h91a9e553fac2e25b
[INFO] [stdout]                                at /rustc/df4ca44d3fbc9301ee17f30f4d474e6ae4b05252/library/core/src/ptr/mod.rs:521:1
[INFO] [stdout]   21:     0x64783e271d8b - test_compile::test_compile_fail::hd36d85bf57cbe71f
[INFO] [stdout]                                at /opt/rustwide/workdir/tests/test-compile.rs:8:1
[INFO] [stdout]   22:     0x64783e271d07 - test_compile::test_compile_fail::{{closure}}::h997b0433330bec4c
[INFO] [stdout]                                at /opt/rustwide/workdir/tests/test-compile.rs:4:23
[INFO] [stdout]   23:     0x64783e271486 - core::ops::function::FnOnce::call_once::h928cad38c9fdc179
[INFO] [stdout]                                at /rustc/df4ca44d3fbc9301ee17f30f4d474e6ae4b05252/library/core/src/ops/function.rs:250:5
[INFO] [stdout]   24:     0x64783e2b05db - core::ops::function::FnOnce::call_once::h22c3ba5715e93f05
[INFO] [stdout]                                at /rustc/df4ca44d3fbc9301ee17f30f4d474e6ae4b05252/library/core/src/ops/function.rs:250:5
[INFO] [stdout]   25:     0x64783e2b05db - test::__rust_begin_short_backtrace::h8e82d8113d0da17f
[INFO] [stdout]                                at /rustc/df4ca44d3fbc9301ee17f30f4d474e6ae4b05252/library/test/src/lib.rs:621:18
[INFO] [stdout]   26:     0x64783e2aff57 - test::run_test_in_process::{{closure}}::h33235f4f20b7b7c7
[INFO] [stdout]                                at /rustc/df4ca44d3fbc9301ee17f30f4d474e6ae4b05252/library/test/src/lib.rs:644:60
[INFO] [stdout]   27:     0x64783e2aff57 - <core::panic::unwind_safe::AssertUnwindSafe<F> as core::ops::function::FnOnce<()>>::call_once::hb5043206310c586f
[INFO] [stdout]                                at /rustc/df4ca44d3fbc9301ee17f30f4d474e6ae4b05252/library/core/src/panic/unwind_safe.rs:272:9
[INFO] [stdout]   28:     0x64783e2aff57 - std::panicking::try::do_call::h9ad4731a60ab23e2
[INFO] [stdout]                                at /rustc/df4ca44d3fbc9301ee17f30f4d474e6ae4b05252/library/std/src/panicking.rs:557:40
[INFO] [stdout]   29:     0x64783e2aff57 - std::panicking::try::h3824d23db772a716
[INFO] [stdout]                                at /rustc/df4ca44d3fbc9301ee17f30f4d474e6ae4b05252/library/std/src/panicking.rs:520:19
[INFO] [stdout]   30:     0x64783e2aff57 - std::panic::catch_unwind::h5afd514605fde46b
[INFO] [stdout]                                at /rustc/df4ca44d3fbc9301ee17f30f4d474e6ae4b05252/library/std/src/panic.rs:358:14
[INFO] [stdout]   31:     0x64783e2aff57 - test::run_test_in_process::h0d5cbfa7067d1720
[INFO] [stdout]                                at /rustc/df4ca44d3fbc9301ee17f30f4d474e6ae4b05252/library/test/src/lib.rs:644:27
[INFO] [stdout]   32:     0x64783e2aff57 - test::run_test::{{closure}}::h708eb8872708115d
[INFO] [stdout]                                at /rustc/df4ca44d3fbc9301ee17f30f4d474e6ae4b05252/library/test/src/lib.rs:565:43
[INFO] [stdout]   33:     0x64783e273674 - test::run_test::{{closure}}::h392c51cee94713ab
[INFO] [stdout]                                at /rustc/df4ca44d3fbc9301ee17f30f4d474e6ae4b05252/library/test/src/lib.rs:595:41
[INFO] [stdout]   34:     0x64783e273674 - std::sys::backtrace::__rust_begin_short_backtrace::h2f40290710935a8b
[INFO] [stdout]                                at /rustc/df4ca44d3fbc9301ee17f30f4d474e6ae4b05252/library/std/src/sys/backtrace.rs:154:18
[INFO] [stdout]   35:     0x64783e276e1e - std::thread::Builder::spawn_unchecked_::{{closure}}::{{closure}}::h3fd968d89053a903
[INFO] [stdout]                                at /rustc/df4ca44d3fbc9301ee17f30f4d474e6ae4b05252/library/std/src/thread/mod.rs:541:17
[INFO] [stdout]   36:     0x64783e276e1e - <core::panic::unwind_safe::AssertUnwindSafe<F> as core::ops::function::FnOnce<()>>::call_once::h743f637ba4229880
[INFO] [stdout]                                at /rustc/df4ca44d3fbc9301ee17f30f4d474e6ae4b05252/library/core/src/panic/unwind_safe.rs:272:9
[INFO] [stdout]   37:     0x64783e276e1e - std::panicking::try::do_call::h07440897322525a6
[INFO] [stdout]                                at /rustc/df4ca44d3fbc9301ee17f30f4d474e6ae4b05252/library/std/src/panicking.rs:557:40
[INFO] [stdout]   38:     0x64783e276e1e - std::panicking::try::he5a2e00188156637
[INFO] [stdout]                                at /rustc/df4ca44d3fbc9301ee17f30f4d474e6ae4b05252/library/std/src/panicking.rs:520:19
[INFO] [stdout]   39:     0x64783e276e1e - std::panic::catch_unwind::hbaf3cae49b3c6433
[INFO] [stdout]                                at /rustc/df4ca44d3fbc9301ee17f30f4d474e6ae4b05252/library/std/src/panic.rs:358:14
[INFO] [stdout]   40:     0x64783e276e1e - std::thread::Builder::spawn_unchecked_::{{closure}}::h8e141ea224820bce
[INFO] [stdout]                                at /rustc/df4ca44d3fbc9301ee17f30f4d474e6ae4b05252/library/std/src/thread/mod.rs:540:30
[INFO] [stdout]   41:     0x64783e276e1e - core::ops::function::FnOnce::call_once{{vtable.shim}}::h90d312fedd7b8ea8
[INFO] [stdout]                                at /rustc/df4ca44d3fbc9301ee17f30f4d474e6ae4b05252/library/core/src/ops/function.rs:250:5
[INFO] [stdout]   42:     0x64783e59f48b - <alloc::boxed::Box<F,A> as core::ops::function::FnOnce<Args>>::call_once::h69aa08ddb6adb8b6
[INFO] [stdout]                                at /rustc/df4ca44d3fbc9301ee17f30f4d474e6ae4b05252/library/alloc/src/boxed.rs:2454:9
[INFO] [stdout]   43:     0x64783e59f48b - <alloc::boxed::Box<F,A> as core::ops::function::FnOnce<Args>>::call_once::h5aa36efdb79c806f
[INFO] [stdout]                                at /rustc/df4ca44d3fbc9301ee17f30f4d474e6ae4b05252/library/alloc/src/boxed.rs:2454:9
[INFO] [stdout]   44:     0x64783e59f48b - std::sys::pal::unix::thread::Thread::new::thread_start::h6cd80a1b4be5158d
[INFO] [stdout]                                at /rustc/df4ca44d3fbc9301ee17f30f4d474e6ae4b05252/library/std/src/sys/pal/unix/thread.rs:105:17
[INFO] [stdout]   45:     0x76470388fac3 - <unknown>
[INFO] [stdout]   46:     0x764703920a04 - clone
[INFO] [stdout]   47:                0x0 - <unknown>
[INFO] [stdout] 
[INFO] [stdout] 
[INFO] [stdout] failures:
[INFO] [stdout]     test_compile_fail
[INFO] [stdout] 
[INFO] [stdout] test result: FAILED. 0 passed; 1 failed; 0 ignored; 0 measured; 0 filtered out; finished in 6.58s
[INFO] [stdout] 
[INFO] [stderr] error: test failed, to rerun pass `--test test-compile`
[INFO] running `Command { std: "docker" "inspect" "4f74f25c7365531dc00498391cdc7c0f8aafe5d5bdae4cee6224ef35460c2d6f", kill_on_drop: false }`
[INFO] running `Command { std: "docker" "rm" "-f" "4f74f25c7365531dc00498391cdc7c0f8aafe5d5bdae4cee6224ef35460c2d6f", kill_on_drop: false }`
[INFO] [stdout] 4f74f25c7365531dc00498391cdc7c0f8aafe5d5bdae4cee6224ef35460c2d6f
