[INFO] fetching crate string32 0.2.0...
[INFO] testing string32-0.2.0 against nightly-2024-10-28 for randomize-layout
[INFO] extracting crate string32 0.2.0 into /workspace/builds/worker-4-tc1/source
[INFO] validating manifest of crates.io crate string32 0.2.0 on toolchain nightly-2024-10-28
[INFO] running `Command { std: CARGO_HOME="/workspace/cargo-home" RUSTUP_HOME="/workspace/rustup-home" "/workspace/cargo-home/bin/cargo" "+nightly-2024-10-28" "metadata" "--manifest-path" "Cargo.toml" "--no-deps", kill_on_drop: false }`
[INFO] started tweaking crates.io crate string32 0.2.0
[INFO] finished tweaking crates.io crate string32 0.2.0
[INFO] tweaked toml for crates.io crate string32 0.2.0 written to /workspace/builds/worker-4-tc1/source/Cargo.toml
[INFO] running `Command { std: CARGO_HOME="/workspace/cargo-home" RUSTUP_HOME="/workspace/rustup-home" "/workspace/cargo-home/bin/cargo" "+nightly-2024-10-28" "generate-lockfile" "--manifest-path" "Cargo.toml", kill_on_drop: false }`
[INFO] [stderr]     Updating crates.io index
[INFO] [stderr]      Locking 2 packages to latest compatible versions
[INFO] running `Command { std: CARGO_HOME="/workspace/cargo-home" RUSTUP_HOME="/workspace/rustup-home" "/workspace/cargo-home/bin/cargo" "+nightly-2024-10-28" "fetch" "--manifest-path" "Cargo.toml", kill_on_drop: false }`
[INFO] [stderr]  Downloading crates ...
[INFO] [stderr]   Downloaded usize_cast v1.1.0
[INFO] [stderr]   Downloaded mediumvec v1.3.0
[INFO] running `Command { std: "docker" "create" "-v" "/var/lib/crater-agent-workspace/builds/worker-4-tc1/target:/opt/rustwide/target:rw,Z" "-v" "/var/lib/crater-agent-workspace/builds/worker-4-tc1/source:/opt/rustwide/workdir:ro,Z" "-v" "/var/lib/crater-agent-workspace/cargo-home:/opt/rustwide/cargo-home:ro,Z" "-v" "/var/lib/crater-agent-workspace/rustup-home:/opt/rustwide/rustup-home:ro,Z" "-e" "SOURCE_DIR=/opt/rustwide/workdir" "-e" "CARGO_TARGET_DIR=/opt/rustwide/target" "-e" "CARGO_HOME=/opt/rustwide/cargo-home" "-e" "RUSTUP_HOME=/opt/rustwide/rustup-home" "-w" "/opt/rustwide/workdir" "-m" "1610612736" "--user" "0:0" "--network" "none" "ghcr.io/rust-lang/crates-build-env/linux@sha256:4a844ea9eb2546a2d2c7022eacef16ef2e8229c7fbb2c7d4d55a9ceca922f72d" "/opt/rustwide/cargo-home/bin/cargo" "+nightly-2024-10-28" "metadata" "--no-deps" "--format-version=1", kill_on_drop: false }`
[INFO] [stdout] 2c9ac8f619675d533f763bcd6e3a0b75a8fa35cf082f1f4f8525003c7465217a
[INFO] running `Command { std: "docker" "start" "-a" "2c9ac8f619675d533f763bcd6e3a0b75a8fa35cf082f1f4f8525003c7465217a", kill_on_drop: false }`
[INFO] running `Command { std: "docker" "inspect" "2c9ac8f619675d533f763bcd6e3a0b75a8fa35cf082f1f4f8525003c7465217a", kill_on_drop: false }`
[INFO] running `Command { std: "docker" "rm" "-f" "2c9ac8f619675d533f763bcd6e3a0b75a8fa35cf082f1f4f8525003c7465217a", kill_on_drop: false }`
[INFO] [stdout] 2c9ac8f619675d533f763bcd6e3a0b75a8fa35cf082f1f4f8525003c7465217a
[INFO] running `Command { std: "docker" "create" "-v" "/var/lib/crater-agent-workspace/builds/worker-4-tc1/target:/opt/rustwide/target:rw,Z" "-v" "/var/lib/crater-agent-workspace/builds/worker-4-tc1/source:/opt/rustwide/workdir:ro,Z" "-v" "/var/lib/crater-agent-workspace/cargo-home:/opt/rustwide/cargo-home:ro,Z" "-v" "/var/lib/crater-agent-workspace/rustup-home:/opt/rustwide/rustup-home:ro,Z" "-e" "SOURCE_DIR=/opt/rustwide/workdir" "-e" "CARGO_TARGET_DIR=/opt/rustwide/target" "-e" "CARGO_INCREMENTAL=0" "-e" "RUST_BACKTRACE=full" "-e" "RUSTFLAGS=--cap-lints=forbid" "-e" "RUSTDOCFLAGS=--cap-lints=forbid" "-e" "CARGO_HOME=/opt/rustwide/cargo-home" "-e" "RUSTUP_HOME=/opt/rustwide/rustup-home" "-w" "/opt/rustwide/workdir" "-m" "1610612736" "--user" "0:0" "--network" "none" "ghcr.io/rust-lang/crates-build-env/linux@sha256:4a844ea9eb2546a2d2c7022eacef16ef2e8229c7fbb2c7d4d55a9ceca922f72d" "/opt/rustwide/cargo-home/bin/cargo" "+nightly-2024-10-28" "build" "--frozen" "--message-format=json", kill_on_drop: false }`
[INFO] [stdout] 0da1b5469ec7565fd8076bb834c8dbd9f67eb2395fd45c7a4d7ce5d9f9c07788
[INFO] running `Command { std: "docker" "start" "-a" "0da1b5469ec7565fd8076bb834c8dbd9f67eb2395fd45c7a4d7ce5d9f9c07788", kill_on_drop: false }`
[INFO] [stderr]    Compiling usize_cast v1.1.0
[INFO] [stderr]    Compiling mediumvec v1.3.0
[INFO] [stderr]    Compiling string32 v0.2.0 (/opt/rustwide/workdir)
[INFO] [stderr]     Finished `dev` profile [unoptimized + debuginfo] target(s) in 0.38s
[INFO] running `Command { std: "docker" "inspect" "0da1b5469ec7565fd8076bb834c8dbd9f67eb2395fd45c7a4d7ce5d9f9c07788", kill_on_drop: false }`
[INFO] running `Command { std: "docker" "rm" "-f" "0da1b5469ec7565fd8076bb834c8dbd9f67eb2395fd45c7a4d7ce5d9f9c07788", kill_on_drop: false }`
[INFO] [stdout] 0da1b5469ec7565fd8076bb834c8dbd9f67eb2395fd45c7a4d7ce5d9f9c07788
[INFO] running `Command { std: "docker" "create" "-v" "/var/lib/crater-agent-workspace/builds/worker-4-tc1/target:/opt/rustwide/target:rw,Z" "-v" "/var/lib/crater-agent-workspace/builds/worker-4-tc1/source:/opt/rustwide/workdir:ro,Z" "-v" "/var/lib/crater-agent-workspace/cargo-home:/opt/rustwide/cargo-home:ro,Z" "-v" "/var/lib/crater-agent-workspace/rustup-home:/opt/rustwide/rustup-home:ro,Z" "-e" "SOURCE_DIR=/opt/rustwide/workdir" "-e" "CARGO_TARGET_DIR=/opt/rustwide/target" "-e" "CARGO_INCREMENTAL=0" "-e" "RUST_BACKTRACE=full" "-e" "RUSTFLAGS=--cap-lints=forbid" "-e" "RUSTDOCFLAGS=--cap-lints=forbid" "-e" "CARGO_HOME=/opt/rustwide/cargo-home" "-e" "RUSTUP_HOME=/opt/rustwide/rustup-home" "-w" "/opt/rustwide/workdir" "-m" "1610612736" "--user" "0:0" "--network" "none" "ghcr.io/rust-lang/crates-build-env/linux@sha256:4a844ea9eb2546a2d2c7022eacef16ef2e8229c7fbb2c7d4d55a9ceca922f72d" "/opt/rustwide/cargo-home/bin/cargo" "+nightly-2024-10-28" "test" "--frozen" "--no-run" "--message-format=json", kill_on_drop: false }`
[INFO] [stdout] da0872505da3215e1f8374d7fa9e70cf1ee0bab72b681196445b98cb0b080a12
[INFO] running `Command { std: "docker" "start" "-a" "da0872505da3215e1f8374d7fa9e70cf1ee0bab72b681196445b98cb0b080a12", kill_on_drop: false }`
[INFO] [stderr]    Compiling string32 v0.2.0 (/opt/rustwide/workdir)
[INFO] [stderr]     Finished `test` profile [unoptimized + debuginfo] target(s) in 0.39s
[INFO] running `Command { std: "docker" "inspect" "da0872505da3215e1f8374d7fa9e70cf1ee0bab72b681196445b98cb0b080a12", kill_on_drop: false }`
[INFO] running `Command { std: "docker" "rm" "-f" "da0872505da3215e1f8374d7fa9e70cf1ee0bab72b681196445b98cb0b080a12", kill_on_drop: false }`
[INFO] [stdout] da0872505da3215e1f8374d7fa9e70cf1ee0bab72b681196445b98cb0b080a12
[INFO] running `Command { std: "docker" "create" "-v" "/var/lib/crater-agent-workspace/builds/worker-4-tc1/target:/opt/rustwide/target:rw,Z" "-v" "/var/lib/crater-agent-workspace/builds/worker-4-tc1/source:/opt/rustwide/workdir:ro,Z" "-v" "/var/lib/crater-agent-workspace/cargo-home:/opt/rustwide/cargo-home:ro,Z" "-v" "/var/lib/crater-agent-workspace/rustup-home:/opt/rustwide/rustup-home:ro,Z" "-e" "SOURCE_DIR=/opt/rustwide/workdir" "-e" "CARGO_TARGET_DIR=/opt/rustwide/target" "-e" "CARGO_INCREMENTAL=0" "-e" "RUST_BACKTRACE=full" "-e" "RUSTFLAGS=--cap-lints=forbid" "-e" "RUSTDOCFLAGS=--cap-lints=forbid" "-e" "CARGO_HOME=/opt/rustwide/cargo-home" "-e" "RUSTUP_HOME=/opt/rustwide/rustup-home" "-w" "/opt/rustwide/workdir" "-m" "1610612736" "--user" "0:0" "--network" "none" "ghcr.io/rust-lang/crates-build-env/linux@sha256:4a844ea9eb2546a2d2c7022eacef16ef2e8229c7fbb2c7d4d55a9ceca922f72d" "/opt/rustwide/cargo-home/bin/cargo" "+nightly-2024-10-28" "test" "--frozen", kill_on_drop: false }`
[INFO] [stdout] e43fb39bfc919662f4843516e27d308ee674c7a6efd143371dda977d59b8e69b
[INFO] running `Command { std: "docker" "start" "-a" "e43fb39bfc919662f4843516e27d308ee674c7a6efd143371dda977d59b8e69b", kill_on_drop: false }`
[INFO] [stderr]     Finished `test` profile [unoptimized + debuginfo] target(s) in 0.01s
[INFO] [stderr]      Running unittests src/lib.rs (/opt/rustwide/target/debug/deps/string32-ff459569331d8602)
[INFO] [stdout] 
[INFO] [stdout] running 3 tests
[INFO] [stdout] test tests::test_complex ... ok
[INFO] [stdout] test tests::test_hash ... ok
[INFO] [stdout] test tests::test_simple ... ok
[INFO] [stdout] 
[INFO] [stdout] test result: ok. 3 passed; 0 failed; 0 ignored; 0 measured; 0 filtered out; finished in 0.00s
[INFO] [stdout] 
[INFO] [stderr]    Doc-tests string32
[INFO] [stdout] 
[INFO] [stdout] running 32 tests
[INFO] [stdout] test src/str32.rs - str32::Str32::make_ascii_lowercase (line 228) ... ok
[INFO] [stdout] test src/str32.rs - str32::Str32::as_bytes (line 44) ... ok
[INFO] [stdout] test src/str32.rs - str32::Str32::as_bytes_mut (line 59) ... ok
[INFO] [stdout] test src/str32.rs - str32::Str32::len (line 110) ... ok
[INFO] [stdout] test src/str32.rs - str32::Str32::to_ascii_uppercase (line 324) ... ok
[INFO] [stdout] test src/str32.rs - str32::Str32::is_empty (line 125) ... ok
[INFO] [stdout] test src/str32.rs - str32::Str32::trim (line 339) ... ok
[INFO] [stdout] test src/string32.rs - string32::String32::capacity (line 57) ... ok
[INFO] [stdout] test src/str32.rs - str32::Str32::to_uppercase (line 294) ... ok
[INFO] [stdout] test src/string32.rs - string32::String32::as_string (line 77) ... ok
[INFO] [stdout] test src/str32.rs - str32::Str32::trim_start (line 354) ... ok
[INFO] [stdout] test src/str32.rs - str32::Str32::to_lowercase (line 279) ... ok
[INFO] [stdout] test src/str32.rs - str32::Str32::as_str (line 23) ... ok
[INFO] [stdout] test src/str32.rs - str32::Str32::make_ascii_uppercase (line 243) ... ok
[INFO] [stdout] test src/str32.rs - str32::Str32::to_ascii_lowercase (line 309) ... ok
[INFO] [stdout] test src/str32.rs - str32::Str32::trim_end (line 369) ... ok
[INFO] [stdout] test src/string32.rs - string32::String32::push (line 101) ... ok
[INFO] [stdout] test src/string32.rs - string32::String32::push_str (line 119) ... ok
[INFO] [stdout] test src/string32.rs - string32::String32::into_boxed_str (line 301) ... ok
[INFO] [stdout] test src/string32.rs - string32::String32::remove (line 155) ... ok
[INFO] [stdout] test src/string32.rs - string32::String32::pop (line 136) ... ok
[INFO] [stdout] test src/string32.rs - string32::String32::into_bytes (line 285) ... ok
[INFO] [stdout] test src/string32.rs - string32::String32::insert_str (line 193) ... ok
[INFO] [stdout] test src/string32.rs - string32::String32::insert (line 174) ... ok
[INFO] [stdout] test src/string32.rs - string32::String32::new (line 28) ... ok
[INFO] [stdout] test src/string32.rs - string32::String32::reserve (line 211) ... ok
[INFO] [stdout] test src/string32.rs - string32::String32::reserve_exact (line 227) ... ok
[INFO] [stdout] test src/string32.rs - string32::String32::shrink_to_fit (line 241) ... ok
[INFO] [stdout] test src/string32.rs - string32::String32::with_capacity (line 41) ... ok
[INFO] [stdout] test src/string32.rs - string32::String32::split_off (line 320) ... ok
[INFO] [stdout] test src/string32.rs - string32::String32::truncate (line 255) ... ok
[INFO] [stdout] test src/string32.rs - string32::String32::clear (line 270) ... FAILED
[INFO] [stdout] 
[INFO] [stdout] failures:
[INFO] [stdout] 
[INFO] [stdout] ---- src/string32.rs - string32::String32::clear (line 270) stdout ----
[INFO] [stdout] Test executable failed (signal: 6 (SIGABRT) (core dumped)).
[INFO] [stdout] 
[INFO] [stdout] stderr:
[INFO] [stdout] thread 'main' panicked at core/src/panicking.rs:227:5:
[INFO] [stdout] unsafe precondition(s) violated: slice::get_unchecked_mut requires that the index is within the slice
[INFO] [stdout] stack backtrace:
[INFO] [stdout]    0:     0x64fb597e8eea - std::backtrace_rs::backtrace::libunwind::trace::h207520d6e9873551
[INFO] [stdout]                                at /rustc/df4ca44d3fbc9301ee17f30f4d474e6ae4b05252/library/std/src/../../backtrace/src/backtrace/libunwind.rs:116:5
[INFO] [stdout]    1:     0x64fb597e8eea - std::backtrace_rs::backtrace::trace_unsynchronized::h2ed7433f370e3eca
[INFO] [stdout]                                at /rustc/df4ca44d3fbc9301ee17f30f4d474e6ae4b05252/library/std/src/../../backtrace/src/backtrace/mod.rs:66:5
[INFO] [stdout]    2:     0x64fb597e8eea - std::sys::backtrace::_print_fmt::h916fac51166b18d7
[INFO] [stdout]                                at /rustc/df4ca44d3fbc9301ee17f30f4d474e6ae4b05252/library/std/src/sys/backtrace.rs:66:9
[INFO] [stdout]    3:     0x64fb597e8eea - <std::sys::backtrace::BacktraceLock::print::DisplayBacktrace as core::fmt::Display>::fmt::ha0a4c9b8ce3802e6
[INFO] [stdout]                                at /rustc/df4ca44d3fbc9301ee17f30f4d474e6ae4b05252/library/std/src/sys/backtrace.rs:39:26
[INFO] [stdout]    4:     0x64fb59804ec3 - core::fmt::rt::Argument::fmt::h4cfc8587d52b3eb5
[INFO] [stdout]                                at /rustc/df4ca44d3fbc9301ee17f30f4d474e6ae4b05252/library/core/src/fmt/rt.rs:177:76
[INFO] [stdout]    5:     0x64fb59804ec3 - core::fmt::write::h522cc39e5b36ae9f
[INFO] [stdout]                                at /rustc/df4ca44d3fbc9301ee17f30f4d474e6ae4b05252/library/core/src/fmt/mod.rs:1190:21
[INFO] [stdout]    6:     0x64fb597e6953 - std::io::Write::write_fmt::hf1c1dcc8cc1287f0
[INFO] [stdout]                                at /rustc/df4ca44d3fbc9301ee17f30f4d474e6ae4b05252/library/std/src/io/mod.rs:1839:15
[INFO] [stdout]    7:     0x64fb597e8d32 - std::sys::backtrace::BacktraceLock::print::h4b9e00b29e9c0942
[INFO] [stdout]                                at /rustc/df4ca44d3fbc9301ee17f30f4d474e6ae4b05252/library/std/src/sys/backtrace.rs:42:9
[INFO] [stdout]    8:     0x64fb597e9cfc - std::panicking::default_hook::{{closure}}::hb59b88280d0324d9
[INFO] [stdout]                                at /rustc/df4ca44d3fbc9301ee17f30f4d474e6ae4b05252/library/std/src/panicking.rs:268:22
[INFO] [stdout]    9:     0x64fb597e9b42 - std::panicking::default_hook::he1dd496665be4a29
[INFO] [stdout]                                at /rustc/df4ca44d3fbc9301ee17f30f4d474e6ae4b05252/library/std/src/panicking.rs:295:9
[INFO] [stdout]   10:     0x64fb597ea2f7 - std::panicking::rust_panic_with_hook::h2ff17fe8f26dfcf8
[INFO] [stdout]                                at /rustc/df4ca44d3fbc9301ee17f30f4d474e6ae4b05252/library/std/src/panicking.rs:801:13
[INFO] [stdout]   11:     0x64fb597ea156 - std::panicking::begin_panic_handler::{{closure}}::h4fad77951c07e101
[INFO] [stdout]                                at /rustc/df4ca44d3fbc9301ee17f30f4d474e6ae4b05252/library/std/src/panicking.rs:667:13
[INFO] [stdout]   12:     0x64fb597e93c9 - std::sys::backtrace::__rust_end_short_backtrace::hb1a25b3da5d0ea08
[INFO] [stdout]                                at /rustc/df4ca44d3fbc9301ee17f30f4d474e6ae4b05252/library/std/src/sys/backtrace.rs:170:18
[INFO] [stdout]   13:     0x64fb597e9e1c - rust_begin_unwind
[INFO] [stdout]                                at /rustc/df4ca44d3fbc9301ee17f30f4d474e6ae4b05252/library/std/src/panicking.rs:665:5
[INFO] [stdout]   14:     0x64fb5980423d - core::panicking::panic_nounwind_fmt::runtime::hb8ceb4e2b8eb64c7
[INFO] [stdout]                                at /rustc/df4ca44d3fbc9301ee17f30f4d474e6ae4b05252/library/core/src/panicking.rs:115:18
[INFO] [stdout]   15:     0x64fb5980423d - core::panicking::panic_nounwind_fmt::hccfae7c58ba60316
[INFO] [stdout]                                at /rustc/df4ca44d3fbc9301ee17f30f4d474e6ae4b05252/library/core/src/panicking.rs:125:5
[INFO] [stdout]   16:     0x64fb598042d2 - core::panicking::panic_nounwind::ha9cb41ebc3328049
[INFO] [stdout]                                at /rustc/df4ca44d3fbc9301ee17f30f4d474e6ae4b05252/library/core/src/panicking.rs:227:5
[INFO] [stdout]   17:     0x64fb597c9508 - <usize as core::slice::index::SliceIndex<[T]>>::get_unchecked_mut::precondition_check::hf17b9b04b747014f
[INFO] [stdout]                                at /rustc/df4ca44d3fbc9301ee17f30f4d474e6ae4b05252/library/core/src/ub_checks.rs:71:21
[INFO] [stdout]   18:     0x64fb597c94be - <usize as core::slice::index::SliceIndex<[T]>>::get_unchecked_mut::h2286a1487717aeaf
[INFO] [stdout]                                at /rustc/df4ca44d3fbc9301ee17f30f4d474e6ae4b05252/library/core/src/ub_checks.rs:78:17
[INFO] [stdout]   19:     0x64fb597c9ab9 - core::slice::<impl [T]>::get_unchecked_mut::hbdca7f91f21d66c5
[INFO] [stdout]                                at /rustc/df4ca44d3fbc9301ee17f30f4d474e6ae4b05252/library/core/src/slice/mod.rs:706:24
[INFO] [stdout]   20:     0x64fb597c989d - mediumvec::vec32::Vec32<T>::truncate::h9da7a358bf186874
[INFO] [stdout]                                at /opt/rustwide/cargo-home/registry/src/index.crates.io-6f17d22bba15001f/mediumvec-1.3.0/src/vec32.rs:293:36
[INFO] [stdout]   21:     0x64fb597c962d - mediumvec::vec32::Vec32<T>::clear::h94a4dfcc36459feb
[INFO] [stdout]                                at /opt/rustwide/cargo-home/registry/src/index.crates.io-6f17d22bba15001f/mediumvec-1.3.0/src/vec32.rs:279:9
[INFO] [stdout]   22:     0x64fb597c8abb - string32::string32::String32::clear::hc9db94aa21b97f7e
[INFO] [stdout]                                at /opt/rustwide/workdir/src/string32.rs:278:9
[INFO] [stdout]   23:     0x64fb597c73f6 - rust_out::main::_doctest_main_src_string32_rs_270_0::h338ad8f673dfa7d6
[INFO] [stdout]   24:     0x64fb597c7356 - rust_out::main::ha213a30daa5df4da
[INFO] [stdout]   25:     0x64fb597c72f3 - core::ops::function::FnOnce::call_once::hf7edf7132571051c
[INFO] [stdout]   26:     0x64fb597c7296 - std::sys::backtrace::__rust_begin_short_backtrace::h32fd822fd2ba4079
[INFO] [stdout]   27:     0x64fb597c7279 - std::rt::lang_start::{{closure}}::h4039a1c394ed4f7c
[INFO] [stdout]   28:     0x64fb597e4e37 - core::ops::function::impls::<impl core::ops::function::FnOnce<A> for &F>::call_once::hd87d66b906e0ccaf
[INFO] [stdout]                                at /rustc/df4ca44d3fbc9301ee17f30f4d474e6ae4b05252/library/core/src/ops/function.rs:284:13
[INFO] [stdout]   29:     0x64fb597e4e37 - std::panicking::try::do_call::hae3703de71fc9e3a
[INFO] [stdout]                                at /rustc/df4ca44d3fbc9301ee17f30f4d474e6ae4b05252/library/std/src/panicking.rs:557:40
[INFO] [stdout]   30:     0x64fb597e4e37 - std::panicking::try::h1178330e9a2b2645
[INFO] [stdout]                                at /rustc/df4ca44d3fbc9301ee17f30f4d474e6ae4b05252/library/std/src/panicking.rs:520:19
[INFO] [stdout]   31:     0x64fb597e4e37 - std::panic::catch_unwind::h0acf49d2305d32ad
[INFO] [stdout]                                at /rustc/df4ca44d3fbc9301ee17f30f4d474e6ae4b05252/library/std/src/panic.rs:358:14
[INFO] [stdout]   32:     0x64fb597e4e37 - std::rt::lang_start_internal::{{closure}}::h2d95182d798177be
[INFO] [stdout]                                at /rustc/df4ca44d3fbc9301ee17f30f4d474e6ae4b05252/library/std/src/rt.rs:174:48
[INFO] [stdout]   33:     0x64fb597e4e37 - std::panicking::try::do_call::hb506f5bfe11fd30c
[INFO] [stdout]                                at /rustc/df4ca44d3fbc9301ee17f30f4d474e6ae4b05252/library/std/src/panicking.rs:557:40
[INFO] [stdout]   34:     0x64fb597e4e37 - std::panicking::try::h54d825c46bd0fa95
[INFO] [stdout]                                at /rustc/df4ca44d3fbc9301ee17f30f4d474e6ae4b05252/library/std/src/panicking.rs:520:19
[INFO] [stdout]   35:     0x64fb597e4e37 - std::panic::catch_unwind::hffbb0ad20c4e9fac
[INFO] [stdout]                                at /rustc/df4ca44d3fbc9301ee17f30f4d474e6ae4b05252/library/std/src/panic.rs:358:14
[INFO] [stdout]   36:     0x64fb597e4e37 - std::rt::lang_start_internal::h52c291ef1962c925
[INFO] [stdout]                                at /rustc/df4ca44d3fbc9301ee17f30f4d474e6ae4b05252/library/std/src/rt.rs:174:20
[INFO] [stdout]   37:     0x64fb597c7257 - std::rt::lang_start::h8c6075cd6f225ba1
[INFO] [stdout]   38:     0x64fb597c74c5 - main
[INFO] [stdout]   39:     0x7dc3cd7e8d90 - <unknown>
[INFO] [stdout]   40:     0x7dc3cd7e8e40 - __libc_start_main
[INFO] [stdout]   41:     0x64fb597c7165 - _start
[INFO] [stdout]   42:                0x0 - <unknown>
[INFO] [stdout] thread caused non-unwinding panic. aborting.
[INFO] [stdout] 
[INFO] [stdout] 
[INFO] [stdout] 
[INFO] [stdout] failures:
[INFO] [stdout]     src/string32.rs - string32::String32::clear (line 270)
[INFO] [stdout] 
[INFO] [stdout] test result: FAILED. 31 passed; 1 failed; 0 ignored; 0 measured; 0 filtered out; finished in 0.87s
[INFO] [stdout] 
[INFO] [stderr] error: doctest failed, to rerun pass `--doc`
[INFO] running `Command { std: "docker" "inspect" "e43fb39bfc919662f4843516e27d308ee674c7a6efd143371dda977d59b8e69b", kill_on_drop: false }`
[INFO] running `Command { std: "docker" "rm" "-f" "e43fb39bfc919662f4843516e27d308ee674c7a6efd143371dda977d59b8e69b", kill_on_drop: false }`
[INFO] [stdout] e43fb39bfc919662f4843516e27d308ee674c7a6efd143371dda977d59b8e69b
