[INFO] fetching crate string-reader 0.1.1...
[INFO] testing string-reader-0.1.1 against nightly-2024-10-28 for randomize-layout
[INFO] extracting crate string-reader 0.1.1 into /workspace/builds/worker-0-tc1/source
[INFO] validating manifest of crates.io crate string-reader 0.1.1 on toolchain nightly-2024-10-28
[INFO] running `Command { std: CARGO_HOME="/workspace/cargo-home" RUSTUP_HOME="/workspace/rustup-home" "/workspace/cargo-home/bin/cargo" "+nightly-2024-10-28" "metadata" "--manifest-path" "Cargo.toml" "--no-deps", kill_on_drop: false }`
[INFO] started tweaking crates.io crate string-reader 0.1.1
[INFO] finished tweaking crates.io crate string-reader 0.1.1
[INFO] tweaked toml for crates.io crate string-reader 0.1.1 written to /workspace/builds/worker-0-tc1/source/Cargo.toml
[INFO] running `Command { std: CARGO_HOME="/workspace/cargo-home" RUSTUP_HOME="/workspace/rustup-home" "/workspace/cargo-home/bin/cargo" "+nightly-2024-10-28" "generate-lockfile" "--manifest-path" "Cargo.toml", kill_on_drop: false }`
[INFO] running `Command { std: CARGO_HOME="/workspace/cargo-home" RUSTUP_HOME="/workspace/rustup-home" "/workspace/cargo-home/bin/cargo" "+nightly-2024-10-28" "fetch" "--manifest-path" "Cargo.toml", kill_on_drop: false }`
[INFO] running `Command { std: "docker" "create" "-v" "/var/lib/crater-agent-workspace/builds/worker-0-tc1/target:/opt/rustwide/target:rw,Z" "-v" "/var/lib/crater-agent-workspace/builds/worker-0-tc1/source:/opt/rustwide/workdir:ro,Z" "-v" "/var/lib/crater-agent-workspace/cargo-home:/opt/rustwide/cargo-home:ro,Z" "-v" "/var/lib/crater-agent-workspace/rustup-home:/opt/rustwide/rustup-home:ro,Z" "-e" "SOURCE_DIR=/opt/rustwide/workdir" "-e" "CARGO_TARGET_DIR=/opt/rustwide/target" "-e" "CARGO_HOME=/opt/rustwide/cargo-home" "-e" "RUSTUP_HOME=/opt/rustwide/rustup-home" "-w" "/opt/rustwide/workdir" "-m" "1610612736" "--user" "0:0" "--network" "none" "ghcr.io/rust-lang/crates-build-env/linux@sha256:4a844ea9eb2546a2d2c7022eacef16ef2e8229c7fbb2c7d4d55a9ceca922f72d" "/opt/rustwide/cargo-home/bin/cargo" "+nightly-2024-10-28" "metadata" "--no-deps" "--format-version=1", kill_on_drop: false }`
[INFO] [stdout] a8e17e67458cc241e919e9594cba89570d82805dd3121ff613f04e5d95924710
[INFO] running `Command { std: "docker" "start" "-a" "a8e17e67458cc241e919e9594cba89570d82805dd3121ff613f04e5d95924710", kill_on_drop: false }`
[INFO] running `Command { std: "docker" "inspect" "a8e17e67458cc241e919e9594cba89570d82805dd3121ff613f04e5d95924710", kill_on_drop: false }`
[INFO] running `Command { std: "docker" "rm" "-f" "a8e17e67458cc241e919e9594cba89570d82805dd3121ff613f04e5d95924710", kill_on_drop: false }`
[INFO] [stdout] a8e17e67458cc241e919e9594cba89570d82805dd3121ff613f04e5d95924710
[INFO] running `Command { std: "docker" "create" "-v" "/var/lib/crater-agent-workspace/builds/worker-0-tc1/target:/opt/rustwide/target:rw,Z" "-v" "/var/lib/crater-agent-workspace/builds/worker-0-tc1/source:/opt/rustwide/workdir:ro,Z" "-v" "/var/lib/crater-agent-workspace/cargo-home:/opt/rustwide/cargo-home:ro,Z" "-v" "/var/lib/crater-agent-workspace/rustup-home:/opt/rustwide/rustup-home:ro,Z" "-e" "SOURCE_DIR=/opt/rustwide/workdir" "-e" "CARGO_TARGET_DIR=/opt/rustwide/target" "-e" "CARGO_INCREMENTAL=0" "-e" "RUST_BACKTRACE=full" "-e" "RUSTFLAGS=--cap-lints=forbid" "-e" "RUSTDOCFLAGS=--cap-lints=forbid" "-e" "CARGO_HOME=/opt/rustwide/cargo-home" "-e" "RUSTUP_HOME=/opt/rustwide/rustup-home" "-w" "/opt/rustwide/workdir" "-m" "1610612736" "--user" "0:0" "--network" "none" "ghcr.io/rust-lang/crates-build-env/linux@sha256:4a844ea9eb2546a2d2c7022eacef16ef2e8229c7fbb2c7d4d55a9ceca922f72d" "/opt/rustwide/cargo-home/bin/cargo" "+nightly-2024-10-28" "build" "--frozen" "--message-format=json", kill_on_drop: false }`
[INFO] [stdout] 76f7fa532c92f0c012c8c37e875662b6844aad9a7b115b16ba08a3470f727f76
[INFO] running `Command { std: "docker" "start" "-a" "76f7fa532c92f0c012c8c37e875662b6844aad9a7b115b16ba08a3470f727f76", kill_on_drop: false }`
[INFO] [stderr]    Compiling string-reader v0.1.1 (/opt/rustwide/workdir)
[INFO] [stderr]     Finished `dev` profile [unoptimized + debuginfo] target(s) in 0.12s
[INFO] running `Command { std: "docker" "inspect" "76f7fa532c92f0c012c8c37e875662b6844aad9a7b115b16ba08a3470f727f76", kill_on_drop: false }`
[INFO] running `Command { std: "docker" "rm" "-f" "76f7fa532c92f0c012c8c37e875662b6844aad9a7b115b16ba08a3470f727f76", kill_on_drop: false }`
[INFO] [stdout] 76f7fa532c92f0c012c8c37e875662b6844aad9a7b115b16ba08a3470f727f76
[INFO] running `Command { std: "docker" "create" "-v" "/var/lib/crater-agent-workspace/builds/worker-0-tc1/target:/opt/rustwide/target:rw,Z" "-v" "/var/lib/crater-agent-workspace/builds/worker-0-tc1/source:/opt/rustwide/workdir:ro,Z" "-v" "/var/lib/crater-agent-workspace/cargo-home:/opt/rustwide/cargo-home:ro,Z" "-v" "/var/lib/crater-agent-workspace/rustup-home:/opt/rustwide/rustup-home:ro,Z" "-e" "SOURCE_DIR=/opt/rustwide/workdir" "-e" "CARGO_TARGET_DIR=/opt/rustwide/target" "-e" "CARGO_INCREMENTAL=0" "-e" "RUST_BACKTRACE=full" "-e" "RUSTFLAGS=--cap-lints=forbid" "-e" "RUSTDOCFLAGS=--cap-lints=forbid" "-e" "CARGO_HOME=/opt/rustwide/cargo-home" "-e" "RUSTUP_HOME=/opt/rustwide/rustup-home" "-w" "/opt/rustwide/workdir" "-m" "1610612736" "--user" "0:0" "--network" "none" "ghcr.io/rust-lang/crates-build-env/linux@sha256:4a844ea9eb2546a2d2c7022eacef16ef2e8229c7fbb2c7d4d55a9ceca922f72d" "/opt/rustwide/cargo-home/bin/cargo" "+nightly-2024-10-28" "test" "--frozen" "--no-run" "--message-format=json", kill_on_drop: false }`
[INFO] [stdout] 3e655749d19b376409f1cee496bf5b89d1aba724ed3d2069486452ae2819a1cb
[INFO] running `Command { std: "docker" "start" "-a" "3e655749d19b376409f1cee496bf5b89d1aba724ed3d2069486452ae2819a1cb", kill_on_drop: false }`
[INFO] [stderr]    Compiling string-reader v0.1.1 (/opt/rustwide/workdir)
[INFO] [stderr]     Finished `test` profile [unoptimized + debuginfo] target(s) in 0.12s
[INFO] running `Command { std: "docker" "inspect" "3e655749d19b376409f1cee496bf5b89d1aba724ed3d2069486452ae2819a1cb", kill_on_drop: false }`
[INFO] running `Command { std: "docker" "rm" "-f" "3e655749d19b376409f1cee496bf5b89d1aba724ed3d2069486452ae2819a1cb", kill_on_drop: false }`
[INFO] [stdout] 3e655749d19b376409f1cee496bf5b89d1aba724ed3d2069486452ae2819a1cb
[INFO] running `Command { std: "docker" "create" "-v" "/var/lib/crater-agent-workspace/builds/worker-0-tc1/target:/opt/rustwide/target:rw,Z" "-v" "/var/lib/crater-agent-workspace/builds/worker-0-tc1/source:/opt/rustwide/workdir:ro,Z" "-v" "/var/lib/crater-agent-workspace/cargo-home:/opt/rustwide/cargo-home:ro,Z" "-v" "/var/lib/crater-agent-workspace/rustup-home:/opt/rustwide/rustup-home:ro,Z" "-e" "SOURCE_DIR=/opt/rustwide/workdir" "-e" "CARGO_TARGET_DIR=/opt/rustwide/target" "-e" "CARGO_INCREMENTAL=0" "-e" "RUST_BACKTRACE=full" "-e" "RUSTFLAGS=--cap-lints=forbid" "-e" "RUSTDOCFLAGS=--cap-lints=forbid" "-e" "CARGO_HOME=/opt/rustwide/cargo-home" "-e" "RUSTUP_HOME=/opt/rustwide/rustup-home" "-w" "/opt/rustwide/workdir" "-m" "1610612736" "--user" "0:0" "--network" "none" "ghcr.io/rust-lang/crates-build-env/linux@sha256:4a844ea9eb2546a2d2c7022eacef16ef2e8229c7fbb2c7d4d55a9ceca922f72d" "/opt/rustwide/cargo-home/bin/cargo" "+nightly-2024-10-28" "test" "--frozen", kill_on_drop: false }`
[INFO] [stdout] 4b274a42a4252b8a3006ca098b4a3334bd5acd5f532f09d0d73d63034b6238ec
[INFO] running `Command { std: "docker" "start" "-a" "4b274a42a4252b8a3006ca098b4a3334bd5acd5f532f09d0d73d63034b6238ec", kill_on_drop: false }`
[INFO] [stderr]     Finished `test` profile [unoptimized + debuginfo] target(s) in 0.00s
[INFO] [stderr]      Running unittests src/lib.rs (/opt/rustwide/target/debug/deps/string_reader-7696610bf99925dd)
[INFO] [stdout] 
[INFO] [stdout] running 0 tests
[INFO] [stdout] 
[INFO] [stdout] test result: ok. 0 passed; 0 failed; 0 ignored; 0 measured; 0 filtered out; finished in 0.00s
[INFO] [stdout] 
[INFO] [stderr]    Doc-tests string_reader
[INFO] [stdout] 
[INFO] [stdout] running 4 tests
[INFO] [stdout] test src/lib.rs - StringWrite::shift_string (line 104) ... FAILED
[INFO] [stdout] test src/lib.rs - StrWrite::shift_str (line 72) ... FAILED
[INFO] [stdout] test src/lib.rs - StringWrite::push_string (line 90) ... FAILED
[INFO] [stdout] test src/lib.rs - StrWrite::push_str (line 57) ... FAILED
[INFO] [stdout] 
[INFO] [stdout] failures:
[INFO] [stdout] 
[INFO] [stdout] ---- src/lib.rs - StringWrite::shift_string (line 104) stdout ----
[INFO] [stdout] error: prefix `shift_string` is unknown
[INFO] [stdout]  --> src/lib.rs:107:7
[INFO] [stdout]   |
[INFO] [stdout] 3 | sread.shift_string"bai".to_string());
[INFO] [stdout]   |       ^^^^^^^^^^^^ unknown prefix
[INFO] [stdout]   |
[INFO] [stdout]   = note: prefixed identifiers and literals are reserved since Rust 2021
[INFO] [stdout] help: consider inserting whitespace here
[INFO] [stdout]   |
[INFO] [stdout] 3 | sread.shift_string "bai".to_string());
[INFO] [stdout]   |                   +
[INFO] [stdout] 
[INFO] [stdout] error: unexpected closing delimiter: `)`
[INFO] [stdout]  --> src/lib.rs:107:36
[INFO] [stdout]   |
[INFO] [stdout] 3 | sread.shift_string"bai".to_string());
[INFO] [stdout]   |                                    ^ unexpected closing delimiter
[INFO] [stdout] 
[INFO] [stdout] error: aborting due to 2 previous errors
[INFO] [stdout] 
[INFO] [stdout] Couldn't compile the test.
[INFO] [stdout] ---- src/lib.rs - StrWrite::shift_str (line 72) stdout ----
[INFO] [stdout] error[E0433]: failed to resolve: use of undeclared type `StrReader`
[INFO] [stdout]  --> src/lib.rs:73:13
[INFO] [stdout]   |
[INFO] [stdout] 3 | let sread = StrReader::default();
[INFO] [stdout]   |             ^^^^^^^^^ use of undeclared type `StrReader`
[INFO] [stdout]   |
[INFO] [stdout] help: consider importing this struct
[INFO] [stdout]   |
[INFO] [stdout] 2 + use string_reader::StrReader;
[INFO] [stdout]   |
[INFO] [stdout] 
[INFO] [stdout] error: aborting due to 1 previous error
[INFO] [stdout] 
[INFO] [stdout] For more information about this error, try `rustc --explain E0433`.
[INFO] [stdout] Couldn't compile the test.
[INFO] [stdout] ---- src/lib.rs - StringWrite::push_string (line 90) stdout ----
[INFO] [stdout] error[E0433]: failed to resolve: use of undeclared type `StringReader`
[INFO] [stdout]  --> src/lib.rs:91:13
[INFO] [stdout]   |
[INFO] [stdout] 3 | let sread = StringReader::default();
[INFO] [stdout]   |             ^^^^^^^^^^^^ use of undeclared type `StringReader`
[INFO] [stdout]   |
[INFO] [stdout] help: consider importing this struct
[INFO] [stdout]   |
[INFO] [stdout] 2 + use string_reader::StringReader;
[INFO] [stdout]   |
[INFO] [stdout] 
[INFO] [stdout] error: aborting due to 1 previous error
[INFO] [stdout] 
[INFO] [stdout] For more information about this error, try `rustc --explain E0433`.
[INFO] [stdout] Couldn't compile the test.
[INFO] [stdout] ---- src/lib.rs - StrWrite::push_str (line 57) stdout ----
[INFO] [stdout] error[E0433]: failed to resolve: use of undeclared type `StrReader`
[INFO] [stdout]  --> src/lib.rs:58:13
[INFO] [stdout]   |
[INFO] [stdout] 3 | let sread = StrReader::default();
[INFO] [stdout]   |             ^^^^^^^^^ use of undeclared type `StrReader`
[INFO] [stdout]   |
[INFO] [stdout] help: consider importing this struct
[INFO] [stdout]   |
[INFO] [stdout] 2 + use string_reader::StrReader;
[INFO] [stdout]   |
[INFO] [stdout] 
[INFO] [stdout] error: aborting due to 1 previous error
[INFO] [stdout] 
[INFO] [stdout] For more information about this error, try `rustc --explain E0433`.
[INFO] [stdout] Couldn't compile the test.
[INFO] [stdout] 
[INFO] [stdout] failures:
[INFO] [stdout]     src/lib.rs - StrWrite::push_str (line 57)
[INFO] [stdout]     src/lib.rs - StrWrite::shift_str (line 72)
[INFO] [stdout]     src/lib.rs - StringWrite::push_string (line 90)
[INFO] [stdout]     src/lib.rs - StringWrite::shift_string (line 104)
[INFO] [stdout] 
[INFO] [stdout] test result: FAILED. 0 passed; 4 failed; 0 ignored; 0 measured; 0 filtered out; finished in 0.05s
[INFO] [stdout] 
[INFO] [stderr] error: doctest failed, to rerun pass `--doc`
[INFO] running `Command { std: "docker" "inspect" "4b274a42a4252b8a3006ca098b4a3334bd5acd5f532f09d0d73d63034b6238ec", kill_on_drop: false }`
[INFO] running `Command { std: "docker" "rm" "-f" "4b274a42a4252b8a3006ca098b4a3334bd5acd5f532f09d0d73d63034b6238ec", kill_on_drop: false }`
[INFO] [stdout] 4b274a42a4252b8a3006ca098b4a3334bd5acd5f532f09d0d73d63034b6238ec
