[INFO] fetching crate stm32cubeprog-rs 0.0.4...
[INFO] testing stm32cubeprog-rs-0.0.4 against nightly-2024-10-28 for randomize-layout
[INFO] extracting crate stm32cubeprog-rs 0.0.4 into /workspace/builds/worker-1-tc1/source
[INFO] validating manifest of crates.io crate stm32cubeprog-rs 0.0.4 on toolchain nightly-2024-10-28
[INFO] running `Command { std: CARGO_HOME="/workspace/cargo-home" RUSTUP_HOME="/workspace/rustup-home" "/workspace/cargo-home/bin/cargo" "+nightly-2024-10-28" "metadata" "--manifest-path" "Cargo.toml" "--no-deps", kill_on_drop: false }`
[INFO] started tweaking crates.io crate stm32cubeprog-rs 0.0.4
[INFO] finished tweaking crates.io crate stm32cubeprog-rs 0.0.4
[INFO] tweaked toml for crates.io crate stm32cubeprog-rs 0.0.4 written to /workspace/builds/worker-1-tc1/source/Cargo.toml
[INFO] crate crates.io crate stm32cubeprog-rs 0.0.4 already has a lockfile, it will not be regenerated
[INFO] running `Command { std: CARGO_HOME="/workspace/cargo-home" RUSTUP_HOME="/workspace/rustup-home" "/workspace/cargo-home/bin/cargo" "+nightly-2024-10-28" "fetch" "--manifest-path" "Cargo.toml", kill_on_drop: false }`
[INFO] [stderr] warning: no edition set: defaulting to the 2015 edition while the latest is 2021
[INFO] running `Command { std: "docker" "create" "-v" "/var/lib/crater-agent-workspace/builds/worker-1-tc1/target:/opt/rustwide/target:rw,Z" "-v" "/var/lib/crater-agent-workspace/builds/worker-1-tc1/source:/opt/rustwide/workdir:ro,Z" "-v" "/var/lib/crater-agent-workspace/cargo-home:/opt/rustwide/cargo-home:ro,Z" "-v" "/var/lib/crater-agent-workspace/rustup-home:/opt/rustwide/rustup-home:ro,Z" "-e" "SOURCE_DIR=/opt/rustwide/workdir" "-e" "CARGO_TARGET_DIR=/opt/rustwide/target" "-e" "CARGO_HOME=/opt/rustwide/cargo-home" "-e" "RUSTUP_HOME=/opt/rustwide/rustup-home" "-w" "/opt/rustwide/workdir" "-m" "1610612736" "--user" "0:0" "--network" "none" "ghcr.io/rust-lang/crates-build-env/linux@sha256:4a844ea9eb2546a2d2c7022eacef16ef2e8229c7fbb2c7d4d55a9ceca922f72d" "/opt/rustwide/cargo-home/bin/cargo" "+nightly-2024-10-28" "metadata" "--no-deps" "--format-version=1", kill_on_drop: false }`
[INFO] [stdout] d86a584ed2b981b1f4ffebefff667a99fb383faaadfe43a802dfad61a2b66bfc
[INFO] running `Command { std: "docker" "start" "-a" "d86a584ed2b981b1f4ffebefff667a99fb383faaadfe43a802dfad61a2b66bfc", kill_on_drop: false }`
[INFO] running `Command { std: "docker" "inspect" "d86a584ed2b981b1f4ffebefff667a99fb383faaadfe43a802dfad61a2b66bfc", kill_on_drop: false }`
[INFO] running `Command { std: "docker" "rm" "-f" "d86a584ed2b981b1f4ffebefff667a99fb383faaadfe43a802dfad61a2b66bfc", kill_on_drop: false }`
[INFO] [stdout] d86a584ed2b981b1f4ffebefff667a99fb383faaadfe43a802dfad61a2b66bfc
[INFO] running `Command { std: "docker" "create" "-v" "/var/lib/crater-agent-workspace/builds/worker-1-tc1/target:/opt/rustwide/target:rw,Z" "-v" "/var/lib/crater-agent-workspace/builds/worker-1-tc1/source:/opt/rustwide/workdir:ro,Z" "-v" "/var/lib/crater-agent-workspace/cargo-home:/opt/rustwide/cargo-home:ro,Z" "-v" "/var/lib/crater-agent-workspace/rustup-home:/opt/rustwide/rustup-home:ro,Z" "-e" "SOURCE_DIR=/opt/rustwide/workdir" "-e" "CARGO_TARGET_DIR=/opt/rustwide/target" "-e" "CARGO_INCREMENTAL=0" "-e" "RUST_BACKTRACE=full" "-e" "RUSTFLAGS=--cap-lints=forbid" "-e" "RUSTDOCFLAGS=--cap-lints=forbid" "-e" "CARGO_HOME=/opt/rustwide/cargo-home" "-e" "RUSTUP_HOME=/opt/rustwide/rustup-home" "-w" "/opt/rustwide/workdir" "-m" "1610612736" "--user" "0:0" "--network" "none" "ghcr.io/rust-lang/crates-build-env/linux@sha256:4a844ea9eb2546a2d2c7022eacef16ef2e8229c7fbb2c7d4d55a9ceca922f72d" "/opt/rustwide/cargo-home/bin/cargo" "+nightly-2024-10-28" "build" "--frozen" "--message-format=json", kill_on_drop: false }`
[INFO] [stdout] e079fbf5313b55dc852a08fc2c3eb09e06fae225863410da6c4e0c71c1a23ce4
[INFO] running `Command { std: "docker" "start" "-a" "e079fbf5313b55dc852a08fc2c3eb09e06fae225863410da6c4e0c71c1a23ce4", kill_on_drop: false }`
[INFO] [stderr] warning: no edition set: defaulting to the 2015 edition while the latest is 2021
[INFO] [stderr]    Compiling libloading v0.8.1
[INFO] [stderr]    Compiling widestring v1.0.2
[INFO] [stderr]    Compiling stm32cubeprog-rs v0.0.4 (/opt/rustwide/workdir)
[INFO] [stderr]     Finished `dev` profile [unoptimized + debuginfo] target(s) in 1.59s
[INFO] running `Command { std: "docker" "inspect" "e079fbf5313b55dc852a08fc2c3eb09e06fae225863410da6c4e0c71c1a23ce4", kill_on_drop: false }`
[INFO] running `Command { std: "docker" "rm" "-f" "e079fbf5313b55dc852a08fc2c3eb09e06fae225863410da6c4e0c71c1a23ce4", kill_on_drop: false }`
[INFO] [stdout] e079fbf5313b55dc852a08fc2c3eb09e06fae225863410da6c4e0c71c1a23ce4
[INFO] running `Command { std: "docker" "create" "-v" "/var/lib/crater-agent-workspace/builds/worker-1-tc1/target:/opt/rustwide/target:rw,Z" "-v" "/var/lib/crater-agent-workspace/builds/worker-1-tc1/source:/opt/rustwide/workdir:ro,Z" "-v" "/var/lib/crater-agent-workspace/cargo-home:/opt/rustwide/cargo-home:ro,Z" "-v" "/var/lib/crater-agent-workspace/rustup-home:/opt/rustwide/rustup-home:ro,Z" "-e" "SOURCE_DIR=/opt/rustwide/workdir" "-e" "CARGO_TARGET_DIR=/opt/rustwide/target" "-e" "CARGO_INCREMENTAL=0" "-e" "RUST_BACKTRACE=full" "-e" "RUSTFLAGS=--cap-lints=forbid" "-e" "RUSTDOCFLAGS=--cap-lints=forbid" "-e" "CARGO_HOME=/opt/rustwide/cargo-home" "-e" "RUSTUP_HOME=/opt/rustwide/rustup-home" "-w" "/opt/rustwide/workdir" "-m" "1610612736" "--user" "0:0" "--network" "none" "ghcr.io/rust-lang/crates-build-env/linux@sha256:4a844ea9eb2546a2d2c7022eacef16ef2e8229c7fbb2c7d4d55a9ceca922f72d" "/opt/rustwide/cargo-home/bin/cargo" "+nightly-2024-10-28" "test" "--frozen" "--no-run" "--message-format=json", kill_on_drop: false }`
[INFO] [stdout] ececcefb86f347f576f3e0bf822766ac9e719dee3b652cc7ebd0f15a06302b16
[INFO] running `Command { std: "docker" "start" "-a" "ececcefb86f347f576f3e0bf822766ac9e719dee3b652cc7ebd0f15a06302b16", kill_on_drop: false }`
[INFO] [stderr] warning: no edition set: defaulting to the 2015 edition while the latest is 2021
[INFO] [stderr]    Compiling stm32cubeprog-rs v0.0.4 (/opt/rustwide/workdir)
[INFO] [stderr]     Finished `test` profile [unoptimized + debuginfo] target(s) in 0.41s
[INFO] running `Command { std: "docker" "inspect" "ececcefb86f347f576f3e0bf822766ac9e719dee3b652cc7ebd0f15a06302b16", kill_on_drop: false }`
[INFO] running `Command { std: "docker" "rm" "-f" "ececcefb86f347f576f3e0bf822766ac9e719dee3b652cc7ebd0f15a06302b16", kill_on_drop: false }`
[INFO] [stdout] ececcefb86f347f576f3e0bf822766ac9e719dee3b652cc7ebd0f15a06302b16
[INFO] running `Command { std: "docker" "create" "-v" "/var/lib/crater-agent-workspace/builds/worker-1-tc1/target:/opt/rustwide/target:rw,Z" "-v" "/var/lib/crater-agent-workspace/builds/worker-1-tc1/source:/opt/rustwide/workdir:ro,Z" "-v" "/var/lib/crater-agent-workspace/cargo-home:/opt/rustwide/cargo-home:ro,Z" "-v" "/var/lib/crater-agent-workspace/rustup-home:/opt/rustwide/rustup-home:ro,Z" "-e" "SOURCE_DIR=/opt/rustwide/workdir" "-e" "CARGO_TARGET_DIR=/opt/rustwide/target" "-e" "CARGO_INCREMENTAL=0" "-e" "RUST_BACKTRACE=full" "-e" "RUSTFLAGS=--cap-lints=forbid" "-e" "RUSTDOCFLAGS=--cap-lints=forbid" "-e" "CARGO_HOME=/opt/rustwide/cargo-home" "-e" "RUSTUP_HOME=/opt/rustwide/rustup-home" "-w" "/opt/rustwide/workdir" "-m" "1610612736" "--user" "0:0" "--network" "none" "ghcr.io/rust-lang/crates-build-env/linux@sha256:4a844ea9eb2546a2d2c7022eacef16ef2e8229c7fbb2c7d4d55a9ceca922f72d" "/opt/rustwide/cargo-home/bin/cargo" "+nightly-2024-10-28" "test" "--frozen", kill_on_drop: false }`
[INFO] [stdout] bbc13f06abd513c12e139beb752dc6abf6520cfb8fe64d924ac2bcce4af1346c
[INFO] running `Command { std: "docker" "start" "-a" "bbc13f06abd513c12e139beb752dc6abf6520cfb8fe64d924ac2bcce4af1346c", kill_on_drop: false }`
[INFO] [stderr] warning: no edition set: defaulting to the 2015 edition while the latest is 2021
[INFO] [stderr]     Finished `test` profile [unoptimized + debuginfo] target(s) in 0.02s
[INFO] [stderr]      Running unittests src/lib.rs (/opt/rustwide/target/debug/deps/stm32cubeprog_rs-116ec1511a041140)
[INFO] [stdout] 
[INFO] [stdout] running 0 tests
[INFO] [stdout] 
[INFO] [stdout] test result: ok. 0 passed; 0 failed; 0 ignored; 0 measured; 0 filtered out; finished in 0.00s
[INFO] [stdout] 
[INFO] [stderr]    Doc-tests stm32cubeprog_rs
[INFO] [stdout] 
[INFO] [stdout] running 1 test
[INFO] [stdout] test src/lib.rs - (line 15) ... FAILED
[INFO] [stdout] 
[INFO] [stdout] failures:
[INFO] [stdout] 
[INFO] [stdout] ---- src/lib.rs - (line 15) stdout ----
[INFO] [stdout] error[E0061]: this method takes 0 arguments but 1 argument was supplied
[INFO] [stdout]    --> src/lib.rs:36:16
[INFO] [stdout]     |
[INFO] [stdout] 23  |         stlink.reset_mode(stm32cubeprog_rs::DebugResetMode::HardwareReset);
[INFO] [stdout]     |                ^^^^^^^^^^ ----------------------------------------------- unexpected argument of type `DebugResetMode`
[INFO] [stdout]     |
[INFO] [stdout] note: method defined here
[INFO] [stdout]    --> /opt/rustwide/workdir/src/lib.rs:368:12
[INFO] [stdout]     |
[INFO] [stdout] 368 |     pub fn reset_mode(&self) -> DebugResetMode {
[INFO] [stdout]     |            ^^^^^^^^^^
[INFO] [stdout] help: remove the extra argument
[INFO] [stdout]     |
[INFO] [stdout] 23  -         stlink.reset_mode(stm32cubeprog_rs::DebugResetMode::HardwareReset);
[INFO] [stdout] 23  +         stlink.reset_mode();
[INFO] [stdout]     |
[INFO] [stdout] 
[INFO] [stdout] error[E0061]: this method takes 0 arguments but 1 argument was supplied
[INFO] [stdout]    --> src/lib.rs:37:16
[INFO] [stdout]     |
[INFO] [stdout] 24  |         stlink.connection_mode(stm32cubeprog_rs::DebugConnectMode::UnderReset);
[INFO] [stdout]     |                ^^^^^^^^^^^^^^^ ---------------------------------------------- unexpected argument of type `DebugConnectMode`
[INFO] [stdout]     |
[INFO] [stdout] note: method defined here
[INFO] [stdout]    --> /opt/rustwide/workdir/src/lib.rs:364:12
[INFO] [stdout]     |
[INFO] [stdout] 364 |     pub fn connection_mode(&self) -> DebugConnectMode {
[INFO] [stdout]     |            ^^^^^^^^^^^^^^^
[INFO] [stdout] help: remove the extra argument
[INFO] [stdout]     |
[INFO] [stdout] 24  -         stlink.connection_mode(stm32cubeprog_rs::DebugConnectMode::UnderReset);
[INFO] [stdout] 24  +         stlink.connection_mode();
[INFO] [stdout]     |
[INFO] [stdout] 
[INFO] [stdout] error: aborting due to 2 previous errors
[INFO] [stdout] 
[INFO] [stdout] For more information about this error, try `rustc --explain E0061`.
[INFO] [stdout] Couldn't compile the test.
[INFO] [stdout] 
[INFO] [stdout] failures:
[INFO] [stdout]     src/lib.rs - (line 15)
[INFO] [stdout] 
[INFO] [stdout] test result: FAILED. 0 passed; 1 failed; 0 ignored; 0 measured; 0 filtered out; finished in 0.08s
[INFO] [stdout] 
[INFO] [stderr] error: doctest failed, to rerun pass `--doc`
[INFO] running `Command { std: "docker" "inspect" "bbc13f06abd513c12e139beb752dc6abf6520cfb8fe64d924ac2bcce4af1346c", kill_on_drop: false }`
[INFO] running `Command { std: "docker" "rm" "-f" "bbc13f06abd513c12e139beb752dc6abf6520cfb8fe64d924ac2bcce4af1346c", kill_on_drop: false }`
[INFO] [stdout] bbc13f06abd513c12e139beb752dc6abf6520cfb8fe64d924ac2bcce4af1346c
