[INFO] fetching crate statusline 0.19.1...
[INFO] testing statusline-0.19.1 against nightly-2024-10-28+rustflags=-Zrandomize-layout for randomize-layout
[INFO] extracting crate statusline 0.19.1 into /workspace/builds/worker-1-tc2/source
[INFO] validating manifest of crates.io crate statusline 0.19.1 on toolchain nightly-2024-10-28
[INFO] running `Command { std: CARGO_HOME="/workspace/cargo-home" RUSTUP_HOME="/workspace/rustup-home" "/workspace/cargo-home/bin/cargo" "+nightly-2024-10-28" "metadata" "--manifest-path" "Cargo.toml" "--no-deps", kill_on_drop: false }`
[INFO] removed /workspace/builds/worker-1-tc2/source/.cargo/config.toml
[INFO] started tweaking crates.io crate statusline 0.19.1
[INFO] finished tweaking crates.io crate statusline 0.19.1
[INFO] tweaked toml for crates.io crate statusline 0.19.1 written to /workspace/builds/worker-1-tc2/source/Cargo.toml
[INFO] crate crates.io crate statusline 0.19.1 already has a lockfile, it will not be regenerated
[INFO] running `Command { std: CARGO_HOME="/workspace/cargo-home" RUSTUP_HOME="/workspace/rustup-home" "/workspace/cargo-home/bin/cargo" "+nightly-2024-10-28" "fetch" "--manifest-path" "Cargo.toml", kill_on_drop: false }`
[INFO] running `Command { std: "docker" "create" "-v" "/var/lib/crater-agent-workspace/builds/worker-1-tc2/target:/opt/rustwide/target:rw,Z" "-v" "/var/lib/crater-agent-workspace/builds/worker-1-tc2/source:/opt/rustwide/workdir:ro,Z" "-v" "/var/lib/crater-agent-workspace/cargo-home:/opt/rustwide/cargo-home:ro,Z" "-v" "/var/lib/crater-agent-workspace/rustup-home:/opt/rustwide/rustup-home:ro,Z" "-e" "SOURCE_DIR=/opt/rustwide/workdir" "-e" "CARGO_TARGET_DIR=/opt/rustwide/target" "-e" "CARGO_HOME=/opt/rustwide/cargo-home" "-e" "RUSTUP_HOME=/opt/rustwide/rustup-home" "-w" "/opt/rustwide/workdir" "-m" "1610612736" "--user" "0:0" "--network" "none" "ghcr.io/rust-lang/crates-build-env/linux@sha256:4a844ea9eb2546a2d2c7022eacef16ef2e8229c7fbb2c7d4d55a9ceca922f72d" "/opt/rustwide/cargo-home/bin/cargo" "+nightly-2024-10-28" "metadata" "--no-deps" "--format-version=1", kill_on_drop: false }`
[INFO] [stdout] 6afaef27c8266dd5ad712d37d5f0ac503f490090aa4bd2d5d8ca7abcbd55c6f4
[INFO] running `Command { std: "docker" "start" "-a" "6afaef27c8266dd5ad712d37d5f0ac503f490090aa4bd2d5d8ca7abcbd55c6f4", kill_on_drop: false }`
[INFO] running `Command { std: "docker" "inspect" "6afaef27c8266dd5ad712d37d5f0ac503f490090aa4bd2d5d8ca7abcbd55c6f4", kill_on_drop: false }`
[INFO] running `Command { std: "docker" "rm" "-f" "6afaef27c8266dd5ad712d37d5f0ac503f490090aa4bd2d5d8ca7abcbd55c6f4", kill_on_drop: false }`
[INFO] [stdout] 6afaef27c8266dd5ad712d37d5f0ac503f490090aa4bd2d5d8ca7abcbd55c6f4
[INFO] running `Command { std: "docker" "create" "-v" "/var/lib/crater-agent-workspace/builds/worker-1-tc2/target:/opt/rustwide/target:rw,Z" "-v" "/var/lib/crater-agent-workspace/builds/worker-1-tc2/source:/opt/rustwide/workdir:ro,Z" "-v" "/var/lib/crater-agent-workspace/cargo-home:/opt/rustwide/cargo-home:ro,Z" "-v" "/var/lib/crater-agent-workspace/rustup-home:/opt/rustwide/rustup-home:ro,Z" "-e" "SOURCE_DIR=/opt/rustwide/workdir" "-e" "CARGO_TARGET_DIR=/opt/rustwide/target" "-e" "CARGO_INCREMENTAL=0" "-e" "RUST_BACKTRACE=full" "-e" "RUSTFLAGS=--cap-lints=forbid -Zrandomize-layout" "-e" "RUSTDOCFLAGS=--cap-lints=forbid" "-e" "CARGO_HOME=/opt/rustwide/cargo-home" "-e" "RUSTUP_HOME=/opt/rustwide/rustup-home" "-w" "/opt/rustwide/workdir" "-m" "1610612736" "--user" "0:0" "--network" "none" "ghcr.io/rust-lang/crates-build-env/linux@sha256:4a844ea9eb2546a2d2c7022eacef16ef2e8229c7fbb2c7d4d55a9ceca922f72d" "/opt/rustwide/cargo-home/bin/cargo" "+nightly-2024-10-28" "build" "--frozen" "--message-format=json", kill_on_drop: false }`
[INFO] [stdout] 20f8f5cefab018f743231c134c21f9d5c8ebd8227c55054afc1d6a24e2cbd894
[INFO] running `Command { std: "docker" "start" "-a" "20f8f5cefab018f743231c134c21f9d5c8ebd8227c55054afc1d6a24e2cbd894", kill_on_drop: false }`
[INFO] [stderr]    Compiling proc-macro2 v1.0.86
[INFO] [stderr]    Compiling libc v0.2.159
[INFO] [stderr]    Compiling serde v1.0.210
[INFO] [stderr]    Compiling autocfg v1.4.0
[INFO] [stderr]    Compiling rustix v0.38.37
[INFO] [stderr]    Compiling bitflags v2.6.0
[INFO] [stderr]    Compiling thiserror v1.0.64
[INFO] [stderr]    Compiling linux-raw-sys v0.4.14
[INFO] [stderr]    Compiling anyhow v1.0.89
[INFO] [stderr]    Compiling ct-codecs v1.1.2
[INFO] [stderr]    Compiling iana-time-zone v0.1.61
[INFO] [stderr]    Compiling subtle v2.6.1
[INFO] [stderr]    Compiling zeroize v1.8.1
[INFO] [stderr]    Compiling fiat-crypto v0.2.9
[INFO] [stderr]    Compiling raw-cpuid v11.2.0
[INFO] [stderr]    Compiling num-traits v0.2.19
[INFO] [stderr]    Compiling unicode-width v0.2.0
[INFO] [stderr]    Compiling quote v1.0.37
[INFO] [stderr]    Compiling base64 v0.22.1
[INFO] [stderr]    Compiling syn v2.0.79
[INFO] [stderr]    Compiling fahtsex v0.2.2
[INFO] [stderr]    Compiling getrandom v0.2.15
[INFO] [stderr]    Compiling chrono v0.4.38
[INFO] [stderr]    Compiling serde_derive v1.0.210
[INFO] [stderr]    Compiling thiserror-impl v1.0.64
[INFO] [stderr]    Compiling memmapix v0.7.6
[INFO] [stderr]    Compiling terminal_size v0.4.0
[INFO] [stderr]    Compiling pwd v1.4.0
[INFO] [stderr]    Compiling orion v0.17.7
[INFO] [stderr]    Compiling argh_shared v0.1.12
[INFO] [stderr]    Compiling argh_derive v0.1.12
[INFO] [stderr]    Compiling argh v0.1.12
[INFO] [stderr]    Compiling statusline v0.19.1 (/opt/rustwide/workdir)
[INFO] [stderr]     Finished `dev` profile [unoptimized + debuginfo] target(s) in 27.16s
[INFO] running `Command { std: "docker" "inspect" "20f8f5cefab018f743231c134c21f9d5c8ebd8227c55054afc1d6a24e2cbd894", kill_on_drop: false }`
[INFO] running `Command { std: "docker" "rm" "-f" "20f8f5cefab018f743231c134c21f9d5c8ebd8227c55054afc1d6a24e2cbd894", kill_on_drop: false }`
[INFO] [stdout] 20f8f5cefab018f743231c134c21f9d5c8ebd8227c55054afc1d6a24e2cbd894
[INFO] running `Command { std: "docker" "create" "-v" "/var/lib/crater-agent-workspace/builds/worker-1-tc2/target:/opt/rustwide/target:rw,Z" "-v" "/var/lib/crater-agent-workspace/builds/worker-1-tc2/source:/opt/rustwide/workdir:ro,Z" "-v" "/var/lib/crater-agent-workspace/cargo-home:/opt/rustwide/cargo-home:ro,Z" "-v" "/var/lib/crater-agent-workspace/rustup-home:/opt/rustwide/rustup-home:ro,Z" "-e" "SOURCE_DIR=/opt/rustwide/workdir" "-e" "CARGO_TARGET_DIR=/opt/rustwide/target" "-e" "CARGO_INCREMENTAL=0" "-e" "RUST_BACKTRACE=full" "-e" "RUSTFLAGS=--cap-lints=forbid -Zrandomize-layout" "-e" "RUSTDOCFLAGS=--cap-lints=forbid" "-e" "CARGO_HOME=/opt/rustwide/cargo-home" "-e" "RUSTUP_HOME=/opt/rustwide/rustup-home" "-w" "/opt/rustwide/workdir" "-m" "1610612736" "--user" "0:0" "--network" "none" "ghcr.io/rust-lang/crates-build-env/linux@sha256:4a844ea9eb2546a2d2c7022eacef16ef2e8229c7fbb2c7d4d55a9ceca922f72d" "/opt/rustwide/cargo-home/bin/cargo" "+nightly-2024-10-28" "test" "--frozen" "--no-run" "--message-format=json", kill_on_drop: false }`
[INFO] [stdout] 79c4d01034b563a37219a51088f1600b13c3d9b5485fa2740e4fae3005367333
[INFO] running `Command { std: "docker" "start" "-a" "79c4d01034b563a37219a51088f1600b13c3d9b5485fa2740e4fae3005367333", kill_on_drop: false }`
[INFO] [stderr]    Compiling statusline v0.19.1 (/opt/rustwide/workdir)
[INFO] [stderr]     Finished `test` profile [unoptimized + debuginfo] target(s) in 0.80s
[INFO] running `Command { std: "docker" "inspect" "79c4d01034b563a37219a51088f1600b13c3d9b5485fa2740e4fae3005367333", kill_on_drop: false }`
[INFO] running `Command { std: "docker" "rm" "-f" "79c4d01034b563a37219a51088f1600b13c3d9b5485fa2740e4fae3005367333", kill_on_drop: false }`
[INFO] [stdout] 79c4d01034b563a37219a51088f1600b13c3d9b5485fa2740e4fae3005367333
[INFO] running `Command { std: "docker" "create" "-v" "/var/lib/crater-agent-workspace/builds/worker-1-tc2/target:/opt/rustwide/target:rw,Z" "-v" "/var/lib/crater-agent-workspace/builds/worker-1-tc2/source:/opt/rustwide/workdir:ro,Z" "-v" "/var/lib/crater-agent-workspace/cargo-home:/opt/rustwide/cargo-home:ro,Z" "-v" "/var/lib/crater-agent-workspace/rustup-home:/opt/rustwide/rustup-home:ro,Z" "-e" "SOURCE_DIR=/opt/rustwide/workdir" "-e" "CARGO_TARGET_DIR=/opt/rustwide/target" "-e" "CARGO_INCREMENTAL=0" "-e" "RUST_BACKTRACE=full" "-e" "RUSTFLAGS=--cap-lints=forbid -Zrandomize-layout" "-e" "RUSTDOCFLAGS=--cap-lints=forbid" "-e" "CARGO_HOME=/opt/rustwide/cargo-home" "-e" "RUSTUP_HOME=/opt/rustwide/rustup-home" "-w" "/opt/rustwide/workdir" "-m" "1610612736" "--user" "0:0" "--network" "none" "ghcr.io/rust-lang/crates-build-env/linux@sha256:4a844ea9eb2546a2d2c7022eacef16ef2e8229c7fbb2c7d4d55a9ceca922f72d" "/opt/rustwide/cargo-home/bin/cargo" "+nightly-2024-10-28" "test" "--frozen", kill_on_drop: false }`
[INFO] [stdout] 217013c595fe3b60c70b6c9c1982a227b248f0a969c60580eb31f684be1760c5
[INFO] running `Command { std: "docker" "start" "-a" "217013c595fe3b60c70b6c9c1982a227b248f0a969c60580eb31f684be1760c5", kill_on_drop: false }`
[INFO] [stderr]     Finished `test` profile [unoptimized + debuginfo] target(s) in 0.07s
[INFO] [stderr]      Running unittests src/lib.rs (/opt/rustwide/target/debug/deps/statusline-b732bb64edd3b536)
[INFO] [stdout] 
[INFO] [stdout] running 0 tests
[INFO] [stdout] 
[INFO] [stdout] test result: ok. 0 passed; 0 failed; 0 ignored; 0 measured; 0 filtered out; finished in 0.00s
[INFO] [stdout] 
[INFO] [stderr]      Running unittests src/main.rs (/opt/rustwide/target/debug/deps/statusline-ec6b581109872107)
[INFO] [stdout] 
[INFO] [stdout] running 0 tests
[INFO] [stdout] 
[INFO] [stdout] test result: ok. 0 passed; 0 failed; 0 ignored; 0 measured; 0 filtered out; finished in 0.00s
[INFO] [stdout] 
[INFO] [stderr]    Doc-tests statusline
[INFO] [stdout] 
[INFO] [stdout] running 12 tests
[INFO] [stdout] test src/lib.rs - (line 8) ... FAILED
[INFO] [stdout] test src/default.rs - default (line 4) ... FAILED
[INFO] [stdout] test src/style.rs - style::Style (line 109) ... ok
[INFO] [stdout] test src/style.rs - style::Style::boxed (line 223) ... ok
[INFO] [stdout] test src/style.rs - style::Style::italic (line 149) ... ok
[INFO] [stdout] test src/style.rs - style::Style::bold (line 136) ... ok
[INFO] [stdout] test src/style.rs - style::Style::as_title (line 123) ... ok
[INFO] [stdout] test src/style.rs - style::Style::rounded (line 236) ... ok
[INFO] [stdout] test src/style.rs - style::Style::invisible (line 183) ... ok
[INFO] [stdout] test src/style.rs - style::Style::visible (line 196) ... ok
[INFO] [stdout] test src/style.rs - style::Style::with_reset (line 210) ... ok
[INFO] [stdout] test src/style.rs - style::Styled (line 64) ... ok
[INFO] [stdout] 
[INFO] [stdout] failures:
[INFO] [stdout] 
[INFO] [stdout] ---- src/lib.rs - (line 8) stdout ----
[INFO] [stdout] error[E0599]: no function or associated item named `from_env` found for struct `Environment` in the current scope
[INFO] [stdout]  --> src/lib.rs:13:25
[INFO] [stdout]   |
[INFO] [stdout] 8 | let args = Environment::from_env::<&str>(&[]);
[INFO] [stdout]   |                         ^^^^^^^^ function or associated item not found in `Environment`
[INFO] [stdout]   |
[INFO] [stdout] help: there is an associated function `from` with a similar name
[INFO] [stdout]   |
[INFO] [stdout] 8 | let args = Environment::from::<&str>(&[]);
[INFO] [stdout]   |                         ~~~~
[INFO] [stdout] 
[INFO] [stdout] error: aborting due to 1 previous error
[INFO] [stdout] 
[INFO] [stdout] For more information about this error, try `rustc --explain E0599`.
[INFO] [stdout] Couldn't compile the test.
[INFO] [stdout] ---- src/default.rs - default (line 4) stdout ----
[INFO] [stdout] error[E0599]: no function or associated item named `from_env` found for struct `Environment` in the current scope
[INFO] [stdout]  --> src/default.rs:9:25
[INFO] [stdout]   |
[INFO] [stdout] 8 | let args = Environment::from_env::<&str>(&[]);
[INFO] [stdout]   |                         ^^^^^^^^ function or associated item not found in `Environment`
[INFO] [stdout]   |
[INFO] [stdout] help: there is an associated function `from` with a similar name
[INFO] [stdout]   |
[INFO] [stdout] 8 | let args = Environment::from::<&str>(&[]);
[INFO] [stdout]   |                         ~~~~
[INFO] [stdout] 
[INFO] [stdout] error: aborting due to 1 previous error
[INFO] [stdout] 
[INFO] [stdout] For more information about this error, try `rustc --explain E0599`.
[INFO] [stdout] Couldn't compile the test.
[INFO] [stdout] 
[INFO] [stdout] failures:
[INFO] [stdout]     src/default.rs - default (line 4)
[INFO] [stdout]     src/lib.rs - (line 8)
[INFO] [stdout] 
[INFO] [stdout] test result: FAILED. 10 passed; 2 failed; 0 ignored; 0 measured; 0 filtered out; finished in 1.77s
[INFO] [stdout] 
[INFO] [stderr] error: doctest failed, to rerun pass `--doc`
[INFO] running `Command { std: "docker" "inspect" "217013c595fe3b60c70b6c9c1982a227b248f0a969c60580eb31f684be1760c5", kill_on_drop: false }`
[INFO] running `Command { std: "docker" "rm" "-f" "217013c595fe3b60c70b6c9c1982a227b248f0a969c60580eb31f684be1760c5", kill_on_drop: false }`
[INFO] [stdout] 217013c595fe3b60c70b6c9c1982a227b248f0a969c60580eb31f684be1760c5
