[INFO] fetching crate statrs 0.17.1...
[INFO] testing statrs-0.17.1 against nightly-2024-10-28+rustflags=-Zrandomize-layout for randomize-layout
[INFO] extracting crate statrs 0.17.1 into /workspace/builds/worker-7-tc2/source
[INFO] validating manifest of crates.io crate statrs 0.17.1 on toolchain nightly-2024-10-28
[INFO] running `Command { std: CARGO_HOME="/workspace/cargo-home" RUSTUP_HOME="/workspace/rustup-home" "/workspace/cargo-home/bin/cargo" "+nightly-2024-10-28" "metadata" "--manifest-path" "Cargo.toml" "--no-deps", kill_on_drop: false }`
[INFO] started tweaking crates.io crate statrs 0.17.1
[INFO] finished tweaking crates.io crate statrs 0.17.1
[INFO] tweaked toml for crates.io crate statrs 0.17.1 written to /workspace/builds/worker-7-tc2/source/Cargo.toml
[INFO] running `Command { std: CARGO_HOME="/workspace/cargo-home" RUSTUP_HOME="/workspace/rustup-home" "/workspace/cargo-home/bin/cargo" "+nightly-2024-10-28" "generate-lockfile" "--manifest-path" "Cargo.toml", kill_on_drop: false }`
[INFO] [stderr]     Updating crates.io index
[INFO] [stderr]      Locking 95 packages to latest compatible versions
[INFO] [stderr]       Adding criterion v0.3.6 (available: v0.5.1)
[INFO] [stderr]       Adding nalgebra v0.32.6 (available: v0.33.2)
[INFO] running `Command { std: CARGO_HOME="/workspace/cargo-home" RUSTUP_HOME="/workspace/rustup-home" "/workspace/cargo-home/bin/cargo" "+nightly-2024-10-28" "fetch" "--manifest-path" "Cargo.toml", kill_on_drop: false }`
[INFO] running `Command { std: "docker" "create" "-v" "/var/lib/crater-agent-workspace/builds/worker-7-tc2/target:/opt/rustwide/target:rw,Z" "-v" "/var/lib/crater-agent-workspace/builds/worker-7-tc2/source:/opt/rustwide/workdir:ro,Z" "-v" "/var/lib/crater-agent-workspace/cargo-home:/opt/rustwide/cargo-home:ro,Z" "-v" "/var/lib/crater-agent-workspace/rustup-home:/opt/rustwide/rustup-home:ro,Z" "-e" "SOURCE_DIR=/opt/rustwide/workdir" "-e" "CARGO_TARGET_DIR=/opt/rustwide/target" "-e" "CARGO_HOME=/opt/rustwide/cargo-home" "-e" "RUSTUP_HOME=/opt/rustwide/rustup-home" "-w" "/opt/rustwide/workdir" "-m" "1610612736" "--user" "0:0" "--network" "none" "ghcr.io/rust-lang/crates-build-env/linux@sha256:4a844ea9eb2546a2d2c7022eacef16ef2e8229c7fbb2c7d4d55a9ceca922f72d" "/opt/rustwide/cargo-home/bin/cargo" "+nightly-2024-10-28" "metadata" "--no-deps" "--format-version=1", kill_on_drop: false }`
[INFO] [stdout] 26dcc409d42e3450e083e2dd3bd006fa07da3423e542bf2eabfe02e62d178ad1
[INFO] running `Command { std: "docker" "start" "-a" "26dcc409d42e3450e083e2dd3bd006fa07da3423e542bf2eabfe02e62d178ad1", kill_on_drop: false }`
[INFO] running `Command { std: "docker" "inspect" "26dcc409d42e3450e083e2dd3bd006fa07da3423e542bf2eabfe02e62d178ad1", kill_on_drop: false }`
[INFO] running `Command { std: "docker" "rm" "-f" "26dcc409d42e3450e083e2dd3bd006fa07da3423e542bf2eabfe02e62d178ad1", kill_on_drop: false }`
[INFO] [stdout] 26dcc409d42e3450e083e2dd3bd006fa07da3423e542bf2eabfe02e62d178ad1
[INFO] running `Command { std: "docker" "create" "-v" "/var/lib/crater-agent-workspace/builds/worker-7-tc2/target:/opt/rustwide/target:rw,Z" "-v" "/var/lib/crater-agent-workspace/builds/worker-7-tc2/source:/opt/rustwide/workdir:ro,Z" "-v" "/var/lib/crater-agent-workspace/cargo-home:/opt/rustwide/cargo-home:ro,Z" "-v" "/var/lib/crater-agent-workspace/rustup-home:/opt/rustwide/rustup-home:ro,Z" "-e" "SOURCE_DIR=/opt/rustwide/workdir" "-e" "CARGO_TARGET_DIR=/opt/rustwide/target" "-e" "CARGO_INCREMENTAL=0" "-e" "RUST_BACKTRACE=full" "-e" "RUSTFLAGS=--cap-lints=forbid -Zrandomize-layout" "-e" "RUSTDOCFLAGS=--cap-lints=forbid" "-e" "CARGO_HOME=/opt/rustwide/cargo-home" "-e" "RUSTUP_HOME=/opt/rustwide/rustup-home" "-w" "/opt/rustwide/workdir" "-m" "1610612736" "--user" "0:0" "--network" "none" "ghcr.io/rust-lang/crates-build-env/linux@sha256:4a844ea9eb2546a2d2c7022eacef16ef2e8229c7fbb2c7d4d55a9ceca922f72d" "/opt/rustwide/cargo-home/bin/cargo" "+nightly-2024-10-28" "build" "--frozen" "--message-format=json", kill_on_drop: false }`
[INFO] [stdout] 1dcbdb32fdd8d242f953d33a17af9fdee613ff938c4c0de0744a9882599e2d57
[INFO] running `Command { std: "docker" "start" "-a" "1dcbdb32fdd8d242f953d33a17af9fdee613ff938c4c0de0744a9882599e2d57", kill_on_drop: false }`
[INFO] [stderr]    Compiling libm v0.2.11
[INFO] [stderr]    Compiling num-traits v0.2.19
[INFO] [stderr]    Compiling libc v0.2.161
[INFO] [stderr]    Compiling byteorder v1.5.0
[INFO] [stderr]    Compiling bytemuck v1.19.0
[INFO] [stderr]    Compiling matrixmultiply v0.3.9
[INFO] [stderr]    Compiling rawpointer v0.2.1
[INFO] [stderr]    Compiling syn v2.0.86
[INFO] [stderr]    Compiling safe_arch v0.7.2
[INFO] [stderr]    Compiling wide v0.7.28
[INFO] [stderr]    Compiling getrandom v0.2.15
[INFO] [stderr]    Compiling rand_core v0.6.4
[INFO] [stderr]    Compiling num-integer v0.1.46
[INFO] [stderr]    Compiling approx v0.5.1
[INFO] [stderr]    Compiling num-complex v0.4.6
[INFO] [stderr]    Compiling num-rational v0.4.2
[INFO] [stderr]    Compiling simba v0.8.1
[INFO] [stderr]    Compiling zerocopy-derive v0.7.35
[INFO] [stderr]    Compiling nalgebra-macros v0.2.2
[INFO] [stderr]    Compiling zerocopy v0.7.35
[INFO] [stderr]    Compiling ppv-lite86 v0.2.20
[INFO] [stderr]    Compiling rand_chacha v0.3.1
[INFO] [stderr]    Compiling rand v0.8.5
[INFO] [stderr]    Compiling rand_distr v0.4.3
[INFO] [stderr]    Compiling nalgebra v0.32.6
[INFO] [stderr]    Compiling statrs v0.17.1 (/opt/rustwide/workdir)
[INFO] [stderr]     Finished `dev` profile [unoptimized + debuginfo] target(s) in 10.32s
[INFO] running `Command { std: "docker" "inspect" "1dcbdb32fdd8d242f953d33a17af9fdee613ff938c4c0de0744a9882599e2d57", kill_on_drop: false }`
[INFO] running `Command { std: "docker" "rm" "-f" "1dcbdb32fdd8d242f953d33a17af9fdee613ff938c4c0de0744a9882599e2d57", kill_on_drop: false }`
[INFO] [stdout] 1dcbdb32fdd8d242f953d33a17af9fdee613ff938c4c0de0744a9882599e2d57
[INFO] running `Command { std: "docker" "create" "-v" "/var/lib/crater-agent-workspace/builds/worker-7-tc2/target:/opt/rustwide/target:rw,Z" "-v" "/var/lib/crater-agent-workspace/builds/worker-7-tc2/source:/opt/rustwide/workdir:ro,Z" "-v" "/var/lib/crater-agent-workspace/cargo-home:/opt/rustwide/cargo-home:ro,Z" "-v" "/var/lib/crater-agent-workspace/rustup-home:/opt/rustwide/rustup-home:ro,Z" "-e" "SOURCE_DIR=/opt/rustwide/workdir" "-e" "CARGO_TARGET_DIR=/opt/rustwide/target" "-e" "CARGO_INCREMENTAL=0" "-e" "RUST_BACKTRACE=full" "-e" "RUSTFLAGS=--cap-lints=forbid -Zrandomize-layout" "-e" "RUSTDOCFLAGS=--cap-lints=forbid" "-e" "CARGO_HOME=/opt/rustwide/cargo-home" "-e" "RUSTUP_HOME=/opt/rustwide/rustup-home" "-w" "/opt/rustwide/workdir" "-m" "1610612736" "--user" "0:0" "--network" "none" "ghcr.io/rust-lang/crates-build-env/linux@sha256:4a844ea9eb2546a2d2c7022eacef16ef2e8229c7fbb2c7d4d55a9ceca922f72d" "/opt/rustwide/cargo-home/bin/cargo" "+nightly-2024-10-28" "test" "--frozen" "--no-run" "--message-format=json", kill_on_drop: false }`
[INFO] [stdout] dc33c86bbea66df7ae4e9fc4cc9909a0490eec0d5a05cf61b9a77a7c37f51e18
[INFO] running `Command { std: "docker" "start" "-a" "dc33c86bbea66df7ae4e9fc4cc9909a0490eec0d5a05cf61b9a77a7c37f51e18", kill_on_drop: false }`
[INFO] [stderr]    Compiling serde v1.0.214
[INFO] [stderr]    Compiling crossbeam-utils v0.8.20
[INFO] [stderr]    Compiling memchr v2.7.4
[INFO] [stderr]    Compiling rayon-core v1.12.1
[INFO] [stderr]    Compiling serde_json v1.0.132
[INFO] [stderr]    Compiling ryu v1.0.18
[INFO] [stderr]    Compiling regex-syntax v0.8.5
[INFO] [stderr]    Compiling unicode-width v0.1.14
[INFO] [stderr]    Compiling plotters-backend v0.3.7
[INFO] [stderr]    Compiling itertools v0.10.5
[INFO] [stderr]    Compiling same-file v1.0.6
[INFO] [stderr]    Compiling half v1.8.3
[INFO] [stderr]    Compiling cast v0.3.0
[INFO] [stderr]    Compiling atty v0.2.14
[INFO] [stderr]    Compiling serde_derive v1.0.214
[INFO] [stderr]    Compiling oorandom v11.1.4
[INFO] [stderr]    Compiling walkdir v2.5.0
[INFO] [stderr]    Compiling textwrap v0.11.0
[INFO] [stderr]    Compiling plotters-svg v0.3.7
[INFO] [stderr]    Compiling clap v2.34.0
[INFO] [stderr]    Compiling plotters v0.3.7
[INFO] [stderr]    Compiling csv-core v0.1.11
[INFO] [stderr]    Compiling crossbeam-epoch v0.9.18
[INFO] [stderr]    Compiling crossbeam-deque v0.8.5
[INFO] [stderr]    Compiling regex-automata v0.4.8
[INFO] [stderr]    Compiling criterion-plot v0.4.5
[INFO] [stderr]    Compiling rayon v1.10.0
[INFO] [stderr]    Compiling regex v1.11.1
[INFO] [stderr]    Compiling serde_cbor v0.11.2
[INFO] [stderr]    Compiling csv v1.3.0
[INFO] [stderr]    Compiling tinytemplate v1.2.1
[INFO] [stderr]    Compiling criterion v0.3.6
[INFO] [stderr]    Compiling statrs v0.17.1 (/opt/rustwide/workdir)
[INFO] [stderr]     Finished `test` profile [unoptimized + debuginfo] target(s) in 8.42s
[INFO] running `Command { std: "docker" "inspect" "dc33c86bbea66df7ae4e9fc4cc9909a0490eec0d5a05cf61b9a77a7c37f51e18", kill_on_drop: false }`
[INFO] running `Command { std: "docker" "rm" "-f" "dc33c86bbea66df7ae4e9fc4cc9909a0490eec0d5a05cf61b9a77a7c37f51e18", kill_on_drop: false }`
[INFO] [stdout] dc33c86bbea66df7ae4e9fc4cc9909a0490eec0d5a05cf61b9a77a7c37f51e18
[INFO] running `Command { std: "docker" "create" "-v" "/var/lib/crater-agent-workspace/builds/worker-7-tc2/target:/opt/rustwide/target:rw,Z" "-v" "/var/lib/crater-agent-workspace/builds/worker-7-tc2/source:/opt/rustwide/workdir:ro,Z" "-v" "/var/lib/crater-agent-workspace/cargo-home:/opt/rustwide/cargo-home:ro,Z" "-v" "/var/lib/crater-agent-workspace/rustup-home:/opt/rustwide/rustup-home:ro,Z" "-e" "SOURCE_DIR=/opt/rustwide/workdir" "-e" "CARGO_TARGET_DIR=/opt/rustwide/target" "-e" "CARGO_INCREMENTAL=0" "-e" "RUST_BACKTRACE=full" "-e" "RUSTFLAGS=--cap-lints=forbid -Zrandomize-layout" "-e" "RUSTDOCFLAGS=--cap-lints=forbid" "-e" "CARGO_HOME=/opt/rustwide/cargo-home" "-e" "RUSTUP_HOME=/opt/rustwide/rustup-home" "-w" "/opt/rustwide/workdir" "-m" "1610612736" "--user" "0:0" "--network" "none" "ghcr.io/rust-lang/crates-build-env/linux@sha256:4a844ea9eb2546a2d2c7022eacef16ef2e8229c7fbb2c7d4d55a9ceca922f72d" "/opt/rustwide/cargo-home/bin/cargo" "+nightly-2024-10-28" "test" "--frozen", kill_on_drop: false }`
[INFO] [stdout] e45fa4f119a456e06c060229f878ddf434a5b1c9ec5a2c986caaa3703e7ae58c
[INFO] running `Command { std: "docker" "start" "-a" "e45fa4f119a456e06c060229f878ddf434a5b1c9ec5a2c986caaa3703e7ae58c", kill_on_drop: false }`
[INFO] [stderr]     Finished `test` profile [unoptimized + debuginfo] target(s) in 0.05s
[INFO] [stderr]      Running unittests src/lib.rs (/opt/rustwide/target/debug/deps/statrs-eb7a34ef23ca85ce)
[INFO] [stdout] 
[INFO] [stdout] running 541 tests
[INFO] [stdout] test distribution::bernoulli::testing::test_bad_create ... ok
[INFO] [stdout] test distribution::bernoulli::testing::test_cdf ... ok
[INFO] [stdout] test distribution::bernoulli::testing::test_create ... ok
[INFO] [stdout] test distribution::bernoulli::testing::test_sf ... ok
[INFO] [stdout] test distribution::bernoulli::testing::test_cdf_upper_bound ... ok
[INFO] [stdout] test distribution::bernoulli::testing::test_sf_upper_bound ... ok
[INFO] [stdout] test distribution::beta::tests::test_bad_create ... ok
[INFO] [stdout] test distribution::beta::tests::test_cdf ... ok
[INFO] [stdout] test distribution::beta::tests::test_cdf_input_gt_1 ... ok
[INFO] [stdout] test distribution::beta::tests::test_cdf_input_lt_0 ... ok
[INFO] [stdout] test distribution::beta::tests::test_create ... ok
[INFO] [stdout] test distribution::beta::tests::test_entropy ... ok
[INFO] [stdout] test distribution::beta::tests::test_ln_pdf ... ok
[INFO] [stdout] test distribution::beta::tests::test_ln_pdf_input_gt_1 ... ok
[INFO] [stdout] test distribution::beta::tests::test_ln_pdf_input_lt_0 ... ok
[INFO] [stdout] test distribution::beta::tests::test_mean ... ok
[INFO] [stdout] test distribution::beta::tests::test_mode ... ok
[INFO] [stdout] test distribution::beta::tests::test_min_max ... ok
[INFO] [stdout] test distribution::beta::tests::test_pdf ... ok
[INFO] [stdout] test distribution::beta::tests::test_sf_input_gt_1 ... ok
[INFO] [stdout] test distribution::beta::tests::test_pdf_input_lt_0 ... ok
[INFO] [stdout] test distribution::beta::tests::test_skewness ... ok
[INFO] [stdout] test distribution::beta::tests::test_pdf_input_gt_0 ... ok
[INFO] [stdout] test distribution::beta::tests::test_variance ... ok
[INFO] [stdout] test distribution::binomial::tests::test_bad_create ... ok
[INFO] [stdout] test distribution::binomial::tests::test_cdf_upper_bound ... ok
[INFO] [stdout] test distribution::binomial::tests::test_discrete ... ok
[INFO] [stdout] test distribution::beta::tests::test_sf_input_lt_0 ... ok
[INFO] [stdout] test distribution::binomial::tests::test_entropy ... ok
[INFO] [stdout] test distribution::binomial::tests::test_ln_pmf ... ok
[INFO] [stdout] test distribution::binomial::tests::test_mean ... ok
[INFO] [stdout] test distribution::binomial::tests::test_inverse_cdf ... ok
[INFO] [stdout] test distribution::binomial::tests::test_cdf ... ok
[INFO] [stdout] test distribution::binomial::tests::test_median ... ok
[INFO] [stdout] test distribution::binomial::tests::test_cdf_inverse_cdf ... ok
[INFO] [stdout] test distribution::binomial::tests::test_create ... ok
[INFO] [stdout] test distribution::binomial::tests::test_mode ... ok
[INFO] [stdout] test distribution::beta::tests::test_sf ... ok
[INFO] [stdout] test distribution::binomial::tests::test_pmf ... ok
[INFO] [stdout] test distribution::binomial::tests::test_sf ... ok
[INFO] [stdout] test distribution::binomial::tests::test_sf_upper_bound ... ok
[INFO] [stdout] test distribution::binomial::tests::test_skewness ... ok
[INFO] [stdout] test distribution::binomial::tests::test_min_max ... ok
[INFO] [stdout] test distribution::categorical::test_binary_index ... ok
[INFO] [stdout] test distribution::binomial::tests::test_variance ... ok
[INFO] [stdout] test distribution::categorical::tests::test_cdf ... ok
[INFO] [stdout] test distribution::categorical::tests::test_bad_create ... ok
[INFO] [stdout] test distribution::categorical::tests::test_cdf_input_high ... ok
[INFO] [stdout] test distribution::categorical::test_prob_mass_to_cdf ... ok
[INFO] [stdout] test distribution::categorical::tests::test_create ... ok
[INFO] [stdout] test distribution::categorical::tests::test_cdf_sf_mirror ... ok
[INFO] [stdout] test distribution::categorical::tests::test_discrete ... ok
[INFO] [stdout] test distribution::categorical::tests::test_entropy ... ok
[INFO] [stdout] test distribution::categorical::tests::test_inverse_cdf ... ok
[INFO] [stdout] test distribution::categorical::tests::test_ln_pmf ... ok
[INFO] [stdout] test distribution::categorical::tests::test_ln_pmf_x_too_high ... ok
[INFO] [stdout] test distribution::categorical::tests::test_mean ... ok
[INFO] [stdout] test distribution::categorical::tests::test_median ... ok
[INFO] [stdout] test distribution::categorical::tests::test_min_max ... ok
[INFO] [stdout] test distribution::categorical::tests::test_pmf ... ok
[INFO] [stdout] test distribution::categorical::tests::test_pmf_x_too_high ... ok
[INFO] [stdout] test distribution::categorical::tests::test_sf ... ok
[INFO] [stdout] test distribution::categorical::tests::test_sf_input_high ... ok
[INFO] [stdout] test distribution::categorical::tests::test_variance ... ok
[INFO] [stdout] test distribution::cauchy::tests::test_bad_create ... ok
[INFO] [stdout] test distribution::cauchy::tests::test_cdf ... ok
[INFO] [stdout] test distribution::cauchy::tests::test_create ... ok
[INFO] [stdout] test distribution::cauchy::tests::test_ln_pdf ... ok
[INFO] [stdout] test distribution::cauchy::tests::test_median ... ok
[INFO] [stdout] test distribution::cauchy::tests::test_min_max ... ok
[INFO] [stdout] test distribution::cauchy::tests::test_mode ... ok
[INFO] [stdout] test distribution::cauchy::tests::test_pdf ... ok
[INFO] [stdout] test distribution::cauchy::tests::test_sf ... ok
[INFO] [stdout] test distribution::cauchy::tests::test_entropy ... ok
[INFO] [stdout] test distribution::chi::tests::test_bad_create ... ok
[INFO] [stdout] test distribution::chi::tests::test_cdf ... ok
[INFO] [stdout] test distribution::chi::tests::test_create ... ok
[INFO] [stdout] test distribution::chi::tests::test_large_dof_mean_not_nan ... ok
[INFO] [stdout] test distribution::chi::tests::test_min_max ... ok
[INFO] [stdout] test distribution::chi::tests::test_mode ... ok
[INFO] [stdout] test distribution::chi::tests::test_entropy ... ok
[INFO] [stdout] test distribution::chi::tests::test_ln_pdf ... ok
[INFO] [stdout] test distribution::chi::tests::test_mean ... ok
[INFO] [stdout] test distribution::chi::tests::test_neg_cdf ... ok
[INFO] [stdout] test distribution::chi::tests::test_neg_ln_pdf ... ok
[INFO] [stdout] test distribution::chi::tests::test_neg_pdf ... ok
[INFO] [stdout] test distribution::chi::tests::test_pdf ... ok
[INFO] [stdout] test distribution::chi::tests::test_neg_sf ... ok
[INFO] [stdout] test distribution::chi::tests::test_sf ... ok
[INFO] [stdout] test distribution::chi::tests::test_skewness ... ok
[INFO] [stdout] test distribution::chi::tests::test_variance ... ok
[INFO] [stdout] test distribution::chi_squared::tests::test_median ... ok
[INFO] [stdout] test distribution::dirac::tests::test_bad_create ... ok
[INFO] [stdout] test distribution::dirac::tests::test_cdf ... ok
[INFO] [stdout] test distribution::dirac::tests::test_create ... ok
[INFO] [stdout] test distribution::dirac::tests::test_entropy ... ok
[INFO] [stdout] test distribution::dirac::tests::test_median ... ok
[INFO] [stdout] test distribution::dirac::tests::test_min_max ... ok
[INFO] [stdout] test distribution::dirac::tests::test_mode ... ok
[INFO] [stdout] test distribution::dirac::tests::test_sf ... ok
[INFO] [stdout] test distribution::dirac::tests::test_variance ... ok
[INFO] [stdout] test distribution::dirichlet::tests::test_bad_create ... ok
[INFO] [stdout] test distribution::dirac::tests::test_skewness ... ok
[INFO] [stdout] test distribution::dirichlet::tests::test_create ... ok
[INFO] [stdout] test distribution::dirichlet::tests::test_is_valid_alpha ... ok
[INFO] [stdout] test distribution::dirichlet::tests::test_entropy ... ok
[INFO] [stdout] test distribution::dirichlet::tests::test_ln_pdf ... ok
[INFO] [stdout] test distribution::cauchy::tests::test_continuous ... ok
[INFO] [stdout] test distribution::dirichlet::tests::test_pdf ... ok
[INFO] [stdout] test distribution::beta::tests::test_mode_shape_a_lte_1 - should panic ... ok
[INFO] [stdout] test distribution::beta::tests::test_mode_shape_b_lte_1 - should panic ... ok
[INFO] [stdout] test distribution::categorical::tests::test_inverse_cdf_input_high - should panic ... ok
[INFO] [stdout] test distribution::discrete_uniform::tests::test_bad_create ... ok
[INFO] [stdout] test distribution::categorical::tests::test_inverse_cdf_input_low - should panic ... ok
[INFO] [stdout] test distribution::discrete_uniform::tests::test_cdf ... ok
[INFO] [stdout] test distribution::discrete_uniform::tests::test_cdf_lower_bound ... ok
[INFO] [stdout] test distribution::discrete_uniform::tests::test_cdf_upper_bound ... ok
[INFO] [stdout] test distribution::discrete_uniform::tests::test_create ... ok
[INFO] [stdout] test distribution::discrete_uniform::tests::test_entropy ... ok
[INFO] [stdout] test distribution::discrete_uniform::tests::test_ln_pmf ... ok
[INFO] [stdout] test distribution::discrete_uniform::tests::test_mean ... ok
[INFO] [stdout] test distribution::discrete_uniform::tests::test_median ... ok
[INFO] [stdout] test distribution::discrete_uniform::tests::test_mode ... ok
[INFO] [stdout] test distribution::discrete_uniform::tests::test_pmf ... ok
[INFO] [stdout] test distribution::discrete_uniform::tests::test_sf ... ok
[INFO] [stdout] test distribution::discrete_uniform::tests::test_sf_lower_bound ... ok
[INFO] [stdout] test distribution::discrete_uniform::tests::test_skewness ... ok
[INFO] [stdout] test distribution::discrete_uniform::tests::test_variance ... ok
[INFO] [stdout] test distribution::chi::tests::test_entropy_degen - should panic ... ok
[INFO] [stdout] test distribution::empirical::tests::test_cdf ... ok
[INFO] [stdout] test distribution::chi::tests::test_mean_degen - should panic ... ok
[INFO] [stdout] test distribution::empirical::tests::test_sf ... ok
[INFO] [stdout] test distribution::erlang::tests::test_bad_create ... ok
[INFO] [stdout] test distribution::erlang::tests::test_create ... ok
[INFO] [stdout] test distribution::exponential::tests::test_bad_create ... ok
[INFO] [stdout] test distribution::chi::tests::test_mode_freedom_lt_1 - should panic ... ok
[INFO] [stdout] test distribution::exponential::tests::test_cdf ... ok
[INFO] [stdout] test distribution::exponential::tests::test_create ... ok
[INFO] [stdout] test distribution::exponential::tests::test_entropy ... ok
[INFO] [stdout] test distribution::exponential::tests::test_inverse_cdf ... ok
[INFO] [stdout] test distribution::exponential::tests::test_ln_pdf ... ok
[INFO] [stdout] test distribution::exponential::tests::test_mean ... ok
[INFO] [stdout] test distribution::exponential::tests::test_median ... ok
[INFO] [stdout] test distribution::exponential::tests::test_min_max ... ok
[INFO] [stdout] test distribution::chi::tests::test_skewness_degen - should panic ... ok
[INFO] [stdout] test distribution::exponential::tests::test_neg_cdf ... ok
[INFO] [stdout] test distribution::exponential::tests::test_mode ... ok
[INFO] [stdout] test distribution::exponential::tests::test_neg_ln_pdf ... ok
[INFO] [stdout] test distribution::exponential::tests::test_neg_pdf ... ok
[INFO] [stdout] test distribution::chi::tests::test_variance_degen - should panic ... ok
[INFO] [stdout] test distribution::exponential::tests::test_sf ... ok
[INFO] [stdout] test distribution::exponential::tests::test_neg_sf ... ok
[INFO] [stdout] test distribution::exponential::tests::test_skewness ... ok
[INFO] [stdout] test distribution::dirichlet::tests::test_ln_pdf_bad_input_length - should panic ... ok
[INFO] [stdout] test distribution::fisher_snedecor::tests::test_cdf_lower_bound ... ok
[INFO] [stdout] test distribution::exponential::tests::test_pdf ... ok
[INFO] [stdout] test distribution::dirichlet::tests::test_ln_pdf_bad_input_range - should panic ... ok
[INFO] [stdout] test distribution::exponential::tests::test_variance ... ok
[INFO] [stdout] test distribution::fisher_snedecor::tests::test_bad_create ... ok
[INFO] [stdout] test distribution::fisher_snedecor::tests::test_cdf ... ok
[INFO] [stdout] test distribution::dirichlet::tests::test_ln_pdf_bad_input_sum - should panic ... ok
[INFO] [stdout] test distribution::fisher_snedecor::tests::test_create ... ok
[INFO] [stdout] test distribution::fisher_snedecor::tests::test_ln_pdf ... ok
[INFO] [stdout] test distribution::dirichlet::tests::test_pdf_bad_input_length - should panic ... ok
[INFO] [stdout] test distribution::fisher_snedecor::tests::test_mean ... ok
[INFO] [stdout] test distribution::fisher_snedecor::tests::test_min_max ... ok
[INFO] [stdout] test distribution::dirichlet::tests::test_pdf_bad_input_range - should panic ... ok
[INFO] [stdout] test distribution::fisher_snedecor::tests::test_pdf ... ok
[INFO] [stdout] test distribution::fisher_snedecor::tests::test_skewness ... ok
[INFO] [stdout] test distribution::fisher_snedecor::tests::test_sf ... ok
[INFO] [stdout] test distribution::dirichlet::tests::test_pdf_bad_input_sum - should panic ... ok
[INFO] [stdout] test distribution::gamma::tests::test_bad_create ... ok
[INFO] [stdout] test distribution::fisher_snedecor::tests::test_mode ... ok
[INFO] [stdout] test distribution::gamma::tests::test_cdf ... ok
[INFO] [stdout] test distribution::fisher_snedecor::tests::test_sf_lower_bound ... ok
[INFO] [stdout] test distribution::fisher_snedecor::tests::test_variance ... ok
[INFO] [stdout] test distribution::gamma::tests::test_create ... ok
[INFO] [stdout] test distribution::gamma::tests::test_ln_pdf ... ok
[INFO] [stdout] test distribution::gamma::tests::test_mean ... ok
[INFO] [stdout] test distribution::gamma::tests::test_entropy ... ok
[INFO] [stdout] test distribution::gamma::tests::test_min_max ... ok
[INFO] [stdout] test distribution::gamma::tests::test_cdf_inverse_identity ... ok
[INFO] [stdout] test distribution::gamma::tests::test_mode ... ok
[INFO] [stdout] test distribution::gamma::tests::test_cdf_at_zero ... ok
[INFO] [stdout] test distribution::gamma::tests::test_pdf ... ok
[INFO] [stdout] test distribution::gamma::tests::test_sf ... ok
[INFO] [stdout] test distribution::gamma::tests::test_sf_at_zero ... ok
[INFO] [stdout] test distribution::gamma::tests::test_skewness ... ok
[INFO] [stdout] test distribution::gamma::tests::test_pdf_at_zero ... ok
[INFO] [stdout] test distribution::geometric::tests::test_bad_create ... ok
[INFO] [stdout] test distribution::geometric::tests::test_cdf ... ok
[INFO] [stdout] test distribution::geometric::tests::test_cdf_lower_bound ... ok
[INFO] [stdout] test distribution::fisher_snedecor::tests::test_skewness_with_low_d2 - should panic ... ok
[INFO] [stdout] test distribution::gamma::tests::test_variance ... ok
[INFO] [stdout] test distribution::fisher_snedecor::tests::test_mode_with_low_d1 - should panic ... ok
[INFO] [stdout] test distribution::geometric::tests::test_cdf_small_p ... ok
[INFO] [stdout] test distribution::geometric::tests::test_create ... ok
[INFO] [stdout] test distribution::geometric::tests::test_discrete ... ok
[INFO] [stdout] test distribution::fisher_snedecor::tests::test_mean_with_low_d2 - should panic ... ok
[INFO] [stdout] test distribution::geometric::tests::test_cdf_very_small_p ... ok
[INFO] [stdout] test distribution::geometric::tests::test_ln_pmf_lower_bound ... ok
[INFO] [stdout] test distribution::geometric::tests::test_ln_pmf ... ok
[INFO] [stdout] test distribution::geometric::tests::test_entropy ... ok
[INFO] [stdout] test distribution::geometric::tests::test_median ... ok
[INFO] [stdout] test distribution::geometric::tests::test_min_max ... ok
[INFO] [stdout] test distribution::geometric::tests::test_mode ... ok
[INFO] [stdout] test distribution::geometric::tests::test_mean ... ok
[INFO] [stdout] test distribution::geometric::tests::test_pmf ... ok
[INFO] [stdout] test distribution::fisher_snedecor::tests::test_variance_with_low_d2 - should panic ... ok
[INFO] [stdout] test distribution::geometric::tests::test_sf_lower_bound ... ok
[INFO] [stdout] test distribution::geometric::tests::test_sf_very_small_p ... ok
[INFO] [stdout] test distribution::geometric::tests::test_pmf_lower_bound ... ok
[INFO] [stdout] test distribution::geometric::tests::test_skewness ... ok
[INFO] [stdout] test distribution::geometric::tests::test_sf ... ok
[INFO] [stdout] test distribution::geometric::tests::test_variance ... ok
[INFO] [stdout] test distribution::geometric::tests::test_sf_small_p ... ok
[INFO] [stdout] test distribution::hypergeometric::tests::test_cdf ... ok
[INFO] [stdout] test distribution::hypergeometric::tests::test_bad_create ... ok
[INFO] [stdout] test distribution::hypergeometric::tests::test_cdf_arg_too_small ... ok
[INFO] [stdout] test distribution::hypergeometric::tests::test_cdf_arg_too_big ... ok
[INFO] [stdout] test distribution::hypergeometric::tests::test_create ... ok
[INFO] [stdout] test distribution::hypergeometric::tests::test_discrete ... ok
[INFO] [stdout] test distribution::hypergeometric::tests::test_max ... ok
[INFO] [stdout] test distribution::hypergeometric::tests::test_mean ... ok
[INFO] [stdout] test distribution::hypergeometric::tests::test_ln_pmf ... ok
[INFO] [stdout] test distribution::hypergeometric::tests::test_sf ... ok
[INFO] [stdout] test distribution::hypergeometric::tests::test_mean_with_population_0 - should panic ... ok
[INFO] [stdout] test distribution::hypergeometric::tests::test_min ... ok
[INFO] [stdout] test distribution::hypergeometric::tests::test_sf_arg_too_big ... ok
[INFO] [stdout] test distribution::hypergeometric::tests::test_sf_arg_too_small ... ok
[INFO] [stdout] test distribution::hypergeometric::tests::test_skewness ... ok
[INFO] [stdout] test distribution::hypergeometric::tests::test_mode ... ok
[INFO] [stdout] test distribution::hypergeometric::tests::test_variance ... ok
[INFO] [stdout] test distribution::hypergeometric::tests::test_pmf ... ok
[INFO] [stdout] test distribution::internal::test::test_integer_bisection ... ok
[INFO] [stdout] test distribution::hypergeometric::tests::test_skewness_with_pop_lte_2 - should panic ... ok
[INFO] [stdout] test distribution::internal::test::test_is_valid_multinomial ... ok
[INFO] [stdout] test distribution::hypergeometric::tests::test_variance_with_pop_lte_1 - should panic ... ok
[INFO] [stdout] test distribution::inverse_gamma::tests::test_create ... ok
[INFO] [stdout] test distribution::inverse_gamma::tests::test_mean ... ok
[INFO] [stdout] test distribution::internal::test::test_is_valid_multinomial_no_zero ... ok
[INFO] [stdout] test distribution::inverse_gamma::tests::test_cdf ... ok
[INFO] [stdout] test distribution::inverse_gamma::tests::test_bad_create ... ok
[INFO] [stdout] test distribution::inverse_gamma::tests::test_entropy ... ok
[INFO] [stdout] test distribution::inverse_gamma::tests::test_ln_pdf ... ok
[INFO] [stdout] test distribution::inverse_gamma::tests::test_min_max ... ok
[INFO] [stdout] test distribution::inverse_gamma::tests::test_mode ... ok
[INFO] [stdout] test distribution::inverse_gamma::tests::test_pdf ... ok
[INFO] [stdout] test distribution::inverse_gamma::tests::test_skewness ... ok
[INFO] [stdout] test distribution::inverse_gamma::tests::test_sf ... ok
[INFO] [stdout] test distribution::laplace::tests::test_cdf ... ok
[INFO] [stdout] test distribution::laplace::tests::test_bad_create ... ok
[INFO] [stdout] test distribution::laplace::tests::test_create ... ok
[INFO] [stdout] test distribution::inverse_gamma::tests::test_variance ... ok
[INFO] [stdout] test distribution::laplace::tests::test_entropy ... ok
[INFO] [stdout] test distribution::laplace::tests::test_density ... ok
[INFO] [stdout] test distribution::laplace::tests::test_ln_density ... ok
[INFO] [stdout] test distribution::laplace::tests::test_max ... ok
[INFO] [stdout] test distribution::laplace::tests::test_mean ... ok
[INFO] [stdout] test distribution::laplace::tests::test_inverse_cdf ... ok
[INFO] [stdout] test distribution::laplace::tests::test_mode ... ok
[INFO] [stdout] test distribution::laplace::tests::test_median ... ok
[INFO] [stdout] test distribution::laplace::tests::test_min ... ok
[INFO] [stdout] test distribution::laplace::tests::test_sf ... ok
[INFO] [stdout] test distribution::laplace::tests::test_variance ... ok
[INFO] [stdout] test distribution::inverse_gamma::tests::test_mean_with_shape_lte_1 - should panic ... ok
[INFO] [stdout] test distribution::laplace::tests::test_skewness ... ok
[INFO] [stdout] test distribution::log_normal::tests::test_bad_create ... ok
[INFO] [stdout] test distribution::log_normal::tests::test_cdf ... ok
[INFO] [stdout] test distribution::log_normal::tests::test_create ... ok
[INFO] [stdout] test distribution::log_normal::tests::test_entropy ... ok
[INFO] [stdout] test distribution::log_normal::tests::test_inverse_cdf ... ok
[INFO] [stdout] test distribution::laplace::tests::test_sample ... ok
[INFO] [stdout] test distribution::log_normal::tests::test_ln_pdf ... ok
[INFO] [stdout] test distribution::log_normal::tests::test_mean ... ok
[INFO] [stdout] test distribution::log_normal::tests::test_median ... ok
[INFO] [stdout] test distribution::log_normal::tests::test_min_max ... ok
[INFO] [stdout] test distribution::log_normal::tests::test_mode ... ok
[INFO] [stdout] test distribution::log_normal::tests::test_neg_cdf ... ok
[INFO] [stdout] test distribution::log_normal::tests::test_neg_ln_pdf ... ok
[INFO] [stdout] test distribution::log_normal::tests::test_neg_pdf ... ok
[INFO] [stdout] test distribution::log_normal::tests::test_neg_sf ... ok
[INFO] [stdout] test distribution::log_normal::tests::test_skewness ... ok
[INFO] [stdout] test distribution::log_normal::tests::test_sf ... ok
[INFO] [stdout] test distribution::log_normal::tests::test_pdf ... ok
[INFO] [stdout] test distribution::multivariate_normal::tests::test_bad_create ... ok
[INFO] [stdout] test distribution::log_normal::tests::test_variance ... ok
[INFO] [stdout] test distribution::inverse_gamma::tests::test_skewness_with_shape_lte_3 - should panic ... ok
[INFO] [stdout] test distribution::multivariate_normal::tests::test_create ... ok
[INFO] [stdout] test distribution::multivariate_normal::tests::test_entropy ... ok
[INFO] [stdout] test distribution::inverse_gamma::tests::test_variance_with_shape_lte_2 - should panic ... ok
[INFO] [stdout] test distribution::multivariate_normal::tests::test_mode ... ok
[INFO] [stdout] test distribution::multivariate_normal::tests::test_variance ... ok
[INFO] [stdout] test distribution::multivariate_normal::tests::test_ln_pdf ... ok
[INFO] [stdout] test distribution::multivariate_normal::tests::test_pdf ... ok
[INFO] [stdout] test distribution::multivariate_normal::tests::test_min_max ... ok
[INFO] [stdout] test distribution::negative_binomial::tests::test_bad_create ... ok
[INFO] [stdout] test distribution::negative_binomial::tests::test_cdf_upper_bound ... ok
[INFO] [stdout] test distribution::negative_binomial::tests::test_cdf ... ok
[INFO] [stdout] test distribution::negative_binomial::tests::test_create ... ok
[INFO] [stdout] test distribution::negative_binomial::tests::test_min_max ... ok
[INFO] [stdout] test distribution::negative_binomial::tests::test_ln_pmf ... ok
[INFO] [stdout] test distribution::negative_binomial::tests::test_sf_upper_bound ... ok
[INFO] [stdout] test distribution::negative_binomial::tests::test_skewness ... ok
[INFO] [stdout] test distribution::negative_binomial::tests::test_discrete ... ok
[INFO] [stdout] test distribution::negative_binomial::tests::test_sf ... ok
[INFO] [stdout] test distribution::negative_binomial::tests::test_mode ... ok
[INFO] [stdout] test distribution::negative_binomial::tests::test_mean ... ok
[INFO] [stdout] test distribution::negative_binomial::tests::test_variance ... ok
[INFO] [stdout] test distribution::normal::tests::test_bad_create ... ok
[INFO] [stdout] test distribution::normal::tests::test_create ... ok
[INFO] [stdout] test distribution::negative_binomial::tests::test_pmf ... ok
[INFO] [stdout] test distribution::normal::tests::test_cdf ... ok
[INFO] [stdout] test distribution::normal::tests::test_default ... ok
[INFO] [stdout] test distribution::normal::tests::test_inverse_cdf ... ok
[INFO] [stdout] test distribution::normal::tests::test_entropy ... ok
[INFO] [stdout] test distribution::normal::tests::test_median ... ok
[INFO] [stdout] test distribution::normal::tests::test_min_max ... ok
[INFO] [stdout] test distribution::normal::tests::test_ln_pdf ... ok
[INFO] [stdout] test distribution::normal::tests::test_mode ... ok
[INFO] [stdout] test distribution::normal::tests::test_pdf ... ok
[INFO] [stdout] test distribution::normal::tests::test_sf ... ok
[INFO] [stdout] test distribution::normal::tests::test_variance ... ok
[INFO] [stdout] test distribution::normal::tests::test_skewness ... ok
[INFO] [stdout] test distribution::pareto::tests::test_bad_create ... ok
[INFO] [stdout] test distribution::pareto::tests::test_cdf ... ok
[INFO] [stdout] test distribution::pareto::tests::test_ln_pdf ... ok
[INFO] [stdout] test distribution::pareto::tests::test_median ... ok
[INFO] [stdout] test distribution::pareto::tests::test_min_max ... ok
[INFO] [stdout] test distribution::pareto::tests::test_create ... ok
[INFO] [stdout] test distribution::pareto::tests::test_entropy ... ok
[INFO] [stdout] test distribution::pareto::tests::test_mode ... ok
[INFO] [stdout] test distribution::pareto::tests::test_pdf ... ok
[INFO] [stdout] test distribution::pareto::tests::test_sf ... ok
[INFO] [stdout] test distribution::pareto::tests::test_skewness_invalid_shape - should panic ... ok
[INFO] [stdout] test distribution::pareto::tests::test_skewness ... ok
[INFO] [stdout] test distribution::pareto::tests::test_variance ... ok
[INFO] [stdout] test distribution::pareto::tests::test_variance_degen - should panic ... ok
[INFO] [stdout] test distribution::poisson::tests::test_cdf ... ok
[INFO] [stdout] test distribution::poisson::tests::test_bad_create ... ok
[INFO] [stdout] test distribution::poisson::tests::test_entropy ... ok
[INFO] [stdout] test distribution::poisson::tests::test_create ... ok
[INFO] [stdout] test distribution::poisson::tests::test_mean ... ok
[INFO] [stdout] test distribution::poisson::tests::test_median ... ok
[INFO] [stdout] test distribution::poisson::tests::test_ln_pmf ... ok
[INFO] [stdout] test distribution::poisson::tests::test_discrete ... ok
[INFO] [stdout] test distribution::poisson::tests::test_min_max ... ok
[INFO] [stdout] test distribution::poisson::tests::test_pmf ... ok
[INFO] [stdout] test distribution::poisson::tests::test_sf ... ok
[INFO] [stdout] test distribution::poisson::tests::test_skewness ... ok
[INFO] [stdout] test distribution::poisson::tests::test_variance ... ok
[INFO] [stdout] test distribution::students_t::tests::test_bad_create ... ok
[INFO] [stdout] test distribution::students_t::tests::test_create ... ok
[INFO] [stdout] test distribution::poisson::tests::test_mode ... ok
[INFO] [stdout] test distribution::students_t::tests::test_inv_cdf_high_precision ... ok
[INFO] [stdout] test distribution::students_t::tests::test_cdf ... ok
[INFO] [stdout] test distribution::students_t::tests::test_inv_cdf_p0 ... ok
[INFO] [stdout] test distribution::students_t::tests::test_inv_cdf_midpoint ... ok
[INFO] [stdout] test distribution::students_t::tests::test_ln_pdf ... ok
[INFO] [stdout] test distribution::students_t::tests::test_mean ... ok
[INFO] [stdout] test distribution::students_t::tests::test_inv_cdf_p1 ... ok
[INFO] [stdout] test distribution::exponential::tests::test_continuous ... ok
[INFO] [stdout] test distribution::students_t::tests::test_min_max ... ok
[INFO] [stdout] test distribution::students_t::tests::test_mean_freedom_lte_1 - should panic ... ok
[INFO] [stdout] test distribution::students_t::tests::test_mode ... ok
[INFO] [stdout] test distribution::students_t::tests::test_median ... ok
[INFO] [stdout] test distribution::students_t::tests::test_sf ... ok
[INFO] [stdout] test distribution::students_t::tests::test_variance ... ok
[INFO] [stdout] test distribution::students_t::tests::test_skewness_freedom_lte_3 - should panic ... ok
[INFO] [stdout] test distribution::students_t::tests::test_inv_cdf ... ok
[INFO] [stdout] test distribution::students_t::tests::test_pdf ... ok
[INFO] [stdout] test distribution::triangular::tests::test_cdf_lower_bound ... ok
[INFO] [stdout] test distribution::triangular::tests::test_cdf ... ok
[INFO] [stdout] test distribution::triangular::tests::test_cdf_upper_bound ... ok
[INFO] [stdout] test distribution::triangular::tests::test_create ... ok
[INFO] [stdout] test distribution::triangular::tests::test_entropy ... ok
[INFO] [stdout] test distribution::triangular::tests::test_ln_pdf ... ok
[INFO] [stdout] test distribution::triangular::tests::test_median ... ok
[INFO] [stdout] test distribution::students_t::tests::test_variance_freedom_lte1 - should panic ... ok
[INFO] [stdout] test distribution::triangular::tests::test_mode ... ok
[INFO] [stdout] test distribution::triangular::tests::test_bad_create ... ok
[INFO] [stdout] test distribution::triangular::tests::test_sf_lower_bound ... ok
[INFO] [stdout] test distribution::triangular::tests::test_sf_upper_bound ... ok
[INFO] [stdout] test distribution::triangular::tests::test_skewness ... ok
[INFO] [stdout] test distribution::triangular::tests::test_variance ... ok
[INFO] [stdout] test distribution::uniform::tests::test_bad_create ... ok
[INFO] [stdout] test distribution::triangular::tests::test_pdf ... ok
[INFO] [stdout] test distribution::triangular::tests::test_sf ... ok
[INFO] [stdout] test distribution::uniform::tests::test_cdf_upper_bound ... ok
[INFO] [stdout] test distribution::uniform::tests::test_cdf_lower_bound ... ok
[INFO] [stdout] test distribution::uniform::tests::test_create ... ok
[INFO] [stdout] test distribution::uniform::tests::test_cdf ... ok
[INFO] [stdout] test distribution::uniform::tests::test_inverse_cdf ... ok
[INFO] [stdout] test distribution::uniform::tests::test_entropy ... ok
[INFO] [stdout] test distribution::uniform::tests::test_ln_pdf ... ok
[INFO] [stdout] test distribution::uniform::tests::test_median ... ok
[INFO] [stdout] test distribution::uniform::tests::test_pdf ... ok
[INFO] [stdout] test distribution::uniform::tests::test_mode ... ok
[INFO] [stdout] test distribution::uniform::tests::test_sf ... ok
[INFO] [stdout] test distribution::uniform::tests::test_sf_lower_bound ... ok
[INFO] [stdout] test distribution::triangular::tests::test_continuous ... ok
[INFO] [stdout] test distribution::uniform::tests::test_skewness ... ok
[INFO] [stdout] test distribution::uniform::tests::test_variance ... ok
[INFO] [stdout] test distribution::weibull::tests::test_bad_create ... ok
[INFO] [stdout] test distribution::weibull::tests::test_cdf ... ok
[INFO] [stdout] test distribution::uniform::tests::test_sf_upper_bound ... ok
[INFO] [stdout] test distribution::uniform::tests::test_continuous ... ok
[INFO] [stdout] test distribution::weibull::tests::test_entropy ... ok
[INFO] [stdout] test distribution::weibull::tests::test_ln_pdf ... ok
[INFO] [stdout] test distribution::weibull::tests::test_mean ... ok
[INFO] [stdout] test distribution::weibull::tests::test_create ... ok
[INFO] [stdout] test distribution::weibull::tests::test_min_max ... ok
[INFO] [stdout] test distribution::weibull::tests::test_mode ... ok
[INFO] [stdout] test distribution::weibull::tests::test_pdf ... ok
[INFO] [stdout] test distribution::weibull::tests::test_median ... ok
[INFO] [stdout] test distribution::weibull::tests::test_sf ... ok
[INFO] [stdout] test distribution::weibull::tests::test_variance ... ok
[INFO] [stdout] test error::tests::test_sync_send ... ok
[INFO] [stdout] test function::beta::tests::test_beta ... ok
[INFO] [stdout] test distribution::weibull::tests::test_skewnewss ... ok
[INFO] [stdout] test function::beta::tests::test_beta_a_lte_0 - should panic ... ok
[INFO] [stdout] test function::beta::tests::test_beta_inc ... ok
[INFO] [stdout] test distribution::pareto::tests::test_continuous ... ok
[INFO] [stdout] test function::beta::tests::test_beta_inc_b_lte_0 - should panic ... ok
[INFO] [stdout] test function::beta::tests::test_beta_b_lte_0 - should panic ... ok
[INFO] [stdout] test function::beta::tests::test_beta_inc_x_gt_1 - should panic ... ok
[INFO] [stdout] test distribution::uniform::tests::test_samples_in_range ... ok
[INFO] [stdout] test function::beta::tests::test_beta_inc_x_lt_0 - should panic ... ok
[INFO] [stdout] test function::beta::tests::test_beta_reg_a_lte_0 - should panic ... ok
[INFO] [stdout] test function::beta::tests::test_beta_reg_b_lte_0 - should panic ... ok
[INFO] [stdout] test function::beta::tests::test_beta_reg_x_gt_1 - should panic ... ok
[INFO] [stdout] test function::beta::tests::test_beta_reg ... ok
[INFO] [stdout] test function::beta::tests::test_checked_beta_a_lte_0 ... ok
[INFO] [stdout] test function::beta::tests::test_beta_reg_x_lt_0 - should panic ... ok
[INFO] [stdout] test function::beta::tests::test_checked_beta_b_lte_0 ... ok
[INFO] [stdout] test function::beta::tests::test_checked_beta_inc_a_lte_0 ... ok
[INFO] [stdout] test function::beta::tests::test_checked_beta_inc_b_lte_0 ... ok
[INFO] [stdout] test function::beta::tests::test_checked_beta_inc_x_gt_1 ... ok
[INFO] [stdout] test function::beta::tests::test_checked_beta_inc_x_lt_0 ... ok
[INFO] [stdout] test function::beta::tests::test_beta_inc_a_lte_0 - should panic ... ok
[INFO] [stdout] test function::beta::tests::test_checked_beta_reg_a_lte_0 ... ok
[INFO] [stdout] test function::beta::tests::test_checked_beta_reg_b_lte_0 ... ok
[INFO] [stdout] test function::beta::tests::test_checked_beta_reg_x_gt_1 ... ok
[INFO] [stdout] test function::beta::tests::test_checked_beta_reg_x_lt_0 ... ok
[INFO] [stdout] test function::beta::tests::test_checked_ln_beta_a_lte_0 ... ok
[INFO] [stdout] test function::beta::tests::test_checked_ln_beta_b_lte_0 ... ok
[INFO] [stdout] test function::beta::tests::test_ln_beta ... ok
[INFO] [stdout] test function::beta::tests::test_ln_beta_a_lte_0 - should panic ... ok
[INFO] [stdout] test function::erf::tests::test_erf ... ok
[INFO] [stdout] test function::beta::tests::test_ln_beta_b_lte_0 - should panic ... ok
[INFO] [stdout] test function::erf::tests::test_erfc ... ok
[INFO] [stdout] test function::erf::tests::test_erfc_inv ... ok
[INFO] [stdout] test function::erf::tests::test_erf_inv ... ok
[INFO] [stdout] test function::evaluate::tests::test_polynomial ... ok
[INFO] [stdout] test function::exponential::tests::test_integral ... ok
[INFO] [stdout] test function::factorial::tests::test_factorial_overflow ... ok
[INFO] [stdout] test function::factorial::tests::test_factorial_and_ln_factorial ... ok
[INFO] [stdout] test function::factorial::tests::test_checked_multinomial_bad_ni ... ok
[INFO] [stdout] test function::factorial::tests::test_fcache ... ok
[INFO] [stdout] test function::factorial::tests::test_binomial ... ok
[INFO] [stdout] test function::factorial::tests::test_ln_binomial ... ok
[INFO] [stdout] test function::factorial::tests::test_ln_factorial_does_not_overflow ... ok
[INFO] [stdout] test function::factorial::tests::test_multinomial ... ok
[INFO] [stdout] test function::gamma::tests::test_checked_gamma_li_a_upper_bound ... ok
[INFO] [stdout] test function::factorial::tests::test_multinomial_bad_ni - should panic ... ok
[INFO] [stdout] test function::gamma::tests::test_checked_gamma_li_x_upper_bound ... ok
[INFO] [stdout] test function::gamma::tests::test_checked_gamma_lr_a_lower_bound ... ok
[INFO] [stdout] test function::gamma::tests::test_checked_gamma_lr_a_upper_bound ... ok
[INFO] [stdout] test function::gamma::tests::test_checked_gamma_lr_x_lower_bound ... ok
[INFO] [stdout] test function::gamma::tests::test_checked_gamma_li_a_lower_bound ... ok
[INFO] [stdout] test function::gamma::tests::test_checked_gamma_lr_x_upper_bound ... ok
[INFO] [stdout] test function::gamma::tests::test_checked_gamma_ui_a_lower_bound ... ok
[INFO] [stdout] test function::gamma::tests::test_checked_gamma_ui_a_upper_bound ... ok
[INFO] [stdout] test function::gamma::tests::test_checked_gamma_li_x_lower_bound ... ok
[INFO] [stdout] test function::gamma::tests::test_checked_gamma_ui_x_lower_bound ... ok
[INFO] [stdout] test function::gamma::tests::test_checked_gamma_ur_a_lower_bound ... ok
[INFO] [stdout] test function::gamma::tests::test_checked_gamma_ur_x_lower_bound ... ok
[INFO] [stdout] test function::gamma::tests::test_checked_gamma_ui_x_upper_bound ... ok
[INFO] [stdout] test function::gamma::tests::test_digamma ... ok
[INFO] [stdout] test function::gamma::tests::test_checked_gamma_ur_a_upper_bound ... ok
[INFO] [stdout] test function::gamma::tests::test_gamma ... ok
[INFO] [stdout] test function::gamma::tests::test_gamma_li ... ok
[INFO] [stdout] test function::gamma::tests::test_checked_gamma_ur_x_upper_bound ... ok
[INFO] [stdout] test function::gamma::tests::test_gamma_li_a_lower_bound - should panic ... ok
[INFO] [stdout] test function::gamma::tests::test_gamma_lr ... ok
[INFO] [stdout] test function::gamma::tests::test_gamma_li_a_upper_bound - should panic ... ok
[INFO] [stdout] test function::gamma::tests::test_gamma_li_x_upper_bound - should panic ... ok
[INFO] [stdout] test function::gamma::tests::test_gamma_li_x_lower_bound - should panic ... ok
[INFO] [stdout] test function::gamma::tests::test_gamma_lr_a_lower_bound - should panic ... ok
[INFO] [stdout] test function::gamma::tests::test_gamma_lr_x_lower_bound - should panic ... ok
[INFO] [stdout] test function::gamma::tests::test_gamma_ui ... ok
[INFO] [stdout] test function::gamma::tests::test_gamma_lr_a_upper_bound - should panic ... ok
[INFO] [stdout] test function::gamma::tests::test_gamma_lr_x_upper_bound - should panic ... ok
[INFO] [stdout] test function::gamma::tests::test_gamma_ui_a_upper_bound - should panic ... ok
[INFO] [stdout] test function::gamma::tests::test_gamma_ui_x_lower_bound - should panic ... ok
[INFO] [stdout] test function::gamma::tests::test_gamma_ui_a_lower_bound - should panic ... ok
[INFO] [stdout] test function::gamma::tests::test_gamma_ui_x_upper_bound - should panic ... ok
[INFO] [stdout] test function::gamma::tests::test_gamma_ur ... ok
[INFO] [stdout] test function::gamma::tests::test_gamma_ur_a_upper_bound - should panic ... ok
[INFO] [stdout] test function::gamma::tests::test_gamma_ur_x_lower_bound - should panic ... ok
[INFO] [stdout] test function::gamma::tests::test_gamma_ur_x_upper_bound - should panic ... ok
[INFO] [stdout] test function::gamma::tests::test_gamma_ur_a_lower_bound - should panic ... ok
[INFO] [stdout] test function::gamma::tests::test_inv_digamma ... ok
[INFO] [stdout] test function::gamma::tests::test_ln_gamma ... ok
[INFO] [stdout] test function::harmonic::tests::test_harmonic ... ok
[INFO] [stdout] test function::harmonic::tests::test_gen_harmonic ... ok
[INFO] [stdout] test function::logistic::tests::test_checked_logit_p_gt_1 ... ok
[INFO] [stdout] test function::logistic::tests::test_checked_logit_p_lt_0 ... ok
[INFO] [stdout] test function::logistic::tests::test_logistic ... ok
[INFO] [stdout] test function::logistic::tests::test_logit_p_gt_1 - should panic ... ok
[INFO] [stdout] test function::logistic::tests::test_logit ... ok
[INFO] [stdout] test statistics::iter_statistics::tests::test_empty_data_returns_nan ... ok
[INFO] [stdout] test statistics::iter_statistics::tests::test_covariance_consistent_with_variance ... FAILED
[INFO] [stdout] test function::logistic::tests::test_logit_p_lt_0 - should panic ... ok
[INFO] [stdout] test statistics::iter_statistics::tests::test_covariance_is_symmetric ... FAILED
[INFO] [stdout] test statistics::iter_statistics::tests::test_min_max_short ... ok
[INFO] [stdout] test distribution::weibull::tests::test_continuous ... ok
[INFO] [stdout] test statistics::iter_statistics::tests::test_mean ... FAILED
[INFO] [stdout] test statistics::iter_statistics::tests::test_quadratic_mean_of_sinusoidal ... ok
[INFO] [stdout] test statistics::iter_statistics::tests::test_pop_covar_consistent_with_pop_var ... FAILED
[INFO] [stdout] test statistics::iter_statistics::tests::test_std_dev ... FAILED
[INFO] [stdout] test statistics::slice_statistics::tests::test_foo ... ok
[INFO] [stdout] test statistics::slice_statistics::tests::test_median_robust_on_infinities ... ok
[INFO] [stdout] test statistics::slice_statistics::tests::test_median_short ... ok
[INFO] [stdout] test statistics::slice_statistics::tests::test_order_statistic_short ... ok
[INFO] [stdout] test statistics::slice_statistics::tests::test_quantile_short ... ok
[INFO] [stdout] test statistics::slice_statistics::tests::test_ranks ... ok
[INFO] [stdout] test statistics::iter_statistics::tests::test_large_samples ... ok
[INFO] [stdout] test statistics::iter_statistics::tests::test_mean_variance_stability ... ok
[INFO] [stdout] test distribution::normal::tests::test_continuous ... ok
[INFO] [stdout] test distribution::laplace::tests::test_sample_distribution ... ok
[INFO] [stdout] test distribution::log_normal::tests::test_continuous ... ok
[INFO] [stdout] test statistics::slice_statistics::tests::test_median_long_constant_seq ... ok
[INFO] [stdout] test distribution::chi_squared::tests::test_continuous ... ok
[INFO] [stdout] test distribution::inverse_gamma::tests::test_continuous ... ok
[INFO] [stdout] test distribution::gamma::tests::test_continuous ... ok
[INFO] [stdout] test distribution::erlang::tests::test_continuous ... ok
[INFO] [stdout] test distribution::chi::tests::test_continuous ... ok
[INFO] [stdout] test distribution::fisher_snedecor::tests::test_continuous ... ok
[INFO] [stdout] test distribution::beta::tests::test_continuous ... ok
[INFO] [stdout] test distribution::students_t::tests::test_continuous ... ok
[INFO] [stdout] 
[INFO] [stdout] failures:
[INFO] [stdout] 
[INFO] [stdout] ---- statistics::iter_statistics::tests::test_covariance_consistent_with_variance stdout ----
[INFO] [stdout] thread 'statistics::iter_statistics::tests::test_covariance_consistent_with_variance' panicked at src/testing/mod.rs:22:35:
[INFO] [stdout] called `Result::unwrap()` on an `Err` value: Os { code: 2, kind: NotFound, message: "No such file or directory" }
[INFO] [stdout] stack backtrace:
[INFO] [stdout]    0:     0x5934b13cc22a - std::backtrace_rs::backtrace::libunwind::trace::h207520d6e9873551
[INFO] [stdout]                                at /rustc/df4ca44d3fbc9301ee17f30f4d474e6ae4b05252/library/std/src/../../backtrace/src/backtrace/libunwind.rs:116:5
[INFO] [stdout]    1:     0x5934b13cc22a - std::backtrace_rs::backtrace::trace_unsynchronized::h2ed7433f370e3eca
[INFO] [stdout]                                at /rustc/df4ca44d3fbc9301ee17f30f4d474e6ae4b05252/library/std/src/../../backtrace/src/backtrace/mod.rs:66:5
[INFO] [stdout]    2:     0x5934b13cc22a - std::sys::backtrace::_print_fmt::h916fac51166b18d7
[INFO] [stdout]                                at /rustc/df4ca44d3fbc9301ee17f30f4d474e6ae4b05252/library/std/src/sys/backtrace.rs:66:9
[INFO] [stdout]    3:     0x5934b13cc22a - <std::sys::backtrace::BacktraceLock::print::DisplayBacktrace as core::fmt::Display>::fmt::ha0a4c9b8ce3802e6
[INFO] [stdout]                                at /rustc/df4ca44d3fbc9301ee17f30f4d474e6ae4b05252/library/std/src/sys/backtrace.rs:39:26
[INFO] [stdout]    4:     0x5934b13f5263 - core::fmt::rt::Argument::fmt::h4cfc8587d52b3eb5
[INFO] [stdout]                                at /rustc/df4ca44d3fbc9301ee17f30f4d474e6ae4b05252/library/core/src/fmt/rt.rs:177:76
[INFO] [stdout]    5:     0x5934b13f5263 - core::fmt::write::h522cc39e5b36ae9f
[INFO] [stdout]                                at /rustc/df4ca44d3fbc9301ee17f30f4d474e6ae4b05252/library/core/src/fmt/mod.rs:1190:21
[INFO] [stdout]    6:     0x5934b13c8e93 - std::io::Write::write_fmt::h7d3c26752da97734
[INFO] [stdout]                                at /rustc/df4ca44d3fbc9301ee17f30f4d474e6ae4b05252/library/std/src/io/mod.rs:1839:15
[INFO] [stdout]    7:     0x5934b13cc072 - std::sys::backtrace::BacktraceLock::print::h4b9e00b29e9c0942
[INFO] [stdout]                                at /rustc/df4ca44d3fbc9301ee17f30f4d474e6ae4b05252/library/std/src/sys/backtrace.rs:42:9
[INFO] [stdout]    8:     0x5934b13cd6ba - std::panicking::default_hook::{{closure}}::hb59b88280d0324d9
[INFO] [stdout]                                at /rustc/df4ca44d3fbc9301ee17f30f4d474e6ae4b05252/library/std/src/panicking.rs:268:22
[INFO] [stdout]    9:     0x5934b13cd4c4 - std::panicking::default_hook::he1dd496665be4a29
[INFO] [stdout]                                at /rustc/df4ca44d3fbc9301ee17f30f4d474e6ae4b05252/library/std/src/panicking.rs:292:9
[INFO] [stdout]   10:     0x5934b1327bb9 - <alloc::boxed::Box<F,A> as core::ops::function::Fn<Args>>::call::h4ff71de18744e1dc
[INFO] [stdout]                                at /rustc/df4ca44d3fbc9301ee17f30f4d474e6ae4b05252/library/alloc/src/boxed.rs:2468:9
[INFO] [stdout]   11:     0x5934b1327bb9 - test::test_main::{{closure}}::hcf7c055ce117aa81
[INFO] [stdout]                                at /rustc/df4ca44d3fbc9301ee17f30f4d474e6ae4b05252/library/test/src/lib.rs:133:21
[INFO] [stdout]   12:     0x5934b13cddb8 - <alloc::boxed::Box<F,A> as core::ops::function::Fn<Args>>::call::h1d66c6bbd60c9692
[INFO] [stdout]                                at /rustc/df4ca44d3fbc9301ee17f30f4d474e6ae4b05252/library/alloc/src/boxed.rs:2468:9
[INFO] [stdout]   13:     0x5934b13cddb8 - std::panicking::rust_panic_with_hook::h2ff17fe8f26dfcf8
[INFO] [stdout]                                at /rustc/df4ca44d3fbc9301ee17f30f4d474e6ae4b05252/library/std/src/panicking.rs:809:13
[INFO] [stdout]   14:     0x5934b13cdb7a - std::panicking::begin_panic_handler::{{closure}}::h4fad77951c07e101
[INFO] [stdout]                                at /rustc/df4ca44d3fbc9301ee17f30f4d474e6ae4b05252/library/std/src/panicking.rs:674:13
[INFO] [stdout]   15:     0x5934b13cc709 - std::sys::backtrace::__rust_end_short_backtrace::hb1a25b3da5d0ea08
[INFO] [stdout]                                at /rustc/df4ca44d3fbc9301ee17f30f4d474e6ae4b05252/library/std/src/sys/backtrace.rs:170:18
[INFO] [stdout]   16:     0x5934b13cd80c - rust_begin_unwind
[INFO] [stdout]                                at /rustc/df4ca44d3fbc9301ee17f30f4d474e6ae4b05252/library/std/src/panicking.rs:665:5
[INFO] [stdout]   17:     0x5934b13f2910 - core::panicking::panic_fmt::ha9db07b529f9b256
[INFO] [stdout]                                at /rustc/df4ca44d3fbc9301ee17f30f4d474e6ae4b05252/library/core/src/panicking.rs:75:14
[INFO] [stdout]   18:     0x5934b13f2d56 - core::result::unwrap_failed::h5e8218e4d4338b8a
[INFO] [stdout]                                at /rustc/df4ca44d3fbc9301ee17f30f4d474e6ae4b05252/library/core/src/result.rs:1698:5
[INFO] [stdout]   19:     0x5934b125a4d8 - core::result::Result<T,E>::unwrap::hecef1432e8b0f698
[INFO] [stdout]                                at /rustc/df4ca44d3fbc9301ee17f30f4d474e6ae4b05252/library/core/src/result.rs:1103:23
[INFO] [stdout]   20:     0x5934b125a4d8 - statrs::testing::load_data::h63410d852b7db9db
[INFO] [stdout]                                at /opt/rustwide/workdir/src/testing/mod.rs:22:13
[INFO] [stdout]   21:     0x5934b123bac8 - statrs::statistics::iter_statistics::tests::test_covariance_consistent_with_variance::h5b34d4eef6ed13c5
[INFO] [stdout]                                at /opt/rustwide/workdir/src/statistics/iter_statistics.rs:333:24
[INFO] [stdout]   22:     0x5934b123ba87 - statrs::statistics::iter_statistics::tests::test_covariance_consistent_with_variance::{{closure}}::h9e5db319bc23b268
[INFO] [stdout]                                at /opt/rustwide/workdir/src/statistics/iter_statistics.rs:332:50
[INFO] [stdout]   23:     0x5934b12c0226 - core::ops::function::FnOnce::call_once::h2e6e99c86e368633
[INFO] [stdout]                                at /rustc/df4ca44d3fbc9301ee17f30f4d474e6ae4b05252/library/core/src/ops/function.rs:250:5
[INFO] [stdout]   24:     0x5934b132c48b - core::ops::function::FnOnce::call_once::h22c3ba5715e93f05
[INFO] [stdout]                                at /rustc/df4ca44d3fbc9301ee17f30f4d474e6ae4b05252/library/core/src/ops/function.rs:250:5
[INFO] [stdout]   25:     0x5934b132c48b - test::__rust_begin_short_backtrace::h8e82d8113d0da17f
[INFO] [stdout]                                at /rustc/df4ca44d3fbc9301ee17f30f4d474e6ae4b05252/library/test/src/lib.rs:621:18
[INFO] [stdout]   26:     0x5934b132be07 - test::run_test_in_process::{{closure}}::h33235f4f20b7b7c7
[INFO] [stdout]                                at /rustc/df4ca44d3fbc9301ee17f30f4d474e6ae4b05252/library/test/src/lib.rs:644:60
[INFO] [stdout]   27:     0x5934b132be07 - <core::panic::unwind_safe::AssertUnwindSafe<F> as core::ops::function::FnOnce<()>>::call_once::hb5043206310c586f
[INFO] [stdout]                                at /rustc/df4ca44d3fbc9301ee17f30f4d474e6ae4b05252/library/core/src/panic/unwind_safe.rs:272:9
[INFO] [stdout]   28:     0x5934b132be07 - std::panicking::try::do_call::h9ad4731a60ab23e2
[INFO] [stdout]                                at /rustc/df4ca44d3fbc9301ee17f30f4d474e6ae4b05252/library/std/src/panicking.rs:557:40
[INFO] [stdout]   29:     0x5934b132be07 - std::panicking::try::h3824d23db772a716
[INFO] [stdout]                                at /rustc/df4ca44d3fbc9301ee17f30f4d474e6ae4b05252/library/std/src/panicking.rs:520:19
[INFO] [stdout]   30:     0x5934b132be07 - std::panic::catch_unwind::h5afd514605fde46b
[INFO] [stdout]                                at /rustc/df4ca44d3fbc9301ee17f30f4d474e6ae4b05252/library/std/src/panic.rs:358:14
[INFO] [stdout]   31:     0x5934b132be07 - test::run_test_in_process::h0d5cbfa7067d1720
[INFO] [stdout]                                at /rustc/df4ca44d3fbc9301ee17f30f4d474e6ae4b05252/library/test/src/lib.rs:644:27
[INFO] [stdout]   32:     0x5934b132be07 - test::run_test::{{closure}}::h708eb8872708115d
[INFO] [stdout]                                at /rustc/df4ca44d3fbc9301ee17f30f4d474e6ae4b05252/library/test/src/lib.rs:565:43
[INFO] [stdout]   33:     0x5934b12ef524 - test::run_test::{{closure}}::h392c51cee94713ab
[INFO] [stdout]                                at /rustc/df4ca44d3fbc9301ee17f30f4d474e6ae4b05252/library/test/src/lib.rs:595:41
[INFO] [stdout]   34:     0x5934b12ef524 - std::sys::backtrace::__rust_begin_short_backtrace::h2f40290710935a8b
[INFO] [stdout]                                at /rustc/df4ca44d3fbc9301ee17f30f4d474e6ae4b05252/library/std/src/sys/backtrace.rs:154:18
[INFO] [stdout]   35:     0x5934b12f2cce - std::thread::Builder::spawn_unchecked_::{{closure}}::{{closure}}::h3fd968d89053a903
[INFO] [stdout]                                at /rustc/df4ca44d3fbc9301ee17f30f4d474e6ae4b05252/library/std/src/thread/mod.rs:541:17
[INFO] [stdout]   36:     0x5934b12f2cce - <core::panic::unwind_safe::AssertUnwindSafe<F> as core::ops::function::FnOnce<()>>::call_once::h743f637ba4229880
[INFO] [stdout]                                at /rustc/df4ca44d3fbc9301ee17f30f4d474e6ae4b05252/library/core/src/panic/unwind_safe.rs:272:9
[INFO] [stdout]   37:     0x5934b12f2cce - std::panicking::try::do_call::h07440897322525a6
[INFO] [stdout]                                at /rustc/df4ca44d3fbc9301ee17f30f4d474e6ae4b05252/library/std/src/panicking.rs:557:40
[INFO] [stdout]   38:     0x5934b12f2cce - std::panicking::try::he5a2e00188156637
[INFO] [stdout]                                at /rustc/df4ca44d3fbc9301ee17f30f4d474e6ae4b05252/library/std/src/panicking.rs:520:19
[INFO] [stdout]   39:     0x5934b12f2cce - std::panic::catch_unwind::hbaf3cae49b3c6433
[INFO] [stdout]                                at /rustc/df4ca44d3fbc9301ee17f30f4d474e6ae4b05252/library/std/src/panic.rs:358:14
[INFO] [stdout]   40:     0x5934b12f2cce - std::thread::Builder::spawn_unchecked_::{{closure}}::h8e141ea224820bce
[INFO] [stdout]                                at /rustc/df4ca44d3fbc9301ee17f30f4d474e6ae4b05252/library/std/src/thread/mod.rs:540:30
[INFO] [stdout]   41:     0x5934b12f2cce - core::ops::function::FnOnce::call_once{{vtable.shim}}::h90d312fedd7b8ea8
[INFO] [stdout]                                at /rustc/df4ca44d3fbc9301ee17f30f4d474e6ae4b05252/library/core/src/ops/function.rs:250:5
[INFO] [stdout]   42:     0x5934b13d1bbb - <alloc::boxed::Box<F,A> as core::ops::function::FnOnce<Args>>::call_once::h69aa08ddb6adb8b6
[INFO] [stdout]                                at /rustc/df4ca44d3fbc9301ee17f30f4d474e6ae4b05252/library/alloc/src/boxed.rs:2454:9
[INFO] [stdout]   43:     0x5934b13d1bbb - <alloc::boxed::Box<F,A> as core::ops::function::FnOnce<Args>>::call_once::h5aa36efdb79c806f
[INFO] [stdout]                                at /rustc/df4ca44d3fbc9301ee17f30f4d474e6ae4b05252/library/alloc/src/boxed.rs:2454:9
[INFO] [stdout]   44:     0x5934b13d1bbb - std::sys::pal::unix::thread::Thread::new::thread_start::h6cd80a1b4be5158d
[INFO] [stdout]                                at /rustc/df4ca44d3fbc9301ee17f30f4d474e6ae4b05252/library/std/src/sys/pal/unix/thread.rs:105:17
[INFO] [stdout]   45:     0x7e89e52f0ac3 - <unknown>
[INFO] [stdout]   46:     0x7e89e5381a04 - clone
[INFO] [stdout]   47:                0x0 - <unknown>
[INFO] [stdout] 
[INFO] [stdout] ---- statistics::iter_statistics::tests::test_covariance_is_symmetric stdout ----
[INFO] [stdout] thread 'statistics::iter_statistics::tests::test_covariance_is_symmetric' panicked at src/testing/mod.rs:22:35:
[INFO] [stdout] called `Result::unwrap()` on an `Err` value: Os { code: 2, kind: NotFound, message: "No such file or directory" }
[INFO] [stdout] stack backtrace:
[INFO] [stdout]    0:     0x5934b13cc22a - std::backtrace_rs::backtrace::libunwind::trace::h207520d6e9873551
[INFO] [stdout]                                at /rustc/df4ca44d3fbc9301ee17f30f4d474e6ae4b05252/library/std/src/../../backtrace/src/backtrace/libunwind.rs:116:5
[INFO] [stdout]    1:     0x5934b13cc22a - std::backtrace_rs::backtrace::trace_unsynchronized::h2ed7433f370e3eca
[INFO] [stdout]                                at /rustc/df4ca44d3fbc9301ee17f30f4d474e6ae4b05252/library/std/src/../../backtrace/src/backtrace/mod.rs:66:5
[INFO] [stdout]    2:     0x5934b13cc22a - std::sys::backtrace::_print_fmt::h916fac51166b18d7
[INFO] [stdout]                                at /rustc/df4ca44d3fbc9301ee17f30f4d474e6ae4b05252/library/std/src/sys/backtrace.rs:66:9
[INFO] [stdout]    3:     0x5934b13cc22a - <std::sys::backtrace::BacktraceLock::print::DisplayBacktrace as core::fmt::Display>::fmt::ha0a4c9b8ce3802e6
[INFO] [stdout]                                at /rustc/df4ca44d3fbc9301ee17f30f4d474e6ae4b05252/library/std/src/sys/backtrace.rs:39:26
[INFO] [stdout]    4:     0x5934b13f5263 - core::fmt::rt::Argument::fmt::h4cfc8587d52b3eb5
[INFO] [stdout]                                at /rustc/df4ca44d3fbc9301ee17f30f4d474e6ae4b05252/library/core/src/fmt/rt.rs:177:76
[INFO] [stdout]    5:     0x5934b13f5263 - core::fmt::write::h522cc39e5b36ae9f
[INFO] [stdout]                                at /rustc/df4ca44d3fbc9301ee17f30f4d474e6ae4b05252/library/core/src/fmt/mod.rs:1190:21
[INFO] [stdout]    6:     0x5934b13c8e93 - std::io::Write::write_fmt::h7d3c26752da97734
[INFO] [stdout]                                at /rustc/df4ca44d3fbc9301ee17f30f4d474e6ae4b05252/library/std/src/io/mod.rs:1839:15
[INFO] [stdout]    7:     0x5934b13cc072 - std::sys::backtrace::BacktraceLock::print::h4b9e00b29e9c0942
[INFO] [stdout]                                at /rustc/df4ca44d3fbc9301ee17f30f4d474e6ae4b05252/library/std/src/sys/backtrace.rs:42:9
[INFO] [stdout]    8:     0x5934b13cd6ba - std::panicking::default_hook::{{closure}}::hb59b88280d0324d9
[INFO] [stdout]                                at /rustc/df4ca44d3fbc9301ee17f30f4d474e6ae4b05252/library/std/src/panicking.rs:268:22
[INFO] [stdout]    9:     0x5934b13cd4c4 - std::panicking::default_hook::he1dd496665be4a29
[INFO] [stdout]                                at /rustc/df4ca44d3fbc9301ee17f30f4d474e6ae4b05252/library/std/src/panicking.rs:292:9
[INFO] [stdout]   10:     0x5934b1327bb9 - <alloc::boxed::Box<F,A> as core::ops::function::Fn<Args>>::call::h4ff71de18744e1dc
[INFO] [stdout]                                at /rustc/df4ca44d3fbc9301ee17f30f4d474e6ae4b05252/library/alloc/src/boxed.rs:2468:9
[INFO] [stdout]   11:     0x5934b1327bb9 - test::test_main::{{closure}}::hcf7c055ce117aa81
[INFO] [stdout]                                at /rustc/df4ca44d3fbc9301ee17f30f4d474e6ae4b05252/library/test/src/lib.rs:133:21
[INFO] [stdout]   12:     0x5934b13cddb8 - <alloc::boxed::Box<F,A> as core::ops::function::Fn<Args>>::call::h1d66c6bbd60c9692
[INFO] [stdout]                                at /rustc/df4ca44d3fbc9301ee17f30f4d474e6ae4b05252/library/alloc/src/boxed.rs:2468:9
[INFO] [stdout]   13:     0x5934b13cddb8 - std::panicking::rust_panic_with_hook::h2ff17fe8f26dfcf8
[INFO] [stdout]                                at /rustc/df4ca44d3fbc9301ee17f30f4d474e6ae4b05252/library/std/src/panicking.rs:809:13
[INFO] [stdout]   14:     0x5934b13cdb7a - std::panicking::begin_panic_handler::{{closure}}::h4fad77951c07e101
[INFO] [stdout]                                at /rustc/df4ca44d3fbc9301ee17f30f4d474e6ae4b05252/library/std/src/panicking.rs:674:13
[INFO] [stdout]   15:     0x5934b13cc709 - std::sys::backtrace::__rust_end_short_backtrace::hb1a25b3da5d0ea08
[INFO] [stdout]                                at /rustc/df4ca44d3fbc9301ee17f30f4d474e6ae4b05252/library/std/src/sys/backtrace.rs:170:18
[INFO] [stdout]   16:     0x5934b13cd80c - rust_begin_unwind
[INFO] [stdout]                                at /rustc/df4ca44d3fbc9301ee17f30f4d474e6ae4b05252/library/std/src/panicking.rs:665:5
[INFO] [stdout]   17:     0x5934b13f2910 - core::panicking::panic_fmt::ha9db07b529f9b256
[INFO] [stdout]                                at /rustc/df4ca44d3fbc9301ee17f30f4d474e6ae4b05252/library/core/src/panicking.rs:75:14
[INFO] [stdout]   18:     0x5934b13f2d56 - core::result::unwrap_failed::h5e8218e4d4338b8a
[INFO] [stdout]                                at /rustc/df4ca44d3fbc9301ee17f30f4d474e6ae4b05252/library/core/src/result.rs:1698:5
[INFO] [stdout]   19:     0x5934b125a4d8 - core::result::Result<T,E>::unwrap::hecef1432e8b0f698
[INFO] [stdout]                                at /rustc/df4ca44d3fbc9301ee17f30f4d474e6ae4b05252/library/core/src/result.rs:1103:23
[INFO] [stdout]   20:     0x5934b125a4d8 - statrs::testing::load_data::h63410d852b7db9db
[INFO] [stdout]                                at /opt/rustwide/workdir/src/testing/mod.rs:22:13
[INFO] [stdout]   21:     0x5934b123d8a8 - statrs::statistics::iter_statistics::tests::test_covariance_is_symmetric::hc1ad0d978c16e24a
[INFO] [stdout]                                at /opt/rustwide/workdir/src/statistics/iter_statistics.rs:369:23
[INFO] [stdout]   22:     0x5934b123d867 - statrs::statistics::iter_statistics::tests::test_covariance_is_symmetric::{{closure}}::h3dd2931ced7f5280
[INFO] [stdout]                                at /opt/rustwide/workdir/src/statistics/iter_statistics.rs:368:38
[INFO] [stdout]   23:     0x5934b12bf8f6 - core::ops::function::FnOnce::call_once::h1b8da0480ee93383
[INFO] [stdout]                                at /rustc/df4ca44d3fbc9301ee17f30f4d474e6ae4b05252/library/core/src/ops/function.rs:250:5
[INFO] [stdout]   24:     0x5934b132c48b - core::ops::function::FnOnce::call_once::h22c3ba5715e93f05
[INFO] [stdout]                                at /rustc/df4ca44d3fbc9301ee17f30f4d474e6ae4b05252/library/core/src/ops/function.rs:250:5
[INFO] [stdout]   25:     0x5934b132c48b - test::__rust_begin_short_backtrace::h8e82d8113d0da17f
[INFO] [stdout]                                at /rustc/df4ca44d3fbc9301ee17f30f4d474e6ae4b05252/library/test/src/lib.rs:621:18
[INFO] [stdout]   26:     0x5934b132be07 - test::run_test_in_process::{{closure}}::h33235f4f20b7b7c7
[INFO] [stdout]                                at /rustc/df4ca44d3fbc9301ee17f30f4d474e6ae4b05252/library/test/src/lib.rs:644:60
[INFO] [stdout]   27:     0x5934b132be07 - <core::panic::unwind_safe::AssertUnwindSafe<F> as core::ops::function::FnOnce<()>>::call_once::hb5043206310c586f
[INFO] [stdout]                                at /rustc/df4ca44d3fbc9301ee17f30f4d474e6ae4b05252/library/core/src/panic/unwind_safe.rs:272:9
[INFO] [stdout]   28:     0x5934b132be07 - std::panicking::try::do_call::h9ad4731a60ab23e2
[INFO] [stdout]                                at /rustc/df4ca44d3fbc9301ee17f30f4d474e6ae4b05252/library/std/src/panicking.rs:557:40
[INFO] [stdout]   29:     0x5934b132be07 - std::panicking::try::h3824d23db772a716
[INFO] [stdout]                                at /rustc/df4ca44d3fbc9301ee17f30f4d474e6ae4b05252/library/std/src/panicking.rs:520:19
[INFO] [stdout]   30:     0x5934b132be07 - std::panic::catch_unwind::h5afd514605fde46b
[INFO] [stdout]                                at /rustc/df4ca44d3fbc9301ee17f30f4d474e6ae4b05252/library/std/src/panic.rs:358:14
[INFO] [stdout]   31:     0x5934b132be07 - test::run_test_in_process::h0d5cbfa7067d1720
[INFO] [stdout]                                at /rustc/df4ca44d3fbc9301ee17f30f4d474e6ae4b05252/library/test/src/lib.rs:644:27
[INFO] [stdout]   32:     0x5934b132be07 - test::run_test::{{closure}}::h708eb8872708115d
[INFO] [stdout]                                at /rustc/df4ca44d3fbc9301ee17f30f4d474e6ae4b05252/library/test/src/lib.rs:565:43
[INFO] [stdout]   33:     0x5934b12ef524 - test::run_test::{{closure}}::h392c51cee94713ab
[INFO] [stdout]                                at /rustc/df4ca44d3fbc9301ee17f30f4d474e6ae4b05252/library/test/src/lib.rs:595:41
[INFO] [stdout]   34:     0x5934b12ef524 - std::sys::backtrace::__rust_begin_short_backtrace::h2f40290710935a8b
[INFO] [stdout]                                at /rustc/df4ca44d3fbc9301ee17f30f4d474e6ae4b05252/library/std/src/sys/backtrace.rs:154:18
[INFO] [stdout]   35:     0x5934b12f2cce - std::thread::Builder::spawn_unchecked_::{{closure}}::{{closure}}::h3fd968d89053a903
[INFO] [stdout]                                at /rustc/df4ca44d3fbc9301ee17f30f4d474e6ae4b05252/library/std/src/thread/mod.rs:541:17
[INFO] [stdout]   36:     0x5934b12f2cce - <core::panic::unwind_safe::AssertUnwindSafe<F> as core::ops::function::FnOnce<()>>::call_once::h743f637ba4229880
[INFO] [stdout]                                at /rustc/df4ca44d3fbc9301ee17f30f4d474e6ae4b05252/library/core/src/panic/unwind_safe.rs:272:9
[INFO] [stdout]   37:     0x5934b12f2cce - std::panicking::try::do_call::h07440897322525a6
[INFO] [stdout]                                at /rustc/df4ca44d3fbc9301ee17f30f4d474e6ae4b05252/library/std/src/panicking.rs:557:40
[INFO] [stdout]   38:     0x5934b12f2cce - std::panicking::try::he5a2e00188156637
[INFO] [stdout]                                at /rustc/df4ca44d3fbc9301ee17f30f4d474e6ae4b05252/library/std/src/panicking.rs:520:19
[INFO] [stdout]   39:     0x5934b12f2cce - std::panic::catch_unwind::hbaf3cae49b3c6433
[INFO] [stdout]                                at /rustc/df4ca44d3fbc9301ee17f30f4d474e6ae4b05252/library/std/src/panic.rs:358:14
[INFO] [stdout]   40:     0x5934b12f2cce - std::thread::Builder::spawn_unchecked_::{{closure}}::h8e141ea224820bce
[INFO] [stdout]                                at /rustc/df4ca44d3fbc9301ee17f30f4d474e6ae4b05252/library/std/src/thread/mod.rs:540:30
[INFO] [stdout]   41:     0x5934b12f2cce - core::ops::function::FnOnce::call_once{{vtable.shim}}::h90d312fedd7b8ea8
[INFO] [stdout]                                at /rustc/df4ca44d3fbc9301ee17f30f4d474e6ae4b05252/library/core/src/ops/function.rs:250:5
[INFO] [stdout]   42:     0x5934b13d1bbb - <alloc::boxed::Box<F,A> as core::ops::function::FnOnce<Args>>::call_once::h69aa08ddb6adb8b6
[INFO] [stdout]                                at /rustc/df4ca44d3fbc9301ee17f30f4d474e6ae4b05252/library/alloc/src/boxed.rs:2454:9
[INFO] [stdout]   43:     0x5934b13d1bbb - <alloc::boxed::Box<F,A> as core::ops::function::FnOnce<Args>>::call_once::h5aa36efdb79c806f
[INFO] [stdout]                                at /rustc/df4ca44d3fbc9301ee17f30f4d474e6ae4b05252/library/alloc/src/boxed.rs:2454:9
[INFO] [stdout]   44:     0x5934b13d1bbb - std::sys::pal::unix::thread::Thread::new::thread_start::h6cd80a1b4be5158d
[INFO] [stdout]                                at /rustc/df4ca44d3fbc9301ee17f30f4d474e6ae4b05252/library/std/src/sys/pal/unix/thread.rs:105:17
[INFO] [stdout]   45:     0x7e89e52f0ac3 - <unknown>
[INFO] [stdout]   46:     0x7e89e5381a04 - clone
[INFO] [stdout]   47:                0x0 - <unknown>
[INFO] [stdout] 
[INFO] [stdout] ---- statistics::iter_statistics::tests::test_mean stdout ----
[INFO] [stdout] thread 'statistics::iter_statistics::tests::test_mean' panicked at src/testing/mod.rs:22:35:
[INFO] [stdout] called `Result::unwrap()` on an `Err` value: Os { code: 2, kind: NotFound, message: "No such file or directory" }
[INFO] [stdout] stack backtrace:
[INFO] [stdout]    0:     0x5934b13cc22a - std::backtrace_rs::backtrace::libunwind::trace::h207520d6e9873551
[INFO] [stdout]                                at /rustc/df4ca44d3fbc9301ee17f30f4d474e6ae4b05252/library/std/src/../../backtrace/src/backtrace/libunwind.rs:116:5
[INFO] [stdout]    1:     0x5934b13cc22a - std::backtrace_rs::backtrace::trace_unsynchronized::h2ed7433f370e3eca
[INFO] [stdout]                                at /rustc/df4ca44d3fbc9301ee17f30f4d474e6ae4b05252/library/std/src/../../backtrace/src/backtrace/mod.rs:66:5
[INFO] [stdout]    2:     0x5934b13cc22a - std::sys::backtrace::_print_fmt::h916fac51166b18d7
[INFO] [stdout]                                at /rustc/df4ca44d3fbc9301ee17f30f4d474e6ae4b05252/library/std/src/sys/backtrace.rs:66:9
[INFO] [stdout]    3:     0x5934b13cc22a - <std::sys::backtrace::BacktraceLock::print::DisplayBacktrace as core::fmt::Display>::fmt::ha0a4c9b8ce3802e6
[INFO] [stdout]                                at /rustc/df4ca44d3fbc9301ee17f30f4d474e6ae4b05252/library/std/src/sys/backtrace.rs:39:26
[INFO] [stdout]    4:     0x5934b13f5263 - core::fmt::rt::Argument::fmt::h4cfc8587d52b3eb5
[INFO] [stdout]                                at /rustc/df4ca44d3fbc9301ee17f30f4d474e6ae4b05252/library/core/src/fmt/rt.rs:177:76
[INFO] [stdout]    5:     0x5934b13f5263 - core::fmt::write::h522cc39e5b36ae9f
[INFO] [stdout]                                at /rustc/df4ca44d3fbc9301ee17f30f4d474e6ae4b05252/library/core/src/fmt/mod.rs:1190:21
[INFO] [stdout]    6:     0x5934b13c8e93 - std::io::Write::write_fmt::h7d3c26752da97734
[INFO] [stdout]                                at /rustc/df4ca44d3fbc9301ee17f30f4d474e6ae4b05252/library/std/src/io/mod.rs:1839:15
[INFO] [stdout]    7:     0x5934b13cc072 - std::sys::backtrace::BacktraceLock::print::h4b9e00b29e9c0942
[INFO] [stdout]                                at /rustc/df4ca44d3fbc9301ee17f30f4d474e6ae4b05252/library/std/src/sys/backtrace.rs:42:9
[INFO] [stdout]    8:     0x5934b13cd6ba - std::panicking::default_hook::{{closure}}::hb59b88280d0324d9
[INFO] [stdout]                                at /rustc/df4ca44d3fbc9301ee17f30f4d474e6ae4b05252/library/std/src/panicking.rs:268:22
[INFO] [stdout]    9:     0x5934b13cd4c4 - std::panicking::default_hook::he1dd496665be4a29
[INFO] [stdout]                                at /rustc/df4ca44d3fbc9301ee17f30f4d474e6ae4b05252/library/std/src/panicking.rs:292:9
[INFO] [stdout]   10:     0x5934b1327bb9 - <alloc::boxed::Box<F,A> as core::ops::function::Fn<Args>>::call::h4ff71de18744e1dc
[INFO] [stdout]                                at /rustc/df4ca44d3fbc9301ee17f30f4d474e6ae4b05252/library/alloc/src/boxed.rs:2468:9
[INFO] [stdout]   11:     0x5934b1327bb9 - test::test_main::{{closure}}::hcf7c055ce117aa81
[INFO] [stdout]                                at /rustc/df4ca44d3fbc9301ee17f30f4d474e6ae4b05252/library/test/src/lib.rs:133:21
[INFO] [stdout]   12:     0x5934b13cddb8 - <alloc::boxed::Box<F,A> as core::ops::function::Fn<Args>>::call::h1d66c6bbd60c9692
[INFO] [stdout]                                at /rustc/df4ca44d3fbc9301ee17f30f4d474e6ae4b05252/library/alloc/src/boxed.rs:2468:9
[INFO] [stdout]   13:     0x5934b13cddb8 - std::panicking::rust_panic_with_hook::h2ff17fe8f26dfcf8
[INFO] [stdout]                                at /rustc/df4ca44d3fbc9301ee17f30f4d474e6ae4b05252/library/std/src/panicking.rs:809:13
[INFO] [stdout]   14:     0x5934b13cdb7a - std::panicking::begin_panic_handler::{{closure}}::h4fad77951c07e101
[INFO] [stdout]                                at /rustc/df4ca44d3fbc9301ee17f30f4d474e6ae4b05252/library/std/src/panicking.rs:674:13
[INFO] [stdout]   15:     0x5934b13cc709 - std::sys::backtrace::__rust_end_short_backtrace::hb1a25b3da5d0ea08
[INFO] [stdout]                                at /rustc/df4ca44d3fbc9301ee17f30f4d474e6ae4b05252/library/std/src/sys/backtrace.rs:170:18
[INFO] [stdout]   16:     0x5934b13cd80c - rust_begin_unwind
[INFO] [stdout]                                at /rustc/df4ca44d3fbc9301ee17f30f4d474e6ae4b05252/library/std/src/panicking.rs:665:5
[INFO] [stdout]   17:     0x5934b13f2910 - core::panicking::panic_fmt::ha9db07b529f9b256
[INFO] [stdout]                                at /rustc/df4ca44d3fbc9301ee17f30f4d474e6ae4b05252/library/core/src/panicking.rs:75:14
[INFO] [stdout]   18:     0x5934b13f2d56 - core::result::unwrap_failed::h5e8218e4d4338b8a
[INFO] [stdout]                                at /rustc/df4ca44d3fbc9301ee17f30f4d474e6ae4b05252/library/core/src/result.rs:1698:5
[INFO] [stdout]   19:     0x5934b125a4d8 - core::result::Result<T,E>::unwrap::hecef1432e8b0f698
[INFO] [stdout]                                at /rustc/df4ca44d3fbc9301ee17f30f4d474e6ae4b05252/library/core/src/result.rs:1103:23
[INFO] [stdout]   20:     0x5934b125a4d8 - statrs::testing::load_data::h63410d852b7db9db
[INFO] [stdout]                                at /opt/rustwide/workdir/src/testing/mod.rs:22:13
[INFO] [stdout]   21:     0x5934b1238628 - statrs::statistics::iter_statistics::tests::test_mean::h1d2c3e2c58233f28
[INFO] [stdout]                                at /opt/rustwide/workdir/src/statistics/iter_statistics.rs:257:24
[INFO] [stdout]   22:     0x5934b12385e7 - statrs::statistics::iter_statistics::tests::test_mean::{{closure}}::h8bb43bbc032e770a
[INFO] [stdout]                                at /opt/rustwide/workdir/src/statistics/iter_statistics.rs:256:19
[INFO] [stdout]   23:     0x5934b12c5af6 - core::ops::function::FnOnce::call_once::hda975c93e1b87b99
[INFO] [stdout]                                at /rustc/df4ca44d3fbc9301ee17f30f4d474e6ae4b05252/library/core/src/ops/function.rs:250:5
[INFO] [stdout]   24:     0x5934b132c48b - core::ops::function::FnOnce::call_once::h22c3ba5715e93f05
[INFO] [stdout]                                at /rustc/df4ca44d3fbc9301ee17f30f4d474e6ae4b05252/library/core/src/ops/function.rs:250:5
[INFO] [stdout]   25:     0x5934b132c48b - test::__rust_begin_short_backtrace::h8e82d8113d0da17f
[INFO] [stdout]                                at /rustc/df4ca44d3fbc9301ee17f30f4d474e6ae4b05252/library/test/src/lib.rs:621:18
[INFO] [stdout]   26:     0x5934b132be07 - test::run_test_in_process::{{closure}}::h33235f4f20b7b7c7
[INFO] [stdout]                                at /rustc/df4ca44d3fbc9301ee17f30f4d474e6ae4b05252/library/test/src/lib.rs:644:60
[INFO] [stdout]   27:     0x5934b132be07 - <core::panic::unwind_safe::AssertUnwindSafe<F> as core::ops::function::FnOnce<()>>::call_once::hb5043206310c586f
[INFO] [stdout]                                at /rustc/df4ca44d3fbc9301ee17f30f4d474e6ae4b05252/library/core/src/panic/unwind_safe.rs:272:9
[INFO] [stdout]   28:     0x5934b132be07 - std::panicking::try::do_call::h9ad4731a60ab23e2
[INFO] [stdout]                                at /rustc/df4ca44d3fbc9301ee17f30f4d474e6ae4b05252/library/std/src/panicking.rs:557:40
[INFO] [stdout]   29:     0x5934b132be07 - std::panicking::try::h3824d23db772a716
[INFO] [stdout]                                at /rustc/df4ca44d3fbc9301ee17f30f4d474e6ae4b05252/library/std/src/panicking.rs:520:19
[INFO] [stdout]   30:     0x5934b132be07 - std::panic::catch_unwind::h5afd514605fde46b
[INFO] [stdout]                                at /rustc/df4ca44d3fbc9301ee17f30f4d474e6ae4b05252/library/std/src/panic.rs:358:14
[INFO] [stdout]   31:     0x5934b132be07 - test::run_test_in_process::h0d5cbfa7067d1720
[INFO] [stdout]                                at /rustc/df4ca44d3fbc9301ee17f30f4d474e6ae4b05252/library/test/src/lib.rs:644:27
[INFO] [stdout]   32:     0x5934b132be07 - test::run_test::{{closure}}::h708eb8872708115d
[INFO] [stdout]                                at /rustc/df4ca44d3fbc9301ee17f30f4d474e6ae4b05252/library/test/src/lib.rs:565:43
[INFO] [stdout]   33:     0x5934b12ef524 - test::run_test::{{closure}}::h392c51cee94713ab
[INFO] [stdout]                                at /rustc/df4ca44d3fbc9301ee17f30f4d474e6ae4b05252/library/test/src/lib.rs:595:41
[INFO] [stdout]   34:     0x5934b12ef524 - std::sys::backtrace::__rust_begin_short_backtrace::h2f40290710935a8b
[INFO] [stdout]                                at /rustc/df4ca44d3fbc9301ee17f30f4d474e6ae4b05252/library/std/src/sys/backtrace.rs:154:18
[INFO] [stdout]   35:     0x5934b12f2cce - std::thread::Builder::spawn_unchecked_::{{closure}}::{{closure}}::h3fd968d89053a903
[INFO] [stdout]                                at /rustc/df4ca44d3fbc9301ee17f30f4d474e6ae4b05252/library/std/src/thread/mod.rs:541:17
[INFO] [stdout]   36:     0x5934b12f2cce - <core::panic::unwind_safe::AssertUnwindSafe<F> as core::ops::function::FnOnce<()>>::call_once::h743f637ba4229880
[INFO] [stdout]                                at /rustc/df4ca44d3fbc9301ee17f30f4d474e6ae4b05252/library/core/src/panic/unwind_safe.rs:272:9
[INFO] [stdout]   37:     0x5934b12f2cce - std::panicking::try::do_call::h07440897322525a6
[INFO] [stdout]                                at /rustc/df4ca44d3fbc9301ee17f30f4d474e6ae4b05252/library/std/src/panicking.rs:557:40
[INFO] [stdout]   38:     0x5934b12f2cce - std::panicking::try::he5a2e00188156637
[INFO] [stdout]                                at /rustc/df4ca44d3fbc9301ee17f30f4d474e6ae4b05252/library/std/src/panicking.rs:520:19
[INFO] [stdout]   39:     0x5934b12f2cce - std::panic::catch_unwind::hbaf3cae49b3c6433
[INFO] [stdout]                                at /rustc/df4ca44d3fbc9301ee17f30f4d474e6ae4b05252/library/std/src/panic.rs:358:14
[INFO] [stdout]   40:     0x5934b12f2cce - std::thread::Builder::spawn_unchecked_::{{closure}}::h8e141ea224820bce
[INFO] [stdout]                                at /rustc/df4ca44d3fbc9301ee17f30f4d474e6ae4b05252/library/std/src/thread/mod.rs:540:30
[INFO] [stdout]   41:     0x5934b12f2cce - core::ops::function::FnOnce::call_once{{vtable.shim}}::h90d312fedd7b8ea8
[INFO] [stdout]                                at /rustc/df4ca44d3fbc9301ee17f30f4d474e6ae4b05252/library/core/src/ops/function.rs:250:5
[INFO] [stdout]   42:     0x5934b13d1bbb - <alloc::boxed::Box<F,A> as core::ops::function::FnOnce<Args>>::call_once::h69aa08ddb6adb8b6
[INFO] [stdout]                                at /rustc/df4ca44d3fbc9301ee17f30f4d474e6ae4b05252/library/alloc/src/boxed.rs:2454:9
[INFO] [stdout]   43:     0x5934b13d1bbb - <alloc::boxed::Box<F,A> as core::ops::function::FnOnce<Args>>::call_once::h5aa36efdb79c806f
[INFO] [stdout]                                at /rustc/df4ca44d3fbc9301ee17f30f4d474e6ae4b05252/library/alloc/src/boxed.rs:2454:9
[INFO] [stdout]   44:     0x5934b13d1bbb - std::sys::pal::unix::thread::Thread::new::thread_start::h6cd80a1b4be5158d
[INFO] [stdout]                                at /rustc/df4ca44d3fbc9301ee17f30f4d474e6ae4b05252/library/std/src/sys/pal/unix/thread.rs:105:17
[INFO] [stdout]   45:     0x7e89e52f0ac3 - <unknown>
[INFO] [stdout]   46:     0x7e89e5381a04 - clone
[INFO] [stdout]   47:                0x0 - <unknown>
[INFO] [stdout] 
[INFO] [stdout] ---- statistics::iter_statistics::tests::test_pop_covar_consistent_with_pop_var stdout ----
[INFO] [stdout] thread 'statistics::iter_statistics::tests::test_pop_covar_consistent_with_pop_var' panicked at src/testing/mod.rs:22:35:
[INFO] [stdout] called `Result::unwrap()` on an `Err` value: Os { code: 2, kind: NotFound, message: "No such file or directory" }
[INFO] [stdout] stack backtrace:
[INFO] [stdout]    0:     0x5934b13cc22a - std::backtrace_rs::backtrace::libunwind::trace::h207520d6e9873551
[INFO] [stdout]                                at /rustc/df4ca44d3fbc9301ee17f30f4d474e6ae4b05252/library/std/src/../../backtrace/src/backtrace/libunwind.rs:116:5
[INFO] [stdout]    1:     0x5934b13cc22a - std::backtrace_rs::backtrace::trace_unsynchronized::h2ed7433f370e3eca
[INFO] [stdout]                                at /rustc/df4ca44d3fbc9301ee17f30f4d474e6ae4b05252/library/std/src/../../backtrace/src/backtrace/mod.rs:66:5
[INFO] [stdout]    2:     0x5934b13cc22a - std::sys::backtrace::_print_fmt::h916fac51166b18d7
[INFO] [stdout]                                at /rustc/df4ca44d3fbc9301ee17f30f4d474e6ae4b05252/library/std/src/sys/backtrace.rs:66:9
[INFO] [stdout]    3:     0x5934b13cc22a - <std::sys::backtrace::BacktraceLock::print::DisplayBacktrace as core::fmt::Display>::fmt::ha0a4c9b8ce3802e6
[INFO] [stdout]                                at /rustc/df4ca44d3fbc9301ee17f30f4d474e6ae4b05252/library/std/src/sys/backtrace.rs:39:26
[INFO] [stdout]    4:     0x5934b13f5263 - core::fmt::rt::Argument::fmt::h4cfc8587d52b3eb5
[INFO] [stdout]                                at /rustc/df4ca44d3fbc9301ee17f30f4d474e6ae4b05252/library/core/src/fmt/rt.rs:177:76
[INFO] [stdout]    5:     0x5934b13f5263 - core::fmt::write::h522cc39e5b36ae9f
[INFO] [stdout]                                at /rustc/df4ca44d3fbc9301ee17f30f4d474e6ae4b05252/library/core/src/fmt/mod.rs:1190:21
[INFO] [stdout]    6:     0x5934b13c8e93 - std::io::Write::write_fmt::h7d3c26752da97734
[INFO] [stdout]                                at /rustc/df4ca44d3fbc9301ee17f30f4d474e6ae4b05252/library/std/src/io/mod.rs:1839:15
[INFO] [stdout]    7:     0x5934b13cc072 - std::sys::backtrace::BacktraceLock::print::h4b9e00b29e9c0942
[INFO] [stdout]                                at /rustc/df4ca44d3fbc9301ee17f30f4d474e6ae4b05252/library/std/src/sys/backtrace.rs:42:9
[INFO] [stdout]    8:     0x5934b13cd6ba - std::panicking::default_hook::{{closure}}::hb59b88280d0324d9
[INFO] [stdout]                                at /rustc/df4ca44d3fbc9301ee17f30f4d474e6ae4b05252/library/std/src/panicking.rs:268:22
[INFO] [stdout]    9:     0x5934b13cd4c4 - std::panicking::default_hook::he1dd496665be4a29
[INFO] [stdout]                                at /rustc/df4ca44d3fbc9301ee17f30f4d474e6ae4b05252/library/std/src/panicking.rs:292:9
[INFO] [stdout]   10:     0x5934b1327bb9 - <alloc::boxed::Box<F,A> as core::ops::function::Fn<Args>>::call::h4ff71de18744e1dc
[INFO] [stdout]                                at /rustc/df4ca44d3fbc9301ee17f30f4d474e6ae4b05252/library/alloc/src/boxed.rs:2468:9
[INFO] [stdout]   11:     0x5934b1327bb9 - test::test_main::{{closure}}::hcf7c055ce117aa81
[INFO] [stdout]                                at /rustc/df4ca44d3fbc9301ee17f30f4d474e6ae4b05252/library/test/src/lib.rs:133:21
[INFO] [stdout]   12:     0x5934b13cddb8 - <alloc::boxed::Box<F,A> as core::ops::function::Fn<Args>>::call::h1d66c6bbd60c9692
[INFO] [stdout]                                at /rustc/df4ca44d3fbc9301ee17f30f4d474e6ae4b05252/library/alloc/src/boxed.rs:2468:9
[INFO] [stdout]   13:     0x5934b13cddb8 - std::panicking::rust_panic_with_hook::h2ff17fe8f26dfcf8
[INFO] [stdout]                                at /rustc/df4ca44d3fbc9301ee17f30f4d474e6ae4b05252/library/std/src/panicking.rs:809:13
[INFO] [stdout]   14:     0x5934b13cdb7a - std::panicking::begin_panic_handler::{{closure}}::h4fad77951c07e101
[INFO] [stdout]                                at /rustc/df4ca44d3fbc9301ee17f30f4d474e6ae4b05252/library/std/src/panicking.rs:674:13
[INFO] [stdout]   15:     0x5934b13cc709 - std::sys::backtrace::__rust_end_short_backtrace::hb1a25b3da5d0ea08
[INFO] [stdout]                                at /rustc/df4ca44d3fbc9301ee17f30f4d474e6ae4b05252/library/std/src/sys/backtrace.rs:170:18
[INFO] [stdout]   16:     0x5934b13cd80c - rust_begin_unwind
[INFO] [stdout]                                at /rustc/df4ca44d3fbc9301ee17f30f4d474e6ae4b05252/library/std/src/panicking.rs:665:5
[INFO] [stdout]   17:     0x5934b13f2910 - core::panicking::panic_fmt::ha9db07b529f9b256
[INFO] [stdout]                                at /rustc/df4ca44d3fbc9301ee17f30f4d474e6ae4b05252/library/core/src/panicking.rs:75:14
[INFO] [stdout]   18:     0x5934b13f2d56 - core::result::unwrap_failed::h5e8218e4d4338b8a
[INFO] [stdout]                                at /rustc/df4ca44d3fbc9301ee17f30f4d474e6ae4b05252/library/core/src/result.rs:1698:5
[INFO] [stdout]   19:     0x5934b125a4d8 - core::result::Result<T,E>::unwrap::hecef1432e8b0f698
[INFO] [stdout]                                at /rustc/df4ca44d3fbc9301ee17f30f4d474e6ae4b05252/library/core/src/result.rs:1103:23
[INFO] [stdout]   20:     0x5934b125a4d8 - statrs::testing::load_data::h63410d852b7db9db
[INFO] [stdout]                                at /opt/rustwide/workdir/src/testing/mod.rs:22:13
[INFO] [stdout]   21:     0x5934b123c9b8 - statrs::statistics::iter_statistics::tests::test_pop_covar_consistent_with_pop_var::h49a938c5a140b494
[INFO] [stdout]                                at /opt/rustwide/workdir/src/statistics/iter_statistics.rs:351:24
[INFO] [stdout]   22:     0x5934b123c977 - statrs::statistics::iter_statistics::tests::test_pop_covar_consistent_with_pop_var::{{closure}}::h3b743dee93c79e93
[INFO] [stdout]                                at /opt/rustwide/workdir/src/statistics/iter_statistics.rs:350:48
[INFO] [stdout]   23:     0x5934b12c1fc6 - core::ops::function::FnOnce::call_once::h65defbcab6441c9f
[INFO] [stdout]                                at /rustc/df4ca44d3fbc9301ee17f30f4d474e6ae4b05252/library/core/src/ops/function.rs:250:5
[INFO] [stdout]   24:     0x5934b132c48b - core::ops::function::FnOnce::call_once::h22c3ba5715e93f05
[INFO] [stdout]                                at /rustc/df4ca44d3fbc9301ee17f30f4d474e6ae4b05252/library/core/src/ops/function.rs:250:5
[INFO] [stdout]   25:     0x5934b132c48b - test::__rust_begin_short_backtrace::h8e82d8113d0da17f
[INFO] [stdout]                                at /rustc/df4ca44d3fbc9301ee17f30f4d474e6ae4b05252/library/test/src/lib.rs:621:18
[INFO] [stdout]   26:     0x5934b132be07 - test::run_test_in_process::{{closure}}::h33235f4f20b7b7c7
[INFO] [stdout]                                at /rustc/df4ca44d3fbc9301ee17f30f4d474e6ae4b05252/library/test/src/lib.rs:644:60
[INFO] [stdout]   27:     0x5934b132be07 - <core::panic::unwind_safe::AssertUnwindSafe<F> as core::ops::function::FnOnce<()>>::call_once::hb5043206310c586f
[INFO] [stdout]                                at /rustc/df4ca44d3fbc9301ee17f30f4d474e6ae4b05252/library/core/src/panic/unwind_safe.rs:272:9
[INFO] [stdout]   28:     0x5934b132be07 - std::panicking::try::do_call::h9ad4731a60ab23e2
[INFO] [stdout]                                at /rustc/df4ca44d3fbc9301ee17f30f4d474e6ae4b05252/library/std/src/panicking.rs:557:40
[INFO] [stdout]   29:     0x5934b132be07 - std::panicking::try::h3824d23db772a716
[INFO] [stdout]                                at /rustc/df4ca44d3fbc9301ee17f30f4d474e6ae4b05252/library/std/src/panicking.rs:520:19
[INFO] [stdout]   30:     0x5934b132be07 - std::panic::catch_unwind::h5afd514605fde46b
[INFO] [stdout]                                at /rustc/df4ca44d3fbc9301ee17f30f4d474e6ae4b05252/library/std/src/panic.rs:358:14
[INFO] [stdout]   31:     0x5934b132be07 - test::run_test_in_process::h0d5cbfa7067d1720
[INFO] [stdout]                                at /rustc/df4ca44d3fbc9301ee17f30f4d474e6ae4b05252/library/test/src/lib.rs:644:27
[INFO] [stdout]   32:     0x5934b132be07 - test::run_test::{{closure}}::h708eb8872708115d
[INFO] [stdout]                                at /rustc/df4ca44d3fbc9301ee17f30f4d474e6ae4b05252/library/test/src/lib.rs:565:43
[INFO] [stdout]   33:     0x5934b12ef524 - test::run_test::{{closure}}::h392c51cee94713ab
[INFO] [stdout]                                at /rustc/df4ca44d3fbc9301ee17f30f4d474e6ae4b05252/library/test/src/lib.rs:595:41
[INFO] [stdout]   34:     0x5934b12ef524 - std::sys::backtrace::__rust_begin_short_backtrace::h2f40290710935a8b
[INFO] [stdout]                                at /rustc/df4ca44d3fbc9301ee17f30f4d474e6ae4b05252/library/std/src/sys/backtrace.rs:154:18
[INFO] [stdout]   35:     0x5934b12f2cce - std::thread::Builder::spawn_unchecked_::{{closure}}::{{closure}}::h3fd968d89053a903
[INFO] [stdout]                                at /rustc/df4ca44d3fbc9301ee17f30f4d474e6ae4b05252/library/std/src/thread/mod.rs:541:17
[INFO] [stdout]   36:     0x5934b12f2cce - <core::panic::unwind_safe::AssertUnwindSafe<F> as core::ops::function::FnOnce<()>>::call_once::h743f637ba4229880
[INFO] [stdout]                                at /rustc/df4ca44d3fbc9301ee17f30f4d474e6ae4b05252/library/core/src/panic/unwind_safe.rs:272:9
[INFO] [stdout]   37:     0x5934b12f2cce - std::panicking::try::do_call::h07440897322525a6
[INFO] [stdout]                                at /rustc/df4ca44d3fbc9301ee17f30f4d474e6ae4b05252/library/std/src/panicking.rs:557:40
[INFO] [stdout]   38:     0x5934b12f2cce - std::panicking::try::he5a2e00188156637
[INFO] [stdout]                                at /rustc/df4ca44d3fbc9301ee17f30f4d474e6ae4b05252/library/std/src/panicking.rs:520:19
[INFO] [stdout]   39:     0x5934b12f2cce - std::panic::catch_unwind::hbaf3cae49b3c6433
[INFO] [stdout]                                at /rustc/df4ca44d3fbc9301ee17f30f4d474e6ae4b05252/library/std/src/panic.rs:358:14
[INFO] [stdout]   40:     0x5934b12f2cce - std::thread::Builder::spawn_unchecked_::{{closure}}::h8e141ea224820bce
[INFO] [stdout]                                at /rustc/df4ca44d3fbc9301ee17f30f4d474e6ae4b05252/library/std/src/thread/mod.rs:540:30
[INFO] [stdout]   41:     0x5934b12f2cce - core::ops::function::FnOnce::call_once{{vtable.shim}}::h90d312fedd7b8ea8
[INFO] [stdout]                                at /rustc/df4ca44d3fbc9301ee17f30f4d474e6ae4b05252/library/core/src/ops/function.rs:250:5
[INFO] [stdout]   42:     0x5934b13d1bbb - <alloc::boxed::Box<F,A> as core::ops::function::FnOnce<Args>>::call_once::h69aa08ddb6adb8b6
[INFO] [stdout]                                at /rustc/df4ca44d3fbc9301ee17f30f4d474e6ae4b05252/library/alloc/src/boxed.rs:2454:9
[INFO] [stdout]   43:     0x5934b13d1bbb - <alloc::boxed::Box<F,A> as core::ops::function::FnOnce<Args>>::call_once::h5aa36efdb79c806f
[INFO] [stdout]                                at /rustc/df4ca44d3fbc9301ee17f30f4d474e6ae4b05252/library/alloc/src/boxed.rs:2454:9
[INFO] [stdout]   44:     0x5934b13d1bbb - std::sys::pal::unix::thread::Thread::new::thread_start::h6cd80a1b4be5158d
[INFO] [stdout]                                at /rustc/df4ca44d3fbc9301ee17f30f4d474e6ae4b05252/library/std/src/sys/pal/unix/thread.rs:105:17
[INFO] [stdout]   45:     0x7e89e52f0ac3 - <unknown>
[INFO] [stdout]   46:     0x7e89e5381a04 - clone
[INFO] [stdout]   47:                0x0 - <unknown>
[INFO] [stdout] 
[INFO] [stdout] ---- statistics::iter_statistics::tests::test_std_dev stdout ----
[INFO] [stdout] thread 'statistics::iter_statistics::tests::test_std_dev' panicked at src/testing/mod.rs:22:35:
[INFO] [stdout] called `Result::unwrap()` on an `Err` value: Os { code: 2, kind: NotFound, message: "No such file or directory" }
[INFO] [stdout] stack backtrace:
[INFO] [stdout]    0:     0x5934b13cc22a - std::backtrace_rs::backtrace::libunwind::trace::h207520d6e9873551
[INFO] [stdout]                                at /rustc/df4ca44d3fbc9301ee17f30f4d474e6ae4b05252/library/std/src/../../backtrace/src/backtrace/libunwind.rs:116:5
[INFO] [stdout]    1:     0x5934b13cc22a - std::backtrace_rs::backtrace::trace_unsynchronized::h2ed7433f370e3eca
[INFO] [stdout]                                at /rustc/df4ca44d3fbc9301ee17f30f4d474e6ae4b05252/library/std/src/../../backtrace/src/backtrace/mod.rs:66:5
[INFO] [stdout]    2:     0x5934b13cc22a - std::sys::backtrace::_print_fmt::h916fac51166b18d7
[INFO] [stdout]                                at /rustc/df4ca44d3fbc9301ee17f30f4d474e6ae4b05252/library/std/src/sys/backtrace.rs:66:9
[INFO] [stdout]    3:     0x5934b13cc22a - <std::sys::backtrace::BacktraceLock::print::DisplayBacktrace as core::fmt::Display>::fmt::ha0a4c9b8ce3802e6
[INFO] [stdout]                                at /rustc/df4ca44d3fbc9301ee17f30f4d474e6ae4b05252/library/std/src/sys/backtrace.rs:39:26
[INFO] [stdout]    4:     0x5934b13f5263 - core::fmt::rt::Argument::fmt::h4cfc8587d52b3eb5
[INFO] [stdout]                                at /rustc/df4ca44d3fbc9301ee17f30f4d474e6ae4b05252/library/core/src/fmt/rt.rs:177:76
[INFO] [stdout]    5:     0x5934b13f5263 - core::fmt::write::h522cc39e5b36ae9f
[INFO] [stdout]                                at /rustc/df4ca44d3fbc9301ee17f30f4d474e6ae4b05252/library/core/src/fmt/mod.rs:1190:21
[INFO] [stdout]    6:     0x5934b13c8e93 - std::io::Write::write_fmt::h7d3c26752da97734
[INFO] [stdout]                                at /rustc/df4ca44d3fbc9301ee17f30f4d474e6ae4b05252/library/std/src/io/mod.rs:1839:15
[INFO] [stdout]    7:     0x5934b13cc072 - std::sys::backtrace::BacktraceLock::print::h4b9e00b29e9c0942
[INFO] [stdout]                                at /rustc/df4ca44d3fbc9301ee17f30f4d474e6ae4b05252/library/std/src/sys/backtrace.rs:42:9
[INFO] [stdout]    8:     0x5934b13cd6ba - std::panicking::default_hook::{{closure}}::hb59b88280d0324d9
[INFO] [stdout]                                at /rustc/df4ca44d3fbc9301ee17f30f4d474e6ae4b05252/library/std/src/panicking.rs:268:22
[INFO] [stdout]    9:     0x5934b13cd4c4 - std::panicking::default_hook::he1dd496665be4a29
[INFO] [stdout]                                at /rustc/df4ca44d3fbc9301ee17f30f4d474e6ae4b05252/library/std/src/panicking.rs:292:9
[INFO] [stdout]   10:     0x5934b1327bb9 - <alloc::boxed::Box<F,A> as core::ops::function::Fn<Args>>::call::h4ff71de18744e1dc
[INFO] [stdout]                                at /rustc/df4ca44d3fbc9301ee17f30f4d474e6ae4b05252/library/alloc/src/boxed.rs:2468:9
[INFO] [stdout]   11:     0x5934b1327bb9 - test::test_main::{{closure}}::hcf7c055ce117aa81
[INFO] [stdout]                                at /rustc/df4ca44d3fbc9301ee17f30f4d474e6ae4b05252/library/test/src/lib.rs:133:21
[INFO] [stdout]   12:     0x5934b13cddb8 - <alloc::boxed::Box<F,A> as core::ops::function::Fn<Args>>::call::h1d66c6bbd60c9692
[INFO] [stdout]                                at /rustc/df4ca44d3fbc9301ee17f30f4d474e6ae4b05252/library/alloc/src/boxed.rs:2468:9
[INFO] [stdout]   13:     0x5934b13cddb8 - std::panicking::rust_panic_with_hook::h2ff17fe8f26dfcf8
[INFO] [stdout]                                at /rustc/df4ca44d3fbc9301ee17f30f4d474e6ae4b05252/library/std/src/panicking.rs:809:13
[INFO] [stdout]   14:     0x5934b13cdb7a - std::panicking::begin_panic_handler::{{closure}}::h4fad77951c07e101
[INFO] [stdout]                                at /rustc/df4ca44d3fbc9301ee17f30f4d474e6ae4b05252/library/std/src/panicking.rs:674:13
[INFO] [stdout]   15:     0x5934b13cc709 - std::sys::backtrace::__rust_end_short_backtrace::hb1a25b3da5d0ea08
[INFO] [stdout]                                at /rustc/df4ca44d3fbc9301ee17f30f4d474e6ae4b05252/library/std/src/sys/backtrace.rs:170:18
[INFO] [stdout]   16:     0x5934b13cd80c - rust_begin_unwind
[INFO] [stdout]                                at /rustc/df4ca44d3fbc9301ee17f30f4d474e6ae4b05252/library/std/src/panicking.rs:665:5
[INFO] [stdout]   17:     0x5934b13f2910 - core::panicking::panic_fmt::ha9db07b529f9b256
[INFO] [stdout]                                at /rustc/df4ca44d3fbc9301ee17f30f4d474e6ae4b05252/library/core/src/panicking.rs:75:14
[INFO] [stdout]   18:     0x5934b13f2d56 - core::result::unwrap_failed::h5e8218e4d4338b8a
[INFO] [stdout]                                at /rustc/df4ca44d3fbc9301ee17f30f4d474e6ae4b05252/library/core/src/result.rs:1698:5
[INFO] [stdout]   19:     0x5934b125a4d8 - core::result::Result<T,E>::unwrap::hecef1432e8b0f698
[INFO] [stdout]                                at /rustc/df4ca44d3fbc9301ee17f30f4d474e6ae4b05252/library/core/src/result.rs:1103:23
[INFO] [stdout]   20:     0x5934b125a4d8 - statrs::testing::load_data::h63410d852b7db9db
[INFO] [stdout]                                at /opt/rustwide/workdir/src/testing/mod.rs:22:13
[INFO] [stdout]   21:     0x5934b12398d8 - statrs::statistics::iter_statistics::tests::test_std_dev::hcc1f333c0e08526a
[INFO] [stdout]                                at /opt/rustwide/workdir/src/statistics/iter_statistics.rs:284:24
[INFO] [stdout]   22:     0x5934b1239897 - statrs::statistics::iter_statistics::tests::test_std_dev::{{closure}}::h4f23d56e7811fdf4
[INFO] [stdout]                                at /opt/rustwide/workdir/src/statistics/iter_statistics.rs:283:22
[INFO] [stdout]   23:     0x5934b12c2b46 - core::ops::function::FnOnce::call_once::h81a0c9161040b135
[INFO] [stdout]                                at /rustc/df4ca44d3fbc9301ee17f30f4d474e6ae4b05252/library/core/src/ops/function.rs:250:5
[INFO] [stdout]   24:     0x5934b132c48b - core::ops::function::FnOnce::call_once::h22c3ba5715e93f05
[INFO] [stdout]                                at /rustc/df4ca44d3fbc9301ee17f30f4d474e6ae4b05252/library/core/src/ops/function.rs:250:5
[INFO] [stdout]   25:     0x5934b132c48b - test::__rust_begin_short_backtrace::h8e82d8113d0da17f
[INFO] [stdout]                                at /rustc/df4ca44d3fbc9301ee17f30f4d474e6ae4b05252/library/test/src/lib.rs:621:18
[INFO] [stdout]   26:     0x5934b132be07 - test::run_test_in_process::{{closure}}::h33235f4f20b7b7c7
[INFO] [stdout]                                at /rustc/df4ca44d3fbc9301ee17f30f4d474e6ae4b05252/library/test/src/lib.rs:644:60
[INFO] [stdout]   27:     0x5934b132be07 - <core::panic::unwind_safe::AssertUnwindSafe<F> as core::ops::function::FnOnce<()>>::call_once::hb5043206310c586f
[INFO] [stdout]                                at /rustc/df4ca44d3fbc9301ee17f30f4d474e6ae4b05252/library/core/src/panic/unwind_safe.rs:272:9
[INFO] [stdout]   28:     0x5934b132be07 - std::panicking::try::do_call::h9ad4731a60ab23e2
[INFO] [stdout]                                at /rustc/df4ca44d3fbc9301ee17f30f4d474e6ae4b05252/library/std/src/panicking.rs:557:40
[INFO] [stdout]   29:     0x5934b132be07 - std::panicking::try::h3824d23db772a716
[INFO] [stdout]                                at /rustc/df4ca44d3fbc9301ee17f30f4d474e6ae4b05252/library/std/src/panicking.rs:520:19
[INFO] [stdout]   30:     0x5934b132be07 - std::panic::catch_unwind::h5afd514605fde46b
[INFO] [stdout]                                at /rustc/df4ca44d3fbc9301ee17f30f4d474e6ae4b05252/library/std/src/panic.rs:358:14
[INFO] [stdout]   31:     0x5934b132be07 - test::run_test_in_process::h0d5cbfa7067d1720
[INFO] [stdout]                                at /rustc/df4ca44d3fbc9301ee17f30f4d474e6ae4b05252/library/test/src/lib.rs:644:27
[INFO] [stdout]   32:     0x5934b132be07 - test::run_test::{{closure}}::h708eb8872708115d
[INFO] [stdout]                                at /rustc/df4ca44d3fbc9301ee17f30f4d474e6ae4b05252/library/test/src/lib.rs:565:43
[INFO] [stdout]   33:     0x5934b12ef524 - test::run_test::{{closure}}::h392c51cee94713ab
[INFO] [stdout]                                at /rustc/df4ca44d3fbc9301ee17f30f4d474e6ae4b05252/library/test/src/lib.rs:595:41
[INFO] [stdout]   34:     0x5934b12ef524 - std::sys::backtrace::__rust_begin_short_backtrace::h2f40290710935a8b
[INFO] [stdout]                                at /rustc/df4ca44d3fbc9301ee17f30f4d474e6ae4b05252/library/std/src/sys/backtrace.rs:154:18
[INFO] [stdout]   35:     0x5934b12f2cce - std::thread::Builder::spawn_unchecked_::{{closure}}::{{closure}}::h3fd968d89053a903
[INFO] [stdout]                                at /rustc/df4ca44d3fbc9301ee17f30f4d474e6ae4b05252/library/std/src/thread/mod.rs:541:17
[INFO] [stdout]   36:     0x5934b12f2cce - <core::panic::unwind_safe::AssertUnwindSafe<F> as core::ops::function::FnOnce<()>>::call_once::h743f637ba4229880
[INFO] [stdout]                                at /rustc/df4ca44d3fbc9301ee17f30f4d474e6ae4b05252/library/core/src/panic/unwind_safe.rs:272:9
[INFO] [stdout]   37:     0x5934b12f2cce - std::panicking::try::do_call::h07440897322525a6
[INFO] [stdout]                                at /rustc/df4ca44d3fbc9301ee17f30f4d474e6ae4b05252/library/std/src/panicking.rs:557:40
[INFO] [stdout]   38:     0x5934b12f2cce - std::panicking::try::he5a2e00188156637
[INFO] [stdout]                                at /rustc/df4ca44d3fbc9301ee17f30f4d474e6ae4b05252/library/std/src/panicking.rs:520:19
[INFO] [stdout]   39:     0x5934b12f2cce - std::panic::catch_unwind::hbaf3cae49b3c6433
[INFO] [stdout]                                at /rustc/df4ca44d3fbc9301ee17f30f4d474e6ae4b05252/library/std/src/panic.rs:358:14
[INFO] [stdout]   40:     0x5934b12f2cce - std::thread::Builder::spawn_unchecked_::{{closure}}::h8e141ea224820bce
[INFO] [stdout]                                at /rustc/df4ca44d3fbc9301ee17f30f4d474e6ae4b05252/library/std/src/thread/mod.rs:540:30
[INFO] [stdout]   41:     0x5934b12f2cce - core::ops::function::FnOnce::call_once{{vtable.shim}}::h90d312fedd7b8ea8
[INFO] [stdout]                                at /rustc/df4ca44d3fbc9301ee17f30f4d474e6ae4b05252/library/core/src/ops/function.rs:250:5
[INFO] [stdout]   42:     0x5934b13d1bbb - <alloc::boxed::Box<F,A> as core::ops::function::FnOnce<Args>>::call_once::h69aa08ddb6adb8b6
[INFO] [stdout]                                at /rustc/df4ca44d3fbc9301ee17f30f4d474e6ae4b05252/library/alloc/src/boxed.rs:2454:9
[INFO] [stdout]   43:     0x5934b13d1bbb - <alloc::boxed::Box<F,A> as core::ops::function::FnOnce<Args>>::call_once::h5aa36efdb79c806f
[INFO] [stdout]                                at /rustc/df4ca44d3fbc9301ee17f30f4d474e6ae4b05252/library/alloc/src/boxed.rs:2454:9
[INFO] [stdout]   44:     0x5934b13d1bbb - std::sys::pal::unix::thread::Thread::new::thread_start::h6cd80a1b4be5158d
[INFO] [stdout]                                at /rustc/df4ca44d3fbc9301ee17f30f4d474e6ae4b05252/library/std/src/sys/pal/unix/thread.rs:105:17
[INFO] [stdout]   45:     0x7e89e52f0ac3 - <unknown>
[INFO] [stdout]   46:     0x7e89e5381a04 - clone
[INFO] [stdout]   47:                0x0 - <unknown>
[INFO] [stdout] 
[INFO] [stdout] 
[INFO] [stdout] failures:
[INFO] [stdout]     statistics::iter_statistics::tests::test_covariance_consistent_with_variance
[INFO] [stdout]     statistics::iter_statistics::tests::test_covariance_is_symmetric
[INFO] [stdout]     statistics::iter_statistics::tests::test_mean
[INFO] [stdout]     statistics::iter_statistics::tests::test_pop_covar_consistent_with_pop_var
[INFO] [stdout]     statistics::iter_statistics::tests::test_std_dev
[INFO] [stdout] 
[INFO] [stdout] test result: FAILED. 536 passed; 5 failed; 0 ignored; 0 measured; 0 filtered out; finished in 0.67s
[INFO] [stdout] 
[INFO] [stderr] error: test failed, to rerun pass `--lib`
[INFO] running `Command { std: "docker" "inspect" "e45fa4f119a456e06c060229f878ddf434a5b1c9ec5a2c986caaa3703e7ae58c", kill_on_drop: false }`
[INFO] running `Command { std: "docker" "rm" "-f" "e45fa4f119a456e06c060229f878ddf434a5b1c9ec5a2c986caaa3703e7ae58c", kill_on_drop: false }`
[INFO] [stdout] e45fa4f119a456e06c060229f878ddf434a5b1c9ec5a2c986caaa3703e7ae58c
